This is the mail archive of the gcc-testresults@gcc.gnu.org mailing list for the GCC project.


Index Nav: [Date Index] [Subject Index] [Author Index] [Thread Index]
Message Nav: [Date Prev] [Date Next] [Thread Prev] [Thread Next]
Other format: [Raw text]

Results for 3.4.3 20040927 (prerelease) testsuite on ia64-unknown-linux-gnu


LAST_UPDATED: Mon Sep 27 16:07:23 UTC 2004

		=== acats tests ===
FAIL:	ad8011a
FAIL:	c380004
FAIL:	c940010
FAIL:	cb20004
FAIL:	cd2a83c
FAIL:	cd2a91c
FAIL:	cxg2002
FAIL:	cxg2003
FAIL:	cxg2004
FAIL:	cxg2006
FAIL:	cxg2007
FAIL:	cxg2010
FAIL:	cxg2011
FAIL:	cxg2012
FAIL:	cxg2013
FAIL:	cxg2014
FAIL:	cxg2015
FAIL:	cxg2016
FAIL:	cxg2017
FAIL:	cxg2018
FAIL:	cxg2019
FAIL:	cxg2020
FAIL:	cxg2021

		=== acats Summary ===
# of expected passes		2282
# of unexpected failures	23
Native configuration is ia64-unknown-linux-gnu

		=== g++ tests ===


Running target unix
XPASS: g++.dg/rtti/tinfo1.C scan-assembler _ZTIP9CTemplateIhE:
XPASS: g++.dg/rtti/tinfo1.C scan-assembler-not .globl[ \\t]+_ZTIP9CTemplateIhE
WARNING: g++.old-deja/g++.mike/p10769a.C compilation failed to produce executable
WARNING: g++.old-deja/g++.other/enum5.C compilation failed to produce executable
WARNING: g++.old-deja/g++.pt/friend44.C compilation failed to produce executable

		=== g++ Summary ===

# of expected passes		9325
# of unexpected successes	2
# of expected failures		72
# of unsupported tests		80
/export/build/gnu/gcc-3.4/build-ia64-linux/gcc/testsuite/../g++ version 3.4.3 20040927 (prerelease)

		=== g77 tests ===


Running target unix

		=== g77 Summary ===

# of expected passes		1812
# of unsupported tests		6
/export/build/gnu/gcc-3.4/build-ia64-linux/gcc/testsuite/../g77 version 3.4.3 20040927 (prerelease)

		=== gcc tests ===


Running target unix
FAIL: gcc.c-torture/execute/ieee/fp-cmp-4q.c compilation,  -O0 
UNRESOLVED: gcc.c-torture/execute/ieee/fp-cmp-4q.c execution,  -O0 
FAIL: gcc.c-torture/execute/ieee/fp-cmp-4q.c compilation,  -O1 
UNRESOLVED: gcc.c-torture/execute/ieee/fp-cmp-4q.c execution,  -O1 
FAIL: gcc.c-torture/execute/ieee/fp-cmp-4q.c compilation,  -O2 
UNRESOLVED: gcc.c-torture/execute/ieee/fp-cmp-4q.c execution,  -O2 
FAIL: gcc.c-torture/execute/ieee/fp-cmp-4q.c compilation,  -O3 -fomit-frame-pointer 
UNRESOLVED: gcc.c-torture/execute/ieee/fp-cmp-4q.c execution,  -O3 -fomit-frame-pointer 
FAIL: gcc.c-torture/execute/ieee/fp-cmp-4q.c compilation,  -O3 -g 
UNRESOLVED: gcc.c-torture/execute/ieee/fp-cmp-4q.c execution,  -O3 -g 
FAIL: gcc.c-torture/execute/ieee/fp-cmp-4q.c compilation,  -Os 
UNRESOLVED: gcc.c-torture/execute/ieee/fp-cmp-4q.c execution,  -Os 
FAIL: gcc.c-torture/execute/ieee/fp-cmp-8q.c compilation,  -O0 
UNRESOLVED: gcc.c-torture/execute/ieee/fp-cmp-8q.c execution,  -O0 
FAIL: gcc.c-torture/execute/ieee/fp-cmp-8q.c compilation,  -O1 
UNRESOLVED: gcc.c-torture/execute/ieee/fp-cmp-8q.c execution,  -O1 
FAIL: gcc.c-torture/execute/ieee/fp-cmp-8q.c compilation,  -O2 
UNRESOLVED: gcc.c-torture/execute/ieee/fp-cmp-8q.c execution,  -O2 
FAIL: gcc.c-torture/execute/ieee/fp-cmp-8q.c compilation,  -O3 -fomit-frame-pointer 
UNRESOLVED: gcc.c-torture/execute/ieee/fp-cmp-8q.c execution,  -O3 -fomit-frame-pointer 
FAIL: gcc.c-torture/execute/ieee/fp-cmp-8q.c compilation,  -O3 -g 
UNRESOLVED: gcc.c-torture/execute/ieee/fp-cmp-8q.c execution,  -O3 -g 
FAIL: gcc.c-torture/execute/ieee/fp-cmp-8q.c compilation,  -Os 
UNRESOLVED: gcc.c-torture/execute/ieee/fp-cmp-8q.c execution,  -Os 
FAIL: gcc.dg/compat/scalar-by-value-3 c_compat_x_tst.o compile
UNRESOLVED: gcc.dg/compat/scalar-by-value-3 c_compat_x_tst.o-c_compat_y_tst.o link 
UNRESOLVED: gcc.dg/compat/scalar-by-value-3 c_compat_x_tst.o-c_compat_y_tst.o execute 
FAIL: gcc.dg/compat/scalar-return-3 c_compat_x_tst.o compile
UNRESOLVED: gcc.dg/compat/scalar-return-3 c_compat_x_tst.o-c_compat_y_tst.o link 
UNRESOLVED: gcc.dg/compat/scalar-return-3 c_compat_x_tst.o-c_compat_y_tst.o execute 
FAIL: gcc.dg/compat/struct-by-value-18 c_compat_x_tst.o compile
UNRESOLVED: gcc.dg/compat/struct-by-value-18 c_compat_x_tst.o-c_compat_y_tst.o link 
UNRESOLVED: gcc.dg/compat/struct-by-value-18 c_compat_x_tst.o-c_compat_y_tst.o execute 
FAIL: gcc.dg/compat/struct-by-value-7a c_compat_x_tst.o-c_compat_y_tst.o execute 
FAIL: gcc.dg/compat/struct-by-value-7b c_compat_x_tst.o-c_compat_y_tst.o execute 
FAIL: gcc.dg/special/gcsec-1.c (test for excess errors)

		=== gcc Summary ===

# of expected passes		24142
# of unexpected failures	18
# of expected failures		75
# of unresolved testcases	18
# of untested testcases		7
# of unsupported tests		328
/export/build/gnu/gcc-3.4/build-ia64-linux/gcc/xgcc version 3.4.3 20040927 (prerelease)

		=== objc tests ===


Running target unix

		=== objc Summary ===

# of expected passes		1352
# of unsupported tests		8
/export/build/gnu/gcc-3.4/build-ia64-linux/gcc/xgcc version 3.4.3 20040927 (prerelease)

		=== libffi tests ===


Running target unix
FAIL: libffi.call/cls_64byte.c execution test
FAIL: libffi.call/cls_align_longdouble.c output pattern test, is 12 0 233 181 0 0: 193 0 233
FAIL: libffi.call/float.c execution test
FAIL: libffi.call/float2.c execution test

		=== libffi Summary ===

# of expected passes		207
# of unexpected failures	4
# of unsupported tests		2
		=== libjava tests ===


Running target unix
FAIL: linking simple
FAIL: StringBuffer_overflow -O3 execution - bytecode->native test

		=== libjava Summary ===

# of expected passes		3258
# of unexpected failures	2
# of expected failures		11
# of untested testcases		9

		=== libstdc++-v3 check-abi Summary ===

# of added symbols:		 8
# of missing symbols:		 0
# of incompatible symbols:	 0

using: /net/gnu/export/gnu/src/gcc-3.4/gcc/libstdc++-v3/config/abi/ia64-linux-gnu/baseline_symbols.txt

		=== libstdc++ tests ===


Running target unix
XPASS: 22_locale/locale/cons/12658_thread.cc execution test
XPASS: 26_numerics/c99_classification_macros_c.cc (test for excess errors)
XPASS: 27_io/fpos/14320-1.cc execution test

		=== libstdc++ Summary ===

# of expected passes		2713
# of unexpected successes	3
# of expected failures		4

Compiler version: 3.4.3 20040927 (prerelease) 
Platform: ia64-unknown-linux-gnu
configure flags: --enable-clocale=gnu --with-system-zlib --with-demangler-in-ld --enable-shared --enable-threads=posix --enable-haifa --disable-checking --prefix=/usr/gcc-3.4 --with-local-prefix=/usr/local


Index Nav: [Date Index] [Subject Index] [Author Index] [Thread Index]
Message Nav: [Date Prev] [Date Next] [Thread Prev] [Thread Next]