This is the mail archive of the gcc-testresults@gcc.gnu.org mailing list for the GCC project.


Index Nav: [Date Index] [Subject Index] [Author Index] [Thread Index]
Message Nav: [Date Prev] [Date Next] [Thread Prev] [Thread Next]
Other format: [Raw text]

Results for 3.4.2 testsuite on i686-pc-linux-gnu


Gentoo Linux, kernel 2.4.27, glibc-2.3.4.20040808

./config.guess
i686-pc-linux-gnu

gcc -v
Reading specs from /opt/gcc342/lib/gcc/i686-pc-linux-gnu/3.4.2/specs
Configured with: ./configure --prefix=/opt/gcc342
Thread model: posix
gcc version 3.4.2

cat /proc/version
Linux version 2.4.27 (root@jumbo) (gcc version 3.3.4 20040623 (Gentoo Linux 3.3.4-r1, ssp-3.3.2-2, pie-8.7.6)) #1 Sat Aug 28 10:10:15 CEST 2004


uname -a
Linux jumbo 2.4.27 #1 Sat Aug 28 10:10:15 CEST 2004 i686 AMD Athlon(tm) XP 2800+ AuthenticAMD GNU/Linux


qpkg glibc -I -i
sys-libs/mglibc-2.3.4.20040808 *
GNU libc6 (also called glibc2) C library http://sources.redhat.com/glibc/


Compiled on AMD Athlon(tm) XP 2800+

by Taras Bulubas

LAST_UPDATED: Obtained from CVS: -rgcc_3_4_2_release

Native configuration is i686-pc-linux-gnu

=== g++ tests ===


Running target unix
XPASS: g++.dg/rtti/tinfo1.C scan-assembler _ZTIP9CTemplateIhE:
XPASS: g++.dg/rtti/tinfo1.C scan-assembler-not .globl[ \\t]+_ZTIP9CTemplateIhE
WARNING: g++.old-deja/g++.mike/p10769a.C compilation failed to produce executable
WARNING: g++.old-deja/g++.other/enum5.C compilation failed to produce executable
WARNING: g++.old-deja/g++.pt/friend44.C compilation failed to produce executable


=== g++ Summary ===

# of expected passes            9702
# of unexpected successes       2
# of expected failures          68
# of unsupported tests          43
/opt/builds/gcc-3.4.2/gcc/testsuite/../g++ version 3.4.2

=== g77 tests ===


Running target unix


=== g77 Summary ===

# of expected passes            1812
/opt/builds/gcc-3.4.2/gcc/testsuite/../g77 version 3.4.2

=== gcc tests ===


Running target unix FAIL: gcc.c-torture/execute/va-arg-25.c execution, -Os

=== gcc Summary ===

# of expected passes            24837
# of unexpected failures        1
# of expected failures          70
# of untested testcases         7
# of unsupported tests          198
/opt/builds/gcc-3.4.2/gcc/xgcc version 3.4.2

=== objc tests ===


Running target unix


=== objc Summary ===

# of expected passes            1352
# of unsupported tests          8
/opt/builds/gcc-3.4.2/gcc/xgcc version 3.4.2

=== libffi tests ===


Running target unix


=== libffi Summary ===

# of expected passes            212
# of unsupported tests          2
                === libjava tests ===


Running target unix FAIL: linking simple

=== libjava Summary ===

# of expected passes            3260
# of unexpected failures        1
# of expected failures          11
# of untested testcases         8

=== libstdc++-v3 check-abi Summary ===

# of added symbols:              8
# of missing symbols:            0
# of incompatible symbols:       0

using: /opt/builds/gcc-3.4.2/libstdc++-v3/config/abi/i486-linux-gnu/baseline_symbols.txt

=== libstdc++ tests ===


Running target unix XPASS: 22_locale/locale/cons/12658_thread.cc execution test XPASS: 26_numerics/c99_classification_macros_c.cc (test for excess errors)

=== libstdc++ Summary ===

# of expected passes            2709
# of unexpected successes       2
# of expected failures          5

Compiler version: 3.4.2
Platform: i686-pc-linux-gnu
configure flags: --prefix=/opt/gcc342

Attachment: smime.p7s
Description: S/MIME Cryptographic Signature


Index Nav: [Date Index] [Subject Index] [Author Index] [Thread Index]
Message Nav: [Date Prev] [Date Next] [Thread Prev] [Thread Next]