This is the mail archive of the gcc-testresults@gcc.gnu.org mailing list for the GCC project.


Index Nav: [Date Index] [Subject Index] [Author Index] [Thread Index]
Message Nav: [Date Prev] [Date Next] [Thread Prev] [Thread Next]
Other format: [Raw text]

Results for 3.4.2 testsuite on ia64-unknown-linux-gnu


This is a 2-processor, 1.3 GHz Itanium 2 system.
8GB RAM.
OS: Red Hat Advanced Workstation 2.1AW.
Bootstrap compiler is Red Hat's gcc 2.96-112.7.2
kernel: kernel-2.4.18-e.12smp (from Red Hat)
glibc: 2.2.4-29.2 (from Red Hat)
binutils: 2.14 (FSF)
All languages were tested.
LAST_UPDATED: Obtained from CVS: -rgcc_3_4_2_release 

Native configuration is ia64-unknown-linux-gnu

		=== g++ tests ===


Running target unix
XPASS: g++.dg/rtti/tinfo1.C scan-assembler _ZTIP9CTemplateIhE:
XPASS: g++.dg/rtti/tinfo1.C scan-assembler-not .globl[ \\t]+_ZTIP9CTemplateIhE
FAIL: g++.old-deja/g++.law/profile1.C execution test
WARNING: g++.old-deja/g++.mike/p10769a.C compilation failed to produce executable
WARNING: g++.old-deja/g++.other/enum5.C compilation failed to produce executable
WARNING: g++.old-deja/g++.pt/friend44.C compilation failed to produce executable

		=== g++ Summary ===

# of expected passes		9324
# of unexpected failures	1
# of unexpected successes	2
# of expected failures		68
# of unsupported tests		80
/remote/atg2/jbuck/ia64.tmp/3.4.2/gcc/testsuite/../g++ version 3.4.2

		=== g77 tests ===


Running target unix

		=== g77 Summary ===

# of expected passes		1800
# of unsupported tests		6
/remote/atg2/jbuck/ia64.tmp/3.4.2/gcc/testsuite/../g77 version 3.4.2

		=== gcc tests ===


Running target unix
FAIL: gcc.c-torture/execute/20030928-1.c compilation,  -O1 
UNRESOLVED: gcc.c-torture/execute/20030928-1.c execution,  -O1 
FAIL: gcc.c-torture/execute/20030928-1.c compilation,  -O2 
UNRESOLVED: gcc.c-torture/execute/20030928-1.c execution,  -O2 
FAIL: gcc.c-torture/execute/20030928-1.c compilation,  -O3 -fomit-frame-pointer 
UNRESOLVED: gcc.c-torture/execute/20030928-1.c execution,  -O3 -fomit-frame-pointer 
FAIL: gcc.c-torture/execute/20030928-1.c compilation,  -O3 -fomit-frame-pointer -funroll-loops 
UNRESOLVED: gcc.c-torture/execute/20030928-1.c execution,  -O3 -fomit-frame-pointer -funroll-loops 
FAIL: gcc.c-torture/execute/20030928-1.c compilation,  -O3 -fomit-frame-pointer -funroll-all-loops -finline-functions 
UNRESOLVED: gcc.c-torture/execute/20030928-1.c execution,  -O3 -fomit-frame-pointer -funroll-all-loops -finline-functions 
FAIL: gcc.c-torture/execute/20030928-1.c compilation,  -O3 -g 
UNRESOLVED: gcc.c-torture/execute/20030928-1.c execution,  -O3 -g 
FAIL: gcc.c-torture/execute/20030928-1.c compilation,  -Os 
UNRESOLVED: gcc.c-torture/execute/20030928-1.c execution,  -Os 
FAIL: gcc.dg/compat/scalar-by-value-3 c_compat_x_tst.o compile
UNRESOLVED: gcc.dg/compat/scalar-by-value-3 c_compat_x_tst.o-c_compat_y_tst.o link 
UNRESOLVED: gcc.dg/compat/scalar-by-value-3 c_compat_x_tst.o-c_compat_y_tst.o execute 
FAIL: gcc.dg/compat/scalar-return-3 c_compat_x_tst.o compile
UNRESOLVED: gcc.dg/compat/scalar-return-3 c_compat_x_tst.o-c_compat_y_tst.o link 
UNRESOLVED: gcc.dg/compat/scalar-return-3 c_compat_x_tst.o-c_compat_y_tst.o execute 
FAIL: gcc.dg/compat/struct-by-value-18 c_compat_x_tst.o compile
UNRESOLVED: gcc.dg/compat/struct-by-value-18 c_compat_x_tst.o-c_compat_y_tst.o link 
UNRESOLVED: gcc.dg/compat/struct-by-value-18 c_compat_x_tst.o-c_compat_y_tst.o execute 
FAIL: gcc.dg/compat/struct-by-value-7a c_compat_x_tst.o-c_compat_y_tst.o execute 
FAIL: gcc.dg/compat/struct-by-value-7b c_compat_x_tst.o-c_compat_y_tst.o execute 
FAIL: gcc.dg/20021014-1.c execution test
FAIL: gcc.dg/cleanup-10.c execution test
FAIL: gcc.dg/cleanup-11.c execution test
FAIL: gcc.dg/cleanup-8.c execution test
FAIL: gcc.dg/cleanup-9.c execution test
FAIL: gcc.dg/nest.c execution test

		=== gcc Summary ===

# of expected passes		24033
# of unexpected failures	18
# of expected failures		75
# of unresolved testcases	13
# of untested testcases		7
# of unsupported tests		325
/remote/atg2/jbuck/ia64.tmp/3.4.2/gcc/xgcc version 3.4.2

		=== objc tests ===


Running target unix

		=== objc Summary ===

# of expected passes		1352
# of unsupported tests		8
/remote/atg2/jbuck/ia64.tmp/3.4.2/gcc/xgcc version 3.4.2

		=== libffi tests ===


Running target unix
FAIL: libffi.call/closure_fn0.c output pattern test, is 1 2 3 4 127 429 7 8 0 10 11 97 13 19 21 1 3: 756
FAIL: libffi.call/closure_fn1.c output pattern test, is 1 2 3 4 127 5 6 8 0 10 11 0 13 19 21 1 3: 234
FAIL: libffi.call/closure_fn2.c output pattern test, is 1 2 3 4 127 5 6 8 0 10 11 0 13 0 21 1 3: 215
FAIL: libffi.call/closure_fn3.c output pattern test, is 1 2 3 4 5 6 7 8 9 10 0 0 13 0 0 1 3: 72
FAIL: libffi.call/cls_12byte.c execution test
FAIL: libffi.call/cls_16byte.c execution test
FAIL: libffi.call/cls_18byte.c execution test
FAIL: libffi.call/cls_19byte.c execution test
FAIL: libffi.call/cls_1_1byte.c execution test
FAIL: libffi.call/cls_20byte.c execution test
FAIL: libffi.call/cls_20byte1.c execution test
FAIL: libffi.call/cls_24byte.c execution test
FAIL: libffi.call/cls_2byte.c execution test
FAIL: libffi.call/cls_3_1byte.c execution test
FAIL: libffi.call/cls_3byte1.c execution test
FAIL: libffi.call/cls_3byte2.c execution test
FAIL: libffi.call/cls_4_1byte.c execution test
FAIL: libffi.call/cls_4byte.c execution test
FAIL: libffi.call/cls_5byte.c execution test
FAIL: libffi.call/cls_64byte.c execution test
FAIL: libffi.call/cls_6byte.c execution test
FAIL: libffi.call/cls_7byte.c execution test
FAIL: libffi.call/cls_8byte.c execution test
FAIL: libffi.call/cls_9byte1.c execution test
FAIL: libffi.call/cls_9byte2.c execution test
FAIL: libffi.call/cls_align_double.c execution test
FAIL: libffi.call/cls_align_float.c execution test
FAIL: libffi.call/cls_align_longdouble.c execution test
FAIL: libffi.call/cls_align_pointer.c execution test
FAIL: libffi.call/cls_align_sint16.c execution test
FAIL: libffi.call/cls_align_sint32.c execution test
FAIL: libffi.call/cls_align_sint64.c execution test
FAIL: libffi.call/cls_align_uint16.c execution test
FAIL: libffi.call/cls_align_uint32.c execution test
FAIL: libffi.call/cls_align_uint64.c execution test
FAIL: libffi.call/float.c execution test
FAIL: libffi.call/float2.c execution test
FAIL: libffi.call/nested_struct.c execution test
FAIL: libffi.call/nested_struct1.c execution test
FAIL: libffi.call/nested_struct2.c execution test
FAIL: libffi.call/nested_struct3.c execution test
FAIL: libffi.call/problem1.c execution test
FAIL: libffi.call/pyobjc-tc.c execution test
FAIL: libffi.call/struct8.c execution test
FAIL: libffi.special/unwindtest.cc execution test

		=== libffi Summary ===

# of expected passes		130
# of unexpected failures	45
# of unsupported tests		2
		=== libjava tests ===


Running target unix
FAIL: linking simple
FAIL: Array_3 execution - source compiled test
FAIL: Array_3 execution - gij test
FAIL: Array_3 execution - bytecode->native test
FAIL: Array_3 -O3 execution - source compiled test
FAIL: Array_3 execution - gij test
FAIL: Array_3 -O3 execution - bytecode->native test
FAIL: Invoke_1 execution - source compiled test
FAIL: Invoke_1 execution - bytecode->native test
FAIL: Invoke_1 -O3 execution - source compiled test
FAIL: Invoke_1 -O3 execution - bytecode->native test
FAIL: PR218 execution - source compiled test
FAIL: PR218 execution - gij test
FAIL: PR218 execution - bytecode->native test
FAIL: PR218 -O3 execution - source compiled test
FAIL: PR218 execution - gij test
FAIL: PR218 -O3 execution - bytecode->native test
FAIL: StringBuffer_overflow -O3 execution - bytecode->native test
FAIL: Throw_2 execution - source compiled test
FAIL: Throw_2 execution - gij test
FAIL: Throw_2 execution - bytecode->native test
FAIL: Throw_2 -O3 execution - source compiled test
FAIL: Throw_2 execution - gij test
FAIL: Throw_2 -O3 execution - bytecode->native test

		=== libjava Summary ===

# of expected passes		3214
# of unexpected failures	24
# of expected failures		11
# of untested testcases		31

		=== libstdc++-v3 check-abi Summary ===

# of added symbols:		 8
# of missing symbols:		 7
# of incompatible symbols:	 7

using: /remote/dtg103/jbuck/gnu/src/gcc-3.4.2/libstdc++-v3/config/abi/ia64-linux-gnu/baseline_symbols.txt

		=== libstdc++ tests ===


Running target unix
FAIL: 22_locale/codecvt/encoding/wchar_t/wrapped_locale.cc execution test
FAIL: 22_locale/codecvt/in/wchar_t/9.cc execution test
FAIL: 22_locale/codecvt/max_length/wchar_t/wrapped_locale.cc execution test
FAIL: 22_locale/collate/transform/char/2.cc execution test
FAIL: 22_locale/collate/transform/char/3.cc execution test
FAIL: 22_locale/collate/transform/char/wrapped_env.cc execution test
FAIL: 22_locale/collate/transform/char/wrapped_locale.cc execution test
FAIL: 22_locale/collate/transform/wchar_t/2.cc execution test
FAIL: 22_locale/collate/transform/wchar_t/3.cc execution test
FAIL: 22_locale/collate/transform/wchar_t/wrapped_env.cc execution test
FAIL: 22_locale/collate/transform/wchar_t/wrapped_locale.cc execution test
FAIL: 22_locale/collate_byname/named_equivalence.cc execution test
FAIL: 22_locale/ctype/widen/wchar_t/2.cc execution test
FAIL: 22_locale/money_put/put/char/9780-3.cc execution test
XPASS: 26_numerics/c99_classification_macros_c.cc (test for excess errors)
FAIL: 27_io/basic_filebuf/imbue/wchar_t/12868.cc execution test
FAIL: 27_io/basic_filebuf/overflow/wchar_t/11305-1.cc execution test
FAIL: 27_io/basic_filebuf/overflow/wchar_t/11305-2.cc execution test
FAIL: 27_io/basic_filebuf/overflow/wchar_t/11305-3.cc execution test
FAIL: 27_io/basic_filebuf/overflow/wchar_t/11305-4.cc execution test
FAIL: 27_io/basic_filebuf/underflow/wchar_t/9520.cc execution test
XPASS: 27_io/fpos/14320-1.cc execution test

		=== libstdc++ Summary ===

# of expected passes		2689
# of unexpected failures	20
# of unexpected successes	2
# of expected failures		5

Compiler version: 3.4.2 
Platform: ia64-unknown-linux-gnu
configure flags: --prefix=/u/jbuck/cvs.ia64/3.4.2 --with-gnu-as --with-as=/u/jbuck/gnu.ia64/bin/as --with-gnu-ld --with-ld=/u/jbuck/gnu.ia64/bin/ld


Index Nav: [Date Index] [Subject Index] [Author Index] [Thread Index]
Message Nav: [Date Prev] [Date Next] [Thread Prev] [Thread Next]