This is the mail archive of the gcc-testresults@gcc.gnu.org mailing list for the GCC project.


Index Nav: [Date Index] [Subject Index] [Author Index] [Thread Index]
Message Nav: [Date Prev] [Date Next] [Thread Prev] [Thread Next]
Other format: [Raw text]

Results for 3.4.2 testsuite on sparc-sun-solaris2.8


OS: Solaris 8 (or 2.8, or SunOS 5.8, you pick)
System: 4-way 400 MHz SUNW,UltraSPARC-II, 4GB RAM, 6.4GB swap
GNU as and GNU ld used (2.13.1)
gcc 2.95.2 used for bootstrapping


All languages were tested.
LAST_UPDATED: Obtained from CVS: -rgcc_3_4_2_release 

Native configuration is sparc-sun-solaris2.8

		=== g++ tests ===


Running target unix
WARNING: g++.dg/eh/simd-1.C compilation failed to produce executable
WARNING: g++.dg/eh/simd-2.C compilation failed to produce executable
XPASS: g++.dg/rtti/tinfo1.C scan-assembler _ZTIP9CTemplateIhE:
XPASS: g++.dg/rtti/tinfo1.C scan-assembler-not .globl[ \\t]+_ZTIP9CTemplateIhE
XPASS: g++.dg/special/conpr-2.C execution test
XPASS: g++.dg/special/initp1.C execution test
WARNING: g++.old-deja/g++.mike/p10769a.C compilation failed to produce executable
WARNING: g++.old-deja/g++.other/enum5.C compilation failed to produce executable
WARNING: g++.old-deja/g++.pt/friend44.C compilation failed to produce executable

		=== g++ Summary for unix ===

# of expected passes		9613
# of unexpected successes	4
# of expected failures		69
# of unsupported tests		78

Running target unix/-m64
WARNING: g++.dg/eh/simd-1.C compilation failed to produce executable
WARNING: g++.dg/eh/simd-2.C compilation failed to produce executable
XPASS: g++.dg/rtti/tinfo1.C scan-assembler _ZTIP9CTemplateIhE:
XPASS: g++.dg/rtti/tinfo1.C scan-assembler-not .globl[ \\t]+_ZTIP9CTemplateIhE
XPASS: g++.dg/special/conpr-2.C execution test
XPASS: g++.dg/special/initp1.C execution test
WARNING: g++.old-deja/g++.mike/p10769a.C compilation failed to produce executable
WARNING: g++.old-deja/g++.other/enum5.C compilation failed to produce executable
WARNING: g++.old-deja/g++.pt/friend44.C compilation failed to produce executable

		=== g++ Summary for unix/-m64 ===

# of expected passes		9613
# of unexpected successes	4
# of expected failures		69
# of unsupported tests		78

		=== g++ Summary ===

# of expected passes		19226
# of unexpected successes	8
# of expected failures		138
# of unsupported tests		156
/remote/atg2/jbuck/solaris.tmp/3.4.2/gcc/testsuite/../g++ version 3.4.2

		=== g77 tests ===


Running target unix

		=== g77 Summary for unix ===

# of expected passes		1800
# of unsupported tests		6

Running target unix/-m64

		=== g77 Summary for unix/-m64 ===

# of expected passes		1800
# of unsupported tests		6

		=== g77 Summary ===

# of expected passes		3600
# of unsupported tests		12
/remote/atg2/jbuck/solaris.tmp/3.4.2/gcc/testsuite/../g77 version 3.4.2

		=== gcc tests ===


Running target unix
UNRESOLVED: gcc.c-torture/execute/simd-4.c execution,  -O0 
UNRESOLVED: gcc.dg/compat/vector-1 c_compat_x_tst.o-c_compat_y_tst.o link 
UNRESOLVED: gcc.dg/compat/vector-1 c_compat_x_tst.o-c_compat_y_tst.o execute 
UNRESOLVED: gcc.dg/compat/vector-2 c_compat_x_tst.o-c_compat_y_tst.o link 
UNRESOLVED: gcc.dg/compat/vector-2 c_compat_x_tst.o-c_compat_y_tst.o execute 
XPASS: gcc.dg/uninit-4.c uninitialized variable warning (test for bogus messages, line 26)

		=== gcc Summary for unix ===

# of expected passes		24392
# of unexpected successes	1
# of expected failures		72
# of unresolved testcases	5
# of untested testcases		7
# of unsupported tests		329

Running target unix/-m64
UNRESOLVED: gcc.c-torture/execute/simd-4.c execution,  -O0 
UNRESOLVED: gcc.c-torture/execute/va-arg-25.c execution,  -O0 
UNRESOLVED: gcc.c-torture/execute/va-arg-25.c execution,  -O1 
UNRESOLVED: gcc.c-torture/execute/va-arg-25.c execution,  -O2 
UNRESOLVED: gcc.c-torture/execute/va-arg-25.c execution,  -O3 -fomit-frame-pointer 
UNRESOLVED: gcc.c-torture/execute/va-arg-25.c execution,  -O3 -g 
UNRESOLVED: gcc.c-torture/execute/va-arg-25.c execution,  -Os 
UNRESOLVED: gcc.dg/compat/vector-1 c_compat_x_tst.o-c_compat_y_tst.o link 
UNRESOLVED: gcc.dg/compat/vector-1 c_compat_x_tst.o-c_compat_y_tst.o execute 
UNRESOLVED: gcc.dg/compat/vector-2 c_compat_x_tst.o-c_compat_y_tst.o link 
UNRESOLVED: gcc.dg/compat/vector-2 c_compat_x_tst.o-c_compat_y_tst.o execute 
XPASS: gcc.dg/uninit-4.c uninitialized variable warning (test for bogus messages, line 26)
FAIL: gcc.dg/special/gcsec-1.c (test for excess errors)
WARNING: gcc.dg/special/gcsec-1.c compilation failed to produce executable

		=== gcc Summary for unix/-m64 ===

# of expected passes		24370
# of unexpected failures	1
# of unexpected successes	1
# of expected failures		84
# of unresolved testcases	11
# of untested testcases		7
# of unsupported tests		329

		=== gcc Summary ===

# of expected passes		48762
# of unexpected failures	1
# of unexpected successes	2
# of expected failures		156
# of unresolved testcases	16
# of untested testcases		14
# of unsupported tests		658
/remote/atg2/jbuck/solaris.tmp/3.4.2/gcc/xgcc version 3.4.2

		=== objc tests ===


Running target unix

		=== objc Summary for unix ===

# of expected passes		1352
# of unsupported tests		8

Running target unix/-m64

		=== objc Summary for unix/-m64 ===

# of expected passes		1352
# of unsupported tests		8

		=== objc Summary ===

# of expected passes		2704
# of unsupported tests		16
/remote/atg2/jbuck/solaris.tmp/3.4.2/gcc/xgcc version 3.4.2

		=== libffi tests ===


Running target unix

		=== libffi Summary for unix ===

# of expected passes		212
# of unsupported tests		2

Running target unix/-m64

		=== libffi Summary for unix/-m64 ===

# of expected passes		212
# of unsupported tests		2

		=== libffi Summary ===

# of expected passes		424
# of unsupported tests		4
		=== libjava tests ===


Running target unix
FAIL: linking simple
FAIL: Array_3 execution - gij test
FAIL: Array_3 execution - gij test
FAIL: FileHandleGcTest execution - source compiled test
FAIL: FileHandleGcTest execution - gij test
FAIL: FileHandleGcTest execution - bytecode->native test
FAIL: FileHandleGcTest -O3 execution - source compiled test
FAIL: FileHandleGcTest execution - gij test
FAIL: FileHandleGcTest -O3 execution - bytecode->native test

		=== libjava Summary for unix ===

# of expected passes		3244
# of unexpected failures	9
# of expected failures		11
# of untested testcases		16

Running target unix/-m64
FAIL: linking simple
FAIL: Array_3 execution - gij test
FAIL: Array_3 execution - gij test
FAIL: FileHandleGcTest execution - source compiled test
FAIL: FileHandleGcTest execution - gij test
FAIL: FileHandleGcTest execution - bytecode->native test
FAIL: FileHandleGcTest -O3 execution - source compiled test
FAIL: FileHandleGcTest execution - gij test
FAIL: FileHandleGcTest -O3 execution - bytecode->native test
FAIL: TLtest execution - gij test

		=== libjava Summary for unix/-m64 ===

# of expected passes		3242
# of unexpected failures	10
# of expected failures		11
# of untested testcases		17

		=== libjava Summary ===

# of expected passes		6486
# of unexpected failures	19
# of expected failures		22
# of untested testcases		33
		=== libstdc++ tests ===


Running target unix
XPASS: 22_locale/locale/cons/12658_thread.cc execution test

		=== libstdc++ Summary for unix ===

# of expected passes		2709
# of unexpected successes	1
# of expected failures		6

Running target unix/-m64
XPASS: 22_locale/locale/cons/12658_thread.cc execution test

		=== libstdc++ Summary for unix/-m64 ===

# of expected passes		2709
# of unexpected successes	1
# of expected failures		6

		=== libstdc++ Summary ===

# of expected passes		5418
# of unexpected successes	2
# of expected failures		12

Compiler version: 3.4.2 
Platform: sparc-sun-solaris2.8
configure flags: --prefix=/u/jbuck/cvs.sol2/3.4.2 --with-gnu-as --with-as=/u/jbuck/gnu.sol2/bin/as --with-gnu-ld --with-ld=/u/jbuck/gnu.sol2/bin/ld


Index Nav: [Date Index] [Subject Index] [Author Index] [Thread Index]
Message Nav: [Date Prev] [Date Next] [Thread Prev] [Thread Next]