This is the mail archive of the gcc-testresults@gcc.gnu.org mailing list for the GCC project.


Index Nav: [Date Index] [Subject Index] [Author Index] [Thread Index]
Message Nav: [Date Prev] [Date Next] [Thread Prev] [Thread Next]
Other format: [Raw text]

Results for 3.5.0 20040909 (experimental) testsuite on hppa-unknown-linux-gnu


LAST_UPDATED: Thu Sep  9 05:50:06 UTC 2004

Native configuration is hppa-unknown-linux-gnu

		=== g++ tests ===


Running target unix
XPASS: g++.dg/other/packed1.C execution test
XPASS: g++.dg/rtti/tinfo1.C scan-assembler _ZTIP9CTemplateIhE:
XPASS: g++.dg/rtti/tinfo1.C scan-assembler-not .globl[ \\t]+_ZTIP9CTemplateIhE
XPASS: g++.dg/rtti/tinfo1.C scan-assembler-not .section[^\\n\\r]*_ZTIP9CTemplateIhE[^\\n\\r]*
FAIL: g++.dg/template/friend18.C (test for excess errors)
WARNING: g++.dg/template/friend18.C compilation failed to produce executable
FAIL: g++.dg/template/friend26.C (test for excess errors)
FAIL: g++.dg/template/friend8.C (test for excess errors)
FAIL: 102:is -:should be 1
FAIL: g++.dg/gcov/gcov-1.C gcov: 1 failures in line counts, 0 in branch percentages, 0 in return percentages
WARNING: g++.old-deja/g++.mike/p10769a.C compilation failed to produce executable
WARNING: g++.old-deja/g++.other/enum5.C compilation failed to produce executable
XPASS: g++.old-deja/g++.other/init5.C execution test
FAIL: g++.old-deja/g++.other/thunk1.C (test for excess errors)
WARNING: g++.old-deja/g++.other/thunk1.C compilation failed to produce executable
FAIL: g++.old-deja/g++.pt/friend10.C (test for excess errors)
WARNING: g++.old-deja/g++.pt/friend10.C compilation failed to produce executable
WARNING: g++.old-deja/g++.pt/friend44.C compilation failed to produce executable
FAIL: g++.old-deja/g++.pt/link1.C (test for excess errors)

		=== g++ Summary ===

# of expected passes		10000
# of unexpected failures	8
# of unexpected successes	5
# of expected failures		78
# of unsupported tests		83
/home/dave/gnu/gcc-3.5/objdir/gcc/testsuite/../g++  version 3.5.0 20040909 (experimental)

		=== gcc tests ===


Running target unix
FAIL: gcc.c-torture/compile/20020210-1.c  -O1  (test for excess errors)
FAIL: gcc.c-torture/compile/20020210-1.c  -O2  (test for excess errors)
FAIL: gcc.c-torture/compile/20020210-1.c  -O3 -fomit-frame-pointer  (test for excess errors)
FAIL: gcc.c-torture/compile/20020210-1.c  -O3 -g  (test for excess errors)
FAIL: gcc.c-torture/compile/20020210-1.c  -Os  (test for excess errors)
FAIL: gcc.c-torture/execute/20040908-1.c compilation,  -O0 
UNRESOLVED: gcc.c-torture/execute/20040908-1.c execution,  -O0 
FAIL: gcc.c-torture/execute/20040908-1.c compilation,  -O1 
UNRESOLVED: gcc.c-torture/execute/20040908-1.c execution,  -O1 
FAIL: gcc.c-torture/execute/20040908-1.c compilation,  -O2 
UNRESOLVED: gcc.c-torture/execute/20040908-1.c execution,  -O2 
FAIL: gcc.c-torture/execute/20040908-1.c compilation,  -O3 -fomit-frame-pointer 
UNRESOLVED: gcc.c-torture/execute/20040908-1.c execution,  -O3 -fomit-frame-pointer 
FAIL: gcc.c-torture/execute/20040908-1.c compilation,  -O3 -g 
UNRESOLVED: gcc.c-torture/execute/20040908-1.c execution,  -O3 -g 
FAIL: gcc.c-torture/execute/20040908-1.c compilation,  -Os 
UNRESOLVED: gcc.c-torture/execute/20040908-1.c execution,  -Os 
FAIL: gcc.c-torture/execute/ieee/compare-fp-3.c compilation,  -O1 
UNRESOLVED: gcc.c-torture/execute/ieee/compare-fp-3.c execution,  -O1 
FAIL: gcc.c-torture/execute/ieee/compare-fp-3.c compilation,  -O2 
UNRESOLVED: gcc.c-torture/execute/ieee/compare-fp-3.c execution,  -O2 
FAIL: gcc.c-torture/execute/ieee/compare-fp-3.c compilation,  -O3 -fomit-frame-pointer 
UNRESOLVED: gcc.c-torture/execute/ieee/compare-fp-3.c execution,  -O3 -fomit-frame-pointer 
FAIL: gcc.c-torture/execute/ieee/compare-fp-3.c compilation,  -O3 -g 
UNRESOLVED: gcc.c-torture/execute/ieee/compare-fp-3.c execution,  -O3 -g 
FAIL: gcc.c-torture/execute/ieee/compare-fp-3.c compilation,  -Os 
UNRESOLVED: gcc.c-torture/execute/ieee/compare-fp-3.c execution,  -Os 
FAIL: tmpdir-gcc.dg-struct-layout-1/t028 c_compat_x_tst.o-c_compat_y_tst.o execute 
FAIL: gcc.dg/debug/dwarf2/dwarf-die7.c scan-assembler 1.*DW_AT_inline
FAIL: gcc.dg/c90-const-expr-3.c (test for excess errors)
FAIL: gcc.dg/c99-const-expr-3.c (test for excess errors)
FAIL: gcc.dg/cleanup-10.c execution test
FAIL: gcc.dg/cleanup-11.c execution test
XPASS: gcc.dg/const-elim-1.c scan-assembler-not L\\\\\$?C[^A-Z]
FAIL: gcc.dg/struct-ret-1.c (test for excess errors)
FAIL: gcc.dg/uninit-H.c  (test for bogus messages, line 20)
FAIL: gcc.dg/uninit-H.c (test for excess errors)
FAIL: gcc.dg/tree-ssa/ifc-20040816-2.c scan-tree-dump-times Applying if-conversion 1
FAIL: gcc.dg/tree-ssa/loop-2.c scan-tree-dump-times arr_base.*= 0
FAIL: gcc.dg/tree-ssa/loop-4.c scan-tree-dump-times arr_base.*= 0
FAIL: 96:is -:should be 1
FAIL: gcc.misc-tests/gcov-4.c gcov: 1 failures in line counts, 0 in branch percentages, 0 in return percentages

		=== gcc Summary ===

# of expected passes		29779
# of unexpected failures	30
# of unexpected successes	1
# of expected failures		65
# of unresolved testcases	11
# of untested testcases		28
# of unsupported tests		482
/home/dave/gnu/gcc-3.5/objdir/gcc/xgcc  version 3.5.0 20040909 (experimental)

		=== gfortran tests ===


Running target unix
XPASS: gfortran.dg/ret_pointer_1.f90  -O0  execution test
XPASS: gfortran.dg/ret_pointer_1.f90  -O1  execution test
XPASS: gfortran.dg/ret_pointer_1.f90  -O2  execution test
XPASS: gfortran.dg/ret_pointer_1.f90  -O3 -fomit-frame-pointer  execution test
XPASS: gfortran.dg/ret_pointer_1.f90  -O3 -fomit-frame-pointer -funroll-loops  execution test
XPASS: gfortran.dg/ret_pointer_1.f90  -O3 -fomit-frame-pointer -funroll-all-loops -finline-functions  execution test
XPASS: gfortran.dg/ret_pointer_1.f90  -O3 -g  execution test
XPASS: gfortran.dg/ret_pointer_1.f90  -Os  execution test
FAIL: gfortran.dg/g77/980628-0.f  -O0  execution test
FAIL: gfortran.dg/g77/980628-0.f  -O1  execution test
FAIL: gfortran.dg/g77/980628-0.f  -O2  execution test
FAIL: gfortran.dg/g77/980628-0.f  -O3 -fomit-frame-pointer  execution test
FAIL: gfortran.dg/g77/980628-0.f  -O3 -fomit-frame-pointer -funroll-loops  execution test
FAIL: gfortran.dg/g77/980628-0.f  -O3 -fomit-frame-pointer -funroll-all-loops -finline-functions  execution test
FAIL: gfortran.dg/g77/980628-0.f  -O3 -g  execution test
FAIL: gfortran.dg/g77/980628-0.f  -Os  execution test
FAIL: gfortran.dg/g77/980628-1.f  -O0  execution test
FAIL: gfortran.dg/g77/980628-1.f  -O1  execution test
FAIL: gfortran.dg/g77/980628-1.f  -O2  execution test
FAIL: gfortran.dg/g77/980628-1.f  -O3 -fomit-frame-pointer  execution test
FAIL: gfortran.dg/g77/980628-1.f  -O3 -fomit-frame-pointer -funroll-loops  execution test
FAIL: gfortran.dg/g77/980628-1.f  -O3 -fomit-frame-pointer -funroll-all-loops -finline-functions  execution test
FAIL: gfortran.dg/g77/980628-1.f  -O3 -g  execution test
FAIL: gfortran.dg/g77/980628-1.f  -Os  execution test
FAIL: gfortran.dg/g77/980628-10.f  -O0  execution test
FAIL: gfortran.dg/g77/980628-10.f  -O1  execution test
FAIL: gfortran.dg/g77/980628-10.f  -O2  execution test
FAIL: gfortran.dg/g77/980628-10.f  -O3 -fomit-frame-pointer  execution test
FAIL: gfortran.dg/g77/980628-10.f  -O3 -fomit-frame-pointer -funroll-loops  execution test
FAIL: gfortran.dg/g77/980628-10.f  -O3 -fomit-frame-pointer -funroll-all-loops -finline-functions  execution test
FAIL: gfortran.dg/g77/980628-10.f  -O3 -g  execution test
FAIL: gfortran.dg/g77/980628-10.f  -Os  execution test
FAIL: gfortran.dg/g77/980628-2.f  -O0  execution test
FAIL: gfortran.dg/g77/980628-2.f  -O1  execution test
FAIL: gfortran.dg/g77/980628-2.f  -O2  execution test
FAIL: gfortran.dg/g77/980628-2.f  -O3 -fomit-frame-pointer  execution test
FAIL: gfortran.dg/g77/980628-2.f  -O3 -fomit-frame-pointer -funroll-loops  execution test
FAIL: gfortran.dg/g77/980628-2.f  -O3 -fomit-frame-pointer -funroll-all-loops -finline-functions  execution test
FAIL: gfortran.dg/g77/980628-2.f  -O3 -g  execution test
FAIL: gfortran.dg/g77/980628-2.f  -Os  execution test
FAIL: gfortran.dg/g77/980628-3.f  -O0  execution test
FAIL: gfortran.dg/g77/980628-3.f  -O1  execution test
FAIL: gfortran.dg/g77/980628-3.f  -O2  execution test
FAIL: gfortran.dg/g77/980628-3.f  -O3 -fomit-frame-pointer  execution test
FAIL: gfortran.dg/g77/980628-3.f  -O3 -fomit-frame-pointer -funroll-loops  execution test
FAIL: gfortran.dg/g77/980628-3.f  -O3 -fomit-frame-pointer -funroll-all-loops -finline-functions  execution test
FAIL: gfortran.dg/g77/980628-3.f  -O3 -g  execution test
FAIL: gfortran.dg/g77/980628-3.f  -Os  execution test
FAIL: gfortran.dg/g77/980628-7.f  -O0  execution test
FAIL: gfortran.dg/g77/980628-7.f  -O1  execution test
FAIL: gfortran.dg/g77/980628-7.f  -O2  execution test
FAIL: gfortran.dg/g77/980628-7.f  -O3 -fomit-frame-pointer  execution test
FAIL: gfortran.dg/g77/980628-7.f  -O3 -fomit-frame-pointer -funroll-loops  execution test
FAIL: gfortran.dg/g77/980628-7.f  -O3 -fomit-frame-pointer -funroll-all-loops -finline-functions  execution test
FAIL: gfortran.dg/g77/980628-7.f  -O3 -g  execution test
FAIL: gfortran.dg/g77/980628-7.f  -Os  execution test
FAIL: gfortran.dg/g77/980628-8.f  -O0  execution test
FAIL: gfortran.dg/g77/980628-8.f  -O1  execution test
FAIL: gfortran.dg/g77/980628-8.f  -O2  execution test
FAIL: gfortran.dg/g77/980628-8.f  -O3 -fomit-frame-pointer  execution test
FAIL: gfortran.dg/g77/980628-8.f  -O3 -fomit-frame-pointer -funroll-loops  execution test
FAIL: gfortran.dg/g77/980628-8.f  -O3 -fomit-frame-pointer -funroll-all-loops -finline-functions  execution test
FAIL: gfortran.dg/g77/980628-8.f  -O3 -g  execution test
FAIL: gfortran.dg/g77/980628-8.f  -Os  execution test
FAIL: gfortran.dg/g77/980628-9.f  -O0  execution test
FAIL: gfortran.dg/g77/980628-9.f  -O1  execution test
FAIL: gfortran.dg/g77/980628-9.f  -O2  execution test
FAIL: gfortran.dg/g77/980628-9.f  -O3 -fomit-frame-pointer  execution test
FAIL: gfortran.dg/g77/980628-9.f  -O3 -fomit-frame-pointer -funroll-loops  execution test
FAIL: gfortran.dg/g77/980628-9.f  -O3 -fomit-frame-pointer -funroll-all-loops -finline-functions  execution test
FAIL: gfortran.dg/g77/980628-9.f  -O3 -g  execution test
FAIL: gfortran.dg/g77/980628-9.f  -Os  execution test
FAIL: gfortran.fortran-torture/execute/common.f90 execution,  -O3 -fomit-frame-pointer -funroll-loops 
FAIL: gfortran.fortran-torture/execute/common.f90 execution,  -O3 -fomit-frame-pointer -funroll-all-loops -finline-functions 
FAIL: gfortran.fortran-torture/execute/data.f90 execution,  -O3 -fomit-frame-pointer -funroll-loops 
FAIL: gfortran.fortran-torture/execute/data.f90 execution,  -O3 -fomit-frame-pointer -funroll-all-loops -finline-functions 
FAIL: gfortran.fortran-torture/execute/data_2.f90 execution,  -O2 
FAIL: gfortran.fortran-torture/execute/data_2.f90 execution,  -O3 -fomit-frame-pointer 
FAIL: gfortran.fortran-torture/execute/data_2.f90 execution,  -O3 -fomit-frame-pointer -funroll-loops 
FAIL: gfortran.fortran-torture/execute/data_2.f90 execution,  -O3 -fomit-frame-pointer -funroll-all-loops -finline-functions 
FAIL: gfortran.fortran-torture/execute/data_2.f90 execution,  -O3 -g 
FAIL: gfortran.fortran-torture/execute/forall_3.f90 execution,  -O1 
FAIL: gfortran.fortran-torture/execute/forall_3.f90 execution,  -Os 
FAIL: gfortran.fortran-torture/execute/intrinsic_fraction_exponent.f90 compilation,  -O0 
FAIL: gfortran.fortran-torture/execute/intrinsic_fraction_exponent.f90 compilation,  -O1 
FAIL: gfortran.fortran-torture/execute/intrinsic_fraction_exponent.f90 compilation,  -O2 
FAIL: gfortran.fortran-torture/execute/intrinsic_fraction_exponent.f90 compilation,  -O3 -fomit-frame-pointer 
FAIL: gfortran.fortran-torture/execute/intrinsic_fraction_exponent.f90 compilation,  -O3 -fomit-frame-pointer -funroll-loops 
FAIL: gfortran.fortran-torture/execute/intrinsic_fraction_exponent.f90 compilation,  -O3 -fomit-frame-pointer -funroll-all-loops -finline-functions 
FAIL: gfortran.fortran-torture/execute/intrinsic_fraction_exponent.f90 compilation,  -O3 -g 
FAIL: gfortran.fortran-torture/execute/intrinsic_fraction_exponent.f90 compilation,  -Os 
FAIL: gfortran.fortran-torture/execute/intrinsic_nearest.f90 compilation,  -O0 
FAIL: gfortran.fortran-torture/execute/intrinsic_nearest.f90 compilation,  -O1 
FAIL: gfortran.fortran-torture/execute/intrinsic_nearest.f90 compilation,  -O2 
FAIL: gfortran.fortran-torture/execute/intrinsic_nearest.f90 compilation,  -O3 -fomit-frame-pointer 
FAIL: gfortran.fortran-torture/execute/intrinsic_nearest.f90 compilation,  -O3 -fomit-frame-pointer -funroll-loops 
FAIL: gfortran.fortran-torture/execute/intrinsic_nearest.f90 compilation,  -O3 -fomit-frame-pointer -funroll-all-loops -finline-functions 
FAIL: gfortran.fortran-torture/execute/intrinsic_nearest.f90 compilation,  -O3 -g 
FAIL: gfortran.fortran-torture/execute/intrinsic_nearest.f90 compilation,  -Os 
FAIL: gfortran.fortran-torture/execute/intrinsic_set_exponent.f90 compilation,  -O0 
FAIL: gfortran.fortran-torture/execute/intrinsic_set_exponent.f90 compilation,  -O1 
FAIL: gfortran.fortran-torture/execute/intrinsic_set_exponent.f90 compilation,  -O2 
FAIL: gfortran.fortran-torture/execute/intrinsic_set_exponent.f90 compilation,  -O3 -fomit-frame-pointer 
FAIL: gfortran.fortran-torture/execute/intrinsic_set_exponent.f90 compilation,  -O3 -fomit-frame-pointer -funroll-loops 
FAIL: gfortran.fortran-torture/execute/intrinsic_set_exponent.f90 compilation,  -O3 -fomit-frame-pointer -funroll-all-loops -finline-functions 
FAIL: gfortran.fortran-torture/execute/intrinsic_set_exponent.f90 compilation,  -O3 -g 
FAIL: gfortran.fortran-torture/execute/intrinsic_set_exponent.f90 compilation,  -Os 
FAIL: gfortran.fortran-torture/execute/nan_inf_fmt.f90 compilation,  -O0 
FAIL: gfortran.fortran-torture/execute/nan_inf_fmt.f90 compilation,  -O1 
FAIL: gfortran.fortran-torture/execute/nan_inf_fmt.f90 compilation,  -O2 
FAIL: gfortran.fortran-torture/execute/nan_inf_fmt.f90 compilation,  -O3 -fomit-frame-pointer 
FAIL: gfortran.fortran-torture/execute/nan_inf_fmt.f90 compilation,  -O3 -fomit-frame-pointer -funroll-loops 
FAIL: gfortran.fortran-torture/execute/nan_inf_fmt.f90 compilation,  -O3 -fomit-frame-pointer -funroll-all-loops -finline-functions 
FAIL: gfortran.fortran-torture/execute/nan_inf_fmt.f90 compilation,  -O3 -g 
FAIL: gfortran.fortran-torture/execute/nan_inf_fmt.f90 compilation,  -Os 

		=== gfortran Summary ===

# of expected passes		4200
# of unexpected failures	107
# of unexpected successes	8
# of expected failures		27
# of untested testcases		32
# of unsupported tests		8
/home/dave/gnu/gcc-3.5/objdir/gcc/testsuite/../gfortran  version 3.5.0 20040909 (experimental)

		=== objc tests ===


Running target unix

		=== objc Summary ===

# of expected passes		1421
# of unsupported tests		7
/home/dave/gnu/gcc-3.5/objdir/gcc/xgcc  version 3.5.0 20040909 (experimental)

		=== libffi tests ===


Running target unix
FAIL: libffi.call/cls_12byte.c output pattern test, is 7 4 9 1 5 3: 8 9 12
FAIL: libffi.call/cls_16byte.c output pattern test, is 7 8 9 1 9 3: 8 17 12
FAIL: libffi.call/cls_5byte.c output pattern test, is 127 120 1 12 128 9: 139 248 10
FAIL: libffi.call/cls_6byte.c output pattern test, is 127 120 1 128 12 128 9 127: 139 248 10 255
FAIL: libffi.call/cls_align_sint16.c output pattern test, is 12 4951 127 1 9320 13: 13 14271 140
FAIL: libffi.call/cls_align_uint16.c output pattern test, is 12 4951 127 1 9320 13: 13 14271 140

		=== libffi Summary ===

# of expected passes		206
# of unexpected failures	6
# of unsupported tests		2
		=== libjava tests ===


Running target unix
WARNING: program timed out.
FAIL: PR218 execution - source compiled test
WARNING: program timed out.
FAIL: PR218 execution - bytecode->native test
WARNING: program timed out.
FAIL: PR218 -O3 execution - source compiled test
WARNING: program timed out.
FAIL: PR218 -O3 execution - bytecode->native test
FAIL: Serialization output - gij test
FAIL: Serialization output - gij test
FAIL: negzero output - gij test
FAIL: negzero output - gij test

		=== libjava Summary ===

# of expected passes		3561
# of unexpected failures	8
# of expected failures		14
# of untested testcases		20
		=== libmudflap tests ===


Running target unix
FAIL: libmudflap.c/pass49-frag.c execution test
FAIL: libmudflap.c/pass49-frag.c output pattern test
FAIL: libmudflap.c/pass49-frag.c (-static) execution test
FAIL: libmudflap.c/pass49-frag.c (-static) output pattern test
FAIL: libmudflap.c/pass49-frag.c (-O2) execution test
FAIL: libmudflap.c/pass49-frag.c (-O2) output pattern test
FAIL: libmudflap.c/pass49-frag.c (-O3) execution test
FAIL: libmudflap.c/pass49-frag.c (-O3) output pattern test
FAIL: libmudflap.cth/pass40-frag.c execution test
FAIL: libmudflap.cth/pass40-frag.c output pattern test
FAIL: libmudflap.cth/pass40-frag.c (-O2) execution test
FAIL: libmudflap.cth/pass40-frag.c (-O2) output pattern test
FAIL: libmudflap.cth/pass40-frag.c (-O3) execution test
FAIL: libmudflap.cth/pass40-frag.c (-O3) output pattern test

		=== libmudflap Summary ===

# of expected passes		1154
# of unexpected failures	14

		=== libstdc++-v3 check-abi Summary ===

# of added symbols:		 37
# of missing symbols:		 0
# of incompatible symbols:	 11

using: /home/dave/gnu/gcc-3.5/gcc/libstdc++-v3/config/abi/hppa-linux-gnu/baseline_symbols.txt

		=== libstdc++ tests ===


Running target unix
XPASS: 22_locale/locale/cons/12658_thread-1.cc execution test
FAIL: 26_numerics/cmath/c99_classification_macros_c++.cc (test for excess errors)
XPASS: 26_numerics/cmath/c99_classification_macros_c.cc (test for excess errors)
FAIL: 27_io/basic_filebuf/sgetn/char/1-in.cc execution test
FAIL: 27_io/basic_filebuf/sgetn/char/1-io.cc execution test
FAIL: 27_io/basic_filebuf/sgetn/char/2-in.cc execution test
FAIL: 27_io/basic_filebuf/sgetn/char/2-io.cc execution test
FAIL: 27_io/basic_filebuf/underflow/wchar_t/11603.cc execution test
FAIL: 27_io/basic_istream/readsome/char/6746-2.cc execution test

		=== libstdc++ Summary ===

# of expected passes		2892
# of unexpected failures	7
# of unexpected successes	2
# of expected failures		5

Compiler version: 3.5.0 20040909 (experimental) 
Platform: hppa-unknown-linux-gnu
configure flags: --with-gnu-as --with-as=/home/dave/opt/gnu/bin/as --with-gnu-ld --with-ld=/home/dave/opt/gnu/bin/ld --enable-shared --prefix=/home/dave/opt/gnu/gcc/gcc-3.5.0 --with-local-prefix=/home/dave/opt/gnu --enable-threads=posix --enable-__cxa_atexit --host=hppa-linux --enable-clocale=gnu --enable-java-gc=boehm --enable-java-awt=xlib --enable-languages=c,c++,f95,java,objc


Index Nav: [Date Index] [Subject Index] [Author Index] [Thread Index]
Message Nav: [Date Prev] [Date Next] [Thread Prev] [Thread Next]