This is the mail archive of the gcc-testresults@gcc.gnu.org mailing list for the GCC project.


Index Nav: [Date Index] [Subject Index] [Author Index] [Thread Index]
Message Nav: [Date Prev] [Date Next] [Thread Prev] [Thread Next]
Other format: [Raw text]

Results for 3.4.2 testsuite on i686-pc-linux-gnu


LAST_UPDATED: Obtained from CVS: -rgcc_3_4_2_release 

		=== acats tests ===

		=== acats Summary ===
# of expected passes		2322
# of unexpected failures	0
Native configuration is i686-pc-linux-gnu

		=== g++ tests ===


Running target unix
XPASS: g++.dg/rtti/tinfo1.C scan-assembler _ZTIP9CTemplateIhE:
XPASS: g++.dg/rtti/tinfo1.C scan-assembler-not .globl[ \\t]+_ZTIP9CTemplateIhE
WARNING: g++.old-deja/g++.mike/p10769a.C compilation failed to produce executable
WARNING: g++.old-deja/g++.other/enum5.C compilation failed to produce executable
WARNING: g++.old-deja/g++.pt/friend44.C compilation failed to produce executable

		=== g++ Summary ===

# of expected passes		9702
# of unexpected successes	2
# of expected failures		68
# of unsupported tests		43
/free/build_shop/build-gcc-3.4.2-i686-pc-linux-gnu/gcc/testsuite/../g++ version 3.4.2

		=== g77 tests ===


Running target unix

		=== g77 Summary ===

# of expected passes		1812
/free/build_shop/build-gcc-3.4.2-i686-pc-linux-gnu/gcc/testsuite/../g77 version 3.4.2

		=== gcc tests ===


Running target unix
FAIL: gcc.c-torture/execute/va-arg-25.c execution,  -Os 
FAIL: gcc.dg/typespec-1.c unsigned long long int long (test for errors, line 932)
FAIL: gcc.dg/typespec-1.c unsigned long long int float (test for errors, line 933)
FAIL: gcc.dg/typespec-1.c unsigned long long int double (test for errors, line 934)
FAIL: gcc.dg/typespec-1.c unsigned long long int signed (test for errors, line 935)
FAIL: gcc.dg/typespec-1.c unsigned long long int unsigned (test for errors, line 936)
FAIL: gcc.dg/typespec-1.c unsigned long long int _Bool (test for errors, line 937)
FAIL: gcc.dg/typespec-1.c (test for excess errors)
FAIL: gcc.dg/format/c99-scanf-1.c   %hhu sign (test for warnings, line 144)

		=== gcc Summary ===

# of expected passes		24829
# of unexpected failures	9
# of expected failures		70
# of untested testcases		7
# of unsupported tests		198
/free/build_shop/build-gcc-3.4.2-i686-pc-linux-gnu/gcc/xgcc version 3.4.2

		=== objc tests ===


Running target unix

		=== objc Summary ===

# of expected passes		1352
# of unsupported tests		8
/free/build_shop/build-gcc-3.4.2-i686-pc-linux-gnu/gcc/xgcc version 3.4.2

		=== libffi tests ===


Running target unix

		=== libffi Summary ===

# of expected passes		212
# of unsupported tests		2
		=== libjava tests ===


Running target unix
FAIL: linking simple
FAIL: Thread_Interrupt -O3 output - source compiled test
FAIL: Thread_Interrupt -O3 output - bytecode->native test

		=== libjava Summary ===

# of expected passes		3258
# of unexpected failures	3
# of expected failures		11
# of untested testcases		8

		=== libstdc++-v3 check-abi Summary ===

# of added symbols:		 54
# of missing symbols:		 53
# of incompatible symbols:	 53

using: /free/build_shop/gcc-3.4.2/libstdc++-v3/config/abi/i486-linux-gnu/baseline_symbols.txt

		=== libstdc++ tests ===


Running target unix
XPASS: 22_locale/locale/cons/12658_thread.cc execution test
XPASS: 26_numerics/c99_classification_macros_c.cc (test for excess errors)

		=== libstdc++ Summary ===

# of expected passes		2709
# of unexpected successes	2
# of expected failures		5

Compiler version: 3.4.2 
Platform: i686-pc-linux-gnu
configure flags: --prefix=/export/shop/stow/gcc-3.4.2/i686-pc-linux-gnu --infodir=/export/shop/stow/gcc-3.4.2/info --mandir=/export/shop/stow/gcc-3.4.2/man --datadir=/export/shop/stow/gcc-3.4.2/share --enable-threads=posix --enable-long-long --enable-namespaces --enable-multilib --with-as=/export/shop/stow/binutils-2.14/i686-pc-linux-gnu/bin/as --with-ld=/export/shop/stow/binutils-2.14/i686-pc-linux-gnu/bin/ld --enable-nls --with-included-gettext


Index Nav: [Date Index] [Subject Index] [Author Index] [Thread Index]
Message Nav: [Date Prev] [Date Next] [Thread Prev] [Thread Next]