This is the mail archive of the gcc-testresults@gcc.gnu.org mailing list for the GCC project.


Index Nav: [Date Index] [Subject Index] [Author Index] [Thread Index]
Message Nav: [Date Prev] [Date Next] [Thread Prev] [Thread Next]
Other format: [Raw text]

Results for 3.4.2 testsuite on i686-pc-linux-gnu


Build results for building gcc 3.4.2

Fedora Core 2, kernel 2.6.8.1, glibc version 2.3.3-27
Platform: i686-pc-linux-gnu
gcc -v:
Reading specs from /usr/local/gcc-3.4.2/lib/gcc/i686-pc-linux-gnu/3.4.2/specs
Configured with: ../gcc-3.4.2/configure --prefix=/usr/local/gcc-3.4.2 --enable-threads --enable-languages=c,c++,f77
Thread model: posix
gcc version 3.4.2


Original gcc version: 2.96.3
Binutils: binutils-2.15.90.0.3-5

Please CC me on any responses or comments.
--
Michael T. Babcock
http://mikebabcock.ca

LAST_UPDATED: Obtained from CVS: -rgcc_3_4_2_release

Native configuration is i686-pc-linux-gnu

=== g77 tests ===


Running target unix


=== g77 Summary ===

# of expected passes        1812
/usr/local/src/System/gcc-3.4.2-build/gcc/testsuite/../g77 version 3.4.2

=== gcc tests ===


Running target unix FAIL: gcc.c-torture/execute/va-arg-25.c execution, -Os FAIL: gcc.dg/cleanup-10.c execution test FAIL: gcc.dg/cleanup-11.c execution test FAIL: gcc.dg/cleanup-8.c execution test FAIL: gcc.dg/cleanup-9.c execution test

=== gcc Summary ===

# of expected passes        24833
# of unexpected failures    5
# of expected failures        70
# of untested testcases        7
# of unsupported tests        198
/usr/local/src/System/gcc-3.4.2-build/gcc/xgcc version 3.4.2

=== g++ tests ===


Running target unix
XPASS: g++.dg/rtti/tinfo1.C scan-assembler _ZTIP9CTemplateIhE:
XPASS: g++.dg/rtti/tinfo1.C scan-assembler-not .globl[ \\t]+_ZTIP9CTemplateIhE
WARNING: g++.old-deja/g++.mike/p10769a.C compilation failed to produce executable
WARNING: g++.old-deja/g++.other/enum5.C compilation failed to produce executable
WARNING: g++.old-deja/g++.pt/friend44.C compilation failed to produce executable


=== g++ Summary ===

# of expected passes        9702
# of unexpected successes    2
# of expected failures        68
# of unsupported tests        43
/usr/local/src/System/gcc-3.4.2-build/gcc/testsuite/../g++ version 3.4.2

=== libstdc++ tests ===


Running target unix
XPASS: 22_locale/locale/cons/12658_thread.cc execution test
FAIL: ext/enc_filebuf/char/13189.cc (test for excess errors)
WARNING: ext/enc_filebuf/char/13189.cc compilation failed to produce executable
FAIL: ext/enc_filebuf/wchar_t/13189.cc (test for excess errors)
WARNING: ext/enc_filebuf/wchar_t/13189.cc compilation failed to produce executable


=== libstdc++ Summary ===

# of expected passes        2705
# of unexpected failures    2
# of unexpected successes    1
# of expected failures        6

Compiler version: 3.4.2
Platform: i686-pc-linux-gnu
configure flags: --prefix=/usr/local/gcc-3.4.2 --enable-threads --enable-languages=c,c++,f77



Index Nav: [Date Index] [Subject Index] [Author Index] [Thread Index]
Message Nav: [Date Prev] [Date Next] [Thread Prev] [Thread Next]