This is the mail archive of the gcc-testresults@gcc.gnu.org mailing list for the GCC project.


Index Nav: [Date Index] [Subject Index] [Author Index] [Thread Index]
Message Nav: [Date Prev] [Date Next] [Thread Prev] [Thread Next]
Other format: [Raw text]

Results for 3.4.3 20040907 (prerelease) testsuite on i386-unknown-freebsd4.10


Using gmake with objdir configuration on ref4 (see key)

LAST_UPDATED: Wed Sep  8 15:18:13 GMT 2004

Native configuration is i386-unknown-freebsd4.10

		=== g++ tests ===


Running target unix/-pthread
XPASS: g++.dg/rtti/tinfo1.C scan-assembler _ZTIP9CTemplateIhE:
XPASS: g++.dg/rtti/tinfo1.C scan-assembler-not .globl[ \\t]+_ZTIP9CTemplateIhE
WARNING: g++.old-deja/g++.mike/p10769a.C compilation failed to produce executable
WARNING: g++.old-deja/g++.other/enum5.C compilation failed to produce executable
WARNING: g++.old-deja/g++.pt/friend44.C compilation failed to produce executable

		=== g++ Summary ===

# of expected passes		9659
# of unexpected successes	2
# of expected failures		68
# of unsupported tests		54
/k/scratch/rittle/gcc-build-ref4-0908/gcc/testsuite/../g++ version 3.4.3 20040907 (prerelease)

		=== g77 tests ===


Running target unix/-pthread

		=== g77 Summary ===

# of expected passes		1800
# of unsupported tests		6
/k/scratch/rittle/gcc-build-ref4-0908/gcc/testsuite/../g77 version 3.4.3 20040907 (prerelease)

		=== gcc tests ===


Running target unix/-pthread
FAIL: gcc.c-torture/execute/conversion.c execution,  -O0 
FAIL: gcc.c-torture/execute/conversion.c execution,  -O1 
FAIL: gcc.c-torture/execute/conversion.c execution,  -O2 
FAIL: gcc.c-torture/execute/conversion.c execution,  -Os 
FAIL: gcc.dg/20020523-1.c execution test
FAIL: gcc.dg/20020523-2.c execution test
FAIL: gcc.dg/const-elim-1.c scan-assembler-not L\\\\\$?C[^A-Z]

		=== gcc Summary ===

# of expected passes		24754
# of unexpected failures	7
# of expected failures		69
# of untested testcases		7
# of unsupported tests		206
/k/scratch/rittle/gcc-build-ref4-0908/gcc/xgcc version 3.4.3 20040907 (prerelease)

		=== objc tests ===


Running target unix/-pthread

		=== objc Summary ===

# of expected passes		1352
# of unsupported tests		8
/k/scratch/rittle/gcc-build-ref4-0908/gcc/xgcc version 3.4.3 20040907 (prerelease)

		=== libffi tests ===


Running target unix/-pthread
FAIL: libffi.call/cls_1_1byte.c execution test
FAIL: libffi.call/cls_2byte.c output pattern test, is 210 207 12 127: 222 78
FAIL: libffi.call/cls_3byte1.c execution test
FAIL: libffi.call/cls_3byte2.c execution test
FAIL: libffi.call/cls_4_1byte.c execution test
FAIL: libffi.call/cls_4byte.c execution test
FAIL: libffi.call/cls_7byte.c execution test
FAIL: libffi.call/cls_8byte.c execution test
FAIL: libffi.call/struct3.c execution test
FAIL: libffi.call/struct5.c execution test
FAIL: libffi.call/struct9.c execution test

		=== libffi Summary ===

# of expected passes		194
# of unexpected failures	11
# of unsupported tests		2
		=== libjava tests ===


Running target unix/-pthread
WARNING: program timed out.
FAIL: Thread_Join execution - gij test
FAIL: Thread_Sleep output - source compiled test
FAIL: Thread_Sleep output - gij test
FAIL: Thread_Sleep output - bytecode->native test
FAIL: Thread_Sleep -O3 output - source compiled test
FAIL: Thread_Sleep -O3 output - bytecode->native test
FAIL: Throw_2 execution - source compiled test
FAIL: Throw_2 execution - gij test
FAIL: Throw_2 execution - bytecode->native test
FAIL: Throw_2 -O3 execution - source compiled test
FAIL: Throw_2 execution - gij test
FAIL: Throw_2 -O3 execution - bytecode->native test

		=== libjava Summary ===

# of expected passes		3243
# of unexpected failures	12
# of expected failures		10
# of untested testcases		15
		=== libstdc++ tests ===


Running target unix/-pthread
XPASS: 22_locale/locale/cons/12658_thread.cc execution test

		=== libstdc++ Summary ===

# of expected passes		2031
# of unexpected successes	1
# of expected failures		4

Compiler version: 3.4.3 20040907 (prerelease) 
Platform: i386-unknown-freebsd4.10
configure flags: --prefix=/home/ljrittle/ref4/tmp/install-ref4 --with-gmp=/home/ljrittle/ref4 --with-gnu-as --with-as=/usr/bin/as --with-gnu-ld --with-ld=/usr/bin/ld
BOOT_CFLAGS=-g -O2
Key: gmake is GNU make
     srcdir means in-source configuration was done within the gcc source tree
     objdir means out-source configuration was done within a fresh directory
See http://people.freebsd.org/~ljrittle/daily-gcc-bootstrap-reports
for all related transcript logs and log.sent files (not staged
until after all daily bootstraps for a machine complete).


Index Nav: [Date Index] [Subject Index] [Author Index] [Thread Index]
Message Nav: [Date Prev] [Date Next] [Thread Prev] [Thread Next]