This is the mail archive of the
gcc-testresults@gcc.gnu.org
mailing list for the GCC project.
Results for 3.4.2 testsuite on x86_64-unknown-linux-gnu
- From: Laurent GUERBY <laurent at guerby dot net>
- To: gcc-testresults at gcc dot gnu dot org
- Date: Wed, 08 Sep 2004 21:17:51 +0200
- Subject: Results for 3.4.2 testsuite on x86_64-unknown-linux-gnu
LAST_UPDATED: Obtained from CVS: -rgcc_3_4_2_release
=== acats tests ===
FAIL: c37213f
FAIL: c37215f
FAIL: c380004
FAIL: cd2a83c
FAIL: cd2a91c
FAIL: cxa5015
=== acats Summary ===
# of expected passes 2316
# of unexpected failures 6
Native configuration is x86_64-unknown-linux-gnu
=== gcc tests ===
Running target unix
FAIL: gcc.dg/compat/vector-1 c_compat_x_tst.o compile
FAIL: gcc.dg/compat/vector-1 c_compat_y_tst.o compile
UNRESOLVED: gcc.dg/compat/vector-1 c_compat_x_tst.o-c_compat_y_tst.o link
UNRESOLVED: gcc.dg/compat/vector-1 c_compat_x_tst.o-c_compat_y_tst.o execute
FAIL: gcc.dg/compat/vector-2 c_compat_x_tst.o compile
FAIL: gcc.dg/compat/vector-2 c_compat_y_tst.o compile
UNRESOLVED: gcc.dg/compat/vector-2 c_compat_x_tst.o-c_compat_y_tst.o link
UNRESOLVED: gcc.dg/compat/vector-2 c_compat_x_tst.o-c_compat_y_tst.o execute
FAIL: gcc.dg/20020103-1.c scan-assembler-not LC
FAIL: gcc.dg/i386-local.c scan-assembler magic[^\\\\n]*eax
FAIL: gcc.dg/i386-sse-2.c (test for excess errors)
FAIL: gcc.dg/i386-sse-8.c (test for excess errors)
FAIL: gcc.dg/loop-3.c (test for excess errors)
FAIL: gcc.dg/titype-1.c (test for excess errors)
WARNING: gcc.dg/titype-1.c compilation failed to produce executable
=== gcc Summary ===
# of expected passes 24542
# of unexpected failures 10
# of expected failures 69
# of unresolved testcases 4
# of untested testcases 7
# of unsupported tests 301
/home/guerby/tmp/build/gcc/xgcc version 3.4.2
Compiler version: 3.4.2
Platform: x86_64-unknown-linux-gnu
configure flags: --prefix=/opt/gcc-3.4.2 --enable-languages=c,ada