This is the mail archive of the
gcc-testresults@gcc.gnu.org
mailing list for the GCC project.
Results for 3.4.2 testsuite on sparc64-unknown-linux-gnu
- From: Christian Joensson <chj at j-son dot org>
- To: gcc-testresults at gcc dot gnu dot org
- Date: Wed, 8 Sep 2004 18:23:04 +0200
- Subject: Results for 3.4.2 testsuite on sparc64-unknown-linux-gnu
AuroraFedora Core release 1.91 (Wombat FC2) UP UltraSparc IIi (Sabre) sun4u:
binutils-2.15.90.0.3-6
bison-1.875-7.1
dejagnu-1.4.2-11
expect-5.39.0-96.1
gcc-3.3.3-3
glibc-2.3.3-26sparc3.sparc
glibc-2.3.3-26sparc3.sparc64
glibc-kernheaders-2.6-14sparc
kernel-2.6.6-1.411sp1
tcl-8.4.5-6
zlib-1.2.1.1-2.1.sparc
zlib-1.2.1.1-2.1.sparc64
LAST_UPDATED: Obtained from CVS: -rgcc_3_4_2_release
Native configuration is sparc64-unknown-linux-gnu
=== g77 tests ===
Running target unix
=== g77 Summary ===
# of expected passes 1800
# of unsupported tests 6
/usr/local/src/branch/objdir/gcc/testsuite/../g77 version 3.4.2
=== gcc tests ===
Running target unix
FAIL: gcc.c-torture/execute/conversion.c execution, -O3 -fomit-frame-pointer
FAIL: gcc.c-torture/execute/conversion.c execution, -O3 -g
UNRESOLVED: gcc.c-torture/execute/simd-4.c execution, -O0
UNRESOLVED: gcc.c-torture/execute/va-arg-25.c execution, -O0
UNRESOLVED: gcc.c-torture/execute/va-arg-25.c execution, -O1
UNRESOLVED: gcc.c-torture/execute/va-arg-25.c execution, -O2
UNRESOLVED: gcc.c-torture/execute/va-arg-25.c execution, -O3 -fomit-frame-pointer
UNRESOLVED: gcc.c-torture/execute/va-arg-25.c execution, -O3 -g
UNRESOLVED: gcc.c-torture/execute/va-arg-25.c execution, -Os
UNRESOLVED: gcc.dg/compat/vector-1 c_compat_x_tst.o-c_compat_y_tst.o link
UNRESOLVED: gcc.dg/compat/vector-1 c_compat_x_tst.o-c_compat_y_tst.o execute
UNRESOLVED: gcc.dg/compat/vector-2 c_compat_x_tst.o-c_compat_y_tst.o link
UNRESOLVED: gcc.dg/compat/vector-2 c_compat_x_tst.o-c_compat_y_tst.o execute
FAIL: gcc.dg/builtins-18.c (test for excess errors)
XPASS: gcc.dg/uninit-4.c uninitialized variable warning (test for bogus messages, line 26)
FAIL: gcc.dg/pch/static-1.c -O0 -g assembly comparison
FAIL: gcc.dg/pch/static-1.c -O0 assembly comparison
FAIL: gcc.dg/pch/static-1.c -O1 assembly comparison
FAIL: gcc.dg/pch/static-2.c -O0 -g assembly comparison
FAIL: gcc.dg/pch/static-2.c -O0 assembly comparison
FAIL: gcc.dg/pch/static-2.c -O1 assembly comparison
FAIL: gcc.dg/pch/static-3.c -O0 -g assembly comparison
FAIL: gcc.dg/pch/static-3.c -O0 assembly comparison
FAIL: gcc.dg/pch/static-3.c -O1 assembly comparison
FAIL: gcc.dg/special/gcsec-1.c (test for excess errors)
FAIL: gcc.dg/tls/alias-1.c (test for excess errors)
FAIL: gcc.dg/tls/opt-2.c (test for excess errors)
FAIL: linkage.c
=== gcc Summary ===
# of expected passes 24414
# of unexpected failures 16
# of unexpected successes 1
# of expected failures 85
# of unresolved testcases 11
# of untested testcases 7
# of unsupported tests 328
/usr/local/src/branch/objdir/gcc/xgcc version 3.4.2
=== g++ tests ===
Running target unix
WARNING: g++.dg/eh/simd-1.C compilation failed to produce executable
WARNING: g++.dg/eh/simd-2.C compilation failed to produce executable
XPASS: g++.dg/rtti/tinfo1.C scan-assembler _ZTIP9CTemplateIhE:
XPASS: g++.dg/rtti/tinfo1.C scan-assembler-not .globl[ \\t]+_ZTIP9CTemplateIhE
FAIL: g++.dg/pch/system-1.C -g assembly comparison
FAIL: g++.dg/pch/system-2.C -g assembly comparison
WARNING: g++.old-deja/g++.mike/p10769a.C compilation failed to produce executable
WARNING: g++.old-deja/g++.other/enum5.C compilation failed to produce executable
XPASS: g++.old-deja/g++.other/init5.C execution test
WARNING: g++.old-deja/g++.pt/friend44.C compilation failed to produce executable
=== g++ Summary ===
# of expected passes 9624
# of unexpected failures 2
# of unexpected successes 3
# of expected failures 68
# of unsupported tests 82
/usr/local/src/branch/objdir/gcc/testsuite/../g++ version 3.4.2
=== objc tests ===
Running target unix
=== objc Summary ===
# of expected passes 1352
# of unsupported tests 8
/usr/local/src/branch/objdir/gcc/xgcc version 3.4.2
=== libffi tests ===
Running target unix
=== libffi Summary ===
# of expected passes 212
# of unsupported tests 2
=== libjava tests ===
Running target unix
FAIL: linking simple
FAIL: Array_3 execution - source compiled test
FAIL: Array_3 execution - gij test
FAIL: Array_3 execution - bytecode->native test
FAIL: Array_3 -O3 execution - source compiled test
FAIL: Array_3 execution - gij test
FAIL: Array_3 -O3 execution - bytecode->native test
FAIL: Invoke_1 execution - source compiled test
FAIL: Invoke_1 execution - bytecode->native test
FAIL: Invoke_1 -O3 execution - source compiled test
FAIL: Invoke_1 -O3 execution - bytecode->native test
FAIL: PR218 execution - gij test
FAIL: PR218 execution - gij test
=== libjava Summary ===
# of expected passes 3236
# of unexpected failures 13
# of expected failures 11
# of untested testcases 20
=== libstdc++-v3 check-abi Summary ===
# of added symbols: 496
# of missing symbols: 501
# of incompatible symbols: 501
using: /usr/local/src/branch/gcc/libstdc++-v3/config/abi/sparc-linux-gnu/baseline_symbols.txt
=== libstdc++ tests ===
Running target unix
XPASS: 22_locale/locale/cons/12658_thread.cc execution test
XPASS: 26_numerics/c99_classification_macros_c.cc (test for excess errors)
XPASS: 27_io/fpos/14320-1.cc execution test
=== libstdc++ Summary ===
# of expected passes 2709
# of unexpected successes 3
# of expected failures 4
Compiler version: 3.4.2
Platform: sparc64-unknown-linux-gnu
configure flags: --enable-__cxa_atexit --enable-shared
Counting all warnings,
there are 172 warnings in stage0 of this bootstrap.
Number of warnings per file:
30 libiberty/regex.c
20 libiberty/concat.c
19 libjava/java/lang/mprec.c
9 ./java/lang/Integer.h
8 libjava/java/lang/strtod.c
8 libjava/java/lang/dtoa.c
7 include/xregex2.h
6 libjava/java/lang/natClassLoader.cc
6 libjava/java/lang/e_exp.c
6 libf2c/libI77/rsne.c
6 fastjar/jartool.c
4 include/fibheap.h
4 <command line>
2 libobjc/sendmsg.c
2 libobjc/encoding.c
2 libjava/verify.cc
2 libjava/prims.cc
2 libjava/jni.cc
2 libjava/java/lang/natClass.cc
2 libjava/java/lang/e_rem_pio2.c
2 libjava/java/lang/e_asin.c
2 libjava/gnu/gcj/io/shs.cc
2 libjava/boehm.cc
2 libf2c/libI77/wrtfmt.c
2 libf2c/libI77/open.c
2 libf2c/libI77/inquire.c
2 java/net/natNetworkInterface.cc
2 include/private/../gc_config_macros.h
2 include/java-signal.h
2 include/gc_config_macros.h
2 gcc/coretypes.h
2 gcc/boehm-gc/mark_rts.c
1 ./runtime-info.h
Number of warning types:
24 signed and unsigned type in conditional expression
20 traditional C rejects ISO C style function definitions
12 suggest parentheses around + or - inside shift
9 this decimal constant is unsigned only in ISO C90
8 comparison between signed and unsigned integer expressions
7 ISO C90 does not support \`static' or type qualifiers in parameter array declarators
6 this is the location of the previous definition
4 'x' might be used uninitialized in this function
4 unused parameter 'preg'
4 suggest parentheses around assignment used as truth value
4 pointer targets in passing arg ??? of \`???' differ in signedness
4 \`GC_LINUX_THREADS' redefined
4 cast from pointer to integer of different size
4 bit-field \`???' type invalid in ISO C
3 suggest parentheses around arithmetic in operand of |
2 'z' might be used uninitialized in this function
2 'x0' might be used uninitialized in this function
2 'void __rt_sigreturn_stub()' defined but not used
2 'void byteReverse()' declared \`static' but never defined
2 unused parameter '_p'
2 unused parameter 'fmt'
2 unused parameter 'args_size'
2 unused parameter \`???'
2 't' might be used uninitialized in this function
2 'target_flags' defined but not used
2 string length \`???' is greater than the length \`???' ISO C89 compilers are required to support
2 'spec_case' might be used uninitialized in this function
2 \`rtx' redefined
2 'mlo' might be used uninitialized in this function
2 'lo' might be used uninitialized in this function
2 'k' might be used uninitialized in this function
2 'ilim' might be used uninitialized in this function
2 'ilim1' might be used uninitialized in this function
2 'hi' might be used uninitialized in this function
2 function returns address of local variable
2 'dn' might be used uninitialized in this function
2 'dn0' might be used uninitialized in this function
2 'delta' might be used uninitialized in this function
2 comparison between signed and unsigned
2 'bs' might be used uninitialized in this function
2 'bd' might be used uninitialized in this function
2 'bb' might be used uninitialized in this function
1 'struct_forward_array' defined but not used
Counting all warnings,
there are 16 warnings in stage3 of this bootstrap.
Number of warnings per file:
5 /usr/share/bison/bison.simple
3 gengtype-lex.c
3 gcc/gcc.c
2 gcc/objc/lang-specs.h
2 gcc/libgcc2.c
1 gcc/java/jvspec.c
Number of warning types:
6 string length \`???' is greater than the length \`???' ISO C89 compilers are required to support
6 old-style parameter declaration
2 no previous prototype for '__enable_execute_stack'
2 label \`???' defined but not used