This is the mail archive of the
gcc-testresults@gcc.gnu.org
mailing list for the GCC project.
Results for 3.4.2 testsuite on i686-pc-linux-gnu
- From: Greg Schafer <gws at tigers-lfs dot local>
- To: gcc-testresults at gcc dot gnu dot org
- Date: Wed, 08 Sep 2004 13:42:20 +1000
- Subject: Results for 3.4.2 testsuite on i686-pc-linux-gnu
Build based on the x86 Reference Build from
http://www.diy-linux.org/
binutils-2.15.91.0.2
glibc-20040830
kernel-2.6.8.1
LAST_UPDATED: Obtained from CVS: -rgcc_3_4_2_release
Native configuration is i686-pc-linux-gnu
=== g++ tests ===
Running target unix
XPASS: g++.dg/rtti/tinfo1.C scan-assembler _ZTIP9CTemplateIhE:
XPASS: g++.dg/rtti/tinfo1.C scan-assembler-not .globl[ \\t]+_ZTIP9CTemplateIhE
WARNING: g++.old-deja/g++.mike/p10769a.C compilation failed to produce executable
WARNING: g++.old-deja/g++.other/enum5.C compilation failed to produce executable
XPASS: g++.old-deja/g++.other/init5.C execution test
WARNING: g++.old-deja/g++.pt/friend44.C compilation failed to produce executable
=== g++ Summary ===
# of expected passes 9702
# of unexpected successes 3
# of expected failures 67
# of unsupported tests 43
/temptools/src/gcc-build/gcc/testsuite/../g++ version 3.4.2
=== gcc tests ===
Running target unix
FAIL: gcc.c-torture/execute/va-arg-25.c execution, -Os
=== gcc Summary ===
# of expected passes 24837
# of unexpected failures 1
# of expected failures 70
# of untested testcases 7
# of unsupported tests 198
/temptools/src/gcc-build/gcc/xgcc version 3.4.2
=== libstdc++-v3 check-abi Summary ===
# of added symbols: 8
# of missing symbols: 0
# of incompatible symbols: 0
using: /temptools/src/gcc-3.4.2/libstdc++-v3/config/abi/i486-linux-gnu/baseline_symbols.txt
=== libstdc++ tests ===
Running target unix
XPASS: 22_locale/locale/cons/12658_thread.cc execution test
XPASS: 26_numerics/c99_classification_macros_c.cc (test for excess errors)
=== libstdc++ Summary ===
# of expected passes 2709
# of unexpected successes 2
# of expected failures 5
Compiler version: 3.4.2
Platform: i686-pc-linux-gnu
configure flags: --libexecdir=/usr/lib --enable-shared --enable-languages=c,c++ --enable-clocale=gnu --enable-threads=posix --enable-__cxa_atexit