This is the mail archive of the mailing list for the GCC project.

Index Nav: [Date Index] [Subject Index] [Author Index] [Thread Index]
Message Nav: [Date Prev] [Date Next] [Thread Prev] [Thread Next]
Other format: [Raw text]

Results for 3.4.2 testsuite on i686-pc-linux-gnu

LAST_UPDATED: Obtained from CVS: -rgcc_3_4_2_release 

Native configuration is i686-pc-linux-gnu

		=== gcc tests ===

Running target unix
FAIL: gcc.c-torture/execute/va-arg-25.c execution,  -Os 

		=== gcc Summary ===

# of expected passes		24837
# of unexpected failures	1
# of expected failures		70
# of untested testcases		7
# of unsupported tests		198
/home/jeremy/gcc-build/gcc/xgcc version 3.4.2

		=== g++ tests ===

Running target unix
XPASS: g++.dg/rtti/tinfo1.C scan-assembler _ZTIP9CTemplateIhE:
XPASS: g++.dg/rtti/tinfo1.C scan-assembler-not .globl[ \\t]+_ZTIP9CTemplateIhE
WARNING: g++.old-deja/g++.mike/p10769a.C compilation failed to produce executable
WARNING: g++.old-deja/g++.other/enum5.C compilation failed to produce executable
XPASS: g++.old-deja/g++.other/init5.C execution test
WARNING: g++.old-deja/ compilation failed to produce executable

		=== g++ Summary ===

# of expected passes		9703
# of unexpected successes	3
# of expected failures		67
# of unsupported tests		43
/home/jeremy/gcc-build/gcc/testsuite/../g++ version 3.4.2

		=== libstdc++-v3 check-abi Summary ===

# of added symbols:		 8
# of missing symbols:		 0
# of incompatible symbols:	 0

using: /home/jeremy/gcc-3.4.2/libstdc++-v3/config/abi/i486-linux-gnu/baseline_symbols.txt

		=== libstdc++ tests ===

Running target unix
XPASS: 22_locale/locale/cons/ execution test
XPASS: 26_numerics/ (test for excess errors)

		=== libstdc++ Summary ===

# of expected passes		2709
# of unexpected successes	2
# of expected failures		5

Compiler version: 3.4.2 
Platform: i686-pc-linux-gnu
configure flags: --prefix=/usr --libexecdir=/usr/lib --enable-shared --enable-threads=posix --enable-__cxa_atexit --enable-clocale=gnu --enable-languages=c,c++

Index Nav: [Date Index] [Subject Index] [Author Index] [Thread Index]
Message Nav: [Date Prev] [Date Next] [Thread Prev] [Thread Next]