This is the mail archive of the gcc-testresults@gcc.gnu.org mailing list for the GCC project.


Index Nav: [Date Index] [Subject Index] [Author Index] [Thread Index]
Message Nav: [Date Prev] [Date Next] [Thread Prev] [Thread Next]
Other format: [Raw text]

Results for 3.4.1 (Debian 3.4.1-7) testsuite on m68k-linux


LAST_UPDATED: Thu Aug 19 08:54:38 UTC 2004

Native configuration is m68k-linux (aahz)

		=== gpc tests ===


Running target any
FAIL: assumptions.pas
FAIL: capexp.pas
FAIL: cfor.pas
FAIL: emil11a.pas
FAIL: emil11b.pas
FAIL: emil11c.pas
FAIL: emil11d.pas
FAIL: emil24.pas
FAIL: expotst.pas
FAIL: fjf129.pas
FAIL: fjf227a.pas
FAIL: fjf227b.pas
FAIL: fjf328.pas
FAIL: fjf347.pas
FAIL: fjf629g.pas
FAIL: fjf74.pas
FAIL: fnested.pas
FAIL: funcs.pas
FAIL: gmptest.pas
FAIL: hugereal.pas
FAIL: ian7.pas
FAIL: kevin9.pas
FAIL: knuth1.pas
FAIL: knuth1a.pas
FAIL: kurzw2.pas
FAIL: longr2.pas
FAIL: miklos5.pas
FAIL: nmaze.pas
FAIL: numericio.pas
FAIL: permute.pas
FAIL: piconst.pas
FAIL: random.pas
FAIL: real.pas
FAIL: realout.pas
FAIL: rick1.pas
FAIL: robert1a.pas
FAIL: robert1b.pas
FAIL: scaltst.pas
FAIL: schema1.pas
FAIL: sven15.pas
FAIL: sven9.pas
FAIL: t01.pas
FAIL: t03.pas
FAIL: t05.pas
FAIL: t06.pas
FAIL: t07.pas
FAIL: t08.pas
FAIL: t10.pas
FAIL: t12.pas
FAIL: t17.pas
FAIL: t18.pas
FAIL: testio.pas
FAIL: writeb.pas
FAIL: writec.pas
FAIL: writee.pas
FAIL: writeg.pas
FAIL: writereal.pas

		=== gpc Summary ===

# of tests                3953
# of expected passes      3893
# of unexpected failures  57
# of unsupported tests    3
/build/cts/gcc-3.4-3.4.1ds1/build/gcc/xgpc version 20040516, based on gcc-3.4.1 (Debian 3.4.1-7)

		=== g++ tests ===


Running target unix
FAIL: g++.dg/abi/bitfield4.C execution test
WARNING: program timed out.
FAIL: g++.dg/eh/cleanup1.C (test for excess errors)
FAIL: g++.dg/eh/omit-frame-pointer.C execution test
FAIL: g++.dg/eh/registers1.C execution test
WARNING: program timed out.
FAIL: g++.dg/parse/stack1.C (test for excess errors)
XPASS: g++.dg/rtti/tinfo1.C scan-assembler _ZTIP9CTemplateIhE:
XPASS: g++.dg/rtti/tinfo1.C scan-assembler-not .globl[ \\t]+_ZTIP9CTemplateIhE
FAIL: g++.old-deja/g++.eh/ia64-1.C execution test
WARNING: g++.old-deja/g++.mike/p10769a.C compilation failed to produce executable
WARNING: g++.old-deja/g++.other/enum5.C compilation failed to produce executable
XPASS: g++.old-deja/g++.other/init5.C execution test
WARNING: g++.old-deja/g++.pt/friend44.C compilation failed to produce executable

		=== g++ Summary ===

# of expected passes		9581
# of unexpected failures	6
# of unexpected successes	3
# of expected failures		67
# of unsupported tests		72
/build/cts/gcc-3.4-3.4.1ds1/build/gcc/testsuite/../g++ version 3.4.1 (Debian 3.4.1-7)

		=== g77 tests ===


Running target unix

		=== g77 Summary ===

# of expected passes		1800
# of unsupported tests		6
/build/cts/gcc-3.4-3.4.1ds1/build/gcc/testsuite/../g77 version 3.4.1 (Debian 3.4.1-7)

		=== gcc tests ===


Running target unix
WARNING: program timed out.
FAIL: gcc.c-torture/compile/20001226-1.c  -Os  (test for excess errors)
FAIL: gcc.c-torture/compile/921118-1.c  -O3 -fomit-frame-pointer  (test for excess errors)
FAIL: gcc.c-torture/compile/921118-1.c  -O3 -g  (test for excess errors)
FAIL: gcc.c-torture/execute/builtins/string-3.c execution,  -O1 
FAIL: gcc.c-torture/execute/builtins/string-3.c execution,  -O2 
FAIL: gcc.c-torture/execute/builtins/string-3.c execution,  -O3 -fomit-frame-pointer 
FAIL: gcc.c-torture/execute/builtins/string-3.c execution,  -O3 -g 
FAIL: gcc.c-torture/execute/builtins/string-3.c execution,  -Os 
FAIL: gcc.c-torture/execute/20001108-1.c execution,  -O3 -fomit-frame-pointer 
FAIL: gcc.c-torture/execute/20001108-1.c execution,  -O3 -g 
FAIL: gcc.c-torture/execute/20001203-2.c execution,  -O3 -fomit-frame-pointer 
FAIL: gcc.c-torture/execute/20001203-2.c execution,  -O3 -g 
FAIL: gcc.c-torture/execute/20020418-1.c execution,  -O1 
FAIL: gcc.c-torture/execute/20020418-1.c execution,  -O2 
FAIL: gcc.c-torture/execute/20020418-1.c execution,  -Os 
FAIL: gcc.c-torture/execute/20020720-1.c compilation,  -O1 
UNRESOLVED: gcc.c-torture/execute/20020720-1.c execution,  -O1 
FAIL: gcc.c-torture/execute/930622-2.c execution,  -O0 
FAIL: gcc.c-torture/execute/930622-2.c execution,  -O1 
FAIL: gcc.c-torture/execute/930622-2.c execution,  -O2 
FAIL: gcc.c-torture/execute/930622-2.c execution,  -Os 
FAIL: gcc.c-torture/execute/930921-1.c execution,  -O3 -fomit-frame-pointer -funroll-loops 
FAIL: gcc.c-torture/execute/930921-1.c execution,  -O3 -fomit-frame-pointer -funroll-all-loops -finline-functions 
FAIL: gcc.c-torture/execute/950511-1.c compilation,  -O3 -fomit-frame-pointer 
UNRESOLVED: gcc.c-torture/execute/950511-1.c execution,  -O3 -fomit-frame-pointer 
FAIL: gcc.c-torture/execute/950511-1.c compilation,  -O3 -g 
UNRESOLVED: gcc.c-torture/execute/950511-1.c execution,  -O3 -g 
FAIL: gcc.c-torture/execute/961213-1.c execution,  -O3 -fomit-frame-pointer -funroll-all-loops -finline-functions 
FAIL: gcc.c-torture/execute/builtin-bitops-1.c execution,  -O0 
FAIL: gcc.c-torture/execute/builtin-bitops-1.c execution,  -O1 
FAIL: gcc.c-torture/execute/builtin-bitops-1.c execution,  -O2 
FAIL: gcc.c-torture/execute/builtin-bitops-1.c execution,  -O3 -fomit-frame-pointer 
FAIL: gcc.c-torture/execute/builtin-bitops-1.c execution,  -O3 -fomit-frame-pointer -funroll-loops 
FAIL: gcc.c-torture/execute/builtin-bitops-1.c execution,  -O3 -fomit-frame-pointer -funroll-all-loops -finline-functions 
FAIL: gcc.c-torture/execute/builtin-bitops-1.c execution,  -O3 -g 
FAIL: gcc.c-torture/execute/builtin-bitops-1.c execution,  -Os 
FAIL: gcc.c-torture/execute/conversion.c execution,  -O0 
FAIL: gcc.c-torture/execute/conversion.c execution,  -O1 
FAIL: gcc.c-torture/execute/conversion.c execution,  -O2 
FAIL: gcc.c-torture/execute/conversion.c execution,  -Os 
FAIL: gcc.c-torture/execute/loop-2f.c execution,  -O0 
FAIL: gcc.c-torture/execute/loop-2f.c execution,  -O1 
FAIL: gcc.c-torture/execute/loop-2f.c execution,  -O2 
FAIL: gcc.c-torture/execute/loop-2f.c execution,  -O3 -fomit-frame-pointer 
FAIL: gcc.c-torture/execute/loop-2f.c execution,  -O3 -fomit-frame-pointer -funroll-loops 
FAIL: gcc.c-torture/execute/loop-2f.c execution,  -O3 -fomit-frame-pointer -funroll-all-loops -finline-functions 
FAIL: gcc.c-torture/execute/loop-2f.c execution,  -O3 -g 
FAIL: gcc.c-torture/execute/loop-2f.c execution,  -Os 
FAIL: gcc.c-torture/execute/loop-2g.c execution,  -O0 
FAIL: gcc.c-torture/execute/loop-2g.c execution,  -O1 
FAIL: gcc.c-torture/execute/loop-2g.c execution,  -O2 
FAIL: gcc.c-torture/execute/loop-2g.c execution,  -O3 -fomit-frame-pointer 
FAIL: gcc.c-torture/execute/loop-2g.c execution,  -O3 -fomit-frame-pointer -funroll-loops 
FAIL: gcc.c-torture/execute/loop-2g.c execution,  -O3 -fomit-frame-pointer -funroll-all-loops -finline-functions 
FAIL: gcc.c-torture/execute/loop-2g.c execution,  -O3 -g 
FAIL: gcc.c-torture/execute/loop-2g.c execution,  -Os 
FAIL: gcc.dg/bitfld-3.c execution test
FAIL: gcc.dg/bitfld-4.c execution test
XPASS: gcc.dg/c99-flex-array-4.c sizeof != offsetof (test for bogus messages, line 24)
FAIL: gcc.dg/pack-test-1.c (test for excess errors)
XPASS: gcc.dg/sibcall-3.c execution test
XPASS: gcc.dg/sibcall-4.c execution test
FAIL: gcc.dg/weak/typeof-2.c scan-assembler baz3.*baz3.*baz3.*baz3.*baz3.*baz3

		=== gcc Summary ===

# of expected passes		24271
# of unexpected failures	57
# of unexpected successes	3
# of expected failures		67
# of unresolved testcases	3
# of untested testcases		7
# of unsupported tests		338
/build/cts/gcc-3.4-3.4.1ds1/build/gcc/xgcc version 3.4.1 (Debian 3.4.1-7)

		=== objc tests ===


Running target unix

		=== objc Summary ===

# of expected passes		1352
# of unsupported tests		8
/build/cts/gcc-3.4-3.4.1ds1/build/gcc/xgcc version 3.4.1 (Debian 3.4.1-7)

		=== libstdc++ tests ===


Running target unix
FAIL: 21_strings/basic_string/append/char/1.cc execution test
FAIL: 21_strings/basic_string/append/wchar_t/1.cc execution test
FAIL: 21_strings/basic_string/cons/char/1.cc execution test
FAIL: 21_strings/basic_string/cons/wchar_t/1.cc execution test
FAIL: 21_strings/basic_string/element_access/char/1.cc execution test
FAIL: 21_strings/basic_string/element_access/wchar_t/1.cc execution test
FAIL: 21_strings/basic_string/inserters_extractors/pod/10081-in.cc execution test
FAIL: 21_strings/basic_string/substr/char/1.cc execution test
FAIL: 21_strings/basic_string/substr/wchar_t/1.cc execution test
WARNING: program timed out.
FAIL: 22_locale/locale/cons/2.cc execution test

Compiler version: 3.4.1 (Debian 3.4.1-7) 
Platform: m68k-linux
configure flags: -v --enable-languages=c,c++,java,f77,pascal,objc,treelang --prefix=/usr --libexecdir=/usr/lib --with-gxx-include-dir=/usr/include/c++/3.4 --enable-shared --with-system-zlib --enable-nls --without-included-gettext --program-suffix=-3.4 --enable-__cxa_atexit --enable-libstdcxx-allocator=mt --enable-clocale=gnu --enable-libstdcxx-debug --enable-java-gc=boehm --enable-java-awt=gtk --disable-werror --disable-werror m68k-linux
BOOT_CFLAGS=-O2 


Build Dependencies:
Desired=Unknown/Install/Remove/Purge/Hold
| Status=Not/Installed/Config-files/Unpacked/Failed-config/Half-installed
|/ Err?=(none)/Hold/Reinst-required/X=both-problems (Status,Err: uppercase=bad)
||/ Name           Version        Description
+++-==============-==============-============================================
ii  binutils       2.15-1         The GNU assembler, linker and binary utiliti
ii  libc6-dev      2.3.2.ds1-16   GNU C Library: Development Libraries and Hea


Patches that Debian applied in this version:

cvs-updates:
  CVS updates from the 3.4 branch upto 20040819.

gcc-version:
  Add "(Debian <package version>)" to the gcc version string

gcc-textdomain:
  Set gettext's domain and textdomain to the versioned package name.

rename-info-files:
  Allow transformations on info file names. Reference the
  transformed info file names in the texinfo files.

libstdc++-pic:
  Build and install libstdc++_pic.a library.

libstdc++-doclink:
  adjust hrefs to point to the local documentation

amd64-specs:
  On x86-64 use 64bits mode assembly except with -m32.

gccbug:
  Use sensible-editor instead of vi as fallback editor

gccbug-posix:
  Make gccbug POSIX compliant (patch by David Weinehall)
  http://www.opengroup.org/onlinepubs/009695399/utilities/test.html

hppa-toplevel:
  For hppa-linux enable libgcj and dependent libs in the toplevel directory

hppa-libffi:
  libffi support for hppa

hppa-libjava:
  Enable libjava support for hppa

hppa-libjava-update:
  MD_FALLBACK_FRAME_STATE_FOR definition for pa32-linux

fastjar-update:
  Implement fastjar -u (PR 7854).

java-gui-branch:
  Michael Koch <konqueror@gmx.de>
  Backport AWT, Swing and GTK peer from java-gui-branch (20040809).

pr16706:
  2004-08-03  Kriang Lerdsuwanakij  <lerdsuwa@users.sourceforge.net>
  
  	PR c++/16706
  	* search.c (friend_accessible_p): Increment processing_template_decl
  	when deal with TEMPLATE_DECL of SCOPE.
  
  2004-08-03  Kriang Lerdsuwanakij  <lerdsuwa@users.sourceforge.net>
  
  	PR c++/16706
  	* g++.dg/template/crash21.C: New test.
  	* g++.dg/template/crash22.C: Likewise.

test-summary:
  add libstdc++-v3's check summary to the test summary

gcj-without-rpath:
  don't define runtime link path for java binaries and libraries

libffi-soversion:
  Install libffi with soversion 3.

gpc-3.x:
  The gpc patch from the gpc tarball.

gpc-updates:
  Updates from gpc-20030820.

gpc-parse:
  generated gcc/p/parse.[ch] files (using bison-1.875c).

gpc-names:
  versioned gpc names

gpc-profiled:
  Do not build the gpc runtime using -fprofile-generate/-use.

gpc-lang-update:
  Hack p/lang.c to work around bootstrap failures on alpha and mips.

link-libs:

reporting:
  Add Debian URL for bug reporting isntructions.

Counting all warnings,
there are 561 warnings in stage3 of this bootstrap.

Number of warnings per file:
     76 gcc/p/declarations.c
     72 gcc/p/gpcpp.c
     61 gcc/p/types.c
     57 gcc/p/module.c
     47 gcc/p/lang.c
     44 gcc/p/typecheck.c
     43 gcc/p/expressions.c
     32 gcc/p/statements.c
     19 gcc/p/predef.c
     19 gcc/p/options.c
     14 gcc/p/gpc-lex.c
     11 treelang/lex.c
     11 gcc/p/objects.c
     10 gcc/p/gpc.c
      6 gcc/config/m68k/m68k.md
      5 parse.y
      5 /usr/share/bison/bison.simple
      4 gcc/p/Make-lang.in
      4 gcc/objc/lang-specs.h
      4 gcc/libgcc2.c
      3 gengtype-lex.c
      3 gcc/p/rts/constants.h
      2 pascal-lex.l
      2 gcc/p/lang-specs.h
      2 gcc/gcc.c
      1 libiberty/choose-temp.c
      1 gcc/java/jvspec.c
      1 gcc/f/malloc.c
      1 gcc/f/data.c
      1 gcc/bb-reorder.c

Number of warning types:
    494 old-style parameter declaration
     11 string length `???' is greater than the length `???' ISO C89 compilers are required to support
      5 unused variable `???'
      4 source missing a mode?
      4 function declaration isn't a prototype
      3 '$' in identifier or number
      2 overriding commands for target `???'
      2 operand 1 missing mode?
      2 label `???' defined but not used
      2 initialization discards qualifiers from pointer target type
      2 ignoring old commands for target `???'
      2 assignment discards qualifiers from pointer target type
      1 unused parameter 't'
      1 unused parameter 'str'
      1 unused parameter 'r'
      1 unused parameter 'pool'
      1 unused parameter 'pfile'
      1 unused parameter 'context'
      1 unused parameter 'argc'
      1 the use of `???' is dangerous, better use `???'
      1 return type defaults to `int'
      1 no previous prototype for 'yyset_out'
      1 no previous prototype for 'yyset_lineno'
      1 no previous prototype for 'yyset_in'
      1 no previous prototype for 'yyset_debug'
      1 no previous prototype for 'yylex_destroy'
      1 no previous prototype for 'yyget_text'
      1 no previous prototype for 'yyget_out'
      1 no previous prototype for 'yyget_lineno'
      1 no previous prototype for 'yyget_leng'
      1 no previous prototype for 'yyget_in'
      1 no previous prototype for 'yyget_debug'
      1 no previous prototype for 'pascal_post_options'
      1 no previous prototype for 'pascal_handle_option'
      1 no previous prototype for 'lang_init_3_4'
      1 no previous prototype for '__enable_execute_stack'
      1 'unexp' might be used uninitialized in this function
      1 'count_threshold' might be used uninitialized in this function
      1 'builtin_define_with_value' defined but not used
      1 'a0' might be used uninitialized in this function


Index Nav: [Date Index] [Subject Index] [Author Index] [Thread Index]
Message Nav: [Date Prev] [Date Next] [Thread Prev] [Thread Next]