This is the mail archive of the gcc-testresults@gcc.gnu.org mailing list for the GCC project.


Index Nav: [Date Index] [Subject Index] [Author Index] [Thread Index]
Message Nav: [Date Prev] [Date Next] [Thread Prev] [Thread Next]
Other format: [Raw text]

Results for 3.3.4 (Debian 1:3.3.4-11) testsuite on arm-unknown-linux-gnu


LAST_UPDATED: Fri Aug 27 06:35:22 UTC 2004

Native configuration is arm-unknown-linux-gnu

		=== libjava tests ===


Running target unix
FAIL: calls run
FAIL: cxxtest run
FAIL: field run
FAIL: final_method run
FAIL: findclass run
FAIL: invoke run
FAIL: martin run
FAIL: noclass run
FAIL: overload run
FAIL: register run
FAIL: simple_int run
FAIL: throwit run
FAIL: virtual run
FAIL: InvokeReturn output - source compiled test
FAIL: InvokeReturn output - bytecode->native test
FAIL: InvokeReturn -O output - source compiled test
FAIL: InvokeReturn -O output - bytecode->native test
WARNING: program timed out.
FAIL: SyncTest execution - bytecode->native test
WARNING: program timed out.
FAIL: SyncTest -O execution - bytecode->native test
FAIL: TestProxy execution - source compiled test
FAIL: TestProxy execution - bytecode->native test
FAIL: TestProxy -O execution - source compiled test
FAIL: TestProxy -O execution - bytecode->native test
FAIL: /home/matthias/gcc/gcc-3.3-3.3.4/build/arm-linux/libjava/testsuite/TestEarlyGC.exe output - /home/matthias/gcc/gcc-3.3-3.3.4/build/arm-linux/libjava/testsuite/TestEarlyGC.exe
FAIL: /home/matthias/gcc/gcc-3.3-3.3.4/build/arm-linux/libjava/testsuite/TestLeak.exe execution - /home/matthias/gcc/gcc-3.3-3.3.4/build/arm-linux/libjava/testsuite/TestLeak.exe
FAIL: /home/matthias/gcc/gcc-3.3-3.3.4/build/arm-linux/libjava/testsuite/TestMultiple.exe execution - /home/matthias/gcc/gcc-3.3-3.3.4/build/arm-linux/libjava/testsuite/TestMultiple.exe
FAIL: /home/matthias/gcc/gcc-3.3-3.3.4/build/arm-linux/libjava/testsuite/TestParent.exe execution - /home/matthias/gcc/gcc-3.3-3.3.4/build/arm-linux/libjava/testsuite/TestParent.exe

		=== libjava Summary ===

# of expected passes		2415
# of unexpected failures	27
# of expected failures		16
# of untested testcases		34
		=== libstdc++-v3 tests ===


Running target unix
XPASS: 22_locale/collate_byname.cc execution test
XPASS: 22_locale/collate_members_char.cc execution test
XPASS: 22_locale/collate_members_wchar_t.cc execution test
XPASS: 22_locale/ctype_is_char.cc execution test
XPASS: 22_locale/ctype_is_wchar_t.cc execution test
XPASS: 22_locale/members.cc execution test
XPASS: 22_locale/messages_byname.cc execution test
XPASS: 22_locale/messages_members_char.cc execution test
XPASS: 22_locale/money_get_members_char.cc execution test
XPASS: 22_locale/money_get_members_wchar_t.cc execution test
XPASS: 22_locale/money_put_members_char.cc execution test
XPASS: 22_locale/money_put_members_wchar_t.cc execution test
XPASS: 22_locale/moneypunct_byname.cc execution test
XPASS: 22_locale/moneypunct_members_char.cc execution test
XPASS: 22_locale/moneypunct_members_wchar_t.cc execution test
XPASS: 22_locale/num_get_members_char.cc execution test
XPASS: 22_locale/num_get_members_wchar_t.cc execution test
XPASS: 22_locale/num_put_members_char.cc execution test
XPASS: 22_locale/num_put_members_wchar_t.cc execution test
XPASS: 22_locale/numpunct_byname.cc execution test
XPASS: 22_locale/numpunct_members_char.cc execution test
XPASS: 22_locale/numpunct_members_wchar_t.cc execution test
XPASS: 22_locale/time_get_members_char.cc execution test
XPASS: 22_locale/time_get_members_wchar_t.cc execution test
XPASS: 22_locale/time_put_members_char.cc execution test
XPASS: 22_locale/time_put_members_wchar_t.cc execution test
WARNING: program timed out.
FAIL: 27_io/filebuf_members.cc execution test
WARNING: program timed out.
FAIL: thread/pthread5.cc execution test
WARNING: program timed out.
FAIL: thread/pthread6.cc execution test

		=== libstdc++-v3 Summary ===

# of expected passes		450
# of unexpected failures	3
# of unexpected successes	26
# of expected failures		2
		=== gpc tests ===


Running target any

		=== gpc Summary ===

# of tests                3910
# of expected passes      3905
# of unsupported tests    5
/home/matthias/gcc/gcc-3.3-3.3.4/build/gcc/xgpc version 20040516, based on gcc-3.3.4 (Debian 1:3.3.4-11)

		=== g++ tests ===


Running target unix
FAIL: g++.dg/abi/empty6.C  (test for warnings, line 6)
FAIL: g++.dg/abi/vbase10.C  (test for warnings, line 6)
XPASS: g++.dg/other/packed1.C execution test
FAIL: 258: expected branch percentages not found: 25
FAIL: g++.dg/gcov/gcov-1.C gcov: 0 failures in line counts, 1 in branch percentages, 0 in return percentages
XPASS: g++.other/init5.C  Execution test

		=== g++ Summary ===

# of expected passes		8176
# of unexpected failures	4
# of unexpected successes	2
# of expected failures		97
# of untested testcases		23
# of unsupported tests		30
/home/matthias/gcc/gcc-3.3-3.3.4/build/gcc/testsuite/../g++ version 3.3.4 (Debian 1:3.3.4-11)

		=== g77 tests ===


Running target unix

		=== g77 Summary ===

# of expected passes		1720
# of unsupported tests		8
/home/matthias/gcc/gcc-3.3-3.3.4/build/gcc/testsuite/../g77 version 3.3.4 (Debian 1:3.3.4-11)

		=== gcc tests ===


Running target unix
WARNING: program timed out.
FAIL: gcc.c-torture/compile/20001226-1.c,  -O3 -g  
XPASS: gcc.c-torture/execute/20020720-1.c compilation,  -O1 
XPASS: gcc.c-torture/execute/20020720-1.c compilation,  -O2 
XPASS: gcc.c-torture/execute/20020720-1.c compilation,  -O3 -fomit-frame-pointer 
XPASS: gcc.c-torture/execute/20020720-1.c compilation,  -O3 -g 
XPASS: gcc.c-torture/execute/20020720-1.c compilation,  -Os 
FAIL: gcc.dg/20021014-1.c execution test
FAIL: gcc.dg/duff-2.c (test for excess errors)
FAIL: gcc.dg/nest.c execution test
FAIL: gcc.dg/pack-test-1.c (test for excess errors)
FAIL: gcc.dg/pack-test-2.c  (test for errors, line 7)
FAIL: gcc.dg/pack-test-2.c  (test for errors, line 14)
FAIL: gcc.dg/pack-test-2.c  (test for errors, line 19)
FAIL: gcc.dg/pack-test-2.c (test for excess errors)
FAIL: 209: expected branch percentages not found: 25
FAIL: gcc.misc-tests/gcov-4b.c gcov: 0 failures in line counts, 1 in branch percentages, 0 in return percentages

		=== gcc Summary ===

# of expected passes		21151
# of unexpected failures	11
# of unexpected successes	5
# of expected failures		69
# of unsupported tests		198
/home/matthias/gcc/gcc-3.3-3.3.4/build/gcc/xgcc version 3.3.4 (Debian 1:3.3.4-11)

		=== objc tests ===


Running target unix

		=== objc Summary ===

# of expected passes		1166
/home/matthias/gcc/gcc-3.3-3.3.4/build/gcc/xgcc version 3.3.4 (Debian 1:3.3.4-11)

		=== treelang tests ===


Running target unix

		=== treelang Summary ===

# of expected passes		1

Compiler version: 3.3.4 (Debian 1:3.3.4-11) 
Platform: arm-unknown-linux-gnu
configure flags: --host=arm-linux -v --enable-languages=c,c++,java,f77,pascal,objc,treelang --prefix=/usr --mandir=/usr/share/man --infodir=/usr/share/info --with-gxx-include-dir=/usr/include/c++/3.3 --enable-shared --with-system-zlib --enable-nls --without-included-gettext --enable-__cxa_atexit --enable-clocale=gnu --enable-debug --enable-java-gc=boehm --enable-java-awt=xlib --enable-objc-gc
BOOT_CFLAGS=-g -O2 


Build Dependencies:
Desired=Unknown/Install/Remove/Purge/Hold
| Status=Not/Installed/Config-files/Unpacked/Failed-config/Half-installed
|/ Err?=(none)/Hold/Reinst-required/X=both-problems (Status,Err: uppercase=bad)
||/ Name           Version        Description
+++-==============-==============-============================================
hi  binutils       2.15-2         The GNU assembler, linker and binary utiliti
ii  libc6-dev      2.3.2.ds1-16   GNU C Library: Development Libraries and Hea


Patches that Debian applied in this version:

cvs-updates:
  CVS updates from the 3.3 branch upto 20040827

gcc-version:
  Add "(Debian <package version>)" to the gcc version string

rename-info-files:
  Allow transformations on info file names. Reference the
  transformed info file names in the texinfo files.

libf2c-update:
  libf2c update taken from the 3.4.1 release.

libobjc-update:
  libobjc update taken from the 3.4.1 release.

libstdc++-pic:
  Build and install libstdc++_pic.a library.

libstdc++-doclink:
  link local libstdc++ documentation to local source-level documentation 

gccbug:
  Use sensible-editor instead of vi as fallback editor

gccbug-posix:
  Make gccbug POSIX compliant (patch by David Weinehall)
  http://www.opengroup.org/onlinepubs/009695399/utilities/test.html

hppa-libffi:
  libffi support for hppa

hppa-libjava:
  Enable libjava support for hppa

libffi-config:
  ffi.h.in: correctly #define ffi_type_[us]long on 32bit archs

i386-mtune:
  2004-07-08  Paolo Bonzini  <bonzini@gnu.org>
  Jakub Jelinek  <jakub@redhat.com>
  
  	* config/i386/i386.c (override_options): Enable
  	SSE prefetches with -mtune, as long as we are
  	compiling for i686 or higher.  All i686 processors
  	accept SSE prefetches as NOPS, some i586's don't.

link-libs:

libtool-rpath:
  2003-03-10  Andreas Schwab  <schwab at suse dot de>
  With the introduction of multi-os-directory the libdir specification in
  *.la files have /. appended to \$(libdir).  This confuses libtool when it
  tries to find out whether to add -rpath, because it only matches literally
  against sys_lib_dlsearch_path members.  Tested on i386-linux.

gcj-without-rpath:
  don't define runtime link path for java binaries and libraries

libffi-install:
  Allows libffi to be installed

libffi-no-debug:
  Do not build libffi with debug information, although configuring
  with --enable-debug

deb-protoize:
  build protoize/unprotoize by default

libobjc:
  Find gc.h header in /usr/include/gc for --enable-objc-gc enabled builds.

gpc-20040516-patch-update:
  update the gpc diffs to recent gcc sources, fix build failure on powerpc

gpc-update11:
  Fix gpc build error for bootstrap target

gpc-driver:
  Update gpc driver to recognize recent specs options

gpc-3.x:
  The gpc patch from the gpc tarball.

gpc-names:
  versioned gpc names

arm-tune:
  ARM patch for default tuning

arm-gotoff:
  use GOTOFF not GOT relocs for .LCn and other local symbols;
  don't use gotoff for non-static functions, even if defined locally

arm-ldm:
  try harder to avoid ldm in function epilogues

reporting:
  Add Debian URL for bug reporting isntructions.

autoreconf:
  autoreconf several directories for proper mipsen libtool support

Counting all warnings,
there are 495 warnings in stage3 of this bootstrap.

Number of warnings per file:
    225 SYSCALLS.c
     69 gcc/p/gpc.c
     49 parse.c
     28 pascal-lex.c
     13 pascal-lex.l
     11 gcc/treelang/lex.c
     10 gcc/dwarf2out.c
      9 gcc/p/lang.c
      6 gcc/f//ffe.texi
      6 gcc/emit-rtl.c
      5 gcc/treelang/parse.c
      5 gcc/gcc.c
      4 gcc/stor-layout.c
      4 gcc/reload1.c
      4 gcc/p/lang-specs.h
      4 gcc/f//intdoc.texi
      4 gcc/dbxout.c
      3 gcc/unwind-sjlj.c
      3 gcc/tlink.c
      3 gcc/config/arm/arm.c
      3 /usr/share/bison/bison.simple
      2 gcc/regclass.c
      2 gcc/p/rts/endian.pas
      2 gcc/p/gpc-lex.c
      2 gcc/objc/lang-specs.h
      2 gcc/function.c
      2 gcc/flow.c
      2 gcc/diagnostic.c
      2 gcc/cp/class.c
      1 libiberty/choose-temp.c
      1 gcc/varasm.c
      1 gcc/reload.c
      1 gcc/regmove.c
      1 gcc/ra-colorize.c
      1 gcc/java/jvspec.c
      1 gcc/java/jcf-write.c
      1 gcc/java/jcf-parse.c
      1 gcc/config/arm/arm.h
      1 gcc/collect2.c
      1 config.h

Number of warning types:
    227 function declaration isn't a prototype
    155 traditional C rejects ISO C style function definitions
     31 comparison between signed and unsigned
     11 string length `???' is greater than the length `???' ISO C89 compilers are required to support
     11 no previous prototype for `???'
      6 unused parameter `???'
      6 undefined flag: srcdir.
      6 traditional C rejects string concatenation
      5 signed and unsigned type in conditional expression
      5 comparison of unsigned expression < 0 is always false
      3 label `???' defined but not used
      3 implicit declaration of function `???'
      3 assignment makes pointer from integer without a cast
      3 `???' might be used uninitialized in this function
      2 unlikely character ) in @var.
      2 unlikely character ( in @var.
      2 too many arguments for format
      2 statement with no effect
      2 conflicting types for built-in function `???'
      2 assignment discards qualifiers from pointer target type
      1 unused variable `???'
      1 this is the location of the previous definition
      1 the use of `???' is dangerous, better use `???'
      1 static declaration for `???' follows non-static
      1 return makes integer from pointer without a cast
      1 initialization makes pointer from integer without a cast
      1 `TARGET_CPU_DEFAULT' redefined
      1 `???' defined but not used


Index Nav: [Date Index] [Subject Index] [Author Index] [Thread Index]
Message Nav: [Date Prev] [Date Next] [Thread Prev] [Thread Next]