This is the mail archive of the
gcc-testresults@gcc.gnu.org
mailing list for the GCC project.
Results for 3.5.0 20040901 (experimental) testsuite on i586-redhat-linux-gnu
- From: Eric Botcazou <eric at localhost dot localdomain>
- To: gcc-testresults at gcc dot gnu dot org
- Date: Wed, 1 Sep 2004 20:07:15 +0200
- Subject: Results for 3.5.0 20040901 (experimental) testsuite on i586-redhat-linux-gnu
LAST_UPDATED: Wed Sep 1 05:48:39 UTC 2004
Native configuration is i586-redhat-linux-gnu
=== gcc tests ===
Running target unix
FAIL: tmpdir-gcc.dg-struct-layout-1/t026 c_compat_x_tst.o compile
UNRESOLVED: tmpdir-gcc.dg-struct-layout-1/t026 c_compat_x_tst.o-c_compat_y_tst.o link
UNRESOLVED: tmpdir-gcc.dg-struct-layout-1/t026 c_compat_x_tst.o-c_compat_y_tst.o execute
FAIL: tmpdir-gcc.dg-struct-layout-1/t028 c_compat_x_tst.o compile
UNRESOLVED: tmpdir-gcc.dg-struct-layout-1/t028 c_compat_x_tst.o-c_compat_y_tst.o link
UNRESOLVED: tmpdir-gcc.dg-struct-layout-1/t028 c_compat_x_tst.o-c_compat_y_tst.o execute
XPASS: gcc.dg/cpp/cmdlne-dI-M.c scan-file (^|\\\\n)cmdlne-dI-M.*:[^\\\\n]*cmdlne-dI-M.c
XPASS: gcc.dg/cpp/cmdlne-dM-M.c scan-file (^|\\\\n)cmdlne-dM-M[^\\\\n]*:[^\\\\n]*cmdlne-dM-M.c
FAIL: gcc.dg/debug/dwarf2/dwarf-die7.c scan-assembler 1.*DW_AT_inline
FAIL: gcc.dg/c90-const-expr-3.c (test for excess errors)
FAIL: gcc.dg/c99-const-expr-3.c (test for excess errors)
FAIL: gcc.dg/i386-sse-9.c execution test
FAIL: 96:is -:should be 1
FAIL: gcc.misc-tests/gcov-4.c gcov: 1 failures in line counts, 0 in branch percentages, 0 in return percentages
=== gcc Summary ===
# of expected passes 29435
# of unexpected failures 8
# of unexpected successes 2
# of expected failures 105
# of unresolved testcases 4
# of untested testcases 28
# of unsupported tests 274
/home/eric/cvs/gcc/obj/gcc/xgcc version 3.5.0 20040901 (experimental)
=== gfortran tests ===
Running target unix
XPASS: gfortran.dg/ret_pointer_1.f90 -O0 execution test
XPASS: gfortran.dg/ret_pointer_1.f90 -O1 execution test
XPASS: gfortran.dg/ret_pointer_1.f90 -O2 execution test
XPASS: gfortran.dg/ret_pointer_1.f90 -O3 -fomit-frame-pointer execution test
XPASS: gfortran.dg/ret_pointer_1.f90 -O3 -fomit-frame-pointer -funroll-loops execution test
XPASS: gfortran.dg/ret_pointer_1.f90 -O3 -fomit-frame-pointer -funroll-all-loops -finline-functions execution test
XPASS: gfortran.dg/ret_pointer_1.f90 -O3 -g execution test
FAIL: gfortran.fortran-torture/execute/elemental.f90 execution, -O3 -fomit-frame-pointer -funroll-loops
FAIL: gfortran.fortran-torture/execute/elemental.f90 execution, -O3 -fomit-frame-pointer -funroll-all-loops -finline-functions
=== gfortran Summary ===
# of expected passes 4335
# of unexpected failures 2
# of unexpected successes 7
# of expected failures 28
# of unsupported tests 8
/home/eric/cvs/gcc/obj/gcc/testsuite/../gfortran version 3.5.0 20040901 (experimental)
=== g++ tests ===
Running target unix
XPASS: g++.dg/opt/loop1.C execution test
XPASS: g++.dg/rtti/tinfo1.C scan-assembler _ZTIP9CTemplateIhE:
XPASS: g++.dg/rtti/tinfo1.C scan-assembler-not .globl[ \\t]+_ZTIP9CTemplateIhE
XPASS: g++.dg/rtti/tinfo1.C scan-assembler-not .section[^\\n\\r]*_ZTIP9CTemplateIhE[^\\n\\r]*
FAIL: 102:is -:should be 1
FAIL: g++.dg/gcov/gcov-1.C gcov: 1 failures in line counts, 0 in branch percentages, 0 in return percentages
WARNING: g++.old-deja/g++.mike/p10769a.C compilation failed to produce executable
WARNING: g++.old-deja/g++.other/enum5.C compilation failed to produce executable
WARNING: g++.old-deja/g++.pt/friend44.C compilation failed to produce executable
=== g++ Summary ===
# of expected passes 10068
# of unexpected failures 2
# of unexpected successes 4
# of expected failures 79
# of unsupported tests 60
/home/eric/cvs/gcc/obj/gcc/testsuite/../g++ version 3.5.0 20040901 (experimental)
=== objc tests ===
Running target unix
=== objc Summary ===
# of expected passes 1418
# of unsupported tests 7
/home/eric/cvs/gcc/obj/gcc/xgcc version 3.5.0 20040901 (experimental)
=== libffi tests ===
Running target unix
=== libffi Summary ===
# of expected passes 212
# of unsupported tests 2
=== libjava tests ===
Running target unix
FAIL: pr83 -O3 compilation from bytecode
=== libjava Summary ===
# of expected passes 3570
# of unexpected failures 1
# of expected failures 14
# of untested testcases 18
=== libstdc++-v3 check-abi Summary ===
# of added symbols: 26
# of missing symbols: 7
# of incompatible symbols: 7
using: /home/eric/cvs/gcc/libstdc++-v3/config/abi/i486-linux-gnu/baseline_symbols.txt
=== libstdc++ tests ===
Running target unix
FAIL: 22_locale/codecvt/encoding/wchar_t/wrapped_locale.cc execution test
FAIL: 22_locale/codecvt/in/wchar_t/9.cc execution test
FAIL: 22_locale/codecvt/max_length/wchar_t/wrapped_locale.cc execution test
FAIL: 22_locale/ctype/widen/wchar_t/2.cc execution test
FAIL: 22_locale/locale/cons/12438.cc execution test
XPASS: 22_locale/locale/cons/12658_thread-1.cc execution test
FAIL: 22_locale/money_get/get/char/14.cc execution test
FAIL: 22_locale/money_get/get/char/19.cc execution test
FAIL: 22_locale/money_get/get/char/6.cc execution test
FAIL: 22_locale/money_get/get/char/7.cc execution test
FAIL: 22_locale/money_get/get/char/8.cc execution test
FAIL: 22_locale/money_get/get/char/9.cc execution test
FAIL: 22_locale/money_get/get/char/wrapped_env.cc execution test
FAIL: 22_locale/money_get/get/char/wrapped_locale.cc execution test
FAIL: 22_locale/money_get/get/wchar_t/14.cc execution test
FAIL: 22_locale/money_get/get/wchar_t/19.cc execution test
FAIL: 22_locale/money_get/get/wchar_t/6.cc execution test
FAIL: 22_locale/money_get/get/wchar_t/7.cc execution test
FAIL: 22_locale/money_get/get/wchar_t/8.cc execution test
FAIL: 22_locale/money_get/get/wchar_t/9.cc execution test
FAIL: 22_locale/money_get/get/wchar_t/wrapped_env.cc execution test
FAIL: 22_locale/money_get/get/wchar_t/wrapped_locale.cc execution test
FAIL: 22_locale/money_put/put/char/12971.cc execution test
FAIL: 22_locale/money_put/put/char/2.cc execution test
FAIL: 22_locale/money_put/put/char/5.cc execution test
FAIL: 22_locale/money_put/put/char/6.cc execution test
FAIL: 22_locale/money_put/put/char/wrapped_env.cc execution test
FAIL: 22_locale/money_put/put/char/wrapped_locale.cc execution test
FAIL: 22_locale/money_put/put/wchar_t/12971.cc execution test
FAIL: 22_locale/money_put/put/wchar_t/2.cc execution test
FAIL: 22_locale/money_put/put/wchar_t/5.cc execution test
FAIL: 22_locale/money_put/put/wchar_t/6.cc execution test
FAIL: 22_locale/money_put/put/wchar_t/wrapped_env.cc execution test
FAIL: 22_locale/money_put/put/wchar_t/wrapped_locale.cc execution test
FAIL: 22_locale/time_get/date_order/char/1.cc execution test
FAIL: 22_locale/time_get/date_order/char/wrapped_env.cc execution test
FAIL: 22_locale/time_get/date_order/char/wrapped_locale.cc execution test
FAIL: 22_locale/time_get/date_order/wchar_t/1.cc execution test
FAIL: 22_locale/time_get/date_order/wchar_t/wrapped_env.cc execution test
FAIL: 22_locale/time_get/date_order/wchar_t/wrapped_locale.cc execution test
FAIL: 22_locale/time_get/get_date/char/1.cc execution test
FAIL: 22_locale/time_get/get_date/char/12750.cc execution test
FAIL: 22_locale/time_get/get_date/char/12791.cc execution test
FAIL: 22_locale/time_get/get_date/char/2.cc execution test
FAIL: 22_locale/time_get/get_date/char/wrapped_env.cc execution test
FAIL: 22_locale/time_get/get_date/char/wrapped_locale.cc execution test
FAIL: 22_locale/time_get/get_date/wchar_t/1.cc execution test
FAIL: 22_locale/time_get/get_date/wchar_t/12750.cc execution test
FAIL: 22_locale/time_get/get_date/wchar_t/12791.cc execution test
FAIL: 22_locale/time_get/get_date/wchar_t/2.cc execution test
FAIL: 22_locale/time_get/get_date/wchar_t/wrapped_env.cc execution test
FAIL: 22_locale/time_get/get_date/wchar_t/wrapped_locale.cc execution test
FAIL: 22_locale/time_get/get_monthname/char/1.cc execution test
FAIL: 22_locale/time_get/get_monthname/char/4.cc execution test
FAIL: 22_locale/time_get/get_monthname/char/wrapped_env.cc execution test
FAIL: 22_locale/time_get/get_monthname/char/wrapped_locale.cc execution test
FAIL: 22_locale/time_get/get_monthname/wchar_t/1.cc execution test
FAIL: 22_locale/time_get/get_monthname/wchar_t/4.cc execution test
FAIL: 22_locale/time_get/get_monthname/wchar_t/wrapped_env.cc execution test
FAIL: 22_locale/time_get/get_monthname/wchar_t/wrapped_locale.cc execution test
FAIL: 22_locale/time_get/get_time/char/1.cc execution test
FAIL: 22_locale/time_get/get_time/char/2.cc execution test
FAIL: 22_locale/time_get/get_time/char/4.cc execution test
FAIL: 22_locale/time_get/get_time/char/wrapped_env.cc execution test
FAIL: 22_locale/time_get/get_time/char/wrapped_locale.cc execution test
FAIL: 22_locale/time_get/get_time/wchar_t/1.cc execution test
FAIL: 22_locale/time_get/get_time/wchar_t/2.cc execution test
FAIL: 22_locale/time_get/get_time/wchar_t/4.cc execution test
FAIL: 22_locale/time_get/get_time/wchar_t/wrapped_env.cc execution test
FAIL: 22_locale/time_get/get_time/wchar_t/wrapped_locale.cc execution test
FAIL: 22_locale/time_get/get_weekday/char/1.cc execution test
FAIL: 22_locale/time_get/get_weekday/char/2.cc execution test
FAIL: 22_locale/time_get/get_weekday/char/wrapped_env.cc execution test
FAIL: 22_locale/time_get/get_weekday/char/wrapped_locale.cc execution test
FAIL: 22_locale/time_get/get_weekday/wchar_t/1.cc execution test
FAIL: 22_locale/time_get/get_weekday/wchar_t/2.cc execution test
FAIL: 22_locale/time_get/get_weekday/wchar_t/wrapped_env.cc execution test
FAIL: 22_locale/time_get/get_weekday/wchar_t/wrapped_locale.cc execution test
FAIL: 22_locale/time_get/get_year/char/1.cc execution test
FAIL: 22_locale/time_get/get_year/char/wrapped_env.cc execution test
FAIL: 22_locale/time_get/get_year/char/wrapped_locale.cc execution test
FAIL: 22_locale/time_get/get_year/wchar_t/1.cc execution test
FAIL: 22_locale/time_get/get_year/wchar_t/wrapped_env.cc execution test
FAIL: 22_locale/time_get/get_year/wchar_t/wrapped_locale.cc execution test
XPASS: 26_numerics/cmath/c99_classification_macros_c.cc (test for excess errors)
FAIL: 27_io/basic_filebuf/imbue/wchar_t/12868.cc execution test
FAIL: 27_io/basic_filebuf/overflow/wchar_t/11305-1.cc execution test
FAIL: 27_io/basic_filebuf/overflow/wchar_t/11305-2.cc execution test
FAIL: 27_io/basic_filebuf/overflow/wchar_t/11305-3.cc execution test
FAIL: 27_io/basic_filebuf/overflow/wchar_t/11305-4.cc execution test
FAIL: 27_io/basic_filebuf/seekoff/wchar_t/1.cc execution test
FAIL: 27_io/basic_filebuf/seekoff/wchar_t/2.cc execution test
FAIL: 27_io/basic_filebuf/seekpos/wchar_t/9874.cc execution test
FAIL: 27_io/basic_filebuf/underflow/wchar_t/1.cc execution test
FAIL: 27_io/basic_filebuf/underflow/wchar_t/2.cc execution test
FAIL: 27_io/basic_filebuf/underflow/wchar_t/3.cc execution test
FAIL: 27_io/basic_filebuf/underflow/wchar_t/9520.cc execution test
=== libstdc++ Summary ===
# of expected passes 2786
# of unexpected failures 95
# of unexpected successes 2
# of expected failures 5
Compiler version: 3.5.0 20040901 (experimental)
Platform: i586-redhat-linux-gnu
configure flags: i586-redhat-linux-gnu --prefix=/usr/local --enable-checking=misc,rtlflag --disable-libmudflap --enable-languages=c,c++,f95,java,objc
BOOT_CFLAGS=-g -O2