This is the mail archive of the
gcc-testresults@gcc.gnu.org
mailing list for the GCC project.
Results for 3.5.0 20040827 (experimental) testsuite on powerpc64-unknown-linux-gnu
- From: Janis Johnson <janis187 at us dot ibm dot com>
- To: gcc-testresults at gcc dot gnu dot org
- Date: Thu, 26 Aug 2004 21:55:30 -0700
- Subject: Results for 3.5.0 20040827 (experimental) testsuite on powerpc64-unknown-linux-gnu
Linux 2.4.21-17.EL ppc64
GNU C Library stable release version 2.3.2
GNU ld version 2.15
GNU assembler 2.15
GNU Make version 3.79.1
DejaGnu:
Expect version is 5.40.0
Tcl version is 8.4
Framework version is 1.4.4
CVS branch: mainline
This hardware does not support VMX instructions.
LAST_UPDATED: Fri Aug 27 02:22:05 UTC 2004
Native configuration is powerpc64-unknown-linux-gnu
=== g++ tests ===
Running target unix/-m32
XPASS: g++.dg/eh/simd-2.C execution test
XPASS: g++.dg/rtti/tinfo1.C scan-assembler _ZTIP9CTemplateIhE:
XPASS: g++.dg/rtti/tinfo1.C scan-assembler-not .globl[ \\t]+_ZTIP9CTemplateIhE
XPASS: g++.dg/rtti/tinfo1.C scan-assembler-not .section[^\\n\\r]*_ZTIP9CTemplateIhE[^\\n\\r]*
FAIL: 102:is -:should be 1
FAIL: g++.dg/gcov/gcov-1.C gcov: 1 failures in line counts, 0 in branch percentages, 0 in return percentages
WARNING: g++.old-deja/g++.mike/p10769a.C compilation failed to produce executable
WARNING: g++.old-deja/g++.other/enum5.C compilation failed to produce executable
XPASS: g++.old-deja/g++.other/init5.C execution test
WARNING: g++.old-deja/g++.pt/friend44.C compilation failed to produce executable
FAIL: g++.old-deja/g++.pt/ptrmem6.C (test for excess errors)
=== g++ Summary for unix/-m32 ===
# of expected passes 10052
# of unexpected failures 3
# of unexpected successes 5
# of expected failures 78
# of unsupported tests 68
Running target unix/-m64
XPASS: g++.dg/rtti/tinfo1.C scan-assembler _ZTIP9CTemplateIhE:
XPASS: g++.dg/rtti/tinfo1.C scan-assembler-not .globl[ \\t]+_ZTIP9CTemplateIhE
XPASS: g++.dg/rtti/tinfo1.C scan-assembler-not .section[^\\n\\r]*_ZTIP9CTemplateIhE[^\\n\\r]*
FAIL: 102:is -:should be 1
FAIL: g++.dg/gcov/gcov-1.C gcov: 1 failures in line counts, 0 in branch percentages, 0 in return percentages
WARNING: g++.old-deja/g++.mike/p10769a.C compilation failed to produce executable
WARNING: g++.old-deja/g++.other/enum5.C compilation failed to produce executable
XPASS: g++.old-deja/g++.other/init5.C execution test
WARNING: g++.old-deja/g++.pt/friend44.C compilation failed to produce executable
FAIL: g++.old-deja/g++.pt/ptrmem6.C (test for excess errors)
=== g++ Summary for unix/-m64 ===
# of expected passes 10052
# of unexpected failures 3
# of unexpected successes 4
# of expected failures 79
# of unsupported tests 68
=== g++ Summary ===
# of expected passes 20104
# of unexpected failures 6
# of unexpected successes 9
# of expected failures 157
# of unsupported tests 136
/home/janis/build/nightly/build-gcc-mline/gcc/testsuite/../g++ version 3.5.0 20040827 (experimental)
=== gcc tests ===
Running target unix/-m32
FAIL: gcc.c-torture/execute/20030125-1.c execution, -O1
FAIL: gcc.c-torture/execute/20030125-1.c execution, -O2
FAIL: gcc.c-torture/execute/20030125-1.c execution, -Os
FAIL: gcc.dg/compat/vector-2 c_compat_x_tst.o compile
FAIL: gcc.dg/compat/vector-2 c_compat_y_tst.o compile
UNRESOLVED: gcc.dg/compat/vector-2 c_compat_x_tst.o-c_compat_y_tst.o link
UNRESOLVED: gcc.dg/compat/vector-2 c_compat_x_tst.o-c_compat_y_tst.o execute
FAIL: tmpdir-gcc.dg-struct-layout-1/t001 c_compat_x_tst.o compile
UNRESOLVED: tmpdir-gcc.dg-struct-layout-1/t001 c_compat_x_tst.o-c_compat_y_tst.o link
UNRESOLVED: tmpdir-gcc.dg-struct-layout-1/t001 c_compat_x_tst.o-c_compat_y_tst.o execute
FAIL: gcc.dg/debug/dwarf2/dwarf-die7.c scan-assembler 1.*DW_AT_inline
FAIL: gcc.dg/builtins-18.c (test for excess errors)
FAIL: gcc.dg/builtins-20.c (test for excess errors)
FAIL: gcc.dg/c90-const-expr-3.c (test for excess errors)
FAIL: gcc.dg/c99-const-expr-3.c (test for excess errors)
FAIL: gcc.dg/ppc64-abi-1.c execution test
FAIL: gcc.dg/ppc64-abi-2.c (test for excess errors)
WARNING: gcc.dg/ppc64-abi-2.c compilation failed to produce executable
FAIL: gcc.dg/ppc64-abi-3.c (test for errors, line 11)
FAIL: gcc.dg/ppc64-abi-3.c (test for errors, line 26)
FAIL: gcc.dg/ppc64-abi-3.c (test for excess errors)
FAIL: gcc.dg/torture/builtin-convert-1.c -O1 (test for excess errors)
FAIL: gcc.dg/torture/builtin-convert-1.c -O2 (test for excess errors)
FAIL: gcc.dg/torture/builtin-convert-1.c -O3 -fomit-frame-pointer (test for excess errors)
FAIL: gcc.dg/torture/builtin-convert-1.c -O3 -g (test for excess errors)
FAIL: gcc.dg/torture/builtin-convert-1.c -Os (test for excess errors)
FAIL: gcc.dg/torture/builtin-convert-2.c -O1 (test for excess errors)
FAIL: gcc.dg/torture/builtin-convert-2.c -O2 (test for excess errors)
FAIL: gcc.dg/torture/builtin-convert-2.c -O3 -fomit-frame-pointer (test for excess errors)
FAIL: gcc.dg/torture/builtin-convert-2.c -O3 -g (test for excess errors)
FAIL: gcc.dg/torture/builtin-convert-2.c -Os (test for excess errors)
FAIL: gcc.dg/torture/builtin-convert-3.c -O1 (test for excess errors)
FAIL: gcc.dg/torture/builtin-convert-3.c -O2 (test for excess errors)
FAIL: gcc.dg/torture/builtin-convert-3.c -O3 -fomit-frame-pointer (test for excess errors)
FAIL: gcc.dg/torture/builtin-convert-3.c -O3 -g (test for excess errors)
FAIL: gcc.dg/torture/builtin-convert-3.c -Os (test for excess errors)
FAIL: gcc.dg/torture/builtin-power-1.c -O0 (test for excess errors)
FAIL: gcc.dg/torture/builtin-power-1.c -O1 (test for excess errors)
FAIL: gcc.dg/torture/builtin-power-1.c -O2 (test for excess errors)
FAIL: gcc.dg/torture/builtin-power-1.c -O3 -fomit-frame-pointer (test for excess errors)
FAIL: gcc.dg/torture/builtin-power-1.c -O3 -g (test for excess errors)
FAIL: gcc.dg/torture/builtin-power-1.c -Os (test for excess errors)
FAIL: gcc.dg/tree-ssa/sra-1.c scan-tree-dump-times link_error 0
XPASS: gcc.dg/vect/vect-13.c scan-tree-dump-times vectorized 1 loops 1
FAIL: gcc.dg/vect/vect-17.c execution test
FAIL: gcc.dg/vect/vect-18.c execution test
FAIL: gcc.dg/vect/vect-19.c execution test
FAIL: gcc.dg/vect/vect-2.c execution test
FAIL: gcc.dg/vect/vect-20.c execution test
FAIL: gcc.dg/vect/vect-20.c scan-tree-dump-times vectorized 3 loops 1
FAIL: gcc.dg/vect/vect-22.c execution test
FAIL: gcc.dg/vect/vect-25.c execution test
FAIL: gcc.dg/vect/vect-3.c execution test
FAIL: gcc.dg/vect/vect-31.c execution test
FAIL: gcc.dg/vect/vect-32.c execution test
FAIL: gcc.dg/vect/vect-34.c execution test
FAIL: gcc.dg/vect/vect-36.c execution test
FAIL: gcc.dg/vect/vect-4.c execution test
FAIL: gcc.dg/vect/vect-40.c execution test
FAIL: gcc.dg/vect/vect-42.c execution test
FAIL: gcc.dg/vect/vect-43.c execution test
FAIL: gcc.dg/vect/vect-5.c execution test
FAIL: gcc.dg/vect/vect-6.c execution test
FAIL: gcc.dg/vect/vect-7.c execution test
FAIL: gcc.dg/vect/vect-all.c execution test
FAIL: 96:is -:should be 1
FAIL: gcc.misc-tests/gcov-4.c gcov: 1 failures in line counts, 0 in branch percentages, 0 in return percentages
=== gcc Summary for unix/-m32 ===
# of expected passes 29789
# of unexpected failures 61
# of unexpected successes 1
# of expected failures 102
# of unresolved testcases 4
# of untested testcases 28
# of unsupported tests 390
Running target unix/-m64
FAIL: gcc.c-torture/execute/20030125-1.c execution, -O1
FAIL: gcc.c-torture/execute/20030125-1.c execution, -O2
FAIL: gcc.c-torture/execute/20030125-1.c execution, -Os
FAIL: gcc.dg/compat/vector-2 c_compat_x_tst.o compile
FAIL: gcc.dg/compat/vector-2 c_compat_y_tst.o compile
UNRESOLVED: gcc.dg/compat/vector-2 c_compat_x_tst.o-c_compat_y_tst.o link
UNRESOLVED: gcc.dg/compat/vector-2 c_compat_x_tst.o-c_compat_y_tst.o execute
FAIL: tmpdir-gcc.dg-struct-layout-1/t026 c_compat_x_tst.o-c_compat_y_tst.o execute
FAIL: tmpdir-gcc.dg-struct-layout-1/t028 c_compat_x_tst.o-c_compat_y_tst.o execute
FAIL: gcc.dg/debug/dwarf2/dwarf-die7.c scan-assembler 1.*DW_AT_inline
FAIL: gcc.dg/builtins-18.c (test for excess errors)
FAIL: gcc.dg/builtins-20.c (test for excess errors)
FAIL: gcc.dg/c90-const-expr-3.c (test for excess errors)
FAIL: gcc.dg/c99-const-expr-3.c (test for excess errors)
FAIL: gcc.dg/c99-typespec-1.c unsigned long long int _Complex (test for errors, line 1164)
FAIL: gcc.dg/c99-typespec-1.c (test for excess errors)
FAIL: gcc.dg/ppc64-abi-3.c (test for errors, line 11)
FAIL: gcc.dg/ppc64-abi-3.c (test for errors, line 26)
FAIL: gcc.dg/ppc64-abi-3.c (test for excess errors)
FAIL: gcc.dg/torture/builtin-convert-1.c -O1 (test for excess errors)
FAIL: gcc.dg/torture/builtin-convert-1.c -O2 (test for excess errors)
FAIL: gcc.dg/torture/builtin-convert-1.c -O3 -fomit-frame-pointer (test for excess errors)
FAIL: gcc.dg/torture/builtin-convert-1.c -O3 -g (test for excess errors)
FAIL: gcc.dg/torture/builtin-convert-1.c -Os (test for excess errors)
FAIL: gcc.dg/torture/builtin-convert-2.c -O1 (test for excess errors)
FAIL: gcc.dg/torture/builtin-convert-2.c -O2 (test for excess errors)
FAIL: gcc.dg/torture/builtin-convert-2.c -O3 -fomit-frame-pointer (test for excess errors)
FAIL: gcc.dg/torture/builtin-convert-2.c -O3 -g (test for excess errors)
FAIL: gcc.dg/torture/builtin-convert-2.c -Os (test for excess errors)
FAIL: gcc.dg/torture/builtin-convert-3.c -O1 (test for excess errors)
FAIL: gcc.dg/torture/builtin-convert-3.c -O2 (test for excess errors)
FAIL: gcc.dg/torture/builtin-convert-3.c -O3 -fomit-frame-pointer (test for excess errors)
FAIL: gcc.dg/torture/builtin-convert-3.c -O3 -g (test for excess errors)
FAIL: gcc.dg/torture/builtin-convert-3.c -Os (test for excess errors)
FAIL: gcc.dg/torture/builtin-power-1.c -O0 (test for excess errors)
FAIL: gcc.dg/torture/builtin-power-1.c -O1 (test for excess errors)
FAIL: gcc.dg/torture/builtin-power-1.c -O2 (test for excess errors)
FAIL: gcc.dg/torture/builtin-power-1.c -O3 -fomit-frame-pointer (test for excess errors)
FAIL: gcc.dg/torture/builtin-power-1.c -O3 -g (test for excess errors)
FAIL: gcc.dg/torture/builtin-power-1.c -Os (test for excess errors)
FAIL: gcc.dg/vect/pr16105.c scan-tree-dump-times vectorized 1 loops 1
XPASS: gcc.dg/vect/vect-13.c scan-tree-dump-times vectorized 1 loops 1
FAIL: gcc.dg/vect/vect-17.c execution test
FAIL: gcc.dg/vect/vect-18.c execution test
FAIL: gcc.dg/vect/vect-19.c execution test
FAIL: gcc.dg/vect/vect-2.c execution test
FAIL: gcc.dg/vect/vect-20.c execution test
FAIL: gcc.dg/vect/vect-20.c scan-tree-dump-times vectorized 3 loops 1
FAIL: gcc.dg/vect/vect-22.c execution test
FAIL: gcc.dg/vect/vect-25.c execution test
FAIL: gcc.dg/vect/vect-3.c execution test
FAIL: gcc.dg/vect/vect-31.c execution test
FAIL: gcc.dg/vect/vect-32.c execution test
FAIL: gcc.dg/vect/vect-34.c execution test
FAIL: gcc.dg/vect/vect-36.c execution test
FAIL: gcc.dg/vect/vect-4.c execution test
FAIL: gcc.dg/vect/vect-40.c scan-tree-dump-times vectorized 1 loops 1
FAIL: gcc.dg/vect/vect-42.c scan-tree-dump-times vectorized 1 loops 1
FAIL: gcc.dg/vect/vect-43.c scan-tree-dump-times vectorized 1 loops 1
FAIL: gcc.dg/vect/vect-5.c execution test
FAIL: gcc.dg/vect/vect-6.c execution test
FAIL: gcc.dg/vect/vect-7.c execution test
FAIL: gcc.dg/vect/vect-all.c execution test
FAIL: 96:is -:should be 1
FAIL: gcc.misc-tests/gcov-4.c gcov: 1 failures in line counts, 0 in branch percentages, 0 in return percentages
FAIL: linkage.c
=== gcc Summary for unix/-m64 ===
# of expected passes 29790
# of unexpected failures 63
# of unexpected successes 1
# of expected failures 102
# of unresolved testcases 2
# of untested testcases 28
# of unsupported tests 390
=== gcc Summary ===
# of expected passes 59579
# of unexpected failures 124
# of unexpected successes 2
# of expected failures 204
# of unresolved testcases 6
# of untested testcases 56
# of unsupported tests 780
/home/janis/build/nightly/build-gcc-mline/gcc/xgcc version 3.5.0 20040827 (experimental)
=== gfortran tests ===
Running target unix/-m32
XPASS: gfortran.dg/ret_pointer_1.f90 -O0 execution test
XPASS: gfortran.dg/ret_pointer_1.f90 -O1 execution test
XPASS: gfortran.dg/ret_pointer_1.f90 -O2 execution test
XPASS: gfortran.dg/ret_pointer_1.f90 -O3 -fomit-frame-pointer execution test
XPASS: gfortran.dg/ret_pointer_1.f90 -O3 -fomit-frame-pointer -funroll-loops execution test
XPASS: gfortran.dg/ret_pointer_1.f90 -O3 -fomit-frame-pointer -funroll-all-loops -finline-functions execution test
XPASS: gfortran.dg/ret_pointer_1.f90 -O3 -g execution test
XPASS: gfortran.dg/ret_pointer_1.f90 -Os execution test
FAIL: gfortran.dg/g77/19990313-0.f -O0 execution test
FAIL: gfortran.dg/g77/19990313-0.f -O1 execution test
FAIL: gfortran.dg/g77/19990313-0.f -O2 execution test
FAIL: gfortran.dg/g77/19990313-0.f -O3 -fomit-frame-pointer execution test
FAIL: gfortran.dg/g77/19990313-0.f -O3 -fomit-frame-pointer -funroll-loops execution test
FAIL: gfortran.dg/g77/19990313-0.f -O3 -fomit-frame-pointer -funroll-all-loops -finline-functions execution test
FAIL: gfortran.dg/g77/19990313-0.f -O3 -g execution test
FAIL: gfortran.dg/g77/19990313-0.f -Os execution test
FAIL: gfortran.dg/g77/19990313-1.f -O0 execution test
FAIL: gfortran.dg/g77/19990313-1.f -O1 execution test
FAIL: gfortran.dg/g77/19990313-1.f -O2 execution test
FAIL: gfortran.dg/g77/19990313-1.f -O3 -fomit-frame-pointer execution test
FAIL: gfortran.dg/g77/19990313-1.f -O3 -fomit-frame-pointer -funroll-loops execution test
FAIL: gfortran.dg/g77/19990313-1.f -O3 -fomit-frame-pointer -funroll-all-loops -finline-functions execution test
FAIL: gfortran.dg/g77/19990313-1.f -O3 -g execution test
FAIL: gfortran.dg/g77/19990313-1.f -Os execution test
FAIL: gfortran.dg/g77/19990313-2.f -O0 execution test
FAIL: gfortran.dg/g77/19990313-2.f -O1 execution test
FAIL: gfortran.dg/g77/19990313-2.f -O2 execution test
FAIL: gfortran.dg/g77/19990313-2.f -O3 -fomit-frame-pointer execution test
FAIL: gfortran.dg/g77/19990313-2.f -O3 -fomit-frame-pointer -funroll-loops execution test
FAIL: gfortran.dg/g77/19990313-2.f -O3 -fomit-frame-pointer -funroll-all-loops -finline-functions execution test
FAIL: gfortran.dg/g77/19990313-2.f -O3 -g execution test
FAIL: gfortran.dg/g77/19990313-2.f -Os execution test
FAIL: gfortran.dg/g77/19990313-3.f -O0 execution test
FAIL: gfortran.dg/g77/19990313-3.f -O1 execution test
FAIL: gfortran.dg/g77/19990313-3.f -O2 execution test
FAIL: gfortran.dg/g77/19990313-3.f -O3 -fomit-frame-pointer execution test
FAIL: gfortran.dg/g77/19990313-3.f -O3 -fomit-frame-pointer -funroll-loops execution test
FAIL: gfortran.dg/g77/19990313-3.f -O3 -fomit-frame-pointer -funroll-all-loops -finline-functions execution test
FAIL: gfortran.dg/g77/19990313-3.f -O3 -g execution test
FAIL: gfortran.dg/g77/19990313-3.f -Os execution test
FAIL: gfortran.fortran-torture/execute/forall_3.f90 execution, -O0
FAIL: gfortran.fortran-torture/execute/forall_3.f90 execution, -O1
FAIL: gfortran.fortran-torture/execute/forall_3.f90 execution, -O2
FAIL: gfortran.fortran-torture/execute/forall_3.f90 execution, -O3 -fomit-frame-pointer
FAIL: gfortran.fortran-torture/execute/forall_3.f90 execution, -O3 -fomit-frame-pointer -funroll-loops
FAIL: gfortran.fortran-torture/execute/forall_3.f90 execution, -O3 -fomit-frame-pointer -funroll-all-loops -finline-functions
FAIL: gfortran.fortran-torture/execute/forall_3.f90 execution, -O3 -g
FAIL: gfortran.fortran-torture/execute/forall_3.f90 execution, -Os
FAIL: gfortran.fortran-torture/execute/intrinsic_set_exponent.f90 execution, -O0
FAIL: gfortran.fortran-torture/execute/intrinsic_set_exponent.f90 execution, -O1
FAIL: gfortran.fortran-torture/execute/intrinsic_set_exponent.f90 execution, -O2
FAIL: gfortran.fortran-torture/execute/intrinsic_set_exponent.f90 execution, -O3 -fomit-frame-pointer
FAIL: gfortran.fortran-torture/execute/intrinsic_set_exponent.f90 execution, -O3 -fomit-frame-pointer -funroll-loops
FAIL: gfortran.fortran-torture/execute/intrinsic_set_exponent.f90 execution, -O3 -fomit-frame-pointer -funroll-all-loops -finline-functions
FAIL: gfortran.fortran-torture/execute/intrinsic_set_exponent.f90 execution, -O3 -g
FAIL: gfortran.fortran-torture/execute/intrinsic_set_exponent.f90 execution, -Os
=== gfortran Summary for unix/-m32 ===
# of expected passes 4092
# of unexpected failures 48
# of unexpected successes 8
# of expected failures 27
# of unsupported tests 8
Running target unix/-m64
FAIL: gfortran.dg/der_array_1.f90 -O0 execution test
FAIL: gfortran.dg/der_array_1.f90 -O1 execution test
FAIL: gfortran.dg/der_array_1.f90 -O2 execution test
FAIL: gfortran.dg/der_array_1.f90 -O3 -fomit-frame-pointer execution test
FAIL: gfortran.dg/der_array_1.f90 -O3 -fomit-frame-pointer -funroll-loops execution test
FAIL: gfortran.dg/der_array_1.f90 -O3 -fomit-frame-pointer -funroll-all-loops -finline-functions execution test
FAIL: gfortran.dg/der_array_1.f90 -O3 -g execution test
FAIL: gfortran.dg/der_array_1.f90 -Os execution test
XPASS: gfortran.dg/ret_pointer_1.f90 -O0 execution test
XPASS: gfortran.dg/ret_pointer_1.f90 -O1 execution test
XPASS: gfortran.dg/ret_pointer_1.f90 -O2 execution test
XPASS: gfortran.dg/ret_pointer_1.f90 -O3 -fomit-frame-pointer execution test
XPASS: gfortran.dg/ret_pointer_1.f90 -O3 -fomit-frame-pointer -funroll-loops execution test
XPASS: gfortran.dg/ret_pointer_1.f90 -O3 -fomit-frame-pointer -funroll-all-loops -finline-functions execution test
XPASS: gfortran.dg/ret_pointer_1.f90 -O3 -g execution test
XPASS: gfortran.dg/ret_pointer_1.f90 -Os execution test
FAIL: gfortran.dg/g77/19990313-0.f -O0 execution test
FAIL: gfortran.dg/g77/19990313-0.f -O1 execution test
FAIL: gfortran.dg/g77/19990313-0.f -O2 execution test
FAIL: gfortran.dg/g77/19990313-0.f -O3 -fomit-frame-pointer execution test
FAIL: gfortran.dg/g77/19990313-0.f -O3 -fomit-frame-pointer -funroll-loops execution test
FAIL: gfortran.dg/g77/19990313-0.f -O3 -fomit-frame-pointer -funroll-all-loops -finline-functions execution test
FAIL: gfortran.dg/g77/19990313-0.f -O3 -g execution test
FAIL: gfortran.dg/g77/19990313-0.f -Os execution test
FAIL: gfortran.dg/g77/19990313-1.f -O0 execution test
FAIL: gfortran.dg/g77/19990313-1.f -O1 execution test
FAIL: gfortran.dg/g77/19990313-1.f -O2 execution test
FAIL: gfortran.dg/g77/19990313-1.f -O3 -fomit-frame-pointer execution test
FAIL: gfortran.dg/g77/19990313-1.f -O3 -fomit-frame-pointer -funroll-loops execution test
FAIL: gfortran.dg/g77/19990313-1.f -O3 -fomit-frame-pointer -funroll-all-loops -finline-functions execution test
FAIL: gfortran.dg/g77/19990313-1.f -O3 -g execution test
FAIL: gfortran.dg/g77/19990313-1.f -Os execution test
FAIL: gfortran.dg/g77/19990313-2.f -O0 execution test
FAIL: gfortran.dg/g77/19990313-2.f -O1 execution test
FAIL: gfortran.dg/g77/19990313-2.f -O2 execution test
FAIL: gfortran.dg/g77/19990313-2.f -O3 -fomit-frame-pointer execution test
FAIL: gfortran.dg/g77/19990313-2.f -O3 -fomit-frame-pointer -funroll-loops execution test
FAIL: gfortran.dg/g77/19990313-2.f -O3 -fomit-frame-pointer -funroll-all-loops -finline-functions execution test
FAIL: gfortran.dg/g77/19990313-2.f -O3 -g execution test
FAIL: gfortran.dg/g77/19990313-2.f -Os execution test
FAIL: gfortran.dg/g77/19990313-3.f -O0 execution test
FAIL: gfortran.dg/g77/19990313-3.f -O1 execution test
FAIL: gfortran.dg/g77/19990313-3.f -O2 execution test
FAIL: gfortran.dg/g77/19990313-3.f -O3 -fomit-frame-pointer execution test
FAIL: gfortran.dg/g77/19990313-3.f -O3 -fomit-frame-pointer -funroll-loops execution test
FAIL: gfortran.dg/g77/19990313-3.f -O3 -fomit-frame-pointer -funroll-all-loops -finline-functions execution test
FAIL: gfortran.dg/g77/19990313-3.f -O3 -g execution test
FAIL: gfortran.dg/g77/19990313-3.f -Os execution test
FAIL: gfortran.dg/g77/cabs.f -O0 execution test
FAIL: gfortran.dg/g77/cabs.f -O1 execution test
FAIL: gfortran.dg/g77/cabs.f -O2 execution test
FAIL: gfortran.dg/g77/cabs.f -O3 -fomit-frame-pointer execution test
FAIL: gfortran.dg/g77/cabs.f -O3 -fomit-frame-pointer -funroll-loops execution test
FAIL: gfortran.dg/g77/cabs.f -O3 -fomit-frame-pointer -funroll-all-loops -finline-functions execution test
FAIL: gfortran.dg/g77/cabs.f -O3 -g execution test
FAIL: gfortran.dg/g77/cabs.f -Os execution test
FAIL: gfortran.fortran-torture/execute/direct_io.f90 execution, -O0
FAIL: gfortran.fortran-torture/execute/direct_io.f90 execution, -O1
FAIL: gfortran.fortran-torture/execute/direct_io.f90 execution, -O2
FAIL: gfortran.fortran-torture/execute/direct_io.f90 execution, -O3 -fomit-frame-pointer
FAIL: gfortran.fortran-torture/execute/direct_io.f90 execution, -O3 -fomit-frame-pointer -funroll-loops
FAIL: gfortran.fortran-torture/execute/direct_io.f90 execution, -O3 -fomit-frame-pointer -funroll-all-loops -finline-functions
FAIL: gfortran.fortran-torture/execute/direct_io.f90 execution, -O3 -g
FAIL: gfortran.fortran-torture/execute/direct_io.f90 execution, -Os
FAIL: gfortran.fortran-torture/execute/forall_3.f90 execution, -O0
FAIL: gfortran.fortran-torture/execute/forall_3.f90 execution, -O1
FAIL: gfortran.fortran-torture/execute/forall_3.f90 execution, -O2
FAIL: gfortran.fortran-torture/execute/forall_3.f90 execution, -O3 -fomit-frame-pointer
FAIL: gfortran.fortran-torture/execute/forall_3.f90 execution, -O3 -fomit-frame-pointer -funroll-loops
FAIL: gfortran.fortran-torture/execute/forall_3.f90 execution, -O3 -fomit-frame-pointer -funroll-all-loops -finline-functions
FAIL: gfortran.fortran-torture/execute/forall_3.f90 execution, -O3 -g
FAIL: gfortran.fortran-torture/execute/forall_3.f90 execution, -Os
FAIL: gfortran.fortran-torture/execute/inquire_3.f90 execution, -O0
FAIL: gfortran.fortran-torture/execute/inquire_3.f90 execution, -O1
FAIL: gfortran.fortran-torture/execute/inquire_3.f90 execution, -O2
FAIL: gfortran.fortran-torture/execute/inquire_3.f90 execution, -O3 -fomit-frame-pointer
FAIL: gfortran.fortran-torture/execute/inquire_3.f90 execution, -O3 -fomit-frame-pointer -funroll-loops
FAIL: gfortran.fortran-torture/execute/inquire_3.f90 execution, -O3 -fomit-frame-pointer -funroll-all-loops -finline-functions
FAIL: gfortran.fortran-torture/execute/inquire_3.f90 execution, -O3 -g
FAIL: gfortran.fortran-torture/execute/inquire_3.f90 execution, -Os
FAIL: gfortran.fortran-torture/execute/inquire_4.f90 execution, -O0
FAIL: gfortran.fortran-torture/execute/inquire_4.f90 execution, -O1
FAIL: gfortran.fortran-torture/execute/inquire_4.f90 execution, -O2
FAIL: gfortran.fortran-torture/execute/inquire_4.f90 execution, -O3 -fomit-frame-pointer
FAIL: gfortran.fortran-torture/execute/inquire_4.f90 execution, -O3 -fomit-frame-pointer -funroll-loops
FAIL: gfortran.fortran-torture/execute/inquire_4.f90 execution, -O3 -fomit-frame-pointer -funroll-all-loops -finline-functions
FAIL: gfortran.fortran-torture/execute/inquire_4.f90 execution, -O3 -g
FAIL: gfortran.fortran-torture/execute/inquire_4.f90 execution, -Os
FAIL: gfortran.fortran-torture/execute/intrinsic_abs.f90 execution, -O0
FAIL: gfortran.fortran-torture/execute/intrinsic_abs.f90 execution, -O1
FAIL: gfortran.fortran-torture/execute/intrinsic_abs.f90 execution, -O2
FAIL: gfortran.fortran-torture/execute/intrinsic_abs.f90 execution, -O3 -fomit-frame-pointer
FAIL: gfortran.fortran-torture/execute/intrinsic_abs.f90 execution, -O3 -fomit-frame-pointer -funroll-loops
FAIL: gfortran.fortran-torture/execute/intrinsic_abs.f90 execution, -O3 -fomit-frame-pointer -funroll-all-loops -finline-functions
FAIL: gfortran.fortran-torture/execute/intrinsic_abs.f90 execution, -O3 -g
FAIL: gfortran.fortran-torture/execute/intrinsic_abs.f90 execution, -Os
FAIL: gfortran.fortran-torture/execute/intrinsic_set_exponent.f90 execution, -O0
FAIL: gfortran.fortran-torture/execute/intrinsic_set_exponent.f90 execution, -O1
FAIL: gfortran.fortran-torture/execute/intrinsic_set_exponent.f90 execution, -O2
FAIL: gfortran.fortran-torture/execute/intrinsic_set_exponent.f90 execution, -O3 -fomit-frame-pointer
FAIL: gfortran.fortran-torture/execute/intrinsic_set_exponent.f90 execution, -O3 -fomit-frame-pointer -funroll-loops
FAIL: gfortran.fortran-torture/execute/intrinsic_set_exponent.f90 execution, -O3 -fomit-frame-pointer -funroll-all-loops -finline-functions
FAIL: gfortran.fortran-torture/execute/intrinsic_set_exponent.f90 execution, -O3 -g
FAIL: gfortran.fortran-torture/execute/intrinsic_set_exponent.f90 execution, -Os
FAIL: gfortran.fortran-torture/execute/power.f90 execution, -O0
FAIL: gfortran.fortran-torture/execute/power.f90 execution, -O1
FAIL: gfortran.fortran-torture/execute/power.f90 execution, -O2
FAIL: gfortran.fortran-torture/execute/power.f90 execution, -O3 -fomit-frame-pointer
FAIL: gfortran.fortran-torture/execute/power.f90 execution, -O3 -fomit-frame-pointer -funroll-loops
FAIL: gfortran.fortran-torture/execute/power.f90 execution, -O3 -fomit-frame-pointer -funroll-all-loops -finline-functions
FAIL: gfortran.fortran-torture/execute/power.f90 execution, -O3 -g
FAIL: gfortran.fortran-torture/execute/power.f90 execution, -Os
=== gfortran Summary for unix/-m64 ===
# of expected passes 4036
# of unexpected failures 104
# of unexpected successes 8
# of expected failures 27
# of unsupported tests 8
=== gfortran Summary ===
# of expected passes 8128
# of unexpected failures 152
# of unexpected successes 16
# of expected failures 54
# of unsupported tests 16
/home/janis/build/nightly/build-gcc-mline/gcc/testsuite/../gfortran version 3.5.0 20040827 (experimental)
=== objc tests ===
Running target unix/-m32
=== objc Summary for unix/-m32 ===
# of expected passes 1418
# of unsupported tests 7
Running target unix/-m64
FAIL: objc.dg/proto-lossage-4.m (test for excess errors)
=== objc Summary for unix/-m64 ===
# of expected passes 1417
# of unexpected failures 1
# of unsupported tests 7
=== objc Summary ===
# of expected passes 2835
# of unexpected failures 1
# of unsupported tests 14
/home/janis/build/nightly/build-gcc-mline/gcc/xgcc version 3.5.0 20040827 (experimental)
=== libmudflap tests ===
Running target unix/-m32
WARNING: program timed out.
FAIL: libmudflap.cth/pass39-frag.c (rerun 12) execution test
FAIL: libmudflap.cth/pass39-frag.c (rerun 12) output pattern test
WARNING: program timed out.
FAIL: libmudflap.cth/pass39-frag.c (-static -DSTATIC) execution test
FAIL: libmudflap.cth/pass39-frag.c (-static -DSTATIC) output pattern test
WARNING: program timed out.
FAIL: libmudflap.cth/pass39-frag.c (-static -DSTATIC) (rerun 1) execution test
FAIL: libmudflap.cth/pass39-frag.c (-static -DSTATIC) (rerun 1) output pattern test
WARNING: program timed out.
FAIL: libmudflap.cth/pass39-frag.c (-static -DSTATIC) (rerun 3) execution test
WARNING: program timed out.
FAIL: libmudflap.cth/pass39-frag.c (-static -DSTATIC) (rerun 5) execution test
FAIL: libmudflap.cth/pass39-frag.c (-static -DSTATIC) (rerun 5) output pattern test
WARNING: program timed out.
FAIL: libmudflap.cth/pass39-frag.c (-static -DSTATIC) (rerun 7) execution test
FAIL: libmudflap.cth/pass39-frag.c (-static -DSTATIC) (rerun 7) output pattern test
WARNING: program timed out.
FAIL: libmudflap.cth/pass39-frag.c (-static -DSTATIC) (rerun 11) execution test
WARNING: program timed out.
FAIL: libmudflap.cth/pass37-frag.c (-O3) (rerun 3) execution test
FAIL: libmudflap.cth/pass37-frag.c (-O3) (rerun 3) output pattern test
WARNING: program timed out.
FAIL: libmudflap.cth/pass37-frag.c (-O3) (rerun 14) execution test
WARNING: program timed out.
FAIL: libmudflap.cth/pass39-frag.c (-O3) (rerun 3) execution test
FAIL: libmudflap.cth/pass39-frag.c (-O3) (rerun 3) output pattern test
WARNING: program timed out.
FAIL: libmudflap.cth/pass39-frag.c (-O3) (rerun 4) execution test
FAIL: libmudflap.cth/pass39-frag.c (-O3) (rerun 4) output pattern test
WARNING: program timed out.
FAIL: libmudflap.cth/pass39-frag.c (-O3) (rerun 6) execution test
FAIL: libmudflap.cth/pass39-frag.c (-O3) (rerun 6) output pattern test
WARNING: program timed out.
FAIL: libmudflap.cth/pass39-frag.c (-O3) (rerun 9) execution test
FAIL: libmudflap.cth/pass39-frag.c (-O3) (rerun 9) output pattern test
WARNING: program timed out.
FAIL: libmudflap.cth/pass39-frag.c (-O3) (rerun 19) execution test
FAIL: libmudflap.cth/pass39-frag.c (-O3) (rerun 19) output pattern test
=== libmudflap Summary for unix/-m32 ===
# of expected passes 1111
# of unexpected failures 25
Running target unix/-m64
WARNING: program timed out.
FAIL: libmudflap.cth/pass39-frag.c (-O2) (rerun 19) execution test
FAIL: libmudflap.cth/pass39-frag.c (-O2) (rerun 19) output pattern test
=== libmudflap Summary for unix/-m64 ===
# of expected passes 1134
# of unexpected failures 2
=== libmudflap Summary ===
# of expected passes 2245
# of unexpected failures 27
=== libstdc++ tests ===
Running target unix/-m32
XPASS: 22_locale/locale/cons/12658_thread-1.cc execution test
XPASS: 26_numerics/cmath/c99_classification_macros_c.cc (test for excess errors)
=== libstdc++ Summary for unix/-m32 ===
# of expected passes 2867
# of unexpected successes 2
# of expected failures 5
Running target unix/-m64
XPASS: 22_locale/locale/cons/12658_thread-1.cc execution test
FAIL: 22_locale/messages/members/char/1.cc execution test
FAIL: 22_locale/messages/members/char/2.cc execution test
FAIL: 22_locale/messages/members/char/wrapped_env.cc execution test
FAIL: 22_locale/messages/members/char/wrapped_locale.cc execution test
FAIL: 22_locale/messages_byname/named_equivalence.cc execution test
XPASS: 26_numerics/cmath/c99_classification_macros_c.cc (test for excess errors)
FAIL: 26_numerics/complex/13450.cc execution test
FAIL: 26_numerics/complex/complex_value.cc execution test
FAIL: 26_numerics/complex/pow.cc execution test
XPASS: 27_io/fpos/14320-1.cc execution test
FAIL: thread/pthread4.cc execution test
=== libstdc++ Summary for unix/-m64 ===
# of expected passes 2858
# of unexpected failures 9
# of unexpected successes 3
# of expected failures 4
=== libstdc++ Summary ===
# of expected passes 5725
# of unexpected failures 9
# of unexpected successes 5
# of expected failures 9
Compiler version: 3.5.0 20040827 (experimental)
Platform: powerpc64-unknown-linux-gnu
configure flags: --prefix=/opt/gcc-nightly/mline-20040827 --build=powerpc64-linux --host=powerpc64-linux --target=powerpc64-linux --with-cpu=default32 --with-as=/opt/gcc-nightly/binutils/bin/as --with-ld=/opt/gcc-nightly/binutils/bin/ld --enable-threads=posix --enable-shared --enable-__cxa_atexit --with-mpfr=/opt/gcc-nightly/gmp --enable-languages=c,c++,f95,objc