This is the mail archive of the gcc-testresults@gcc.gnu.org mailing list for the GCC project.


Index Nav: [Date Index] [Subject Index] [Author Index] [Thread Index]
Message Nav: [Date Prev] [Date Next] [Thread Prev] [Thread Next]
Other format: [Raw text]

Results for 3.5.0 20040817 (experimental) testsuite on i586-suse-linux-gnu


# Some comments about the system:

# SuSE Linux 9.1 (i586)
# VERSION = 9.1

# bash-2.05b-305.6
# binutils-2.15.90.0.1.1-32.5
# dejagnu-1.4.3-330.1
# expect-5.40-27.1
# gcc-3.3.3-43.24
# glibc-2.3.3-98.28
# kernel-default-2.6.5-7.104
# make-3.80-184.1
# tcl-8.4.6-26.3
# texinfo-4.6-61.1

# Linux 2.6.5-7.104-default #1 Wed Jul 28 16:42:13 UTC 2004 i686 athlon i386 GNU/Linux
#   4:00am  up 2 days 16:47,  11 users,  load average: 2.90, 2.19, 1.96

# Reading specs from /usr/lib/gcc-lib/i586-suse-linux/3.3.3/specs
# Configured with: ../configure --enable-threads=posix --prefix=/usr --with-local-prefix=/usr/local --infodir=/usr/share/info --mandir=/usr/share/man --enable-languages=c,c++,f77,objc,java,ada --disable-checking --libdir=/usr/lib --enable-libgcj --with-gxx-include-dir=/usr/include/g++ --with-slibdir=/lib --with-system-zlib --enable-shared --enable-__cxa_atexit i586-suse-linux
# Thread model: posix
# gcc version 3.3.3 (SuSE Linux)

# GNU C Library stable release version 2.3.3 (20040412), by Roland McGrath et al.
# Configured for i686-suse-linux.
# Compiled by GNU CC version 3.3.3 (SuSE Linux).
# Compiled on a Linux 2.6.5 system on 2004-06-30.
# Available extensions:
# 	GNU libio by Per Bothner
# 	crypt add-on version 2.1 by Michael Glad and others
# 	linuxthreads-0.10 by Xavier Leroy
# 	GNU Libidn by Simon Josefsson
# 	NoVersion patch for broken glibc 2.0 binaries
# 	BIND-8.2.3-T5B
# 	libthread_db work sponsored by Alpha Processor Inc
# 	NIS(YP)/NIS+ NSS modules 0.19 by Thorsten Kukuk
# Thread-local storage support included.

LAST_UPDATED: Tue Aug 17 22:55:16 UTC 2004

Native configuration is i586-suse-linux-gnu

		=== gcc tests ===


Running target unix
WARNING: program timed out.
FAIL: gcc.c-torture/compile/20001226-1.c (test for excess errors)
FAIL: tmpdir-gcc.dg-struct-layout-1/t026 c_compat_x_tst.o compile
UNRESOLVED: tmpdir-gcc.dg-struct-layout-1/t026 c_compat_x_tst.o-c_compat_y_tst.o link 
UNRESOLVED: tmpdir-gcc.dg-struct-layout-1/t026 c_compat_x_tst.o-c_compat_y_tst.o execute 
FAIL: tmpdir-gcc.dg-struct-layout-1/t028 c_compat_x_tst.o compile
UNRESOLVED: tmpdir-gcc.dg-struct-layout-1/t028 c_compat_x_tst.o-c_compat_y_tst.o link 
UNRESOLVED: tmpdir-gcc.dg-struct-layout-1/t028 c_compat_x_tst.o-c_compat_y_tst.o execute 
XPASS: gcc.dg/cpp/cmdlne-dI-M.c scan-file (^|\\\\n)cmdlne-dI-M.*:[^\\\\n]*cmdlne-dI-M.c
XPASS: gcc.dg/cpp/cmdlne-dM-M.c scan-file (^|\\\\n)cmdlne-dM-M[^\\\\n]*:[^\\\\n]*cmdlne-dM-M.c
FAIL: gcc.dg/debug/dwarf2/dwarf-die7.c scan-assembler 1.*DW_AT_inline
FAIL: gcc.dg/c90-const-expr-3.c (test for excess errors)
FAIL: gcc.dg/c99-const-expr-3.c (test for excess errors)
FAIL: gcc.dg/vect/pr16105.c scan-tree-dump-times vectorized 1 loops 1
FAIL: gcc.dg/vect/vect-10.c scan-tree-dump-times vectorized 0 loops 1
FAIL: gcc.dg/vect/vect-35.c scan-tree-dump-times vectorized 0 loops 1
FAIL: gcc.dg/vect/vect-37.c scan-tree-dump-times vectorized 0 loops 1
FAIL: gcc.dg/vect/vect-38.c scan-tree-dump-times vectorized 1 loops 1
FAIL: gcc.dg/vect/vect-40.c scan-tree-dump-times vectorized 1 loops 1
FAIL: gcc.dg/vect/vect-42.c scan-tree-dump-times vectorized 1 loops 1
FAIL: gcc.dg/vect/vect-43.c scan-tree-dump-times vectorized 1 loops 1
FAIL: gcc.dg/vect/vect-none.c scan-tree-dump-times vectorized  3
FAIL: gcc.dg/vect/vect-none.c scan-tree-dump-times vectorized 0 loops 3
FAIL: 96:is -:should be 1
FAIL: gcc.misc-tests/gcov-4.c gcov: 1 failures in line counts, 0 in branch percentages, 0 in return percentages

		=== gcc Summary ===

# of expected passes		27564
# of unexpected failures	18
# of unexpected successes	2
# of expected failures		117
# of unresolved testcases	4
# of untested testcases		28
# of unsupported tests		263
/local/build/gcc/xgcc  version 3.5.0 20040817 (experimental)

		=== gfortran tests ===


Running target unix
FAIL: gfortran.dg/common_pointer_1.f90 (test for excess errors)
WARNING: gfortran.dg/common_pointer_1.f90 compilation failed to produce executable
FAIL: gfortran.dg/common_pointer_1.f90 (test for excess errors)
WARNING: gfortran.dg/common_pointer_1.f90 compilation failed to produce executable
FAIL: gfortran.dg/common_pointer_1.f90 (test for excess errors)
WARNING: gfortran.dg/common_pointer_1.f90 compilation failed to produce executable
FAIL: gfortran.dg/common_pointer_1.f90 (test for excess errors)
WARNING: gfortran.dg/common_pointer_1.f90 compilation failed to produce executable
FAIL: gfortran.dg/common_pointer_1.f90 (test for excess errors)
WARNING: gfortran.dg/common_pointer_1.f90 compilation failed to produce executable
FAIL: gfortran.dg/common_pointer_1.f90 (test for excess errors)
WARNING: gfortran.dg/common_pointer_1.f90 compilation failed to produce executable
FAIL: gfortran.dg/common_pointer_1.f90 (test for excess errors)
WARNING: gfortran.dg/common_pointer_1.f90 compilation failed to produce executable
FAIL: gfortran.dg/common_pointer_1.f90 (test for excess errors)
WARNING: gfortran.dg/common_pointer_1.f90 compilation failed to produce executable
FAIL: gfortran.dg/contained_1.f90 (test for excess errors)
WARNING: gfortran.dg/contained_1.f90 compilation failed to produce executable
FAIL: gfortran.dg/contained_1.f90 (test for excess errors)
WARNING: gfortran.dg/contained_1.f90 compilation failed to produce executable
FAIL: gfortran.dg/contained_1.f90 (test for excess errors)
WARNING: gfortran.dg/contained_1.f90 compilation failed to produce executable
FAIL: gfortran.dg/contained_1.f90 (test for excess errors)
WARNING: gfortran.dg/contained_1.f90 compilation failed to produce executable
FAIL: gfortran.dg/contained_1.f90 (test for excess errors)
WARNING: gfortran.dg/contained_1.f90 compilation failed to produce executable
FAIL: gfortran.dg/contained_1.f90 (test for excess errors)
WARNING: gfortran.dg/contained_1.f90 compilation failed to produce executable
FAIL: gfortran.dg/contained_1.f90 (test for excess errors)
WARNING: gfortran.dg/contained_1.f90 compilation failed to produce executable
FAIL: gfortran.dg/contained_1.f90 (test for excess errors)
WARNING: gfortran.dg/contained_1.f90 compilation failed to produce executable
FAIL: gfortran.dg/der_array_1.f90 (test for excess errors)
WARNING: gfortran.dg/der_array_1.f90 compilation failed to produce executable
FAIL: gfortran.dg/der_array_1.f90 (test for excess errors)
WARNING: gfortran.dg/der_array_1.f90 compilation failed to produce executable
FAIL: gfortran.dg/der_array_1.f90 (test for excess errors)
WARNING: gfortran.dg/der_array_1.f90 compilation failed to produce executable
FAIL: gfortran.dg/der_array_1.f90 (test for excess errors)
WARNING: gfortran.dg/der_array_1.f90 compilation failed to produce executable
FAIL: gfortran.dg/der_array_1.f90 (test for excess errors)
WARNING: gfortran.dg/der_array_1.f90 compilation failed to produce executable
FAIL: gfortran.dg/der_array_1.f90 (test for excess errors)
WARNING: gfortran.dg/der_array_1.f90 compilation failed to produce executable
FAIL: gfortran.dg/der_array_1.f90 (test for excess errors)
WARNING: gfortran.dg/der_array_1.f90 compilation failed to produce executable
FAIL: gfortran.dg/der_array_1.f90 (test for excess errors)
WARNING: gfortran.dg/der_array_1.f90 compilation failed to produce executable
FAIL: gfortran.dg/der_io_1.f90 (test for excess errors)
WARNING: gfortran.dg/der_io_1.f90 compilation failed to produce executable
FAIL: gfortran.dg/der_io_1.f90 (test for excess errors)
WARNING: gfortran.dg/der_io_1.f90 compilation failed to produce executable
FAIL: gfortran.dg/der_io_1.f90 (test for excess errors)
WARNING: gfortran.dg/der_io_1.f90 compilation failed to produce executable
FAIL: gfortran.dg/der_io_1.f90 (test for excess errors)
WARNING: gfortran.dg/der_io_1.f90 compilation failed to produce executable
FAIL: gfortran.dg/der_io_1.f90 (test for excess errors)
WARNING: gfortran.dg/der_io_1.f90 compilation failed to produce executable
FAIL: gfortran.dg/der_io_1.f90 (test for excess errors)
WARNING: gfortran.dg/der_io_1.f90 compilation failed to produce executable
FAIL: gfortran.dg/der_io_1.f90 (test for excess errors)
WARNING: gfortran.dg/der_io_1.f90 compilation failed to produce executable
FAIL: gfortran.dg/der_io_1.f90 (test for excess errors)
WARNING: gfortran.dg/der_io_1.f90 compilation failed to produce executable
FAIL: gfortran.dg/dfloat_1.f90 (test for excess errors)
WARNING: gfortran.dg/dfloat_1.f90 compilation failed to produce executable
FAIL: gfortran.dg/dfloat_1.f90 (test for excess errors)
WARNING: gfortran.dg/dfloat_1.f90 compilation failed to produce executable
FAIL: gfortran.dg/dfloat_1.f90 (test for excess errors)
WARNING: gfortran.dg/dfloat_1.f90 compilation failed to produce executable
FAIL: gfortran.dg/dfloat_1.f90 (test for excess errors)
WARNING: gfortran.dg/dfloat_1.f90 compilation failed to produce executable
FAIL: gfortran.dg/dfloat_1.f90 (test for excess errors)
WARNING: gfortran.dg/dfloat_1.f90 compilation failed to produce executable
FAIL: gfortran.dg/dfloat_1.f90 (test for excess errors)
WARNING: gfortran.dg/dfloat_1.f90 compilation failed to produce executable
FAIL: gfortran.dg/dfloat_1.f90 (test for excess errors)
WARNING: gfortran.dg/dfloat_1.f90 compilation failed to produce executable
FAIL: gfortran.dg/dfloat_1.f90 (test for excess errors)
WARNING: gfortran.dg/dfloat_1.f90 compilation failed to produce executable
FAIL: gfortran.dg/pointer_init_1.f90 (test for excess errors)
WARNING: gfortran.dg/pointer_init_1.f90 compilation failed to produce executable
FAIL: gfortran.dg/pointer_init_1.f90 (test for excess errors)
WARNING: gfortran.dg/pointer_init_1.f90 compilation failed to produce executable
FAIL: gfortran.dg/pointer_init_1.f90 (test for excess errors)
WARNING: gfortran.dg/pointer_init_1.f90 compilation failed to produce executable
FAIL: gfortran.dg/pointer_init_1.f90 (test for excess errors)
WARNING: gfortran.dg/pointer_init_1.f90 compilation failed to produce executable
FAIL: gfortran.dg/pointer_init_1.f90 (test for excess errors)
WARNING: gfortran.dg/pointer_init_1.f90 compilation failed to produce executable
FAIL: gfortran.dg/pointer_init_1.f90 (test for excess errors)
WARNING: gfortran.dg/pointer_init_1.f90 compilation failed to produce executable
FAIL: gfortran.dg/pointer_init_1.f90 (test for excess errors)
WARNING: gfortran.dg/pointer_init_1.f90 compilation failed to produce executable
FAIL: gfortran.dg/pointer_init_1.f90 (test for excess errors)
WARNING: gfortran.dg/pointer_init_1.f90 compilation failed to produce executable
FAIL: gfortran.dg/pr15324.f90 (test for excess errors)
WARNING: gfortran.dg/pr15324.f90 compilation failed to produce executable
FAIL: gfortran.dg/pr15324.f90 (test for excess errors)
WARNING: gfortran.dg/pr15324.f90 compilation failed to produce executable
FAIL: gfortran.dg/pr15324.f90 (test for excess errors)
WARNING: gfortran.dg/pr15324.f90 compilation failed to produce executable
FAIL: gfortran.dg/pr15324.f90 (test for excess errors)
WARNING: gfortran.dg/pr15324.f90 compilation failed to produce executable
FAIL: gfortran.dg/pr15324.f90 (test for excess errors)
WARNING: gfortran.dg/pr15324.f90 compilation failed to produce executable
FAIL: gfortran.dg/pr15324.f90 (test for excess errors)
WARNING: gfortran.dg/pr15324.f90 compilation failed to produce executable
FAIL: gfortran.dg/pr15324.f90 (test for excess errors)
WARNING: gfortran.dg/pr15324.f90 compilation failed to produce executable
FAIL: gfortran.dg/pr15324.f90 (test for excess errors)
WARNING: gfortran.dg/pr15324.f90 compilation failed to produce executable
FAIL: gfortran.dg/pr16935.f90 (test for excess errors)
WARNING: gfortran.dg/pr16935.f90 compilation failed to produce executable
FAIL: gfortran.dg/pr16935.f90 (test for excess errors)
WARNING: gfortran.dg/pr16935.f90 compilation failed to produce executable
FAIL: gfortran.dg/pr16935.f90 (test for excess errors)
WARNING: gfortran.dg/pr16935.f90 compilation failed to produce executable
FAIL: gfortran.dg/pr16935.f90 (test for excess errors)
WARNING: gfortran.dg/pr16935.f90 compilation failed to produce executable
FAIL: gfortran.dg/pr16935.f90 (test for excess errors)
WARNING: gfortran.dg/pr16935.f90 compilation failed to produce executable
FAIL: gfortran.dg/pr16935.f90 (test for excess errors)
WARNING: gfortran.dg/pr16935.f90 compilation failed to produce executable
FAIL: gfortran.dg/pr16935.f90 (test for excess errors)
WARNING: gfortran.dg/pr16935.f90 compilation failed to produce executable
FAIL: gfortran.dg/pr16935.f90 (test for excess errors)
WARNING: gfortran.dg/pr16935.f90 compilation failed to produce executable
FAIL: gfortran.dg/ret_array_1.f90 (test for excess errors)
WARNING: gfortran.dg/ret_array_1.f90 compilation failed to produce executable
FAIL: gfortran.dg/ret_array_1.f90 (test for excess errors)
WARNING: gfortran.dg/ret_array_1.f90 compilation failed to produce executable
FAIL: gfortran.dg/ret_array_1.f90 (test for excess errors)
WARNING: gfortran.dg/ret_array_1.f90 compilation failed to produce executable
FAIL: gfortran.dg/ret_array_1.f90 (test for excess errors)
WARNING: gfortran.dg/ret_array_1.f90 compilation failed to produce executable
FAIL: gfortran.dg/ret_array_1.f90 (test for excess errors)
WARNING: gfortran.dg/ret_array_1.f90 compilation failed to produce executable
FAIL: gfortran.dg/ret_array_1.f90 (test for excess errors)
WARNING: gfortran.dg/ret_array_1.f90 compilation failed to produce executable
FAIL: gfortran.dg/ret_array_1.f90 (test for excess errors)
WARNING: gfortran.dg/ret_array_1.f90 compilation failed to produce executable
FAIL: gfortran.dg/ret_array_1.f90 (test for excess errors)
WARNING: gfortran.dg/ret_array_1.f90 compilation failed to produce executable
FAIL: gfortran.dg/ret_pointer_1.f90 (test for excess errors)
WARNING: gfortran.dg/ret_pointer_1.f90 compilation failed to produce executable
FAIL: gfortran.dg/ret_pointer_1.f90 (test for excess errors)
WARNING: gfortran.dg/ret_pointer_1.f90 compilation failed to produce executable
FAIL: gfortran.dg/ret_pointer_1.f90 (test for excess errors)
WARNING: gfortran.dg/ret_pointer_1.f90 compilation failed to produce executable
FAIL: gfortran.dg/ret_pointer_1.f90 (test for excess errors)
WARNING: gfortran.dg/ret_pointer_1.f90 compilation failed to produce executable
FAIL: gfortran.dg/ret_pointer_1.f90 (test for excess errors)
WARNING: gfortran.dg/ret_pointer_1.f90 compilation failed to produce executable
FAIL: gfortran.dg/ret_pointer_1.f90 (test for excess errors)
WARNING: gfortran.dg/ret_pointer_1.f90 compilation failed to produce executable
FAIL: gfortran.dg/ret_pointer_1.f90 (test for excess errors)
WARNING: gfortran.dg/ret_pointer_1.f90 compilation failed to produce executable
FAIL: gfortran.dg/ret_pointer_1.f90 (test for excess errors)
WARNING: gfortran.dg/ret_pointer_1.f90 compilation failed to produce executable
FAIL: gfortran.dg/g77/13037.f (test for excess errors)
WARNING: gfortran.dg/g77/13037.f compilation failed to produce executable
FAIL: gfortran.dg/g77/13037.f (test for excess errors)
WARNING: gfortran.dg/g77/13037.f compilation failed to produce executable
FAIL: gfortran.dg/g77/13037.f (test for excess errors)
WARNING: gfortran.dg/g77/13037.f compilation failed to produce executable
FAIL: gfortran.dg/g77/13037.f (test for excess errors)
WARNING: gfortran.dg/g77/13037.f compilation failed to produce executable
FAIL: gfortran.dg/g77/13037.f (test for excess errors)
WARNING: gfortran.dg/g77/13037.f compilation failed to produce executable
FAIL: gfortran.dg/g77/13037.f (test for excess errors)
WARNING: gfortran.dg/g77/13037.f compilation failed to produce executable
FAIL: gfortran.dg/g77/13037.f (test for excess errors)
WARNING: gfortran.dg/g77/13037.f compilation failed to produce executable
FAIL: gfortran.dg/g77/13037.f (test for excess errors)
WARNING: gfortran.dg/g77/13037.f compilation failed to produce executable
FAIL: gfortran.dg/g77/19981119-0.f (test for excess errors)
WARNING: gfortran.dg/g77/19981119-0.f compilation failed to produce executable
FAIL: gfortran.dg/g77/19981119-0.f (test for excess errors)
WARNING: gfortran.dg/g77/19981119-0.f compilation failed to produce executable
FAIL: gfortran.dg/g77/19981119-0.f (test for excess errors)
WARNING: gfortran.dg/g77/19981119-0.f compilation failed to produce executable
FAIL: gfortran.dg/g77/19981119-0.f (test for excess errors)
WARNING: gfortran.dg/g77/19981119-0.f compilation failed to produce executable
FAIL: gfortran.dg/g77/19981119-0.f (test for excess errors)
WARNING: gfortran.dg/g77/19981119-0.f compilation failed to produce executable
FAIL: gfortran.dg/g77/19981119-0.f (test for excess errors)
WARNING: gfortran.dg/g77/19981119-0.f compilation failed to produce executable
FAIL: gfortran.dg/g77/19981119-0.f (test for excess errors)
WARNING: gfortran.dg/g77/19981119-0.f compilation failed to produce executable
FAIL: gfortran.dg/g77/19981119-0.f (test for excess errors)
WARNING: gfortran.dg/g77/19981119-0.f compilation failed to produce executable
FAIL: gfortran.dg/g77/19990826-2.f (test for excess errors)
WARNING: gfortran.dg/g77/19990826-2.f compilation failed to produce executable
FAIL: gfortran.dg/g77/19990826-2.f (test for excess errors)
WARNING: gfortran.dg/g77/19990826-2.f compilation failed to produce executable
FAIL: gfortran.dg/g77/19990826-2.f (test for excess errors)
WARNING: gfortran.dg/g77/19990826-2.f compilation failed to produce executable
FAIL: gfortran.dg/g77/19990826-2.f (test for excess errors)
WARNING: gfortran.dg/g77/19990826-2.f compilation failed to produce executable
FAIL: gfortran.dg/g77/19990826-2.f (test for excess errors)
WARNING: gfortran.dg/g77/19990826-2.f compilation failed to produce executable
FAIL: gfortran.dg/g77/19990826-2.f (test for excess errors)
WARNING: gfortran.dg/g77/19990826-2.f compilation failed to produce executable
FAIL: gfortran.dg/g77/19990826-2.f (test for excess errors)
WARNING: gfortran.dg/g77/19990826-2.f compilation failed to produce executable
FAIL: gfortran.dg/g77/19990826-2.f (test for excess errors)
WARNING: gfortran.dg/g77/19990826-2.f compilation failed to produce executable
XPASS: gfortran.dg/g77/19990905-1.f (test for excess errors)
FAIL: gfortran.dg/g77/6177.f (test for excess errors)
WARNING: gfortran.dg/g77/6177.f compilation failed to produce executable
FAIL: gfortran.dg/g77/6177.f (test for excess errors)
WARNING: gfortran.dg/g77/6177.f compilation failed to produce executable
FAIL: gfortran.dg/g77/6177.f (test for excess errors)
WARNING: gfortran.dg/g77/6177.f compilation failed to produce executable
FAIL: gfortran.dg/g77/6177.f (test for excess errors)
WARNING: gfortran.dg/g77/6177.f compilation failed to produce executable
FAIL: gfortran.dg/g77/6177.f (test for excess errors)
WARNING: gfortran.dg/g77/6177.f compilation failed to produce executable
FAIL: gfortran.dg/g77/6177.f (test for excess errors)
WARNING: gfortran.dg/g77/6177.f compilation failed to produce executable
FAIL: gfortran.dg/g77/6177.f (test for excess errors)
WARNING: gfortran.dg/g77/6177.f compilation failed to produce executable
FAIL: gfortran.dg/g77/6177.f (test for excess errors)
WARNING: gfortran.dg/g77/6177.f compilation failed to produce executable
FAIL: gfortran.dg/g77/970816-3.f (test for excess errors)
WARNING: gfortran.dg/g77/970816-3.f compilation failed to produce executable
FAIL: gfortran.dg/g77/970816-3.f (test for excess errors)
WARNING: gfortran.dg/g77/970816-3.f compilation failed to produce executable
FAIL: gfortran.dg/g77/970816-3.f (test for excess errors)
WARNING: gfortran.dg/g77/970816-3.f compilation failed to produce executable
FAIL: gfortran.dg/g77/970816-3.f (test for excess errors)
WARNING: gfortran.dg/g77/970816-3.f compilation failed to produce executable
FAIL: gfortran.dg/g77/970816-3.f (test for excess errors)
WARNING: gfortran.dg/g77/970816-3.f compilation failed to produce executable
FAIL: gfortran.dg/g77/970816-3.f (test for excess errors)
WARNING: gfortran.dg/g77/970816-3.f compilation failed to produce executable
FAIL: gfortran.dg/g77/970816-3.f (test for excess errors)
WARNING: gfortran.dg/g77/970816-3.f compilation failed to produce executable
FAIL: gfortran.dg/g77/970816-3.f (test for excess errors)
WARNING: gfortran.dg/g77/970816-3.f compilation failed to produce executable
FAIL: gfortran.dg/g77/cabs.f (test for excess errors)
WARNING: gfortran.dg/g77/cabs.f compilation failed to produce executable
FAIL: gfortran.dg/g77/cabs.f (test for excess errors)
WARNING: gfortran.dg/g77/cabs.f compilation failed to produce executable
FAIL: gfortran.dg/g77/cabs.f (test for excess errors)
WARNING: gfortran.dg/g77/cabs.f compilation failed to produce executable
FAIL: gfortran.dg/g77/cabs.f (test for excess errors)
WARNING: gfortran.dg/g77/cabs.f compilation failed to produce executable
FAIL: gfortran.dg/g77/cabs.f (test for excess errors)
WARNING: gfortran.dg/g77/cabs.f compilation failed to produce executable
FAIL: gfortran.dg/g77/cabs.f (test for excess errors)
WARNING: gfortran.dg/g77/cabs.f compilation failed to produce executable
FAIL: gfortran.dg/g77/cabs.f (test for excess errors)
WARNING: gfortran.dg/g77/cabs.f compilation failed to produce executable
FAIL: gfortran.dg/g77/cabs.f (test for excess errors)
WARNING: gfortran.dg/g77/cabs.f compilation failed to produce executable
FAIL: gfortran.dg/g77/claus.f (test for excess errors)
WARNING: gfortran.dg/g77/claus.f compilation failed to produce executable
FAIL: gfortran.dg/g77/claus.f (test for excess errors)
WARNING: gfortran.dg/g77/claus.f compilation failed to produce executable
FAIL: gfortran.dg/g77/claus.f (test for excess errors)
WARNING: gfortran.dg/g77/claus.f compilation failed to produce executable
FAIL: gfortran.dg/g77/claus.f (test for excess errors)
WARNING: gfortran.dg/g77/claus.f compilation failed to produce executable
FAIL: gfortran.dg/g77/claus.f (test for excess errors)
WARNING: gfortran.dg/g77/claus.f compilation failed to produce executable
FAIL: gfortran.dg/g77/claus.f (test for excess errors)
WARNING: gfortran.dg/g77/claus.f compilation failed to produce executable
FAIL: gfortran.dg/g77/claus.f (test for excess errors)
WARNING: gfortran.dg/g77/claus.f compilation failed to produce executable
FAIL: gfortran.dg/g77/claus.f (test for excess errors)
WARNING: gfortran.dg/g77/claus.f compilation failed to produce executable
FAIL: gfortran.dg/g77/complex_1.f (test for excess errors)
WARNING: gfortran.dg/g77/complex_1.f compilation failed to produce executable
FAIL: gfortran.dg/g77/complex_1.f (test for excess errors)
WARNING: gfortran.dg/g77/complex_1.f compilation failed to produce executable
FAIL: gfortran.dg/g77/complex_1.f (test for excess errors)
WARNING: gfortran.dg/g77/complex_1.f compilation failed to produce executable
FAIL: gfortran.dg/g77/complex_1.f (test for excess errors)
WARNING: gfortran.dg/g77/complex_1.f compilation failed to produce executable
FAIL: gfortran.dg/g77/complex_1.f (test for excess errors)
WARNING: gfortran.dg/g77/complex_1.f compilation failed to produce executable
FAIL: gfortran.dg/g77/complex_1.f (test for excess errors)
WARNING: gfortran.dg/g77/complex_1.f compilation failed to produce executable
FAIL: gfortran.dg/g77/complex_1.f (test for excess errors)
WARNING: gfortran.dg/g77/complex_1.f compilation failed to produce executable
FAIL: gfortran.dg/g77/complex_1.f (test for excess errors)
WARNING: gfortran.dg/g77/complex_1.f compilation failed to produce executable
FAIL: gfortran.dg/g77/dcomplex.f (test for excess errors)
WARNING: gfortran.dg/g77/dcomplex.f compilation failed to produce executable
FAIL: gfortran.dg/g77/dcomplex.f (test for excess errors)
WARNING: gfortran.dg/g77/dcomplex.f compilation failed to produce executable
FAIL: gfortran.dg/g77/dcomplex.f (test for excess errors)
WARNING: gfortran.dg/g77/dcomplex.f compilation failed to produce executable
FAIL: gfortran.dg/g77/dcomplex.f (test for excess errors)
WARNING: gfortran.dg/g77/dcomplex.f compilation failed to produce executable
FAIL: gfortran.dg/g77/dcomplex.f (test for excess errors)
WARNING: gfortran.dg/g77/dcomplex.f compilation failed to produce executable
FAIL: gfortran.dg/g77/dcomplex.f (test for excess errors)
WARNING: gfortran.dg/g77/dcomplex.f compilation failed to produce executable
FAIL: gfortran.dg/g77/dcomplex.f (test for excess errors)
WARNING: gfortran.dg/g77/dcomplex.f compilation failed to produce executable
FAIL: gfortran.dg/g77/dcomplex.f (test for excess errors)
WARNING: gfortran.dg/g77/dcomplex.f compilation failed to produce executable
FAIL: gfortran.dg/g77/f77-edit-apostrophe-out.f (test for excess errors)
WARNING: gfortran.dg/g77/f77-edit-apostrophe-out.f compilation failed to produce executable
FAIL: gfortran.dg/g77/f77-edit-apostrophe-out.f (test for excess errors)
WARNING: gfortran.dg/g77/f77-edit-apostrophe-out.f compilation failed to produce executable
FAIL: gfortran.dg/g77/f77-edit-apostrophe-out.f (test for excess errors)
WARNING: gfortran.dg/g77/f77-edit-apostrophe-out.f compilation failed to produce executable
FAIL: gfortran.dg/g77/f77-edit-apostrophe-out.f (test for excess errors)
WARNING: gfortran.dg/g77/f77-edit-apostrophe-out.f compilation failed to produce executable
FAIL: gfortran.dg/g77/f77-edit-apostrophe-out.f (test for excess errors)
WARNING: gfortran.dg/g77/f77-edit-apostrophe-out.f compilation failed to produce executable
FAIL: gfortran.dg/g77/f77-edit-apostrophe-out.f (test for excess errors)
WARNING: gfortran.dg/g77/f77-edit-apostrophe-out.f compilation failed to produce executable
FAIL: gfortran.dg/g77/f77-edit-apostrophe-out.f (test for excess errors)
WARNING: gfortran.dg/g77/f77-edit-apostrophe-out.f compilation failed to produce executable
FAIL: gfortran.dg/g77/f77-edit-apostrophe-out.f (test for excess errors)
WARNING: gfortran.dg/g77/f77-edit-apostrophe-out.f compilation failed to produce executable
FAIL: gfortran.dg/g77/f77-edit-h-out.f (test for excess errors)
WARNING: gfortran.dg/g77/f77-edit-h-out.f compilation failed to produce executable
FAIL: gfortran.dg/g77/f77-edit-h-out.f (test for excess errors)
WARNING: gfortran.dg/g77/f77-edit-h-out.f compilation failed to produce executable
FAIL: gfortran.dg/g77/f77-edit-h-out.f (test for excess errors)
WARNING: gfortran.dg/g77/f77-edit-h-out.f compilation failed to produce executable
FAIL: gfortran.dg/g77/f77-edit-h-out.f (test for excess errors)
WARNING: gfortran.dg/g77/f77-edit-h-out.f compilation failed to produce executable
FAIL: gfortran.dg/g77/f77-edit-h-out.f (test for excess errors)
WARNING: gfortran.dg/g77/f77-edit-h-out.f compilation failed to produce executable
FAIL: gfortran.dg/g77/f77-edit-h-out.f (test for excess errors)
WARNING: gfortran.dg/g77/f77-edit-h-out.f compilation failed to produce executable
FAIL: gfortran.dg/g77/f77-edit-h-out.f (test for excess errors)
WARNING: gfortran.dg/g77/f77-edit-h-out.f compilation failed to produce executable
FAIL: gfortran.dg/g77/f77-edit-h-out.f (test for excess errors)
WARNING: gfortran.dg/g77/f77-edit-h-out.f compilation failed to produce executable
FAIL: gfortran.dg/g77/f77-edit-s-out.f (test for excess errors)
WARNING: gfortran.dg/g77/f77-edit-s-out.f compilation failed to produce executable
FAIL: gfortran.dg/g77/f77-edit-s-out.f (test for excess errors)
WARNING: gfortran.dg/g77/f77-edit-s-out.f compilation failed to produce executable
FAIL: gfortran.dg/g77/f77-edit-s-out.f (test for excess errors)
WARNING: gfortran.dg/g77/f77-edit-s-out.f compilation failed to produce executable
FAIL: gfortran.dg/g77/f77-edit-s-out.f (test for excess errors)
WARNING: gfortran.dg/g77/f77-edit-s-out.f compilation failed to produce executable
FAIL: gfortran.dg/g77/f77-edit-s-out.f (test for excess errors)
WARNING: gfortran.dg/g77/f77-edit-s-out.f compilation failed to produce executable
FAIL: gfortran.dg/g77/f77-edit-s-out.f (test for excess errors)
WARNING: gfortran.dg/g77/f77-edit-s-out.f compilation failed to produce executable
FAIL: gfortran.dg/g77/f77-edit-s-out.f (test for excess errors)
WARNING: gfortran.dg/g77/f77-edit-s-out.f compilation failed to produce executable
FAIL: gfortran.dg/g77/f77-edit-s-out.f (test for excess errors)
WARNING: gfortran.dg/g77/f77-edit-s-out.f compilation failed to produce executable
FAIL: gfortran.dg/g77/labug1.f (test for excess errors)
WARNING: gfortran.dg/g77/labug1.f compilation failed to produce executable
FAIL: gfortran.dg/g77/labug1.f (test for excess errors)
WARNING: gfortran.dg/g77/labug1.f compilation failed to produce executable
FAIL: gfortran.dg/g77/labug1.f (test for excess errors)
WARNING: gfortran.dg/g77/labug1.f compilation failed to produce executable
FAIL: gfortran.dg/g77/labug1.f (test for excess errors)
WARNING: gfortran.dg/g77/labug1.f compilation failed to produce executable
FAIL: gfortran.dg/g77/labug1.f (test for excess errors)
WARNING: gfortran.dg/g77/labug1.f compilation failed to produce executable
FAIL: gfortran.dg/g77/labug1.f (test for excess errors)
WARNING: gfortran.dg/g77/labug1.f compilation failed to produce executable
FAIL: gfortran.dg/g77/labug1.f (test for excess errors)
WARNING: gfortran.dg/g77/labug1.f compilation failed to produce executable
FAIL: gfortran.dg/g77/labug1.f (test for excess errors)
WARNING: gfortran.dg/g77/labug1.f compilation failed to produce executable
FAIL: gfortran.dg/g77/le.f (test for excess errors)
WARNING: gfortran.dg/g77/le.f compilation failed to produce executable
FAIL: gfortran.dg/g77/le.f (test for excess errors)
WARNING: gfortran.dg/g77/le.f compilation failed to produce executable
FAIL: gfortran.dg/g77/le.f (test for excess errors)
WARNING: gfortran.dg/g77/le.f compilation failed to produce executable
FAIL: gfortran.dg/g77/le.f (test for excess errors)
WARNING: gfortran.dg/g77/le.f compilation failed to produce executable
FAIL: gfortran.dg/g77/le.f (test for excess errors)
WARNING: gfortran.dg/g77/le.f compilation failed to produce executable
FAIL: gfortran.dg/g77/le.f (test for excess errors)
WARNING: gfortran.dg/g77/le.f compilation failed to produce executable
FAIL: gfortran.dg/g77/le.f (test for excess errors)
WARNING: gfortran.dg/g77/le.f compilation failed to produce executable
FAIL: gfortran.dg/g77/le.f (test for excess errors)
WARNING: gfortran.dg/g77/le.f compilation failed to produce executable
FAIL: gfortran.dg/g77/short.f (test for excess errors)
WARNING: gfortran.dg/g77/short.f compilation failed to produce executable
FAIL: gfortran.dg/g77/short.f (test for excess errors)
WARNING: gfortran.dg/g77/short.f compilation failed to produce executable
FAIL: gfortran.dg/g77/short.f (test for excess errors)
WARNING: gfortran.dg/g77/short.f compilation failed to produce executable
FAIL: gfortran.dg/g77/short.f (test for excess errors)
WARNING: gfortran.dg/g77/short.f compilation failed to produce executable
FAIL: gfortran.dg/g77/short.f (test for excess errors)
WARNING: gfortran.dg/g77/short.f compilation failed to produce executable
FAIL: gfortran.dg/g77/short.f (test for excess errors)
WARNING: gfortran.dg/g77/short.f compilation failed to produce executable
FAIL: gfortran.dg/g77/short.f (test for excess errors)
WARNING: gfortran.dg/g77/short.f compilation failed to produce executable
FAIL: gfortran.dg/g77/short.f (test for excess errors)
WARNING: gfortran.dg/g77/short.f compilation failed to produce executable
FAIL: gfortran.fortran-torture/execute/adjustr.f90 compilation,  -O0 
FAIL: gfortran.fortran-torture/execute/adjustr.f90 compilation,  -O1 
FAIL: gfortran.fortran-torture/execute/adjustr.f90 compilation,  -O2 
FAIL: gfortran.fortran-torture/execute/adjustr.f90 compilation,  -O3 -fomit-frame-pointer 
FAIL: gfortran.fortran-torture/execute/adjustr.f90 compilation,  -O3 -fomit-frame-pointer -funroll-loops 
FAIL: gfortran.fortran-torture/execute/adjustr.f90 compilation,  -O3 -fomit-frame-pointer -funroll-all-loops -finline-functions 
FAIL: gfortran.fortran-torture/execute/adjustr.f90 compilation,  -O3 -g 
FAIL: gfortran.fortran-torture/execute/adjustr.f90 compilation,  -Os 
FAIL: gfortran.fortran-torture/execute/allocate.f90 compilation,  -O0 
FAIL: gfortran.fortran-torture/execute/allocate.f90 compilation,  -O1 
FAIL: gfortran.fortran-torture/execute/allocate.f90 compilation,  -O2 
FAIL: gfortran.fortran-torture/execute/allocate.f90 compilation,  -O3 -fomit-frame-pointer 
FAIL: gfortran.fortran-torture/execute/allocate.f90 compilation,  -O3 -fomit-frame-pointer -funroll-loops 
FAIL: gfortran.fortran-torture/execute/allocate.f90 compilation,  -O3 -fomit-frame-pointer -funroll-all-loops -finline-functions 
FAIL: gfortran.fortran-torture/execute/allocate.f90 compilation,  -O3 -g 
FAIL: gfortran.fortran-torture/execute/allocate.f90 compilation,  -Os 
FAIL: gfortran.fortran-torture/execute/alternate_return.f90 compilation,  -O0 
FAIL: gfortran.fortran-torture/execute/alternate_return.f90 compilation,  -O1 
FAIL: gfortran.fortran-torture/execute/alternate_return.f90 compilation,  -O2 
FAIL: gfortran.fortran-torture/execute/alternate_return.f90 compilation,  -O3 -fomit-frame-pointer 
FAIL: gfortran.fortran-torture/execute/alternate_return.f90 compilation,  -O3 -fomit-frame-pointer -funroll-loops 
FAIL: gfortran.fortran-torture/execute/alternate_return.f90 compilation,  -O3 -fomit-frame-pointer -funroll-all-loops -finline-functions 
FAIL: gfortran.fortran-torture/execute/alternate_return.f90 compilation,  -O3 -g 
FAIL: gfortran.fortran-torture/execute/alternate_return.f90 compilation,  -Os 
FAIL: gfortran.fortran-torture/execute/args.f90 compilation,  -O0 
FAIL: gfortran.fortran-torture/execute/args.f90 compilation,  -O1 
FAIL: gfortran.fortran-torture/execute/args.f90 compilation,  -O2 
FAIL: gfortran.fortran-torture/execute/args.f90 compilation,  -O3 -fomit-frame-pointer 
FAIL: gfortran.fortran-torture/execute/args.f90 compilation,  -O3 -fomit-frame-pointer -funroll-loops 
FAIL: gfortran.fortran-torture/execute/args.f90 compilation,  -O3 -fomit-frame-pointer -funroll-all-loops -finline-functions 
FAIL: gfortran.fortran-torture/execute/args.f90 compilation,  -O3 -g 
FAIL: gfortran.fortran-torture/execute/args.f90 compilation,  -Os 
FAIL: gfortran.fortran-torture/execute/arithmeticif.f90 compilation,  -O0 
FAIL: gfortran.fortran-torture/execute/arithmeticif.f90 compilation,  -O1 
FAIL: gfortran.fortran-torture/execute/arithmeticif.f90 compilation,  -O2 
FAIL: gfortran.fortran-torture/execute/arithmeticif.f90 compilation,  -O3 -fomit-frame-pointer 
FAIL: gfortran.fortran-torture/execute/arithmeticif.f90 compilation,  -O3 -fomit-frame-pointer -funroll-loops 
FAIL: gfortran.fortran-torture/execute/arithmeticif.f90 compilation,  -O3 -fomit-frame-pointer -funroll-all-loops -finline-functions 
FAIL: gfortran.fortran-torture/execute/arithmeticif.f90 compilation,  -O3 -g 
FAIL: gfortran.fortran-torture/execute/arithmeticif.f90 compilation,  -Os 
FAIL: gfortran.fortran-torture/execute/arrayarg.f90 compilation,  -O0 
FAIL: gfortran.fortran-torture/execute/arrayarg.f90 compilation,  -O1 
FAIL: gfortran.fortran-torture/execute/arrayarg.f90 compilation,  -O2 
FAIL: gfortran.fortran-torture/execute/arrayarg.f90 compilation,  -O3 -fomit-frame-pointer 
FAIL: gfortran.fortran-torture/execute/arrayarg.f90 compilation,  -O3 -fomit-frame-pointer -funroll-loops 
FAIL: gfortran.fortran-torture/execute/arrayarg.f90 compilation,  -O3 -fomit-frame-pointer -funroll-all-loops -finline-functions 
FAIL: gfortran.fortran-torture/execute/arrayarg.f90 compilation,  -O3 -g 
FAIL: gfortran.fortran-torture/execute/arrayarg.f90 compilation,  -Os 
FAIL: gfortran.fortran-torture/execute/arrayarg2.f90 compilation,  -O0 
FAIL: gfortran.fortran-torture/execute/arrayarg2.f90 compilation,  -O1 
FAIL: gfortran.fortran-torture/execute/arrayarg2.f90 compilation,  -O2 
FAIL: gfortran.fortran-torture/execute/arrayarg2.f90 compilation,  -O3 -fomit-frame-pointer 
FAIL: gfortran.fortran-torture/execute/arrayarg2.f90 compilation,  -O3 -fomit-frame-pointer -funroll-loops 
FAIL: gfortran.fortran-torture/execute/arrayarg2.f90 compilation,  -O3 -fomit-frame-pointer -funroll-all-loops -finline-functions 
FAIL: gfortran.fortran-torture/execute/arrayarg2.f90 compilation,  -O3 -g 
FAIL: gfortran.fortran-torture/execute/arrayarg2.f90 compilation,  -Os 
FAIL: gfortran.fortran-torture/execute/arraysave.f90 compilation,  -O0 
FAIL: gfortran.fortran-torture/execute/arraysave.f90 compilation,  -O1 
FAIL: gfortran.fortran-torture/execute/arraysave.f90 compilation,  -O2 
FAIL: gfortran.fortran-torture/execute/arraysave.f90 compilation,  -O3 -fomit-frame-pointer 
FAIL: gfortran.fortran-torture/execute/arraysave.f90 compilation,  -O3 -fomit-frame-pointer -funroll-loops 
FAIL: gfortran.fortran-torture/execute/arraysave.f90 compilation,  -O3 -fomit-frame-pointer -funroll-all-loops -finline-functions 
FAIL: gfortran.fortran-torture/execute/arraysave.f90 compilation,  -O3 -g 
FAIL: gfortran.fortran-torture/execute/arraysave.f90 compilation,  -Os 
FAIL: gfortran.fortran-torture/execute/assumed_size.f90 compilation,  -O0 
FAIL: gfortran.fortran-torture/execute/assumed_size.f90 compilation,  -O1 
FAIL: gfortran.fortran-torture/execute/assumed_size.f90 compilation,  -O2 
FAIL: gfortran.fortran-torture/execute/assumed_size.f90 compilation,  -O3 -fomit-frame-pointer 
FAIL: gfortran.fortran-torture/execute/assumed_size.f90 compilation,  -O3 -fomit-frame-pointer -funroll-loops 
FAIL: gfortran.fortran-torture/execute/assumed_size.f90 compilation,  -O3 -fomit-frame-pointer -funroll-all-loops -finline-functions 
FAIL: gfortran.fortran-torture/execute/assumed_size.f90 compilation,  -O3 -g 
FAIL: gfortran.fortran-torture/execute/assumed_size.f90 compilation,  -Os 
FAIL: gfortran.fortran-torture/execute/bounds.f90 compilation,  -O0 
FAIL: gfortran.fortran-torture/execute/bounds.f90 compilation,  -O1 
FAIL: gfortran.fortran-torture/execute/bounds.f90 compilation,  -O2 
FAIL: gfortran.fortran-torture/execute/bounds.f90 compilation,  -O3 -fomit-frame-pointer 
FAIL: gfortran.fortran-torture/execute/bounds.f90 compilation,  -O3 -fomit-frame-pointer -funroll-loops 
FAIL: gfortran.fortran-torture/execute/bounds.f90 compilation,  -O3 -fomit-frame-pointer -funroll-all-loops -finline-functions 
FAIL: gfortran.fortran-torture/execute/bounds.f90 compilation,  -O3 -g 
FAIL: gfortran.fortran-torture/execute/bounds.f90 compilation,  -Os 
FAIL: gfortran.fortran-torture/execute/cmplx.f90 compilation,  -O0 
FAIL: gfortran.fortran-torture/execute/cmplx.f90 compilation,  -O1 
FAIL: gfortran.fortran-torture/execute/cmplx.f90 compilation,  -O2 
FAIL: gfortran.fortran-torture/execute/cmplx.f90 compilation,  -O3 -fomit-frame-pointer 
FAIL: gfortran.fortran-torture/execute/cmplx.f90 compilation,  -O3 -fomit-frame-pointer -funroll-loops 
FAIL: gfortran.fortran-torture/execute/cmplx.f90 compilation,  -O3 -fomit-frame-pointer -funroll-all-loops -finline-functions 
FAIL: gfortran.fortran-torture/execute/cmplx.f90 compilation,  -O3 -g 
FAIL: gfortran.fortran-torture/execute/cmplx.f90 compilation,  -Os 
FAIL: gfortran.fortran-torture/execute/common.f90 compilation,  -O0 
FAIL: gfortran.fortran-torture/execute/common.f90 compilation,  -O1 
FAIL: gfortran.fortran-torture/execute/common.f90 compilation,  -O2 
FAIL: gfortran.fortran-torture/execute/common.f90 compilation,  -O3 -fomit-frame-pointer 
FAIL: gfortran.fortran-torture/execute/common.f90 compilation,  -O3 -fomit-frame-pointer -funroll-loops 
FAIL: gfortran.fortran-torture/execute/common.f90 compilation,  -O3 -fomit-frame-pointer -funroll-all-loops -finline-functions 
FAIL: gfortran.fortran-torture/execute/common.f90 compilation,  -O3 -g 
FAIL: gfortran.fortran-torture/execute/common.f90 compilation,  -Os 
FAIL: gfortran.fortran-torture/execute/common_init_1.f90 compilation,  -O0 
FAIL: gfortran.fortran-torture/execute/common_init_1.f90 compilation,  -O1 
FAIL: gfortran.fortran-torture/execute/common_init_1.f90 compilation,  -O2 
FAIL: gfortran.fortran-torture/execute/common_init_1.f90 compilation,  -O3 -fomit-frame-pointer 
FAIL: gfortran.fortran-torture/execute/common_init_1.f90 compilation,  -O3 -fomit-frame-pointer -funroll-loops 
FAIL: gfortran.fortran-torture/execute/common_init_1.f90 compilation,  -O3 -fomit-frame-pointer -funroll-all-loops -finline-functions 
FAIL: gfortran.fortran-torture/execute/common_init_1.f90 compilation,  -O3 -g 
FAIL: gfortran.fortran-torture/execute/common_init_1.f90 compilation,  -Os 
FAIL: gfortran.fortran-torture/execute/common_size.f90 compilation,  -O0 
FAIL: gfortran.fortran-torture/execute/common_size.f90 compilation,  -O1 
FAIL: gfortran.fortran-torture/execute/common_size.f90 compilation,  -O2 
FAIL: gfortran.fortran-torture/execute/common_size.f90 compilation,  -O3 -fomit-frame-pointer 
FAIL: gfortran.fortran-torture/execute/common_size.f90 compilation,  -O3 -fomit-frame-pointer -funroll-loops 
FAIL: gfortran.fortran-torture/execute/common_size.f90 compilation,  -O3 -fomit-frame-pointer -funroll-all-loops -finline-functions 
FAIL: gfortran.fortran-torture/execute/common_size.f90 compilation,  -O3 -g 
FAIL: gfortran.fortran-torture/execute/common_size.f90 compilation,  -Os 
FAIL: gfortran.fortran-torture/execute/constructor.f90 compilation,  -O0 
FAIL: gfortran.fortran-torture/execute/constructor.f90 compilation,  -O1 
FAIL: gfortran.fortran-torture/execute/constructor.f90 compilation,  -O2 
FAIL: gfortran.fortran-torture/execute/constructor.f90 compilation,  -O3 -fomit-frame-pointer 
FAIL: gfortran.fortran-torture/execute/constructor.f90 compilation,  -O3 -fomit-frame-pointer -funroll-loops 
FAIL: gfortran.fortran-torture/execute/constructor.f90 compilation,  -O3 -fomit-frame-pointer -funroll-all-loops -finline-functions 
FAIL: gfortran.fortran-torture/execute/constructor.f90 compilation,  -O3 -g 
FAIL: gfortran.fortran-torture/execute/constructor.f90 compilation,  -Os 
FAIL: gfortran.fortran-torture/execute/contained.f90 compilation,  -O0 
FAIL: gfortran.fortran-torture/execute/contained.f90 compilation,  -O1 
FAIL: gfortran.fortran-torture/execute/contained.f90 compilation,  -O2 
FAIL: gfortran.fortran-torture/execute/contained.f90 compilation,  -O3 -fomit-frame-pointer 
FAIL: gfortran.fortran-torture/execute/contained.f90 compilation,  -O3 -fomit-frame-pointer -funroll-loops 
FAIL: gfortran.fortran-torture/execute/contained.f90 compilation,  -O3 -fomit-frame-pointer -funroll-all-loops -finline-functions 
FAIL: gfortran.fortran-torture/execute/contained.f90 compilation,  -O3 -g 
FAIL: gfortran.fortran-torture/execute/contained.f90 compilation,  -Os 
FAIL: gfortran.fortran-torture/execute/contained2.f90 compilation,  -O0 
FAIL: gfortran.fortran-torture/execute/contained2.f90 compilation,  -O1 
FAIL: gfortran.fortran-torture/execute/contained2.f90 compilation,  -O2 
FAIL: gfortran.fortran-torture/execute/contained2.f90 compilation,  -O3 -fomit-frame-pointer 
FAIL: gfortran.fortran-torture/execute/contained2.f90 compilation,  -O3 -fomit-frame-pointer -funroll-loops 
FAIL: gfortran.fortran-torture/execute/contained2.f90 compilation,  -O3 -fomit-frame-pointer -funroll-all-loops -finline-functions 
FAIL: gfortran.fortran-torture/execute/contained2.f90 compilation,  -O3 -g 
FAIL: gfortran.fortran-torture/execute/contained2.f90 compilation,  -Os 
FAIL: gfortran.fortran-torture/execute/contained_3.f90 compilation,  -O0 
FAIL: gfortran.fortran-torture/execute/contained_3.f90 compilation,  -O1 
FAIL: gfortran.fortran-torture/execute/contained_3.f90 compilation,  -O2 
FAIL: gfortran.fortran-torture/execute/contained_3.f90 compilation,  -O3 -fomit-frame-pointer 
FAIL: gfortran.fortran-torture/execute/contained_3.f90 compilation,  -O3 -fomit-frame-pointer -funroll-loops 
FAIL: gfortran.fortran-torture/execute/contained_3.f90 compilation,  -O3 -fomit-frame-pointer -funroll-all-loops -finline-functions 
FAIL: gfortran.fortran-torture/execute/contained_3.f90 compilation,  -O3 -g 
FAIL: gfortran.fortran-torture/execute/contained_3.f90 compilation,  -Os 
FAIL: gfortran.fortran-torture/execute/data.f90 compilation,  -O0 
FAIL: gfortran.fortran-torture/execute/data.f90 compilation,  -O1 
FAIL: gfortran.fortran-torture/execute/data.f90 compilation,  -O2 
FAIL: gfortran.fortran-torture/execute/data.f90 compilation,  -O3 -fomit-frame-pointer 
FAIL: gfortran.fortran-torture/execute/data.f90 compilation,  -O3 -fomit-frame-pointer -funroll-loops 
FAIL: gfortran.fortran-torture/execute/data.f90 compilation,  -O3 -fomit-frame-pointer -funroll-all-loops -finline-functions 
FAIL: gfortran.fortran-torture/execute/data.f90 compilation,  -O3 -g 
FAIL: gfortran.fortran-torture/execute/data.f90 compilation,  -Os 
FAIL: gfortran.fortran-torture/execute/data_2.f90 compilation,  -O0 
FAIL: gfortran.fortran-torture/execute/data_2.f90 compilation,  -O1 
FAIL: gfortran.fortran-torture/execute/data_2.f90 compilation,  -O2 
FAIL: gfortran.fortran-torture/execute/data_2.f90 compilation,  -O3 -fomit-frame-pointer 
FAIL: gfortran.fortran-torture/execute/data_2.f90 compilation,  -O3 -fomit-frame-pointer -funroll-loops 
FAIL: gfortran.fortran-torture/execute/data_2.f90 compilation,  -O3 -fomit-frame-pointer -funroll-all-loops -finline-functions 
FAIL: gfortran.fortran-torture/execute/data_2.f90 compilation,  -O3 -g 
FAIL: gfortran.fortran-torture/execute/data_2.f90 compilation,  -Os 
FAIL: gfortran.fortran-torture/execute/dep_fails.f90 compilation,  -O0 
FAIL: gfortran.fortran-torture/execute/dep_fails.f90 compilation,  -O1 
FAIL: gfortran.fortran-torture/execute/dep_fails.f90 compilation,  -O2 
FAIL: gfortran.fortran-torture/execute/dep_fails.f90 compilation,  -O3 -fomit-frame-pointer 
FAIL: gfortran.fortran-torture/execute/dep_fails.f90 compilation,  -O3 -fomit-frame-pointer -funroll-loops 
FAIL: gfortran.fortran-torture/execute/dep_fails.f90 compilation,  -O3 -fomit-frame-pointer -funroll-all-loops -finline-functions 
FAIL: gfortran.fortran-torture/execute/dep_fails.f90 compilation,  -O3 -g 
FAIL: gfortran.fortran-torture/execute/dep_fails.f90 compilation,  -Os 
FAIL: gfortran.fortran-torture/execute/der_init.f90 compilation,  -O0 
FAIL: gfortran.fortran-torture/execute/der_init.f90 compilation,  -O1 
FAIL: gfortran.fortran-torture/execute/der_init.f90 compilation,  -O2 
FAIL: gfortran.fortran-torture/execute/der_init.f90 compilation,  -O3 -fomit-frame-pointer 
FAIL: gfortran.fortran-torture/execute/der_init.f90 compilation,  -O3 -fomit-frame-pointer -funroll-loops 
FAIL: gfortran.fortran-torture/execute/der_init.f90 compilation,  -O3 -fomit-frame-pointer -funroll-all-loops -finline-functions 
FAIL: gfortran.fortran-torture/execute/der_init.f90 compilation,  -O3 -g 
FAIL: gfortran.fortran-torture/execute/der_init.f90 compilation,  -Os 
FAIL: gfortran.fortran-torture/execute/der_init_2.f90 compilation,  -O0 
FAIL: gfortran.fortran-torture/execute/der_init_2.f90 compilation,  -O1 
FAIL: gfortran.fortran-torture/execute/der_init_2.f90 compilation,  -O2 
FAIL: gfortran.fortran-torture/execute/der_init_2.f90 compilation,  -O3 -fomit-frame-pointer 
FAIL: gfortran.fortran-torture/execute/der_init_2.f90 compilation,  -O3 -fomit-frame-pointer -funroll-loops 
FAIL: gfortran.fortran-torture/execute/der_init_2.f90 compilation,  -O3 -fomit-frame-pointer -funroll-all-loops -finline-functions 
FAIL: gfortran.fortran-torture/execute/der_init_2.f90 compilation,  -O3 -g 
FAIL: gfortran.fortran-torture/execute/der_init_2.f90 compilation,  -Os 
FAIL: gfortran.fortran-torture/execute/der_init_3.f90 compilation,  -O0 
FAIL: gfortran.fortran-torture/execute/der_init_3.f90 compilation,  -O1 
FAIL: gfortran.fortran-torture/execute/der_init_3.f90 compilation,  -O2 
FAIL: gfortran.fortran-torture/execute/der_init_3.f90 compilation,  -O3 -fomit-frame-pointer 
FAIL: gfortran.fortran-torture/execute/der_init_3.f90 compilation,  -O3 -fomit-frame-pointer -funroll-loops 
FAIL: gfortran.fortran-torture/execute/der_init_3.f90 compilation,  -O3 -fomit-frame-pointer -funroll-all-loops -finline-functions 
FAIL: gfortran.fortran-torture/execute/der_init_3.f90 compilation,  -O3 -g 
FAIL: gfortran.fortran-torture/execute/der_init_3.f90 compilation,  -Os 
FAIL: gfortran.fortran-torture/execute/der_init_4.f90 compilation,  -O0 
FAIL: gfortran.fortran-torture/execute/der_init_4.f90 compilation,  -O1 
FAIL: gfortran.fortran-torture/execute/der_init_4.f90 compilation,  -O2 
FAIL: gfortran.fortran-torture/execute/der_init_4.f90 compilation,  -O3 -fomit-frame-pointer 
FAIL: gfortran.fortran-torture/execute/der_init_4.f90 compilation,  -O3 -fomit-frame-pointer -funroll-loops 
FAIL: gfortran.fortran-torture/execute/der_init_4.f90 compilation,  -O3 -fomit-frame-pointer -funroll-all-loops -finline-functions 
FAIL: gfortran.fortran-torture/execute/der_init_4.f90 compilation,  -O3 -g 
FAIL: gfortran.fortran-torture/execute/der_init_4.f90 compilation,  -Os 
FAIL: gfortran.fortran-torture/execute/der_init_5.f90 compilation,  -O0 
FAIL: gfortran.fortran-torture/execute/der_init_5.f90 compilation,  -O1 
FAIL: gfortran.fortran-torture/execute/der_init_5.f90 compilation,  -O2 
FAIL: gfortran.fortran-torture/execute/der_init_5.f90 compilation,  -O3 -fomit-frame-pointer 
FAIL: gfortran.fortran-torture/execute/der_init_5.f90 compilation,  -O3 -fomit-frame-pointer -funroll-loops 
FAIL: gfortran.fortran-torture/execute/der_init_5.f90 compilation,  -O3 -fomit-frame-pointer -funroll-all-loops -finline-functions 
FAIL: gfortran.fortran-torture/execute/der_init_5.f90 compilation,  -O3 -g 
FAIL: gfortran.fortran-torture/execute/der_init_5.f90 compilation,  -Os 
FAIL: gfortran.fortran-torture/execute/der_io.f90 compilation,  -O0 
FAIL: gfortran.fortran-torture/execute/der_io.f90 compilation,  -O1 
FAIL: gfortran.fortran-torture/execute/der_io.f90 compilation,  -O2 
FAIL: gfortran.fortran-torture/execute/der_io.f90 compilation,  -O3 -fomit-frame-pointer 
FAIL: gfortran.fortran-torture/execute/der_io.f90 compilation,  -O3 -fomit-frame-pointer -funroll-loops 
FAIL: gfortran.fortran-torture/execute/der_io.f90 compilation,  -O3 -fomit-frame-pointer -funroll-all-loops -finline-functions 
FAIL: gfortran.fortran-torture/execute/der_io.f90 compilation,  -O3 -g 
FAIL: gfortran.fortran-torture/execute/der_io.f90 compilation,  -Os 
FAIL: gfortran.fortran-torture/execute/der_point.f90 compilation,  -O0 
FAIL: gfortran.fortran-torture/execute/der_point.f90 compilation,  -O1 
FAIL: gfortran.fortran-torture/execute/der_point.f90 compilation,  -O2 
FAIL: gfortran.fortran-torture/execute/der_point.f90 compilation,  -O3 -fomit-frame-pointer 
FAIL: gfortran.fortran-torture/execute/der_point.f90 compilation,  -O3 -fomit-frame-pointer -funroll-loops 
FAIL: gfortran.fortran-torture/execute/der_point.f90 compilation,  -O3 -fomit-frame-pointer -funroll-all-loops -finline-functions 
FAIL: gfortran.fortran-torture/execute/der_point.f90 compilation,  -O3 -g 
FAIL: gfortran.fortran-torture/execute/der_point.f90 compilation,  -Os 
FAIL: gfortran.fortran-torture/execute/der_type.f90 compilation,  -O0 
FAIL: gfortran.fortran-torture/execute/der_type.f90 compilation,  -O1 
FAIL: gfortran.fortran-torture/execute/der_type.f90 compilation,  -O2 
FAIL: gfortran.fortran-torture/execute/der_type.f90 compilation,  -O3 -fomit-frame-pointer 
FAIL: gfortran.fortran-torture/execute/der_type.f90 compilation,  -O3 -fomit-frame-pointer -funroll-loops 
FAIL: gfortran.fortran-torture/execute/der_type.f90 compilation,  -O3 -fomit-frame-pointer -funroll-all-loops -finline-functions 
FAIL: gfortran.fortran-torture/execute/der_type.f90 compilation,  -O3 -g 
FAIL: gfortran.fortran-torture/execute/der_type.f90 compilation,  -Os 
FAIL: gfortran.fortran-torture/execute/elemental.f90 compilation,  -O0 
FAIL: gfortran.fortran-torture/execute/elemental.f90 compilation,  -O1 
FAIL: gfortran.fortran-torture/execute/elemental.f90 compilation,  -O2 
FAIL: gfortran.fortran-torture/execute/elemental.f90 compilation,  -O3 -fomit-frame-pointer 
FAIL: gfortran.fortran-torture/execute/elemental.f90 compilation,  -O3 -fomit-frame-pointer -funroll-loops 
FAIL: gfortran.fortran-torture/execute/elemental.f90 compilation,  -O3 -fomit-frame-pointer -funroll-all-loops -finline-functions 
FAIL: gfortran.fortran-torture/execute/elemental.f90 compilation,  -O3 -g 
FAIL: gfortran.fortran-torture/execute/elemental.f90 compilation,  -Os 
FAIL: gfortran.fortran-torture/execute/emptyif.f90 compilation,  -O0 
FAIL: gfortran.fortran-torture/execute/emptyif.f90 compilation,  -O1 
FAIL: gfortran.fortran-torture/execute/emptyif.f90 compilation,  -O2 
FAIL: gfortran.fortran-torture/execute/emptyif.f90 compilation,  -O3 -fomit-frame-pointer 
FAIL: gfortran.fortran-torture/execute/emptyif.f90 compilation,  -O3 -fomit-frame-pointer -funroll-loops 
FAIL: gfortran.fortran-torture/execute/emptyif.f90 compilation,  -O3 -fomit-frame-pointer -funroll-all-loops -finline-functions 
FAIL: gfortran.fortran-torture/execute/emptyif.f90 compilation,  -O3 -g 
FAIL: gfortran.fortran-torture/execute/emptyif.f90 compilation,  -Os 
FAIL: gfortran.fortran-torture/execute/equiv_1.f90 compilation,  -O0 
FAIL: gfortran.fortran-torture/execute/equiv_1.f90 compilation,  -O1 
FAIL: gfortran.fortran-torture/execute/equiv_1.f90 compilation,  -O2 
FAIL: gfortran.fortran-torture/execute/equiv_1.f90 compilation,  -O3 -fomit-frame-pointer 
FAIL: gfortran.fortran-torture/execute/equiv_1.f90 compilation,  -O3 -fomit-frame-pointer -funroll-loops 
FAIL: gfortran.fortran-torture/execute/equiv_1.f90 compilation,  -O3 -fomit-frame-pointer -funroll-all-loops -finline-functions 
FAIL: gfortran.fortran-torture/execute/equiv_1.f90 compilation,  -O3 -g 
FAIL: gfortran.fortran-torture/execute/equiv_1.f90 compilation,  -Os 
FAIL: gfortran.fortran-torture/execute/equiv_init_1.f90 compilation,  -O0 
FAIL: gfortran.fortran-torture/execute/equiv_init_1.f90 compilation,  -O1 
FAIL: gfortran.fortran-torture/execute/equiv_init_1.f90 compilation,  -O2 
FAIL: gfortran.fortran-torture/execute/equiv_init_1.f90 compilation,  -O3 -fomit-frame-pointer 
FAIL: gfortran.fortran-torture/execute/equiv_init_1.f90 compilation,  -O3 -fomit-frame-pointer -funroll-loops 
FAIL: gfortran.fortran-torture/execute/equiv_init_1.f90 compilation,  -O3 -fomit-frame-pointer -funroll-all-loops -finline-functions 
FAIL: gfortran.fortran-torture/execute/equiv_init_1.f90 compilation,  -O3 -g 
FAIL: gfortran.fortran-torture/execute/equiv_init_1.f90 compilation,  -Os 
FAIL: gfortran.fortran-torture/execute/forall.f90 compilation,  -O0 
FAIL: gfortran.fortran-torture/execute/forall.f90 compilation,  -O1 
FAIL: gfortran.fortran-torture/execute/forall.f90 compilation,  -O2 
FAIL: gfortran.fortran-torture/execute/forall.f90 compilation,  -O3 -fomit-frame-pointer 
FAIL: gfortran.fortran-torture/execute/forall.f90 compilation,  -O3 -fomit-frame-pointer -funroll-loops 
FAIL: gfortran.fortran-torture/execute/forall.f90 compilation,  -O3 -fomit-frame-pointer -funroll-all-loops -finline-functions 
FAIL: gfortran.fortran-torture/execute/forall.f90 compilation,  -O3 -g 
FAIL: gfortran.fortran-torture/execute/forall.f90 compilation,  -Os 
FAIL: gfortran.fortran-torture/execute/forall_1.f90 compilation,  -O0 
FAIL: gfortran.fortran-torture/execute/forall_1.f90 compilation,  -O1 
FAIL: gfortran.fortran-torture/execute/forall_1.f90 compilation,  -O2 
FAIL: gfortran.fortran-torture/execute/forall_1.f90 compilation,  -O3 -fomit-frame-pointer 
FAIL: gfortran.fortran-torture/execute/forall_1.f90 compilation,  -O3 -fomit-frame-pointer -funroll-loops 
FAIL: gfortran.fortran-torture/execute/forall_1.f90 compilation,  -O3 -fomit-frame-pointer -funroll-all-loops -finline-functions 
FAIL: gfortran.fortran-torture/execute/forall_1.f90 compilation,  -O3 -g 
FAIL: gfortran.fortran-torture/execute/forall_1.f90 compilation,  -Os 
FAIL: gfortran.fortran-torture/execute/forall_2.f90 compilation,  -O0 
FAIL: gfortran.fortran-torture/execute/forall_2.f90 compilation,  -O1 
FAIL: gfortran.fortran-torture/execute/forall_2.f90 compilation,  -O2 
FAIL: gfortran.fortran-torture/execute/forall_2.f90 compilation,  -O3 -fomit-frame-pointer 
FAIL: gfortran.fortran-torture/execute/forall_2.f90 compilation,  -O3 -fomit-frame-pointer -funroll-loops 
FAIL: gfortran.fortran-torture/execute/forall_2.f90 compilation,  -O3 -fomit-frame-pointer -funroll-all-loops -finline-functions 
FAIL: gfortran.fortran-torture/execute/forall_2.f90 compilation,  -O3 -g 
FAIL: gfortran.fortran-torture/execute/forall_2.f90 compilation,  -Os 
FAIL: gfortran.fortran-torture/execute/forall_3.f90 compilation,  -O0 
FAIL: gfortran.fortran-torture/execute/forall_3.f90 compilation,  -O1 
FAIL: gfortran.fortran-torture/execute/forall_3.f90 compilation,  -O2 
FAIL: gfortran.fortran-torture/execute/forall_3.f90 compilation,  -O3 -fomit-frame-pointer 
FAIL: gfortran.fortran-torture/execute/forall_3.f90 compilation,  -O3 -fomit-frame-pointer -funroll-loops 
FAIL: gfortran.fortran-torture/execute/forall_3.f90 compilation,  -O3 -fomit-frame-pointer -funroll-all-loops -finline-functions 
FAIL: gfortran.fortran-torture/execute/forall_3.f90 compilation,  -O3 -g 
FAIL: gfortran.fortran-torture/execute/forall_3.f90 compilation,  -Os 
FAIL: gfortran.fortran-torture/execute/forall_4.f90 compilation,  -O0 
FAIL: gfortran.fortran-torture/execute/forall_4.f90 compilation,  -O1 
FAIL: gfortran.fortran-torture/execute/forall_4.f90 compilation,  -O2 
FAIL: gfortran.fortran-torture/execute/forall_4.f90 compilation,  -O3 -fomit-frame-pointer 
FAIL: gfortran.fortran-torture/execute/forall_4.f90 compilation,  -O3 -fomit-frame-pointer -funroll-loops 
FAIL: gfortran.fortran-torture/execute/forall_4.f90 compilation,  -O3 -fomit-frame-pointer -funroll-all-loops -finline-functions 
FAIL: gfortran.fortran-torture/execute/forall_4.f90 compilation,  -O3 -g 
FAIL: gfortran.fortran-torture/execute/forall_4.f90 compilation,  -Os 
FAIL: gfortran.fortran-torture/execute/forall_5.f90 compilation,  -O0 
FAIL: gfortran.fortran-torture/execute/forall_5.f90 compilation,  -O1 
FAIL: gfortran.fortran-torture/execute/forall_5.f90 compilation,  -O2 
FAIL: gfortran.fortran-torture/execute/forall_5.f90 compilation,  -O3 -fomit-frame-pointer 
FAIL: gfortran.fortran-torture/execute/forall_5.f90 compilation,  -O3 -fomit-frame-pointer -funroll-loops 
FAIL: gfortran.fortran-torture/execute/forall_5.f90 compilation,  -O3 -fomit-frame-pointer -funroll-all-loops -finline-functions 
FAIL: gfortran.fortran-torture/execute/forall_5.f90 compilation,  -O3 -g 
FAIL: gfortran.fortran-torture/execute/forall_5.f90 compilation,  -Os 
FAIL: gfortran.fortran-torture/execute/forall_6.f90 compilation,  -O0 
FAIL: gfortran.fortran-torture/execute/forall_6.f90 compilation,  -O1 
FAIL: gfortran.fortran-torture/execute/forall_6.f90 compilation,  -O2 
FAIL: gfortran.fortran-torture/execute/forall_6.f90 compilation,  -O3 -fomit-frame-pointer 
FAIL: gfortran.fortran-torture/execute/forall_6.f90 compilation,  -O3 -fomit-frame-pointer -funroll-loops 
FAIL: gfortran.fortran-torture/execute/forall_6.f90 compilation,  -O3 -fomit-frame-pointer -funroll-all-loops -finline-functions 
FAIL: gfortran.fortran-torture/execute/forall_6.f90 compilation,  -O3 -g 
FAIL: gfortran.fortran-torture/execute/forall_6.f90 compilation,  -Os 
FAIL: gfortran.fortran-torture/execute/function_module_1.f90 compilation,  -O0 
FAIL: gfortran.fortran-torture/execute/function_module_1.f90 compilation,  -O1 
FAIL: gfortran.fortran-torture/execute/function_module_1.f90 compilation,  -O2 
FAIL: gfortran.fortran-torture/execute/function_module_1.f90 compilation,  -O3 -fomit-frame-pointer 
FAIL: gfortran.fortran-torture/execute/function_module_1.f90 compilation,  -O3 -fomit-frame-pointer -funroll-loops 
FAIL: gfortran.fortran-torture/execute/function_module_1.f90 compilation,  -O3 -fomit-frame-pointer -funroll-all-loops -finline-functions 
FAIL: gfortran.fortran-torture/execute/function_module_1.f90 compilation,  -O3 -g 
FAIL: gfortran.fortran-torture/execute/function_module_1.f90 compilation,  -Os 
FAIL: gfortran.fortran-torture/execute/getarg_1.f90 compilation,  -O0 
FAIL: gfortran.fortran-torture/execute/getarg_1.f90 compilation,  -O1 
FAIL: gfortran.fortran-torture/execute/getarg_1.f90 compilation,  -O2 
FAIL: gfortran.fortran-torture/execute/getarg_1.f90 compilation,  -O3 -fomit-frame-pointer 
FAIL: gfortran.fortran-torture/execute/getarg_1.f90 compilation,  -O3 -fomit-frame-pointer -funroll-loops 
FAIL: gfortran.fortran-torture/execute/getarg_1.f90 compilation,  -O3 -fomit-frame-pointer -funroll-all-loops -finline-functions 
FAIL: gfortran.fortran-torture/execute/getarg_1.f90 compilation,  -O3 -g 
FAIL: gfortran.fortran-torture/execute/getarg_1.f90 compilation,  -Os 
FAIL: gfortran.fortran-torture/execute/hollerith.f90 compilation,  -O0 
FAIL: gfortran.fortran-torture/execute/hollerith.f90 compilation,  -O1 
FAIL: gfortran.fortran-torture/execute/hollerith.f90 compilation,  -O2 
FAIL: gfortran.fortran-torture/execute/hollerith.f90 compilation,  -O3 -fomit-frame-pointer 
FAIL: gfortran.fortran-torture/execute/hollerith.f90 compilation,  -O3 -fomit-frame-pointer -funroll-loops 
FAIL: gfortran.fortran-torture/execute/hollerith.f90 compilation,  -O3 -fomit-frame-pointer -funroll-all-loops -finline-functions 
FAIL: gfortran.fortran-torture/execute/hollerith.f90 compilation,  -O3 -g 
FAIL: gfortran.fortran-torture/execute/hollerith.f90 compilation,  -Os 
FAIL: gfortran.fortran-torture/execute/initializer.f90 compilation,  -O0 
FAIL: gfortran.fortran-torture/execute/initializer.f90 compilation,  -O1 
FAIL: gfortran.fortran-torture/execute/initializer.f90 compilation,  -O2 
FAIL: gfortran.fortran-torture/execute/initializer.f90 compilation,  -O3 -fomit-frame-pointer 
FAIL: gfortran.fortran-torture/execute/initializer.f90 compilation,  -O3 -fomit-frame-pointer -funroll-loops 
FAIL: gfortran.fortran-torture/execute/initializer.f90 compilation,  -O3 -fomit-frame-pointer -funroll-all-loops -finline-functions 
FAIL: gfortran.fortran-torture/execute/initializer.f90 compilation,  -O3 -g 
FAIL: gfortran.fortran-torture/execute/initializer.f90 compilation,  -Os 
FAIL: gfortran.fortran-torture/execute/integer_select.f90 compilation,  -O0 
FAIL: gfortran.fortran-torture/execute/integer_select.f90 compilation,  -O1 
FAIL: gfortran.fortran-torture/execute/integer_select.f90 compilation,  -O2 
FAIL: gfortran.fortran-torture/execute/integer_select.f90 compilation,  -O3 -fomit-frame-pointer 
FAIL: gfortran.fortran-torture/execute/integer_select.f90 compilation,  -O3 -fomit-frame-pointer -funroll-loops 
FAIL: gfortran.fortran-torture/execute/integer_select.f90 compilation,  -O3 -fomit-frame-pointer -funroll-all-loops -finline-functions 
FAIL: gfortran.fortran-torture/execute/integer_select.f90 compilation,  -O3 -g 
FAIL: gfortran.fortran-torture/execute/integer_select.f90 compilation,  -Os 
FAIL: gfortran.fortran-torture/execute/intrinsic_abs.f90 compilation,  -O0 
FAIL: gfortran.fortran-torture/execute/intrinsic_abs.f90 compilation,  -O1 
FAIL: gfortran.fortran-torture/execute/intrinsic_abs.f90 compilation,  -O2 
FAIL: gfortran.fortran-torture/execute/intrinsic_abs.f90 compilation,  -O3 -fomit-frame-pointer 
FAIL: gfortran.fortran-torture/execute/intrinsic_abs.f90 compilation,  -O3 -fomit-frame-pointer -funroll-loops 
FAIL: gfortran.fortran-torture/execute/intrinsic_abs.f90 compilation,  -O3 -fomit-frame-pointer -funroll-all-loops -finline-functions 
FAIL: gfortran.fortran-torture/execute/intrinsic_abs.f90 compilation,  -O3 -g 
FAIL: gfortran.fortran-torture/execute/intrinsic_abs.f90 compilation,  -Os 
FAIL: gfortran.fortran-torture/execute/intrinsic_achar.f90 compilation,  -O0 
FAIL: gfortran.fortran-torture/execute/intrinsic_achar.f90 compilation,  -O1 
FAIL: gfortran.fortran-torture/execute/intrinsic_achar.f90 compilation,  -O2 
FAIL: gfortran.fortran-torture/execute/intrinsic_achar.f90 compilation,  -O3 -fomit-frame-pointer 
FAIL: gfortran.fortran-torture/execute/intrinsic_achar.f90 compilation,  -O3 -fomit-frame-pointer -funroll-loops 
FAIL: gfortran.fortran-torture/execute/intrinsic_achar.f90 compilation,  -O3 -fomit-frame-pointer -funroll-all-loops -finline-functions 
FAIL: gfortran.fortran-torture/execute/intrinsic_achar.f90 compilation,  -O3 -g 
FAIL: gfortran.fortran-torture/execute/intrinsic_achar.f90 compilation,  -Os 
FAIL: gfortran.fortran-torture/execute/intrinsic_aint_anint.f90 compilation,  -O0 
FAIL: gfortran.fortran-torture/execute/intrinsic_aint_anint.f90 compilation,  -O1 
FAIL: gfortran.fortran-torture/execute/intrinsic_aint_anint.f90 compilation,  -O2 
FAIL: gfortran.fortran-torture/execute/intrinsic_aint_anint.f90 compilation,  -O3 -fomit-frame-pointer 
FAIL: gfortran.fortran-torture/execute/intrinsic_aint_anint.f90 compilation,  -O3 -fomit-frame-pointer -funroll-loops 
FAIL: gfortran.fortran-torture/execute/intrinsic_aint_anint.f90 compilation,  -O3 -fomit-frame-pointer -funroll-all-loops -finline-functions 
FAIL: gfortran.fortran-torture/execute/intrinsic_aint_anint.f90 compilation,  -O3 -g 
FAIL: gfortran.fortran-torture/execute/intrinsic_aint_anint.f90 compilation,  -Os 
FAIL: gfortran.fortran-torture/execute/intrinsic_anyall.f90 compilation,  -O0 
FAIL: gfortran.fortran-torture/execute/intrinsic_anyall.f90 compilation,  -O1 
FAIL: gfortran.fortran-torture/execute/intrinsic_anyall.f90 compilation,  -O2 
FAIL: gfortran.fortran-torture/execute/intrinsic_anyall.f90 compilation,  -O3 -fomit-frame-pointer 
FAIL: gfortran.fortran-torture/execute/intrinsic_anyall.f90 compilation,  -O3 -fomit-frame-pointer -funroll-loops 
FAIL: gfortran.fortran-torture/execute/intrinsic_anyall.f90 compilation,  -O3 -fomit-frame-pointer -funroll-all-loops -finline-functions 
FAIL: gfortran.fortran-torture/execute/intrinsic_anyall.f90 compilation,  -O3 -g 
FAIL: gfortran.fortran-torture/execute/intrinsic_anyall.f90 compilation,  -Os 
FAIL: gfortran.fortran-torture/execute/intrinsic_associated.f90 compilation,  -O0 
FAIL: gfortran.fortran-torture/execute/intrinsic_associated.f90 compilation,  -O1 
FAIL: gfortran.fortran-torture/execute/intrinsic_associated.f90 compilation,  -O2 
FAIL: gfortran.fortran-torture/execute/intrinsic_associated.f90 compilation,  -O3 -fomit-frame-pointer 
FAIL: gfortran.fortran-torture/execute/intrinsic_associated.f90 compilation,  -O3 -fomit-frame-pointer -funroll-loops 
FAIL: gfortran.fortran-torture/execute/intrinsic_associated.f90 compilation,  -O3 -fomit-frame-pointer -funroll-all-loops -finline-functions 
FAIL: gfortran.fortran-torture/execute/intrinsic_associated.f90 compilation,  -O3 -g 
FAIL: gfortran.fortran-torture/execute/intrinsic_associated.f90 compilation,  -Os 
FAIL: gfortran.fortran-torture/execute/intrinsic_associated_2.f90 compilation,  -O0 
FAIL: gfortran.fortran-torture/execute/intrinsic_associated_2.f90 compilation,  -O1 
FAIL: gfortran.fortran-torture/execute/intrinsic_associated_2.f90 compilation,  -O2 
FAIL: gfortran.fortran-torture/execute/intrinsic_associated_2.f90 compilation,  -O3 -fomit-frame-pointer 
FAIL: gfortran.fortran-torture/execute/intrinsic_associated_2.f90 compilation,  -O3 -fomit-frame-pointer -funroll-loops 
FAIL: gfortran.fortran-torture/execute/intrinsic_associated_2.f90 compilation,  -O3 -fomit-frame-pointer -funroll-all-loops -finline-functions 
FAIL: gfortran.fortran-torture/execute/intrinsic_associated_2.f90 compilation,  -O3 -g 
FAIL: gfortran.fortran-torture/execute/intrinsic_associated_2.f90 compilation,  -Os 
FAIL: gfortran.fortran-torture/execute/intrinsic_bitops.f90 compilation,  -O0 
FAIL: gfortran.fortran-torture/execute/intrinsic_bitops.f90 compilation,  -O1 
FAIL: gfortran.fortran-torture/execute/intrinsic_bitops.f90 compilation,  -O2 
FAIL: gfortran.fortran-torture/execute/intrinsic_bitops.f90 compilation,  -O3 -fomit-frame-pointer 
FAIL: gfortran.fortran-torture/execute/intrinsic_bitops.f90 compilation,  -O3 -fomit-frame-pointer -funroll-loops 
FAIL: gfortran.fortran-torture/execute/intrinsic_bitops.f90 compilation,  -O3 -fomit-frame-pointer -funroll-all-loops -finline-functions 
FAIL: gfortran.fortran-torture/execute/intrinsic_bitops.f90 compilation,  -O3 -g 
FAIL: gfortran.fortran-torture/execute/intrinsic_bitops.f90 compilation,  -Os 
FAIL: gfortran.fortran-torture/execute/intrinsic_count.f90 compilation,  -O0 
FAIL: gfortran.fortran-torture/execute/intrinsic_count.f90 compilation,  -O1 
FAIL: gfortran.fortran-torture/execute/intrinsic_count.f90 compilation,  -O2 
FAIL: gfortran.fortran-torture/execute/intrinsic_count.f90 compilation,  -O3 -fomit-frame-pointer 
FAIL: gfortran.fortran-torture/execute/intrinsic_count.f90 compilation,  -O3 -fomit-frame-pointer -funroll-loops 
FAIL: gfortran.fortran-torture/execute/intrinsic_count.f90 compilation,  -O3 -fomit-frame-pointer -funroll-all-loops -finline-functions 
FAIL: gfortran.fortran-torture/execute/intrinsic_count.f90 compilation,  -O3 -g 
FAIL: gfortran.fortran-torture/execute/intrinsic_count.f90 compilation,  -Os 
FAIL: gfortran.fortran-torture/execute/intrinsic_cshift.f90 compilation,  -O0 
FAIL: gfortran.fortran-torture/execute/intrinsic_cshift.f90 compilation,  -O1 
FAIL: gfortran.fortran-torture/execute/intrinsic_cshift.f90 compilation,  -O2 
FAIL: gfortran.fortran-torture/execute/intrinsic_cshift.f90 compilation,  -O3 -fomit-frame-pointer 
FAIL: gfortran.fortran-torture/execute/intrinsic_cshift.f90 compilation,  -O3 -fomit-frame-pointer -funroll-loops 
FAIL: gfortran.fortran-torture/execute/intrinsic_cshift.f90 compilation,  -O3 -fomit-frame-pointer -funroll-all-loops -finline-functions 
FAIL: gfortran.fortran-torture/execute/intrinsic_cshift.f90 compilation,  -O3 -g 
FAIL: gfortran.fortran-torture/execute/intrinsic_cshift.f90 compilation,  -Os 
FAIL: gfortran.fortran-torture/execute/intrinsic_dim.f90 compilation,  -O0 
FAIL: gfortran.fortran-torture/execute/intrinsic_dim.f90 compilation,  -O1 
FAIL: gfortran.fortran-torture/execute/intrinsic_dim.f90 compilation,  -O2 
FAIL: gfortran.fortran-torture/execute/intrinsic_dim.f90 compilation,  -O3 -fomit-frame-pointer 
FAIL: gfortran.fortran-torture/execute/intrinsic_dim.f90 compilation,  -O3 -fomit-frame-pointer -funroll-loops 
FAIL: gfortran.fortran-torture/execute/intrinsic_dim.f90 compilation,  -O3 -fomit-frame-pointer -funroll-all-loops -finline-functions 
FAIL: gfortran.fortran-torture/execute/intrinsic_dim.f90 compilation,  -O3 -g 
FAIL: gfortran.fortran-torture/execute/intrinsic_dim.f90 compilation,  -Os 
FAIL: gfortran.fortran-torture/execute/intrinsic_dotprod.f90 compilation,  -O0 
FAIL: gfortran.fortran-torture/execute/intrinsic_dotprod.f90 compilation,  -O1 
FAIL: gfortran.fortran-torture/execute/intrinsic_dotprod.f90 compilation,  -O2 
FAIL: gfortran.fortran-torture/execute/intrinsic_dotprod.f90 compilation,  -O3 -fomit-frame-pointer 
FAIL: gfortran.fortran-torture/execute/intrinsic_dotprod.f90 compilation,  -O3 -fomit-frame-pointer -funroll-loops 
FAIL: gfortran.fortran-torture/execute/intrinsic_dotprod.f90 compilation,  -O3 -fomit-frame-pointer -funroll-all-loops -finline-functions 
FAIL: gfortran.fortran-torture/execute/intrinsic_dotprod.f90 compilation,  -O3 -g 
FAIL: gfortran.fortran-torture/execute/intrinsic_dotprod.f90 compilation,  -Os 
FAIL: gfortran.fortran-torture/execute/intrinsic_dprod.f90 compilation,  -O0 
FAIL: gfortran.fortran-torture/execute/intrinsic_dprod.f90 compilation,  -O1 
FAIL: gfortran.fortran-torture/execute/intrinsic_dprod.f90 compilation,  -O2 
FAIL: gfortran.fortran-torture/execute/intrinsic_dprod.f90 compilation,  -O3 -fomit-frame-pointer 
FAIL: gfortran.fortran-torture/execute/intrinsic_dprod.f90 compilation,  -O3 -fomit-frame-pointer -funroll-loops 
FAIL: gfortran.fortran-torture/execute/intrinsic_dprod.f90 compilation,  -O3 -fomit-frame-pointer -funroll-all-loops -finline-functions 
FAIL: gfortran.fortran-torture/execute/intrinsic_dprod.f90 compilation,  -O3 -g 
FAIL: gfortran.fortran-torture/execute/intrinsic_dprod.f90 compilation,  -Os 
FAIL: gfortran.fortran-torture/execute/intrinsic_dummy.f90 compilation,  -O0 
FAIL: gfortran.fortran-torture/execute/intrinsic_dummy.f90 compilation,  -O1 
FAIL: gfortran.fortran-torture/execute/intrinsic_dummy.f90 compilation,  -O2 
FAIL: gfortran.fortran-torture/execute/intrinsic_dummy.f90 compilation,  -O3 -fomit-frame-pointer 
FAIL: gfortran.fortran-torture/execute/intrinsic_dummy.f90 compilation,  -O3 -fomit-frame-pointer -funroll-loops 
FAIL: gfortran.fortran-torture/execute/intrinsic_dummy.f90 compilation,  -O3 -fomit-frame-pointer -funroll-all-loops -finline-functions 
FAIL: gfortran.fortran-torture/execute/intrinsic_dummy.f90 compilation,  -O3 -g 
FAIL: gfortran.fortran-torture/execute/intrinsic_dummy.f90 compilation,  -Os 
FAIL: gfortran.fortran-torture/execute/intrinsic_eoshift.f90 compilation,  -O0 
FAIL: gfortran.fortran-torture/execute/intrinsic_eoshift.f90 compilation,  -O1 
FAIL: gfortran.fortran-torture/execute/intrinsic_eoshift.f90 compilation,  -O2 
FAIL: gfortran.fortran-torture/execute/intrinsic_eoshift.f90 compilation,  -O3 -fomit-frame-pointer 
FAIL: gfortran.fortran-torture/execute/intrinsic_eoshift.f90 compilation,  -O3 -fomit-frame-pointer -funroll-loops 
FAIL: gfortran.fortran-torture/execute/intrinsic_eoshift.f90 compilation,  -O3 -fomit-frame-pointer -funroll-all-loops -finline-functions 
FAIL: gfortran.fortran-torture/execute/intrinsic_eoshift.f90 compilation,  -O3 -g 
FAIL: gfortran.fortran-torture/execute/intrinsic_eoshift.f90 compilation,  -Os 
FAIL: gfortran.fortran-torture/execute/intrinsic_fraction_exponent.f90 compilation,  -O0 
FAIL: gfortran.fortran-torture/execute/intrinsic_fraction_exponent.f90 compilation,  -O1 
FAIL: gfortran.fortran-torture/execute/intrinsic_fraction_exponent.f90 compilation,  -O2 
FAIL: gfortran.fortran-torture/execute/intrinsic_fraction_exponent.f90 compilation,  -O3 -fomit-frame-pointer 
FAIL: gfortran.fortran-torture/execute/intrinsic_fraction_exponent.f90 compilation,  -O3 -fomit-frame-pointer -funroll-loops 
FAIL: gfortran.fortran-torture/execute/intrinsic_fraction_exponent.f90 compilation,  -O3 -fomit-frame-pointer -funroll-all-loops -finline-functions 
FAIL: gfortran.fortran-torture/execute/intrinsic_fraction_exponent.f90 compilation,  -O3 -g 
FAIL: gfortran.fortran-torture/execute/intrinsic_fraction_exponent.f90 compilation,  -Os 
FAIL: gfortran.fortran-torture/execute/intrinsic_index.f90 compilation,  -O0 
FAIL: gfortran.fortran-torture/execute/intrinsic_index.f90 compilation,  -O1 
FAIL: gfortran.fortran-torture/execute/intrinsic_index.f90 compilation,  -O2 
FAIL: gfortran.fortran-torture/execute/intrinsic_index.f90 compilation,  -O3 -fomit-frame-pointer 
FAIL: gfortran.fortran-torture/execute/intrinsic_index.f90 compilation,  -O3 -fomit-frame-pointer -funroll-loops 
FAIL: gfortran.fortran-torture/execute/intrinsic_index.f90 compilation,  -O3 -fomit-frame-pointer -funroll-all-loops -finline-functions 
FAIL: gfortran.fortran-torture/execute/intrinsic_index.f90 compilation,  -O3 -g 
FAIL: gfortran.fortran-torture/execute/intrinsic_index.f90 compilation,  -Os 
FAIL: gfortran.fortran-torture/execute/intrinsic_integer.f90 compilation,  -O0 
FAIL: gfortran.fortran-torture/execute/intrinsic_integer.f90 compilation,  -O1 
FAIL: gfortran.fortran-torture/execute/intrinsic_integer.f90 compilation,  -O2 
FAIL: gfortran.fortran-torture/execute/intrinsic_integer.f90 compilation,  -O3 -fomit-frame-pointer 
FAIL: gfortran.fortran-torture/execute/intrinsic_integer.f90 compilation,  -O3 -fomit-frame-pointer -funroll-loops 
FAIL: gfortran.fortran-torture/execute/intrinsic_integer.f90 compilation,  -O3 -fomit-frame-pointer -funroll-all-loops -finline-functions 
FAIL: gfortran.fortran-torture/execute/intrinsic_integer.f90 compilation,  -O3 -g 
FAIL: gfortran.fortran-torture/execute/intrinsic_integer.f90 compilation,  -Os 
FAIL: gfortran.fortran-torture/execute/intrinsic_len.f90 compilation,  -O0 
FAIL: gfortran.fortran-torture/execute/intrinsic_len.f90 compilation,  -O1 
FAIL: gfortran.fortran-torture/execute/intrinsic_len.f90 compilation,  -O2 
FAIL: gfortran.fortran-torture/execute/intrinsic_len.f90 compilation,  -O3 -fomit-frame-pointer 
FAIL: gfortran.fortran-torture/execute/intrinsic_len.f90 compilation,  -O3 -fomit-frame-pointer -funroll-loops 
FAIL: gfortran.fortran-torture/execute/intrinsic_len.f90 compilation,  -O3 -fomit-frame-pointer -funroll-all-loops -finline-functions 
FAIL: gfortran.fortran-torture/execute/intrinsic_len.f90 compilation,  -O3 -g 
FAIL: gfortran.fortran-torture/execute/intrinsic_len.f90 compilation,  -Os 
FAIL: gfortran.fortran-torture/execute/intrinsic_matmul.f90 compilation,  -O0 
FAIL: gfortran.fortran-torture/execute/intrinsic_matmul.f90 compilation,  -O1 
FAIL: gfortran.fortran-torture/execute/intrinsic_matmul.f90 compilation,  -O2 
FAIL: gfortran.fortran-torture/execute/intrinsic_matmul.f90 compilation,  -O3 -fomit-frame-pointer 
FAIL: gfortran.fortran-torture/execute/intrinsic_matmul.f90 compilation,  -O3 -fomit-frame-pointer -funroll-loops 
FAIL: gfortran.fortran-torture/execute/intrinsic_matmul.f90 compilation,  -O3 -fomit-frame-pointer -funroll-all-loops -finline-functions 
FAIL: gfortran.fortran-torture/execute/intrinsic_matmul.f90 compilation,  -O3 -g 
FAIL: gfortran.fortran-torture/execute/intrinsic_matmul.f90 compilation,  -Os 
FAIL: gfortran.fortran-torture/execute/intrinsic_merge.f90 compilation,  -O0 
FAIL: gfortran.fortran-torture/execute/intrinsic_merge.f90 compilation,  -O1 
FAIL: gfortran.fortran-torture/execute/intrinsic_merge.f90 compilation,  -O2 
FAIL: gfortran.fortran-torture/execute/intrinsic_merge.f90 compilation,  -O3 -fomit-frame-pointer 
FAIL: gfortran.fortran-torture/execute/intrinsic_merge.f90 compilation,  -O3 -fomit-frame-pointer -funroll-loops 
FAIL: gfortran.fortran-torture/execute/intrinsic_merge.f90 compilation,  -O3 -fomit-frame-pointer -funroll-all-loops -finline-functions 
FAIL: gfortran.fortran-torture/execute/intrinsic_merge.f90 compilation,  -O3 -g 
FAIL: gfortran.fortran-torture/execute/intrinsic_merge.f90 compilation,  -Os 
FAIL: gfortran.fortran-torture/execute/intrinsic_minmax.f90 compilation,  -O0 
FAIL: gfortran.fortran-torture/execute/intrinsic_minmax.f90 compilation,  -O1 
FAIL: gfortran.fortran-torture/execute/intrinsic_minmax.f90 compilation,  -O2 
FAIL: gfortran.fortran-torture/execute/intrinsic_minmax.f90 compilation,  -O3 -fomit-frame-pointer 
FAIL: gfortran.fortran-torture/execute/intrinsic_minmax.f90 compilation,  -O3 -fomit-frame-pointer -funroll-loops 
FAIL: gfortran.fortran-torture/execute/intrinsic_minmax.f90 compilation,  -O3 -fomit-frame-pointer -funroll-all-loops -finline-functions 
FAIL: gfortran.fortran-torture/execute/intrinsic_minmax.f90 compilation,  -O3 -g 
FAIL: gfortran.fortran-torture/execute/intrinsic_minmax.f90 compilation,  -Os 
FAIL: gfortran.fortran-torture/execute/intrinsic_mmloc.f90 compilation,  -O0 
FAIL: gfortran.fortran-torture/execute/intrinsic_mmloc.f90 compilation,  -O1 
FAIL: gfortran.fortran-torture/execute/intrinsic_mmloc.f90 compilation,  -O2 
FAIL: gfortran.fortran-torture/execute/intrinsic_mmloc.f90 compilation,  -O3 -fomit-frame-pointer 
FAIL: gfortran.fortran-torture/execute/intrinsic_mmloc.f90 compilation,  -O3 -fomit-frame-pointer -funroll-loops 
FAIL: gfortran.fortran-torture/execute/intrinsic_mmloc.f90 compilation,  -O3 -fomit-frame-pointer -funroll-all-loops -finline-functions 
FAIL: gfortran.fortran-torture/execute/intrinsic_mmloc.f90 compilation,  -O3 -g 
FAIL: gfortran.fortran-torture/execute/intrinsic_mmloc.f90 compilation,  -Os 
FAIL: gfortran.fortran-torture/execute/intrinsic_mmloc_2.f90 compilation,  -O0 
FAIL: gfortran.fortran-torture/execute/intrinsic_mmloc_2.f90 compilation,  -O1 
FAIL: gfortran.fortran-torture/execute/intrinsic_mmloc_2.f90 compilation,  -O2 
FAIL: gfortran.fortran-torture/execute/intrinsic_mmloc_2.f90 compilation,  -O3 -fomit-frame-pointer 
FAIL: gfortran.fortran-torture/execute/intrinsic_mmloc_2.f90 compilation,  -O3 -fomit-frame-pointer -funroll-loops 
FAIL: gfortran.fortran-torture/execute/intrinsic_mmloc_2.f90 compilation,  -O3 -fomit-frame-pointer -funroll-all-loops -finline-functions 
FAIL: gfortran.fortran-torture/execute/intrinsic_mmloc_2.f90 compilation,  -O3 -g 
FAIL: gfortran.fortran-torture/execute/intrinsic_mmloc_2.f90 compilation,  -Os 
FAIL: gfortran.fortran-torture/execute/intrinsic_mmloc_3.f90 compilation,  -O0 
FAIL: gfortran.fortran-torture/execute/intrinsic_mmloc_3.f90 compilation,  -O1 
FAIL: gfortran.fortran-torture/execute/intrinsic_mmloc_3.f90 compilation,  -O2 
FAIL: gfortran.fortran-torture/execute/intrinsic_mmloc_3.f90 compilation,  -O3 -fomit-frame-pointer 
FAIL: gfortran.fortran-torture/execute/intrinsic_mmloc_3.f90 compilation,  -O3 -fomit-frame-pointer -funroll-loops 
FAIL: gfortran.fortran-torture/execute/intrinsic_mmloc_3.f90 compilation,  -O3 -fomit-frame-pointer -funroll-all-loops -finline-functions 
FAIL: gfortran.fortran-torture/execute/intrinsic_mmloc_3.f90 compilation,  -O3 -g 
FAIL: gfortran.fortran-torture/execute/intrinsic_mmloc_3.f90 compilation,  -Os 
FAIL: gfortran.fortran-torture/execute/intrinsic_mmloc_4.f90 compilation,  -O0 
FAIL: gfortran.fortran-torture/execute/intrinsic_mmloc_4.f90 compilation,  -O1 
FAIL: gfortran.fortran-torture/execute/intrinsic_mmloc_4.f90 compilation,  -O2 
FAIL: gfortran.fortran-torture/execute/intrinsic_mmloc_4.f90 compilation,  -O3 -fomit-frame-pointer 
FAIL: gfortran.fortran-torture/execute/intrinsic_mmloc_4.f90 compilation,  -O3 -fomit-frame-pointer -funroll-loops 
FAIL: gfortran.fortran-torture/execute/intrinsic_mmloc_4.f90 compilation,  -O3 -fomit-frame-pointer -funroll-all-loops -finline-functions 
FAIL: gfortran.fortran-torture/execute/intrinsic_mmloc_4.f90 compilation,  -O3 -g 
FAIL: gfortran.fortran-torture/execute/intrinsic_mmloc_4.f90 compilation,  -Os 
FAIL: gfortran.fortran-torture/execute/intrinsic_mmval.f90 compilation,  -O0 
FAIL: gfortran.fortran-torture/execute/intrinsic_mmval.f90 compilation,  -O1 
FAIL: gfortran.fortran-torture/execute/intrinsic_mmval.f90 compilation,  -O2 
FAIL: gfortran.fortran-torture/execute/intrinsic_mmval.f90 compilation,  -O3 -fomit-frame-pointer 
FAIL: gfortran.fortran-torture/execute/intrinsic_mmval.f90 compilation,  -O3 -fomit-frame-pointer -funroll-loops 
FAIL: gfortran.fortran-torture/execute/intrinsic_mmval.f90 compilation,  -O3 -fomit-frame-pointer -funroll-all-loops -finline-functions 
FAIL: gfortran.fortran-torture/execute/intrinsic_mmval.f90 compilation,  -O3 -g 
FAIL: gfortran.fortran-torture/execute/intrinsic_mmval.f90 compilation,  -Os 
FAIL: gfortran.fortran-torture/execute/intrinsic_mod_ulo.f90 compilation,  -O0 
FAIL: gfortran.fortran-torture/execute/intrinsic_mod_ulo.f90 compilation,  -O1 
FAIL: gfortran.fortran-torture/execute/intrinsic_mod_ulo.f90 compilation,  -O2 
FAIL: gfortran.fortran-torture/execute/intrinsic_mod_ulo.f90 compilation,  -O3 -fomit-frame-pointer 
FAIL: gfortran.fortran-torture/execute/intrinsic_mod_ulo.f90 compilation,  -O3 -fomit-frame-pointer -funroll-loops 
FAIL: gfortran.fortran-torture/execute/intrinsic_mod_ulo.f90 compilation,  -O3 -fomit-frame-pointer -funroll-all-loops -finline-functions 
FAIL: gfortran.fortran-torture/execute/intrinsic_mod_ulo.f90 compilation,  -O3 -g 
FAIL: gfortran.fortran-torture/execute/intrinsic_mod_ulo.f90 compilation,  -Os 
FAIL: gfortran.fortran-torture/execute/intrinsic_nearest.f90 compilation,  -O0 
FAIL: gfortran.fortran-torture/execute/intrinsic_nearest.f90 compilation,  -O1 
FAIL: gfortran.fortran-torture/execute/intrinsic_nearest.f90 compilation,  -O2 
FAIL: gfortran.fortran-torture/execute/intrinsic_nearest.f90 compilation,  -O3 -fomit-frame-pointer 
FAIL: gfortran.fortran-torture/execute/intrinsic_nearest.f90 compilation,  -O3 -fomit-frame-pointer -funroll-loops 
FAIL: gfortran.fortran-torture/execute/intrinsic_nearest.f90 compilation,  -O3 -fomit-frame-pointer -funroll-all-loops -finline-functions 
FAIL: gfortran.fortran-torture/execute/intrinsic_nearest.f90 compilation,  -O3 -g 
FAIL: gfortran.fortran-torture/execute/intrinsic_nearest.f90 compilation,  -Os 
FAIL: gfortran.fortran-torture/execute/intrinsic_pack.f90 compilation,  -O0 
FAIL: gfortran.fortran-torture/execute/intrinsic_pack.f90 compilation,  -O1 
FAIL: gfortran.fortran-torture/execute/intrinsic_pack.f90 compilation,  -O2 
FAIL: gfortran.fortran-torture/execute/intrinsic_pack.f90 compilation,  -O3 -fomit-frame-pointer 
FAIL: gfortran.fortran-torture/execute/intrinsic_pack.f90 compilation,  -O3 -fomit-frame-pointer -funroll-loops 
FAIL: gfortran.fortran-torture/execute/intrinsic_pack.f90 compilation,  -O3 -fomit-frame-pointer -funroll-all-loops -finline-functions 
FAIL: gfortran.fortran-torture/execute/intrinsic_pack.f90 compilation,  -O3 -g 
FAIL: gfortran.fortran-torture/execute/intrinsic_pack.f90 compilation,  -Os 
FAIL: gfortran.fortran-torture/execute/intrinsic_present.f90 compilation,  -O0 
FAIL: gfortran.fortran-torture/execute/intrinsic_present.f90 compilation,  -O1 
FAIL: gfortran.fortran-torture/execute/intrinsic_present.f90 compilation,  -O2 
FAIL: gfortran.fortran-torture/execute/intrinsic_present.f90 compilation,  -O3 -fomit-frame-pointer 
FAIL: gfortran.fortran-torture/execute/intrinsic_present.f90 compilation,  -O3 -fomit-frame-pointer -funroll-loops 
FAIL: gfortran.fortran-torture/execute/intrinsic_present.f90 compilation,  -O3 -fomit-frame-pointer -funroll-all-loops -finline-functions 
FAIL: gfortran.fortran-torture/execute/intrinsic_present.f90 compilation,  -O3 -g 
FAIL: gfortran.fortran-torture/execute/intrinsic_present.f90 compilation,  -Os 
FAIL: gfortran.fortran-torture/execute/intrinsic_product.f90 compilation,  -O0 
FAIL: gfortran.fortran-torture/execute/intrinsic_product.f90 compilation,  -O1 
FAIL: gfortran.fortran-torture/execute/intrinsic_product.f90 compilation,  -O2 
FAIL: gfortran.fortran-torture/execute/intrinsic_product.f90 compilation,  -O3 -fomit-frame-pointer 
FAIL: gfortran.fortran-torture/execute/intrinsic_product.f90 compilation,  -O3 -fomit-frame-pointer -funroll-loops 
FAIL: gfortran.fortran-torture/execute/intrinsic_product.f90 compilation,  -O3 -fomit-frame-pointer -funroll-all-loops -finline-functions 
FAIL: gfortran.fortran-torture/execute/intrinsic_product.f90 compilation,  -O3 -g 
FAIL: gfortran.fortran-torture/execute/intrinsic_product.f90 compilation,  -Os 
FAIL: gfortran.fortran-torture/execute/intrinsic_rrspacing.f90 compilation,  -O0 
FAIL: gfortran.fortran-torture/execute/intrinsic_rrspacing.f90 compilation,  -O1 
FAIL: gfortran.fortran-torture/execute/intrinsic_rrspacing.f90 compilation,  -O2 
FAIL: gfortran.fortran-torture/execute/intrinsic_rrspacing.f90 compilation,  -O3 -fomit-frame-pointer 
FAIL: gfortran.fortran-torture/execute/intrinsic_rrspacing.f90 compilation,  -O3 -fomit-frame-pointer -funroll-loops 
FAIL: gfortran.fortran-torture/execute/intrinsic_rrspacing.f90 compilation,  -O3 -fomit-frame-pointer -funroll-all-loops -finline-functions 
FAIL: gfortran.fortran-torture/execute/intrinsic_rrspacing.f90 compilation,  -O3 -g 
FAIL: gfortran.fortran-torture/execute/intrinsic_rrspacing.f90 compilation,  -Os 
FAIL: gfortran.fortran-torture/execute/intrinsic_scale.f90 compilation,  -O0 
FAIL: gfortran.fortran-torture/execute/intrinsic_scale.f90 compilation,  -O1 
FAIL: gfortran.fortran-torture/execute/intrinsic_scale.f90 compilation,  -O2 
FAIL: gfortran.fortran-torture/execute/intrinsic_scale.f90 compilation,  -O3 -fomit-frame-pointer 
FAIL: gfortran.fortran-torture/execute/intrinsic_scale.f90 compilation,  -O3 -fomit-frame-pointer -funroll-loops 
FAIL: gfortran.fortran-torture/execute/intrinsic_scale.f90 compilation,  -O3 -fomit-frame-pointer -funroll-all-loops -finline-functions 
FAIL: gfortran.fortran-torture/execute/intrinsic_scale.f90 compilation,  -O3 -g 
FAIL: gfortran.fortran-torture/execute/intrinsic_scale.f90 compilation,  -Os 
FAIL: gfortran.fortran-torture/execute/intrinsic_set_exponent.f90 compilation,  -O0 
FAIL: gfortran.fortran-torture/execute/intrinsic_set_exponent.f90 compilation,  -O1 
FAIL: gfortran.fortran-torture/execute/intrinsic_set_exponent.f90 compilation,  -O2 
FAIL: gfortran.fortran-torture/execute/intrinsic_set_exponent.f90 compilation,  -O3 -fomit-frame-pointer 
FAIL: gfortran.fortran-torture/execute/intrinsic_set_exponent.f90 compilation,  -O3 -fomit-frame-pointer -funroll-loops 
FAIL: gfortran.fortran-torture/execute/intrinsic_set_exponent.f90 compilation,  -O3 -fomit-frame-pointer -funroll-all-loops -finline-functions 
FAIL: gfortran.fortran-torture/execute/intrinsic_set_exponent.f90 compilation,  -O3 -g 
FAIL: gfortran.fortran-torture/execute/intrinsic_set_exponent.f90 compilation,  -Os 
FAIL: gfortran.fortran-torture/execute/intrinsic_shape.f90 compilation,  -O0 
FAIL: gfortran.fortran-torture/execute/intrinsic_shape.f90 compilation,  -O1 
FAIL: gfortran.fortran-torture/execute/intrinsic_shape.f90 compilation,  -O2 
FAIL: gfortran.fortran-torture/execute/intrinsic_shape.f90 compilation,  -O3 -fomit-frame-pointer 
FAIL: gfortran.fortran-torture/execute/intrinsic_shape.f90 compilation,  -O3 -fomit-frame-pointer -funroll-loops 
FAIL: gfortran.fortran-torture/execute/intrinsic_shape.f90 compilation,  -O3 -fomit-frame-pointer -funroll-all-loops -finline-functions 
FAIL: gfortran.fortran-torture/execute/intrinsic_shape.f90 compilation,  -O3 -g 
FAIL: gfortran.fortran-torture/execute/intrinsic_shape.f90 compilation,  -Os 
FAIL: gfortran.fortran-torture/execute/intrinsic_si_kind.f90 compilation,  -O0 
FAIL: gfortran.fortran-torture/execute/intrinsic_si_kind.f90 compilation,  -O1 
FAIL: gfortran.fortran-torture/execute/intrinsic_si_kind.f90 compilation,  -O2 
FAIL: gfortran.fortran-torture/execute/intrinsic_si_kind.f90 compilation,  -O3 -fomit-frame-pointer 
FAIL: gfortran.fortran-torture/execute/intrinsic_si_kind.f90 compilation,  -O3 -fomit-frame-pointer -funroll-loops 
FAIL: gfortran.fortran-torture/execute/intrinsic_si_kind.f90 compilation,  -O3 -fomit-frame-pointer -funroll-all-loops -finline-functions 
FAIL: gfortran.fortran-torture/execute/intrinsic_si_kind.f90 compilation,  -O3 -g 
FAIL: gfortran.fortran-torture/execute/intrinsic_si_kind.f90 compilation,  -Os 
FAIL: gfortran.fortran-torture/execute/intrinsic_sign.f90 compilation,  -O0 
FAIL: gfortran.fortran-torture/execute/intrinsic_sign.f90 compilation,  -O1 
FAIL: gfortran.fortran-torture/execute/intrinsic_sign.f90 compilation,  -O2 
FAIL: gfortran.fortran-torture/execute/intrinsic_sign.f90 compilation,  -O3 -fomit-frame-pointer 
FAIL: gfortran.fortran-torture/execute/intrinsic_sign.f90 compilation,  -O3 -fomit-frame-pointer -funroll-loops 
FAIL: gfortran.fortran-torture/execute/intrinsic_sign.f90 compilation,  -O3 -fomit-frame-pointer -funroll-all-loops -finline-functions 
FAIL: gfortran.fortran-torture/execute/intrinsic_sign.f90 compilation,  -O3 -g 
FAIL: gfortran.fortran-torture/execute/intrinsic_sign.f90 compilation,  -Os 
FAIL: gfortran.fortran-torture/execute/intrinsic_size.f90 compilation,  -O0 
FAIL: gfortran.fortran-torture/execute/intrinsic_size.f90 compilation,  -O1 
FAIL: gfortran.fortran-torture/execute/intrinsic_size.f90 compilation,  -O2 
FAIL: gfortran.fortran-torture/execute/intrinsic_size.f90 compilation,  -O3 -fomit-frame-pointer 
FAIL: gfortran.fortran-torture/execute/intrinsic_size.f90 compilation,  -O3 -fomit-frame-pointer -funroll-loops 
FAIL: gfortran.fortran-torture/execute/intrinsic_size.f90 compilation,  -O3 -fomit-frame-pointer -funroll-all-loops -finline-functions 
FAIL: gfortran.fortran-torture/execute/intrinsic_size.f90 compilation,  -O3 -g 
FAIL: gfortran.fortran-torture/execute/intrinsic_size.f90 compilation,  -Os 
FAIL: gfortran.fortran-torture/execute/intrinsic_spacing.f90 compilation,  -O0 
FAIL: gfortran.fortran-torture/execute/intrinsic_spacing.f90 compilation,  -O1 
FAIL: gfortran.fortran-torture/execute/intrinsic_spacing.f90 compilation,  -O2 
FAIL: gfortran.fortran-torture/execute/intrinsic_spacing.f90 compilation,  -O3 -fomit-frame-pointer 
FAIL: gfortran.fortran-torture/execute/intrinsic_spacing.f90 compilation,  -O3 -fomit-frame-pointer -funroll-loops 
FAIL: gfortran.fortran-torture/execute/intrinsic_spacing.f90 compilation,  -O3 -fomit-frame-pointer -funroll-all-loops -finline-functions 
FAIL: gfortran.fortran-torture/execute/intrinsic_spacing.f90 compilation,  -O3 -g 
FAIL: gfortran.fortran-torture/execute/intrinsic_spacing.f90 compilation,  -Os 
FAIL: gfortran.fortran-torture/execute/intrinsic_spread.f90 compilation,  -O0 
FAIL: gfortran.fortran-torture/execute/intrinsic_spread.f90 compilation,  -O1 
FAIL: gfortran.fortran-torture/execute/intrinsic_spread.f90 compilation,  -O2 
FAIL: gfortran.fortran-torture/execute/intrinsic_spread.f90 compilation,  -O3 -fomit-frame-pointer 
FAIL: gfortran.fortran-torture/execute/intrinsic_spread.f90 compilation,  -O3 -fomit-frame-pointer -funroll-loops 
FAIL: gfortran.fortran-torture/execute/intrinsic_spread.f90 compilation,  -O3 -fomit-frame-pointer -funroll-all-loops -finline-functions 
FAIL: gfortran.fortran-torture/execute/intrinsic_spread.f90 compilation,  -O3 -g 
FAIL: gfortran.fortran-torture/execute/intrinsic_spread.f90 compilation,  -Os 
FAIL: gfortran.fortran-torture/execute/intrinsic_sr_kind.f90 compilation,  -O0 
FAIL: gfortran.fortran-torture/execute/intrinsic_sr_kind.f90 compilation,  -O1 
FAIL: gfortran.fortran-torture/execute/intrinsic_sr_kind.f90 compilation,  -O2 
FAIL: gfortran.fortran-torture/execute/intrinsic_sr_kind.f90 compilation,  -O3 -fomit-frame-pointer 
FAIL: gfortran.fortran-torture/execute/intrinsic_sr_kind.f90 compilation,  -O3 -fomit-frame-pointer -funroll-loops 
FAIL: gfortran.fortran-torture/execute/intrinsic_sr_kind.f90 compilation,  -O3 -fomit-frame-pointer -funroll-all-loops -finline-functions 
FAIL: gfortran.fortran-torture/execute/intrinsic_sr_kind.f90 compilation,  -O3 -g 
FAIL: gfortran.fortran-torture/execute/intrinsic_sr_kind.f90 compilation,  -Os 
FAIL: gfortran.fortran-torture/execute/intrinsic_sum.f90 compilation,  -O0 
FAIL: gfortran.fortran-torture/execute/intrinsic_sum.f90 compilation,  -O1 
FAIL: gfortran.fortran-torture/execute/intrinsic_sum.f90 compilation,  -O2 
FAIL: gfortran.fortran-torture/execute/intrinsic_sum.f90 compilation,  -O3 -fomit-frame-pointer 
FAIL: gfortran.fortran-torture/execute/intrinsic_sum.f90 compilation,  -O3 -fomit-frame-pointer -funroll-loops 
FAIL: gfortran.fortran-torture/execute/intrinsic_sum.f90 compilation,  -O3 -fomit-frame-pointer -funroll-all-loops -finline-functions 
FAIL: gfortran.fortran-torture/execute/intrinsic_sum.f90 compilation,  -O3 -g 
FAIL: gfortran.fortran-torture/execute/intrinsic_sum.f90 compilation,  -Os 
FAIL: gfortran.fortran-torture/execute/intrinsic_transpose.f90 compilation,  -O0 
FAIL: gfortran.fortran-torture/execute/intrinsic_transpose.f90 compilation,  -O1 
FAIL: gfortran.fortran-torture/execute/intrinsic_transpose.f90 compilation,  -O2 
FAIL: gfortran.fortran-torture/execute/intrinsic_transpose.f90 compilation,  -O3 -fomit-frame-pointer 
FAIL: gfortran.fortran-torture/execute/intrinsic_transpose.f90 compilation,  -O3 -fomit-frame-pointer -funroll-loops 
FAIL: gfortran.fortran-torture/execute/intrinsic_transpose.f90 compilation,  -O3 -fomit-frame-pointer -funroll-all-loops -finline-functions 
FAIL: gfortran.fortran-torture/execute/intrinsic_transpose.f90 compilation,  -O3 -g 
FAIL: gfortran.fortran-torture/execute/intrinsic_transpose.f90 compilation,  -Os 
FAIL: gfortran.fortran-torture/execute/intrinsic_trim.f90 compilation,  -O0 
FAIL: gfortran.fortran-torture/execute/intrinsic_trim.f90 compilation,  -O1 
FAIL: gfortran.fortran-torture/execute/intrinsic_trim.f90 compilation,  -O2 
FAIL: gfortran.fortran-torture/execute/intrinsic_trim.f90 compilation,  -O3 -fomit-frame-pointer 
FAIL: gfortran.fortran-torture/execute/intrinsic_trim.f90 compilation,  -O3 -fomit-frame-pointer -funroll-loops 
FAIL: gfortran.fortran-torture/execute/intrinsic_trim.f90 compilation,  -O3 -fomit-frame-pointer -funroll-all-loops -finline-functions 
FAIL: gfortran.fortran-torture/execute/intrinsic_trim.f90 compilation,  -O3 -g 
FAIL: gfortran.fortran-torture/execute/intrinsic_trim.f90 compilation,  -Os 
FAIL: gfortran.fortran-torture/execute/intrinsic_unpack.f90 compilation,  -O0 
FAIL: gfortran.fortran-torture/execute/intrinsic_unpack.f90 compilation,  -O1 
FAIL: gfortran.fortran-torture/execute/intrinsic_unpack.f90 compilation,  -O2 
FAIL: gfortran.fortran-torture/execute/intrinsic_unpack.f90 compilation,  -O3 -fomit-frame-pointer 
FAIL: gfortran.fortran-torture/execute/intrinsic_unpack.f90 compilation,  -O3 -fomit-frame-pointer -funroll-loops 
FAIL: gfortran.fortran-torture/execute/intrinsic_unpack.f90 compilation,  -O3 -fomit-frame-pointer -funroll-all-loops -finline-functions 
FAIL: gfortran.fortran-torture/execute/intrinsic_unpack.f90 compilation,  -O3 -g 
FAIL: gfortran.fortran-torture/execute/intrinsic_unpack.f90 compilation,  -Os 
FAIL: gfortran.fortran-torture/execute/iolength_1.f90 compilation,  -O0 
FAIL: gfortran.fortran-torture/execute/iolength_1.f90 compilation,  -O1 
FAIL: gfortran.fortran-torture/execute/iolength_1.f90 compilation,  -O2 
FAIL: gfortran.fortran-torture/execute/iolength_1.f90 compilation,  -O3 -fomit-frame-pointer 
FAIL: gfortran.fortran-torture/execute/iolength_1.f90 compilation,  -O3 -fomit-frame-pointer -funroll-loops 
FAIL: gfortran.fortran-torture/execute/iolength_1.f90 compilation,  -O3 -fomit-frame-pointer -funroll-all-loops -finline-functions 
FAIL: gfortran.fortran-torture/execute/iolength_1.f90 compilation,  -O3 -g 
FAIL: gfortran.fortran-torture/execute/iolength_1.f90 compilation,  -Os 
FAIL: gfortran.fortran-torture/execute/iolength_3.f90 compilation,  -O0 
FAIL: gfortran.fortran-torture/execute/iolength_3.f90 compilation,  -O1 
FAIL: gfortran.fortran-torture/execute/iolength_3.f90 compilation,  -O2 
FAIL: gfortran.fortran-torture/execute/iolength_3.f90 compilation,  -O3 -fomit-frame-pointer 
FAIL: gfortran.fortran-torture/execute/iolength_3.f90 compilation,  -O3 -fomit-frame-pointer -funroll-loops 
FAIL: gfortran.fortran-torture/execute/iolength_3.f90 compilation,  -O3 -fomit-frame-pointer -funroll-all-loops -finline-functions 
FAIL: gfortran.fortran-torture/execute/iolength_3.f90 compilation,  -O3 -g 
FAIL: gfortran.fortran-torture/execute/iolength_3.f90 compilation,  -Os 
FAIL: gfortran.fortran-torture/execute/list_read_1.f90 compilation,  -O0 
FAIL: gfortran.fortran-torture/execute/list_read_1.f90 compilation,  -O1 
FAIL: gfortran.fortran-torture/execute/list_read_1.f90 compilation,  -O2 
FAIL: gfortran.fortran-torture/execute/list_read_1.f90 compilation,  -O3 -fomit-frame-pointer 
FAIL: gfortran.fortran-torture/execute/list_read_1.f90 compilation,  -O3 -fomit-frame-pointer -funroll-loops 
FAIL: gfortran.fortran-torture/execute/list_read_1.f90 compilation,  -O3 -fomit-frame-pointer -funroll-all-loops -finline-functions 
FAIL: gfortran.fortran-torture/execute/list_read_1.f90 compilation,  -O3 -g 
FAIL: gfortran.fortran-torture/execute/list_read_1.f90 compilation,  -Os 
FAIL: gfortran.fortran-torture/execute/mainsub.f90 compilation,  -O0 
FAIL: gfortran.fortran-torture/execute/mainsub.f90 compilation,  -O1 
FAIL: gfortran.fortran-torture/execute/mainsub.f90 compilation,  -O2 
FAIL: gfortran.fortran-torture/execute/mainsub.f90 compilation,  -O3 -fomit-frame-pointer 
FAIL: gfortran.fortran-torture/execute/mainsub.f90 compilation,  -O3 -fomit-frame-pointer -funroll-loops 
FAIL: gfortran.fortran-torture/execute/mainsub.f90 compilation,  -O3 -fomit-frame-pointer -funroll-all-loops -finline-functions 
FAIL: gfortran.fortran-torture/execute/mainsub.f90 compilation,  -O3 -g 
FAIL: gfortran.fortran-torture/execute/mainsub.f90 compilation,  -Os 
FAIL: gfortran.fortran-torture/execute/math.f90 compilation,  -O0 
FAIL: gfortran.fortran-torture/execute/math.f90 compilation,  -O1 
FAIL: gfortran.fortran-torture/execute/math.f90 compilation,  -O2 
FAIL: gfortran.fortran-torture/execute/math.f90 compilation,  -O3 -fomit-frame-pointer 
FAIL: gfortran.fortran-torture/execute/math.f90 compilation,  -O3 -fomit-frame-pointer -funroll-loops 
FAIL: gfortran.fortran-torture/execute/math.f90 compilation,  -O3 -fomit-frame-pointer -funroll-all-loops -finline-functions 
FAIL: gfortran.fortran-torture/execute/math.f90 compilation,  -O3 -g 
FAIL: gfortran.fortran-torture/execute/math.f90 compilation,  -Os 
FAIL: gfortran.fortran-torture/execute/module_interface.f90 compilation,  -O0 
FAIL: gfortran.fortran-torture/execute/module_interface.f90 compilation,  -O1 
FAIL: gfortran.fortran-torture/execute/module_interface.f90 compilation,  -O2 
FAIL: gfortran.fortran-torture/execute/module_interface.f90 compilation,  -O3 -fomit-frame-pointer 
FAIL: gfortran.fortran-torture/execute/module_interface.f90 compilation,  -O3 -fomit-frame-pointer -funroll-loops 
FAIL: gfortran.fortran-torture/execute/module_interface.f90 compilation,  -O3 -fomit-frame-pointer -funroll-all-loops -finline-functions 
FAIL: gfortran.fortran-torture/execute/module_interface.f90 compilation,  -O3 -g 
FAIL: gfortran.fortran-torture/execute/module_interface.f90 compilation,  -Os 
FAIL: gfortran.fortran-torture/execute/module_interface_2.f90 compilation,  -O0 
FAIL: gfortran.fortran-torture/execute/module_interface_2.f90 compilation,  -O1 
FAIL: gfortran.fortran-torture/execute/module_interface_2.f90 compilation,  -O2 
FAIL: gfortran.fortran-torture/execute/module_interface_2.f90 compilation,  -O3 -fomit-frame-pointer 
FAIL: gfortran.fortran-torture/execute/module_interface_2.f90 compilation,  -O3 -fomit-frame-pointer -funroll-loops 
FAIL: gfortran.fortran-torture/execute/module_interface_2.f90 compilation,  -O3 -fomit-frame-pointer -funroll-all-loops -finline-functions 
FAIL: gfortran.fortran-torture/execute/module_interface_2.f90 compilation,  -O3 -g 
FAIL: gfortran.fortran-torture/execute/module_interface_2.f90 compilation,  -Os 
FAIL: gfortran.fortran-torture/execute/mystery_proc.f90 compilation,  -O0 
FAIL: gfortran.fortran-torture/execute/mystery_proc.f90 compilation,  -O1 
FAIL: gfortran.fortran-torture/execute/mystery_proc.f90 compilation,  -O2 
FAIL: gfortran.fortran-torture/execute/mystery_proc.f90 compilation,  -O3 -fomit-frame-pointer 
FAIL: gfortran.fortran-torture/execute/mystery_proc.f90 compilation,  -O3 -fomit-frame-pointer -funroll-loops 
FAIL: gfortran.fortran-torture/execute/mystery_proc.f90 compilation,  -O3 -fomit-frame-pointer -funroll-all-loops -finline-functions 
FAIL: gfortran.fortran-torture/execute/mystery_proc.f90 compilation,  -O3 -g 
FAIL: gfortran.fortran-torture/execute/mystery_proc.f90 compilation,  -Os 
FAIL: gfortran.fortran-torture/execute/nestcons.f90 compilation,  -O0 
FAIL: gfortran.fortran-torture/execute/nestcons.f90 compilation,  -O1 
FAIL: gfortran.fortran-torture/execute/nestcons.f90 compilation,  -O2 
FAIL: gfortran.fortran-torture/execute/nestcons.f90 compilation,  -O3 -fomit-frame-pointer 
FAIL: gfortran.fortran-torture/execute/nestcons.f90 compilation,  -O3 -fomit-frame-pointer -funroll-loops 
FAIL: gfortran.fortran-torture/execute/nestcons.f90 compilation,  -O3 -fomit-frame-pointer -funroll-all-loops -finline-functions 
FAIL: gfortran.fortran-torture/execute/nestcons.f90 compilation,  -O3 -g 
FAIL: gfortran.fortran-torture/execute/nestcons.f90 compilation,  -Os 
FAIL: gfortran.fortran-torture/execute/open_replace.f90 compilation,  -O0 
FAIL: gfortran.fortran-torture/execute/open_replace.f90 compilation,  -O1 
FAIL: gfortran.fortran-torture/execute/open_replace.f90 compilation,  -O2 
FAIL: gfortran.fortran-torture/execute/open_replace.f90 compilation,  -O3 -fomit-frame-pointer 
FAIL: gfortran.fortran-torture/execute/open_replace.f90 compilation,  -O3 -fomit-frame-pointer -funroll-loops 
FAIL: gfortran.fortran-torture/execute/open_replace.f90 compilation,  -O3 -fomit-frame-pointer -funroll-all-loops -finline-functions 
FAIL: gfortran.fortran-torture/execute/open_replace.f90 compilation,  -O3 -g 
FAIL: gfortran.fortran-torture/execute/open_replace.f90 compilation,  -Os 
FAIL: gfortran.fortran-torture/execute/optstring_1.f90 compilation,  -O0 
FAIL: gfortran.fortran-torture/execute/optstring_1.f90 compilation,  -O1 
FAIL: gfortran.fortran-torture/execute/optstring_1.f90 compilation,  -O2 
FAIL: gfortran.fortran-torture/execute/optstring_1.f90 compilation,  -O3 -fomit-frame-pointer 
FAIL: gfortran.fortran-torture/execute/optstring_1.f90 compilation,  -O3 -fomit-frame-pointer -funroll-loops 
FAIL: gfortran.fortran-torture/execute/optstring_1.f90 compilation,  -O3 -fomit-frame-pointer -funroll-all-loops -finline-functions 
FAIL: gfortran.fortran-torture/execute/optstring_1.f90 compilation,  -O3 -g 
FAIL: gfortran.fortran-torture/execute/optstring_1.f90 compilation,  -Os 
FAIL: gfortran.fortran-torture/execute/parameter_1.f90 compilation,  -O0 
FAIL: gfortran.fortran-torture/execute/parameter_1.f90 compilation,  -O1 
FAIL: gfortran.fortran-torture/execute/parameter_1.f90 compilation,  -O2 
FAIL: gfortran.fortran-torture/execute/parameter_1.f90 compilation,  -O3 -fomit-frame-pointer 
FAIL: gfortran.fortran-torture/execute/parameter_1.f90 compilation,  -O3 -fomit-frame-pointer -funroll-loops 
FAIL: gfortran.fortran-torture/execute/parameter_1.f90 compilation,  -O3 -fomit-frame-pointer -funroll-all-loops -finline-functions 
FAIL: gfortran.fortran-torture/execute/parameter_1.f90 compilation,  -O3 -g 
FAIL: gfortran.fortran-torture/execute/parameter_1.f90 compilation,  -Os 
FAIL: gfortran.fortran-torture/execute/partparm.f90 compilation,  -O0 
FAIL: gfortran.fortran-torture/execute/partparm.f90 compilation,  -O1 
FAIL: gfortran.fortran-torture/execute/partparm.f90 compilation,  -O2 
FAIL: gfortran.fortran-torture/execute/partparm.f90 compilation,  -O3 -fomit-frame-pointer 
FAIL: gfortran.fortran-torture/execute/partparm.f90 compilation,  -O3 -fomit-frame-pointer -funroll-loops 
FAIL: gfortran.fortran-torture/execute/partparm.f90 compilation,  -O3 -fomit-frame-pointer -funroll-all-loops -finline-functions 
FAIL: gfortran.fortran-torture/execute/partparm.f90 compilation,  -O3 -g 
FAIL: gfortran.fortran-torture/execute/partparm.f90 compilation,  -Os 
FAIL: gfortran.fortran-torture/execute/plusconst_1.f90 compilation,  -O0 
FAIL: gfortran.fortran-torture/execute/plusconst_1.f90 compilation,  -O1 
FAIL: gfortran.fortran-torture/execute/plusconst_1.f90 compilation,  -O2 
FAIL: gfortran.fortran-torture/execute/plusconst_1.f90 compilation,  -O3 -fomit-frame-pointer 
FAIL: gfortran.fortran-torture/execute/plusconst_1.f90 compilation,  -O3 -fomit-frame-pointer -funroll-loops 
FAIL: gfortran.fortran-torture/execute/plusconst_1.f90 compilation,  -O3 -fomit-frame-pointer -funroll-all-loops -finline-functions 
FAIL: gfortran.fortran-torture/execute/plusconst_1.f90 compilation,  -O3 -g 
FAIL: gfortran.fortran-torture/execute/plusconst_1.f90 compilation,  -Os 
FAIL: gfortran.fortran-torture/execute/power.f90 compilation,  -O0 
FAIL: gfortran.fortran-torture/execute/power.f90 compilation,  -O1 
FAIL: gfortran.fortran-torture/execute/power.f90 compilation,  -O2 
FAIL: gfortran.fortran-torture/execute/power.f90 compilation,  -O3 -fomit-frame-pointer 
FAIL: gfortran.fortran-torture/execute/power.f90 compilation,  -O3 -fomit-frame-pointer -funroll-loops 
FAIL: gfortran.fortran-torture/execute/power.f90 compilation,  -O3 -fomit-frame-pointer -funroll-all-loops -finline-functions 
FAIL: gfortran.fortran-torture/execute/power.f90 compilation,  -O3 -g 
FAIL: gfortran.fortran-torture/execute/power.f90 compilation,  -Os 
FAIL: gfortran.fortran-torture/execute/procarg.f90 compilation,  -O0 
FAIL: gfortran.fortran-torture/execute/procarg.f90 compilation,  -O1 
FAIL: gfortran.fortran-torture/execute/procarg.f90 compilation,  -O2 
FAIL: gfortran.fortran-torture/execute/procarg.f90 compilation,  -O3 -fomit-frame-pointer 
FAIL: gfortran.fortran-torture/execute/procarg.f90 compilation,  -O3 -fomit-frame-pointer -funroll-loops 
FAIL: gfortran.fortran-torture/execute/procarg.f90 compilation,  -O3 -fomit-frame-pointer -funroll-all-loops -finline-functions 
FAIL: gfortran.fortran-torture/execute/procarg.f90 compilation,  -O3 -g 
FAIL: gfortran.fortran-torture/execute/procarg.f90 compilation,  -Os 
FAIL: gfortran.fortran-torture/execute/ptr.f90 compilation,  -O0 
FAIL: gfortran.fortran-torture/execute/ptr.f90 compilation,  -O1 
FAIL: gfortran.fortran-torture/execute/ptr.f90 compilation,  -O2 
FAIL: gfortran.fortran-torture/execute/ptr.f90 compilation,  -O3 -fomit-frame-pointer 
FAIL: gfortran.fortran-torture/execute/ptr.f90 compilation,  -O3 -fomit-frame-pointer -funroll-loops 
FAIL: gfortran.fortran-torture/execute/ptr.f90 compilation,  -O3 -fomit-frame-pointer -funroll-all-loops -finline-functions 
FAIL: gfortran.fortran-torture/execute/ptr.f90 compilation,  -O3 -g 
FAIL: gfortran.fortran-torture/execute/ptr.f90 compilation,  -Os 
FAIL: gfortran.fortran-torture/execute/random_1.f90 compilation,  -O0 
FAIL: gfortran.fortran-torture/execute/random_1.f90 compilation,  -O1 
FAIL: gfortran.fortran-torture/execute/random_1.f90 compilation,  -O2 
FAIL: gfortran.fortran-torture/execute/random_1.f90 compilation,  -O3 -fomit-frame-pointer 
FAIL: gfortran.fortran-torture/execute/random_1.f90 compilation,  -O3 -fomit-frame-pointer -funroll-loops 
FAIL: gfortran.fortran-torture/execute/random_1.f90 compilation,  -O3 -fomit-frame-pointer -funroll-all-loops -finline-functions 
FAIL: gfortran.fortran-torture/execute/random_1.f90 compilation,  -O3 -g 
FAIL: gfortran.fortran-torture/execute/random_1.f90 compilation,  -Os 
FAIL: gfortran.fortran-torture/execute/random_2.f90 compilation,  -O0 
FAIL: gfortran.fortran-torture/execute/random_2.f90 compilation,  -O1 
FAIL: gfortran.fortran-torture/execute/random_2.f90 compilation,  -O2 
FAIL: gfortran.fortran-torture/execute/random_2.f90 compilation,  -O3 -fomit-frame-pointer 
FAIL: gfortran.fortran-torture/execute/random_2.f90 compilation,  -O3 -fomit-frame-pointer -funroll-loops 
FAIL: gfortran.fortran-torture/execute/random_2.f90 compilation,  -O3 -fomit-frame-pointer -funroll-all-loops -finline-functions 
FAIL: gfortran.fortran-torture/execute/random_2.f90 compilation,  -O3 -g 
FAIL: gfortran.fortran-torture/execute/random_2.f90 compilation,  -Os 
FAIL: gfortran.fortran-torture/execute/random_init.f90 compilation,  -O0 
FAIL: gfortran.fortran-torture/execute/random_init.f90 compilation,  -O1 
FAIL: gfortran.fortran-torture/execute/random_init.f90 compilation,  -O2 
FAIL: gfortran.fortran-torture/execute/random_init.f90 compilation,  -O3 -fomit-frame-pointer 
FAIL: gfortran.fortran-torture/execute/random_init.f90 compilation,  -O3 -fomit-frame-pointer -funroll-loops 
FAIL: gfortran.fortran-torture/execute/random_init.f90 compilation,  -O3 -fomit-frame-pointer -funroll-all-loops -finline-functions 
FAIL: gfortran.fortran-torture/execute/random_init.f90 compilation,  -O3 -g 
FAIL: gfortran.fortran-torture/execute/random_init.f90 compilation,  -Os 
FAIL: gfortran.fortran-torture/execute/retarray.f90 compilation,  -O0 
FAIL: gfortran.fortran-torture/execute/retarray.f90 compilation,  -O1 
FAIL: gfortran.fortran-torture/execute/retarray.f90 compilation,  -O2 
FAIL: gfortran.fortran-torture/execute/retarray.f90 compilation,  -O3 -fomit-frame-pointer 
FAIL: gfortran.fortran-torture/execute/retarray.f90 compilation,  -O3 -fomit-frame-pointer -funroll-loops 
FAIL: gfortran.fortran-torture/execute/retarray.f90 compilation,  -O3 -fomit-frame-pointer -funroll-all-loops -finline-functions 
FAIL: gfortran.fortran-torture/execute/retarray.f90 compilation,  -O3 -g 
FAIL: gfortran.fortran-torture/execute/retarray.f90 compilation,  -Os 
FAIL: gfortran.fortran-torture/execute/retarray_2.f90 compilation,  -O0 
FAIL: gfortran.fortran-torture/execute/retarray_2.f90 compilation,  -O1 
FAIL: gfortran.fortran-torture/execute/retarray_2.f90 compilation,  -O2 
FAIL: gfortran.fortran-torture/execute/retarray_2.f90 compilation,  -O3 -fomit-frame-pointer 
FAIL: gfortran.fortran-torture/execute/retarray_2.f90 compilation,  -O3 -fomit-frame-pointer -funroll-loops 
FAIL: gfortran.fortran-torture/execute/retarray_2.f90 compilation,  -O3 -fomit-frame-pointer -funroll-all-loops -finline-functions 
FAIL: gfortran.fortran-torture/execute/retarray_2.f90 compilation,  -O3 -g 
FAIL: gfortran.fortran-torture/execute/retarray_2.f90 compilation,  -Os 
FAIL: gfortran.fortran-torture/execute/scalarize.f90 compilation,  -O0 
FAIL: gfortran.fortran-torture/execute/scalarize.f90 compilation,  -O1 
FAIL: gfortran.fortran-torture/execute/scalarize.f90 compilation,  -O2 
FAIL: gfortran.fortran-torture/execute/scalarize.f90 compilation,  -O3 -fomit-frame-pointer 
FAIL: gfortran.fortran-torture/execute/scalarize.f90 compilation,  -O3 -fomit-frame-pointer -funroll-loops 
FAIL: gfortran.fortran-torture/execute/scalarize.f90 compilation,  -O3 -fomit-frame-pointer -funroll-all-loops -finline-functions 
FAIL: gfortran.fortran-torture/execute/scalarize.f90 compilation,  -O3 -g 
FAIL: gfortran.fortran-torture/execute/scalarize.f90 compilation,  -Os 
FAIL: gfortran.fortran-torture/execute/scalarize2.f90 compilation,  -O0 
FAIL: gfortran.fortran-torture/execute/scalarize2.f90 compilation,  -O1 
FAIL: gfortran.fortran-torture/execute/scalarize2.f90 compilation,  -O2 
FAIL: gfortran.fortran-torture/execute/scalarize2.f90 compilation,  -O3 -fomit-frame-pointer 
FAIL: gfortran.fortran-torture/execute/scalarize2.f90 compilation,  -O3 -fomit-frame-pointer -funroll-loops 
FAIL: gfortran.fortran-torture/execute/scalarize2.f90 compilation,  -O3 -fomit-frame-pointer -funroll-all-loops -finline-functions 
FAIL: gfortran.fortran-torture/execute/scalarize2.f90 compilation,  -O3 -g 
FAIL: gfortran.fortran-torture/execute/scalarize2.f90 compilation,  -Os 
FAIL: gfortran.fortran-torture/execute/scalarize3.f90 compilation,  -O0 
FAIL: gfortran.fortran-torture/execute/scalarize3.f90 compilation,  -O1 
FAIL: gfortran.fortran-torture/execute/scalarize3.f90 compilation,  -O2 
FAIL: gfortran.fortran-torture/execute/scalarize3.f90 compilation,  -O3 -fomit-frame-pointer 
FAIL: gfortran.fortran-torture/execute/scalarize3.f90 compilation,  -O3 -fomit-frame-pointer -funroll-loops 
FAIL: gfortran.fortran-torture/execute/scalarize3.f90 compilation,  -O3 -fomit-frame-pointer -funroll-all-loops -finline-functions 
FAIL: gfortran.fortran-torture/execute/scalarize3.f90 compilation,  -O3 -g 
FAIL: gfortran.fortran-torture/execute/scalarize3.f90 compilation,  -Os 
FAIL: gfortran.fortran-torture/execute/specifics.f90 compilation,  -O0 
FAIL: gfortran.fortran-torture/execute/specifics.f90 compilation,  -O1 
FAIL: gfortran.fortran-torture/execute/specifics.f90 compilation,  -O2 
FAIL: gfortran.fortran-torture/execute/specifics.f90 compilation,  -O3 -fomit-frame-pointer 
FAIL: gfortran.fortran-torture/execute/specifics.f90 compilation,  -O3 -fomit-frame-pointer -funroll-loops 
FAIL: gfortran.fortran-torture/execute/specifics.f90 compilation,  -O3 -fomit-frame-pointer -funroll-all-loops -finline-functions 
FAIL: gfortran.fortran-torture/execute/specifics.f90 compilation,  -O3 -g 
FAIL: gfortran.fortran-torture/execute/specifics.f90 compilation,  -Os 
FAIL: gfortran.fortran-torture/execute/st_function.f90 compilation,  -O0 
FAIL: gfortran.fortran-torture/execute/st_function.f90 compilation,  -O1 
FAIL: gfortran.fortran-torture/execute/st_function.f90 compilation,  -O2 
FAIL: gfortran.fortran-torture/execute/st_function.f90 compilation,  -O3 -fomit-frame-pointer 
FAIL: gfortran.fortran-torture/execute/st_function.f90 compilation,  -O3 -fomit-frame-pointer -funroll-loops 
FAIL: gfortran.fortran-torture/execute/st_function.f90 compilation,  -O3 -fomit-frame-pointer -funroll-all-loops -finline-functions 
FAIL: gfortran.fortran-torture/execute/st_function.f90 compilation,  -O3 -g 
FAIL: gfortran.fortran-torture/execute/st_function.f90 compilation,  -Os 
FAIL: gfortran.fortran-torture/execute/st_function_1.f90 compilation,  -O0 
FAIL: gfortran.fortran-torture/execute/st_function_1.f90 compilation,  -O1 
FAIL: gfortran.fortran-torture/execute/st_function_1.f90 compilation,  -O2 
FAIL: gfortran.fortran-torture/execute/st_function_1.f90 compilation,  -O3 -fomit-frame-pointer 
FAIL: gfortran.fortran-torture/execute/st_function_1.f90 compilation,  -O3 -fomit-frame-pointer -funroll-loops 
FAIL: gfortran.fortran-torture/execute/st_function_1.f90 compilation,  -O3 -fomit-frame-pointer -funroll-all-loops -finline-functions 
FAIL: gfortran.fortran-torture/execute/st_function_1.f90 compilation,  -O3 -g 
FAIL: gfortran.fortran-torture/execute/st_function_1.f90 compilation,  -Os 
FAIL: gfortran.fortran-torture/execute/st_function_2.f90 compilation,  -O0 
FAIL: gfortran.fortran-torture/execute/st_function_2.f90 compilation,  -O1 
FAIL: gfortran.fortran-torture/execute/st_function_2.f90 compilation,  -O2 
FAIL: gfortran.fortran-torture/execute/st_function_2.f90 compilation,  -O3 -fomit-frame-pointer 
FAIL: gfortran.fortran-torture/execute/st_function_2.f90 compilation,  -O3 -fomit-frame-pointer -funroll-loops 
FAIL: gfortran.fortran-torture/execute/st_function_2.f90 compilation,  -O3 -fomit-frame-pointer -funroll-all-loops -finline-functions 
FAIL: gfortran.fortran-torture/execute/st_function_2.f90 compilation,  -O3 -g 
FAIL: gfortran.fortran-torture/execute/st_function_2.f90 compilation,  -Os 
FAIL: gfortran.fortran-torture/execute/stack_varsize.f90 compilation,  -O0 
FAIL: gfortran.fortran-torture/execute/stack_varsize.f90 compilation,  -O1 
FAIL: gfortran.fortran-torture/execute/stack_varsize.f90 compilation,  -O2 
FAIL: gfortran.fortran-torture/execute/stack_varsize.f90 compilation,  -O3 -fomit-frame-pointer 
FAIL: gfortran.fortran-torture/execute/stack_varsize.f90 compilation,  -O3 -fomit-frame-pointer -funroll-loops 
FAIL: gfortran.fortran-torture/execute/stack_varsize.f90 compilation,  -O3 -fomit-frame-pointer -funroll-all-loops -finline-functions 
FAIL: gfortran.fortran-torture/execute/stack_varsize.f90 compilation,  -O3 -g 
FAIL: gfortran.fortran-torture/execute/stack_varsize.f90 compilation,  -Os 
FAIL: gfortran.fortran-torture/execute/straret.f90 compilation,  -O0 
FAIL: gfortran.fortran-torture/execute/straret.f90 compilation,  -O1 
FAIL: gfortran.fortran-torture/execute/straret.f90 compilation,  -O2 
FAIL: gfortran.fortran-torture/execute/straret.f90 compilation,  -O3 -fomit-frame-pointer 
FAIL: gfortran.fortran-torture/execute/straret.f90 compilation,  -O3 -fomit-frame-pointer -funroll-loops 
FAIL: gfortran.fortran-torture/execute/straret.f90 compilation,  -O3 -fomit-frame-pointer -funroll-all-loops -finline-functions 
FAIL: gfortran.fortran-torture/execute/straret.f90 compilation,  -O3 -g 
FAIL: gfortran.fortran-torture/execute/straret.f90 compilation,  -Os 
FAIL: gfortran.fortran-torture/execute/strarray_1.f90 compilation,  -O0 
FAIL: gfortran.fortran-torture/execute/strarray_1.f90 compilation,  -O1 
FAIL: gfortran.fortran-torture/execute/strarray_1.f90 compilation,  -O2 
FAIL: gfortran.fortran-torture/execute/strarray_1.f90 compilation,  -O3 -fomit-frame-pointer 
FAIL: gfortran.fortran-torture/execute/strarray_1.f90 compilation,  -O3 -fomit-frame-pointer -funroll-loops 
FAIL: gfortran.fortran-torture/execute/strarray_1.f90 compilation,  -O3 -fomit-frame-pointer -funroll-all-loops -finline-functions 
FAIL: gfortran.fortran-torture/execute/strarray_1.f90 compilation,  -O3 -g 
FAIL: gfortran.fortran-torture/execute/strarray_1.f90 compilation,  -Os 
FAIL: gfortran.fortran-torture/execute/strarray_2.f90 compilation,  -O0 
FAIL: gfortran.fortran-torture/execute/strarray_2.f90 compilation,  -O1 
FAIL: gfortran.fortran-torture/execute/strarray_2.f90 compilation,  -O2 
FAIL: gfortran.fortran-torture/execute/strarray_2.f90 compilation,  -O3 -fomit-frame-pointer 
FAIL: gfortran.fortran-torture/execute/strarray_2.f90 compilation,  -O3 -fomit-frame-pointer -funroll-loops 
FAIL: gfortran.fortran-torture/execute/strarray_2.f90 compilation,  -O3 -fomit-frame-pointer -funroll-all-loops -finline-functions 
FAIL: gfortran.fortran-torture/execute/strarray_2.f90 compilation,  -O3 -g 
FAIL: gfortran.fortran-torture/execute/strarray_2.f90 compilation,  -Os 
FAIL: gfortran.fortran-torture/execute/strarray_3.f90 compilation,  -O0 
FAIL: gfortran.fortran-torture/execute/strarray_3.f90 compilation,  -O1 
FAIL: gfortran.fortran-torture/execute/strarray_3.f90 compilation,  -O2 
FAIL: gfortran.fortran-torture/execute/strarray_3.f90 compilation,  -O3 -fomit-frame-pointer 
FAIL: gfortran.fortran-torture/execute/strarray_3.f90 compilation,  -O3 -fomit-frame-pointer -funroll-loops 
FAIL: gfortran.fortran-torture/execute/strarray_3.f90 compilation,  -O3 -fomit-frame-pointer -funroll-all-loops -finline-functions 
FAIL: gfortran.fortran-torture/execute/strarray_3.f90 compilation,  -O3 -g 
FAIL: gfortran.fortran-torture/execute/strarray_3.f90 compilation,  -Os 
FAIL: gfortran.fortran-torture/execute/strarray_4.f90 compilation,  -O0 
FAIL: gfortran.fortran-torture/execute/strarray_4.f90 compilation,  -O1 
FAIL: gfortran.fortran-torture/execute/strarray_4.f90 compilation,  -O2 
FAIL: gfortran.fortran-torture/execute/strarray_4.f90 compilation,  -O3 -fomit-frame-pointer 
FAIL: gfortran.fortran-torture/execute/strarray_4.f90 compilation,  -O3 -fomit-frame-pointer -funroll-loops 
FAIL: gfortran.fortran-torture/execute/strarray_4.f90 compilation,  -O3 -fomit-frame-pointer -funroll-all-loops -finline-functions 
FAIL: gfortran.fortran-torture/execute/strarray_4.f90 compilation,  -O3 -g 
FAIL: gfortran.fortran-torture/execute/strarray_4.f90 compilation,  -Os 
FAIL: gfortran.fortran-torture/execute/strcmp.f90 compilation,  -O0 
FAIL: gfortran.fortran-torture/execute/strcmp.f90 compilation,  -O1 
FAIL: gfortran.fortran-torture/execute/strcmp.f90 compilation,  -O2 
FAIL: gfortran.fortran-torture/execute/strcmp.f90 compilation,  -O3 -fomit-frame-pointer 
FAIL: gfortran.fortran-torture/execute/strcmp.f90 compilation,  -O3 -fomit-frame-pointer -funroll-loops 
FAIL: gfortran.fortran-torture/execute/strcmp.f90 compilation,  -O3 -fomit-frame-pointer -funroll-all-loops -finline-functions 
FAIL: gfortran.fortran-torture/execute/strcmp.f90 compilation,  -O3 -g 
FAIL: gfortran.fortran-torture/execute/strcmp.f90 compilation,  -Os 
FAIL: gfortran.fortran-torture/execute/strcommon_1.f90 compilation,  -O0 
FAIL: gfortran.fortran-torture/execute/strcommon_1.f90 compilation,  -O1 
FAIL: gfortran.fortran-torture/execute/strcommon_1.f90 compilation,  -O2 
FAIL: gfortran.fortran-torture/execute/strcommon_1.f90 compilation,  -O3 -fomit-frame-pointer 
FAIL: gfortran.fortran-torture/execute/strcommon_1.f90 compilation,  -O3 -fomit-frame-pointer -funroll-loops 
FAIL: gfortran.fortran-torture/execute/strcommon_1.f90 compilation,  -O3 -fomit-frame-pointer -funroll-all-loops -finline-functions 
FAIL: gfortran.fortran-torture/execute/strcommon_1.f90 compilation,  -O3 -g 
FAIL: gfortran.fortran-torture/execute/strcommon_1.f90 compilation,  -Os 
FAIL: gfortran.fortran-torture/execute/string.f90 compilation,  -O0 
FAIL: gfortran.fortran-torture/execute/string.f90 compilation,  -O1 
FAIL: gfortran.fortran-torture/execute/string.f90 compilation,  -O2 
FAIL: gfortran.fortran-torture/execute/string.f90 compilation,  -O3 -fomit-frame-pointer 
FAIL: gfortran.fortran-torture/execute/string.f90 compilation,  -O3 -fomit-frame-pointer -funroll-loops 
FAIL: gfortran.fortran-torture/execute/string.f90 compilation,  -O3 -fomit-frame-pointer -funroll-all-loops -finline-functions 
FAIL: gfortran.fortran-torture/execute/string.f90 compilation,  -O3 -g 
FAIL: gfortran.fortran-torture/execute/string.f90 compilation,  -Os 
FAIL: gfortran.fortran-torture/execute/strlen.f90 compilation,  -O0 
FAIL: gfortran.fortran-torture/execute/strlen.f90 compilation,  -O1 
FAIL: gfortran.fortran-torture/execute/strlen.f90 compilation,  -O2 
FAIL: gfortran.fortran-torture/execute/strlen.f90 compilation,  -O3 -fomit-frame-pointer 
FAIL: gfortran.fortran-torture/execute/strlen.f90 compilation,  -O3 -fomit-frame-pointer -funroll-loops 
FAIL: gfortran.fortran-torture/execute/strlen.f90 compilation,  -O3 -fomit-frame-pointer -funroll-all-loops -finline-functions 
FAIL: gfortran.fortran-torture/execute/strlen.f90 compilation,  -O3 -g 
FAIL: gfortran.fortran-torture/execute/strlen.f90 compilation,  -Os 
FAIL: gfortran.fortran-torture/execute/strret.f90 compilation,  -O0 
FAIL: gfortran.fortran-torture/execute/strret.f90 compilation,  -O1 
FAIL: gfortran.fortran-torture/execute/strret.f90 compilation,  -O2 
FAIL: gfortran.fortran-torture/execute/strret.f90 compilation,  -O3 -fomit-frame-pointer 
FAIL: gfortran.fortran-torture/execute/strret.f90 compilation,  -O3 -fomit-frame-pointer -funroll-loops 
FAIL: gfortran.fortran-torture/execute/strret.f90 compilation,  -O3 -fomit-frame-pointer -funroll-all-loops -finline-functions 
FAIL: gfortran.fortran-torture/execute/strret.f90 compilation,  -O3 -g 
FAIL: gfortran.fortran-torture/execute/strret.f90 compilation,  -Os 
FAIL: gfortran.fortran-torture/execute/test_slice.f90 compilation,  -O0 
FAIL: gfortran.fortran-torture/execute/test_slice.f90 compilation,  -O1 
FAIL: gfortran.fortran-torture/execute/test_slice.f90 compilation,  -O2 
FAIL: gfortran.fortran-torture/execute/test_slice.f90 compilation,  -O3 -fomit-frame-pointer 
FAIL: gfortran.fortran-torture/execute/test_slice.f90 compilation,  -O3 -fomit-frame-pointer -funroll-loops 
FAIL: gfortran.fortran-torture/execute/test_slice.f90 compilation,  -O3 -fomit-frame-pointer -funroll-all-loops -finline-functions 
FAIL: gfortran.fortran-torture/execute/test_slice.f90 compilation,  -O3 -g 
FAIL: gfortran.fortran-torture/execute/test_slice.f90 compilation,  -Os 
FAIL: gfortran.fortran-torture/execute/unopened_unit_1.f90 compilation,  -O0 
FAIL: gfortran.fortran-torture/execute/unopened_unit_1.f90 compilation,  -O1 
FAIL: gfortran.fortran-torture/execute/unopened_unit_1.f90 compilation,  -O2 
FAIL: gfortran.fortran-torture/execute/unopened_unit_1.f90 compilation,  -O3 -fomit-frame-pointer 
FAIL: gfortran.fortran-torture/execute/unopened_unit_1.f90 compilation,  -O3 -fomit-frame-pointer -funroll-loops 
FAIL: gfortran.fortran-torture/execute/unopened_unit_1.f90 compilation,  -O3 -fomit-frame-pointer -funroll-all-loops -finline-functions 
FAIL: gfortran.fortran-torture/execute/unopened_unit_1.f90 compilation,  -O3 -g 
FAIL: gfortran.fortran-torture/execute/unopened_unit_1.f90 compilation,  -Os 
FAIL: gfortran.fortran-torture/execute/userop.f90 compilation,  -O0 
FAIL: gfortran.fortran-torture/execute/userop.f90 compilation,  -O1 
FAIL: gfortran.fortran-torture/execute/userop.f90 compilation,  -O2 
FAIL: gfortran.fortran-torture/execute/userop.f90 compilation,  -O3 -fomit-frame-pointer 
FAIL: gfortran.fortran-torture/execute/userop.f90 compilation,  -O3 -fomit-frame-pointer -funroll-loops 
FAIL: gfortran.fortran-torture/execute/userop.f90 compilation,  -O3 -fomit-frame-pointer -funroll-all-loops -finline-functions 
FAIL: gfortran.fortran-torture/execute/userop.f90 compilation,  -O3 -g 
FAIL: gfortran.fortran-torture/execute/userop.f90 compilation,  -Os 
FAIL: gfortran.fortran-torture/execute/where_1.f90 compilation,  -O0 
FAIL: gfortran.fortran-torture/execute/where_1.f90 compilation,  -O1 
FAIL: gfortran.fortran-torture/execute/where_1.f90 compilation,  -O2 
FAIL: gfortran.fortran-torture/execute/where_1.f90 compilation,  -O3 -fomit-frame-pointer 
FAIL: gfortran.fortran-torture/execute/where_1.f90 compilation,  -O3 -fomit-frame-pointer -funroll-loops 
FAIL: gfortran.fortran-torture/execute/where_1.f90 compilation,  -O3 -fomit-frame-pointer -funroll-all-loops -finline-functions 
FAIL: gfortran.fortran-torture/execute/where_1.f90 compilation,  -O3 -g 
FAIL: gfortran.fortran-torture/execute/where_1.f90 compilation,  -Os 
FAIL: gfortran.fortran-torture/execute/where_2.f90 compilation,  -O0 
FAIL: gfortran.fortran-torture/execute/where_2.f90 compilation,  -O1 
FAIL: gfortran.fortran-torture/execute/where_2.f90 compilation,  -O2 
FAIL: gfortran.fortran-torture/execute/where_2.f90 compilation,  -O3 -fomit-frame-pointer 
FAIL: gfortran.fortran-torture/execute/where_2.f90 compilation,  -O3 -fomit-frame-pointer -funroll-loops 
FAIL: gfortran.fortran-torture/execute/where_2.f90 compilation,  -O3 -fomit-frame-pointer -funroll-all-loops -finline-functions 
FAIL: gfortran.fortran-torture/execute/where_2.f90 compilation,  -O3 -g 
FAIL: gfortran.fortran-torture/execute/where_2.f90 compilation,  -Os 
FAIL: gfortran.fortran-torture/execute/where_3.f90 compilation,  -O0 
FAIL: gfortran.fortran-torture/execute/where_3.f90 compilation,  -O1 
FAIL: gfortran.fortran-torture/execute/where_3.f90 compilation,  -O2 
FAIL: gfortran.fortran-torture/execute/where_3.f90 compilation,  -O3 -fomit-frame-pointer 
FAIL: gfortran.fortran-torture/execute/where_3.f90 compilation,  -O3 -fomit-frame-pointer -funroll-loops 
FAIL: gfortran.fortran-torture/execute/where_3.f90 compilation,  -O3 -fomit-frame-pointer -funroll-all-loops -finline-functions 
FAIL: gfortran.fortran-torture/execute/where_3.f90 compilation,  -O3 -g 
FAIL: gfortran.fortran-torture/execute/where_3.f90 compilation,  -Os 
FAIL: gfortran.fortran-torture/execute/where_4.f90 compilation,  -O0 
FAIL: gfortran.fortran-torture/execute/where_4.f90 compilation,  -O1 
FAIL: gfortran.fortran-torture/execute/where_4.f90 compilation,  -O2 
FAIL: gfortran.fortran-torture/execute/where_4.f90 compilation,  -O3 -fomit-frame-pointer 
FAIL: gfortran.fortran-torture/execute/where_4.f90 compilation,  -O3 -fomit-frame-pointer -funroll-loops 
FAIL: gfortran.fortran-torture/execute/where_4.f90 compilation,  -O3 -fomit-frame-pointer -funroll-all-loops -finline-functions 
FAIL: gfortran.fortran-torture/execute/where_4.f90 compilation,  -O3 -g 
FAIL: gfortran.fortran-torture/execute/where_4.f90 compilation,  -Os 
FAIL: gfortran.fortran-torture/execute/where_5.f90 compilation,  -O0 
FAIL: gfortran.fortran-torture/execute/where_5.f90 compilation,  -O1 
FAIL: gfortran.fortran-torture/execute/where_5.f90 compilation,  -O2 
FAIL: gfortran.fortran-torture/execute/where_5.f90 compilation,  -O3 -fomit-frame-pointer 
FAIL: gfortran.fortran-torture/execute/where_5.f90 compilation,  -O3 -fomit-frame-pointer -funroll-loops 
FAIL: gfortran.fortran-torture/execute/where_5.f90 compilation,  -O3 -fomit-frame-pointer -funroll-all-loops -finline-functions 
FAIL: gfortran.fortran-torture/execute/where_5.f90 compilation,  -O3 -g 
FAIL: gfortran.fortran-torture/execute/where_5.f90 compilation,  -Os 
FAIL: gfortran.fortran-torture/execute/where_6.f90 compilation,  -O0 
FAIL: gfortran.fortran-torture/execute/where_6.f90 compilation,  -O1 
FAIL: gfortran.fortran-torture/execute/where_6.f90 compilation,  -O2 
FAIL: gfortran.fortran-torture/execute/where_6.f90 compilation,  -O3 -fomit-frame-pointer 
FAIL: gfortran.fortran-torture/execute/where_6.f90 compilation,  -O3 -fomit-frame-pointer -funroll-loops 
FAIL: gfortran.fortran-torture/execute/where_6.f90 compilation,  -O3 -fomit-frame-pointer -funroll-all-loops -finline-functions 
FAIL: gfortran.fortran-torture/execute/where_6.f90 compilation,  -O3 -g 
FAIL: gfortran.fortran-torture/execute/where_6.f90 compilation,  -Os 
FAIL: gfortran.fortran-torture/execute/write_a_1.f90 compilation,  -O0 
FAIL: gfortran.fortran-torture/execute/write_a_1.f90 compilation,  -O1 
FAIL: gfortran.fortran-torture/execute/write_a_1.f90 compilation,  -O2 
FAIL: gfortran.fortran-torture/execute/write_a_1.f90 compilation,  -O3 -fomit-frame-pointer 
FAIL: gfortran.fortran-torture/execute/write_a_1.f90 compilation,  -O3 -fomit-frame-pointer -funroll-loops 
FAIL: gfortran.fortran-torture/execute/write_a_1.f90 compilation,  -O3 -fomit-frame-pointer -funroll-all-loops -finline-functions 
FAIL: gfortran.fortran-torture/execute/write_a_1.f90 compilation,  -O3 -g 
FAIL: gfortran.fortran-torture/execute/write_a_1.f90 compilation,  -Os 

		=== gfortran Summary ===

# of expected passes		1398
# of unexpected failures	1320
# of unexpected successes	1
# of expected failures		19
# of untested testcases		1120
# of unsupported tests		8
/local/build/gcc/testsuite/../gfortran  version 3.5.0 20040817 (experimental)

		=== g++ tests ===


Running target unix
XPASS: g++.dg/rtti/tinfo1.C scan-assembler _ZTIP9CTemplateIhE:
XPASS: g++.dg/rtti/tinfo1.C scan-assembler-not .globl[ \\t]+_ZTIP9CTemplateIhE
XPASS: g++.dg/rtti/tinfo1.C scan-assembler-not .section[^\\n\\r]*_ZTIP9CTemplateIhE[^\\n\\r]*
FAIL: 102:is -:should be 1
FAIL: g++.dg/gcov/gcov-1.C gcov: 1 failures in line counts, 0 in branch percentages, 0 in return percentages
WARNING: g++.old-deja/g++.mike/p10769a.C compilation failed to produce executable
WARNING: g++.old-deja/g++.other/enum5.C compilation failed to produce executable
XPASS: g++.old-deja/g++.other/init5.C execution test
WARNING: g++.old-deja/g++.pt/friend44.C compilation failed to produce executable

		=== g++ Summary ===

# of expected passes		10062
# of unexpected failures	2
# of unexpected successes	4
# of expected failures		78
# of unsupported tests		46
/local/build/gcc/testsuite/../g++  version 3.5.0 20040817 (experimental)

		=== objc tests ===


Running target unix

		=== objc Summary ===

# of expected passes		1404
# of unsupported tests		7
/local/build/gcc/xgcc  version 3.5.0 20040817 (experimental)

		=== libmudflap tests ===


Running target unix
FAIL: libmudflap.cth/pass40-frag.c execution test
FAIL: libmudflap.cth/pass40-frag.c output pattern test
FAIL: libmudflap.cth/pass40-frag.c (-O2) execution test
FAIL: libmudflap.cth/pass40-frag.c (-O2) output pattern test
FAIL: libmudflap.cth/pass40-frag.c (-O3) execution test
FAIL: libmudflap.cth/pass40-frag.c (-O3) output pattern test

		=== libmudflap Summary ===

# of expected passes		1130
# of unexpected failures	6

		=== libstdc++-v3 check-abi Summary ===

# of added symbols:		 25
# of missing symbols:		 0
# of incompatible symbols:	 0
		=== libstdc++ tests ===


Running target unix
XPASS: 22_locale/locale/cons/12658_thread-1.cc execution test
XPASS: 26_numerics/cmath/c99_classification_macros_c.cc (test for excess errors)

		=== libstdc++ Summary ===

# of expected passes		2847
# of unexpected successes	2
# of expected failures		5

Compiler version: 3.5.0 20040817 (experimental) 
Platform: i586-suse-linux-gnu
configure flags: --enable-threads=posix --prefix=/local/inst/gcc350 --disable-checking --disable-libgcj --with-gxx-include-dir=/local/inst/gcc350/include/g++ --with-system-zlib --enable-shared --enable-__cxa_atexit i586-suse-linux --enable-languages=c,c++,f95,objc


Index Nav: [Date Index] [Subject Index] [Author Index] [Thread Index]
Message Nav: [Date Prev] [Date Next] [Thread Prev] [Thread Next]