This is the mail archive of the gcc-testresults@gcc.gnu.org mailing list for the GCC project.


Index Nav: [Date Index] [Subject Index] [Author Index] [Thread Index]
Message Nav: [Date Prev] [Date Next] [Thread Prev] [Thread Next]
Other format: [Raw text]

Results for 3.3.4 (Debian 1:3.3.4-9) testsuite on alpha-unknown-linux-gnu


LAST_UPDATED: Fri Aug 13 10:38:11 UTC 2004

Native configuration is alpha-unknown-linux-gnu

		=== libjava tests ===


Running target unix
WARNING: program timed out.
FAIL: SyncTest execution - gij test
WARNING: program timed out.
FAIL: SyncTest execution - bytecode->native test
WARNING: program timed out.
FAIL: SyncTest execution - gij test
WARNING: program timed out.
FAIL: SyncTest -O execution - bytecode->native test
FAIL: initexc execution - gij test
FAIL: initexc execution - gij test

		=== libjava Summary ===

# of expected passes		2979
# of unexpected failures	6
# of expected failures		16
# of untested testcases		18

		=== libstdc++-v3 check-abi Summary ===

# of added symbols:		 91
# of missing symbols:		 0
# of incompatible symbols:	 0

using: /build/buildd/gcc-3.3-3.3.4/src/libstdc++-v3/config/abi/alpha-linux-gnu/baseline_symbols.txt

		=== libstdc++-v3 tests ===


Running target unix
XPASS: 22_locale/collate_byname.cc execution test
XPASS: 22_locale/collate_members_char.cc execution test
XPASS: 22_locale/collate_members_wchar_t.cc execution test
XPASS: 22_locale/ctype_is_char.cc execution test
XPASS: 22_locale/ctype_is_wchar_t.cc execution test
XPASS: 22_locale/members.cc execution test
XPASS: 22_locale/messages_byname.cc execution test
XPASS: 22_locale/messages_members_char.cc execution test
XPASS: 22_locale/money_get_members_char.cc execution test
XPASS: 22_locale/money_get_members_wchar_t.cc execution test
XPASS: 22_locale/money_put_members_char.cc execution test
XPASS: 22_locale/money_put_members_wchar_t.cc execution test
XPASS: 22_locale/moneypunct_byname.cc execution test
XPASS: 22_locale/moneypunct_members_char.cc execution test
XPASS: 22_locale/moneypunct_members_wchar_t.cc execution test
XPASS: 22_locale/num_get_members_char.cc execution test
XPASS: 22_locale/num_get_members_wchar_t.cc execution test
XPASS: 22_locale/num_put_members_char.cc execution test
XPASS: 22_locale/num_put_members_wchar_t.cc execution test
XPASS: 22_locale/numpunct_byname.cc execution test
XPASS: 22_locale/numpunct_members_char.cc execution test
XPASS: 22_locale/numpunct_members_wchar_t.cc execution test
XPASS: 22_locale/time_get_members_char.cc execution test
XPASS: 22_locale/time_get_members_wchar_t.cc execution test
XPASS: 22_locale/time_put_members_char.cc execution test
XPASS: 22_locale/time_put_members_wchar_t.cc execution test
FAIL: 26_numerics/fabs_inline.cc (test for excess errors)
WARNING: 26_numerics/fabs_inline.cc compilation failed to produce executable
WARNING: program timed out.
FAIL: 27_io/filebuf_members.cc execution test

		=== libstdc++-v3 Summary ===

# of expected passes		450
# of unexpected failures	2
# of unexpected successes	26
# of expected failures		2
		=== gpc tests ===


Running target any
FAIL: fjf762a.pas
FAIL: fjf781f.pas
FAIL: fproc.pas
FAIL: nlgpp.pas
FAIL: nlgpp2.pas

		=== gpc Summary ===

# of tests                3910
# of expected passes      3900
# of unexpected failures  5
# of unsupported tests    5
/build/buildd/gcc-3.3-3.3.4/build/gcc/xgpc version 20040516, based on gcc-3.3.4 (Debian 1:3.3.4-9)

		=== g++ tests ===


Running target unix
XPASS: g++.other/init5.C  Execution test

		=== g++ Summary ===

# of expected passes		8206
# of unexpected successes	1
# of expected failures		97
# of untested testcases		22
# of unsupported tests		29
/build/buildd/gcc-3.3-3.3.4/build/gcc/testsuite/../g++ version 3.3.4 (Debian 1:3.3.4-9)

		=== g77 tests ===


Running target unix
FAIL: g77.f-torture/execute/19990826-2.f compilation,  -O2 
FAIL: g77.f-torture/execute/19990826-2.f compilation,  -O3 -fomit-frame-pointer 
FAIL: g77.f-torture/execute/19990826-2.f compilation,  -O3 -g 
FAIL: g77.f-torture/execute/19990826-2.f compilation,  -Os 
FAIL: g77.f-torture/execute/20010116.f compilation,  -O2 
FAIL: g77.f-torture/execute/20010116.f compilation,  -O3 -fomit-frame-pointer 
FAIL: g77.f-torture/execute/20010116.f compilation,  -O3 -fomit-frame-pointer -funroll-loops 
FAIL: g77.f-torture/execute/20010116.f compilation,  -O3 -fomit-frame-pointer -funroll-all-loops -finline-functions 
FAIL: g77.f-torture/execute/20010116.f compilation,  -O3 -g 
FAIL: g77.f-torture/execute/20010116.f compilation,  -Os 

		=== g77 Summary ===

# of expected passes		1700
# of unexpected failures	10
# of untested testcases		10
# of unsupported tests		8
/build/buildd/gcc-3.3-3.3.4/build/gcc/testsuite/../g77 version 3.3.4 (Debian 1:3.3.4-9)

		=== gcc tests ===


Running target unix
FAIL: gcc.c-torture/execute/20020227-1.c compilation,  -O0 
UNRESOLVED: gcc.c-torture/execute/20020227-1.c execution,  -O0 
FAIL: gcc.c-torture/execute/20020227-1.c compilation,  -O1 
UNRESOLVED: gcc.c-torture/execute/20020227-1.c execution,  -O1 
FAIL: gcc.c-torture/execute/20020227-1.c compilation,  -O2 
UNRESOLVED: gcc.c-torture/execute/20020227-1.c execution,  -O2 
FAIL: gcc.c-torture/execute/20020227-1.c compilation,  -O3 -fomit-frame-pointer 
UNRESOLVED: gcc.c-torture/execute/20020227-1.c execution,  -O3 -fomit-frame-pointer 
FAIL: gcc.c-torture/execute/20020227-1.c compilation,  -O3 -g 
UNRESOLVED: gcc.c-torture/execute/20020227-1.c execution,  -O3 -g 
FAIL: gcc.c-torture/execute/20020227-1.c compilation,  -Os 
UNRESOLVED: gcc.c-torture/execute/20020227-1.c execution,  -Os 
FAIL: gcc.c-torture/execute/complex-5.c compilation,  -O2 
UNRESOLVED: gcc.c-torture/execute/complex-5.c execution,  -O2 
FAIL: gcc.c-torture/execute/complex-5.c compilation,  -Os 
UNRESOLVED: gcc.c-torture/execute/complex-5.c execution,  -Os 
FAIL: gcc.c-torture/execute/complex-6.c compilation,  -O2 
UNRESOLVED: gcc.c-torture/execute/complex-6.c execution,  -O2 
FAIL: gcc.c-torture/execute/complex-6.c compilation,  -Os 
UNRESOLVED: gcc.c-torture/execute/complex-6.c execution,  -Os 
FAIL: gcc.c-torture/execute/simd-2.c compilation,  -O3 -fomit-frame-pointer 
UNRESOLVED: gcc.c-torture/execute/simd-2.c execution,  -O3 -fomit-frame-pointer 
FAIL: gcc.c-torture/execute/simd-2.c compilation,  -O3 -g 
UNRESOLVED: gcc.c-torture/execute/simd-2.c execution,  -O3 -g 
FAIL: gcc.dg/duff-2.c (test for excess errors)
FAIL: gcc.dg/special/gcsec-1.c -ffunction-sections -fdata-sections -Wl,--gc-sections -static (test for excess errors)

		=== gcc Summary ===

# of expected passes		21201
# of unexpected failures	14
# of expected failures		72
# of unresolved testcases	12
# of unsupported tests		186
/build/buildd/gcc-3.3-3.3.4/build/gcc/xgcc version 3.3.4 (Debian 1:3.3.4-9)

		=== objc tests ===


Running target unix

		=== objc Summary ===

# of expected passes		1166
/build/buildd/gcc-3.3-3.3.4/build/gcc/xgcc version 3.3.4 (Debian 1:3.3.4-9)

		=== treelang tests ===


Running target unix

		=== treelang Summary ===

# of expected passes		1

Compiler version: 3.3.4 (Debian 1:3.3.4-9) 
Platform: alpha-unknown-linux-gnu
configure flags: --host=alpha-linux -v --enable-languages=c,c++,java,f77,pascal,objc,ada,treelang --prefix=/usr --mandir=/usr/share/man --infodir=/usr/share/info --with-gxx-include-dir=/usr/include/c++/3.3 --enable-shared --with-system-zlib --enable-nls --without-included-gettext --enable-__cxa_atexit --enable-clocale=gnu --enable-debug --enable-java-gc=boehm --enable-java-awt=xlib --enable-objc-gc
BOOT_CFLAGS=-g -O2 


Build Dependencies:
Desired=Unknown/Install/Remove/Purge/Hold
| Status=Not/Installed/Config-files/Unpacked/Failed-config/Half-installed
|/ Err?=(none)/Hold/Reinst-required/X=both-problems (Status,Err: uppercase=bad)
||/ Name           Version        Description
+++-==============-==============-============================================
ii  binutils       2.15-1         The GNU assembler, linker and binary utiliti
ii  libc6.1-dev    2.3.2.ds1-16   GNU C Library: Development Libraries and Hea


Patches that Debian applied in this version:

cvs-updates:
  CVS updates from the 3.3 branch upto 20040813

gcc-version:
  Add "(Debian <package version>)" to the gcc version string

rename-info-files:
  Allow transformations on info file names. Reference the
  transformed info file names in the texinfo files.

libf2c-update:
  libf2c update taken from the 3.4.1 release.

libobjc-update:
  libobjc update taken from the 3.4.1 release.

libstdc++-pic:
  Build and install libstdc++_pic.a library.

libstdc++-doclink:
  link local libstdc++ documentation to local source-level documentation 

gccbug:
  Use sensible-editor instead of vi as fallback editor

gccbug-posix:
  Make gccbug POSIX compliant (patch by David Weinehall)
  http://www.opengroup.org/onlinepubs/009695399/utilities/test.html

hppa-libffi:
  libffi support for hppa

hppa-libjava:
  Enable libjava support for hppa

libffi-config:
  ffi.h.in: correctly #define ffi_type_[us]long on 32bit archs

i386-mtune:
  2004-07-08  Paolo Bonzini  <bonzini@gnu.org>
  Jakub Jelinek  <jakub@redhat.com>
  
  	* config/i386/i386.c (override_options): Enable
  	SSE prefetches with -mtune, as long as we are
  	compiling for i686 or higher.  All i686 processors
  	accept SSE prefetches as NOPS, some i586's don't.

link-libs:

libtool-rpath:
  2003-03-10  Andreas Schwab  <schwab at suse dot de>
  With the introduction of multi-os-directory the libdir specification in
  *.la files have /. appended to \$(libdir).  This confuses libtool when it
  tries to find out whether to add -rpath, because it only matches literally
  against sys_lib_dlsearch_path members.  Tested on i386-linux.

test-summary:
  add libstdc++-v3's check summary to the test summary

gcj-without-rpath:
  don't define runtime link path for java binaries and libraries

libffi-install:
  Allows libffi to be installed

libffi-no-debug:
  Do not build libffi with debug information, although configuring
  with --enable-debug

deb-protoize:
  build protoize/unprotoize by default

libobjc:
  Find gc.h header in /usr/include/gc for --enable-objc-gc enabled builds.

ada-gcc-name:
  use gcc-3.3 instead of gcc and gnatXXX-3.15 instead of gnatXXX
  as the command names.

gpc-20040516-patch-update:
  update the gpc diffs to recent gcc sources, fix build failure on powerpc

gpc-update11:
  Fix gpc build error for bootstrap target

gpc-driver:
  Update gpc driver to recognize recent specs options

gpc-3.x:
  The gpc patch from the gpc tarball.

gpc-names:
  versioned gpc names

alpha-ieee:
  #212912
  on alpha-linux, make -mieee default and add -mieee-disable switch
  to turn default off

reporting:
  Add Debian URL for bug reporting isntructions.

autoreconf:
  autoreconf several directories for proper mipsen libtool support

Counting all warnings,
there are 445 warnings in stage3 of this bootstrap.

Number of warnings per file:
    225 SYSCALLS.c
     67 gcc/p/gpc.c
     49 parse.c
     28 pascal-lex.c
     13 pascal-lex.l
      9 gcc/p/lang.c
      6 gcc/f//ffe.texi
      5 gcc/treelang/parse.c
      4 gcc/p/lang-specs.h
      4 gcc/f//intdoc.texi
      4 gcc/config/alpha/alpha.c
      3 gcc/tlink.c
      3 gcc/gcc.c
      3 /usr/share/bison/bison.simple
      2 gcc/p/rts/endian.pas
      2 gcc/p/gpc-lex.c
      2 gcc/objc/lang-specs.h
      2 gcc/diagnostic.c
      2 gcc/crtstuff.c
      1 libiberty/choose-temp.c
      1 insn-conditions.c
      1 gt-ada-utils.h
      1 gt-ada-decl.h
      1 gcc/varasm.c
      1 gcc/regrename.c
      1 gcc/ra-colorize.c
      1 gcc/ra-build.c
      1 gcc/java/jvspec.c
      1 gcc/collect2.c
      1 gcc/ada/decl.c
      1 ada/b_gnatb.c

Number of warning types:
    226 function declaration isn't a prototype
    155 traditional C rejects ISO C style function definitions
     10 string length `???' is greater than the length `???' ISO C89 compilers are required to support
      6 undefined flag: srcdir.
      5 unused parameter `???'
      4 traditional C rejects string concatenation
      4 comparison of unsigned expression < 0 is always false
      3 unused variable `???'
      3 traditional C rejects the `UL' suffix
      3 label `???' defined but not used
      3 assignment makes pointer from integer without a cast
      2 unlikely character ) in @var.
      2 unlikely character ( in @var.
      2 too many arguments for format
      2 statement with no effect
      2 passing arg ??? of `???' discards qualifiers from pointer target type
      2 conflicting types for built-in function `???'
      2 comparison between signed and unsigned
      2 `???' defined but not used
      1 the use of `???' is dangerous, better use `???'
      1 static declaration for `???' follows non-static
      1 initialization makes pointer from integer without a cast
      1 implicit declaration of function `???'
      1 cast to pointer from integer of different size
      1 `long' switch expression not converted to `int' in ISO C
      1 `???' might be used uninitialized in this function


Index Nav: [Date Index] [Subject Index] [Author Index] [Thread Index]
Message Nav: [Date Prev] [Date Next] [Thread Prev] [Thread Next]