This is the mail archive of the
gcc-testresults@gcc.gnu.org
mailing list for the GCC project.
Results for 3.5-tree-ssa-lno 20040718 (merged 20040718) (Apple Computer,Inc. build 1774) testsuite on powerpc-apple-darwin7.5.0
- From: Andreas Tobler <toa at pop dot agri dot ch>
- To: gcc-testresults at gcc dot gnu dot org
- Date: Sun, 15 Aug 2004 07:34:32 +0200
- Subject: Results for 3.5-tree-ssa-lno 20040718 (merged 20040718) (Apple Computer,Inc. build 1774) testsuite on powerpc-apple-darwin7.5.0
LAST_UPDATED: Sat Aug 14 12:09:09 UTC 2004
Native configuration is powerpc-apple-darwin7.5.0
=== g++ tests ===
Running target unix
FAIL: g++.dg/align-test-1.C execution test
FAIL: g++.dg/altivec-5.C (test for excess errors)
FAIL: g++.dg/asm-block-1.C (test for excess errors)
WARNING: g++.dg/asm-block-1.C compilation failed to produce executable
FAIL: g++.dg/asm-block-2.C (test for excess errors)
WARNING: g++.dg/asm-block-2.C compilation failed to produce executable
WARNING: program timed out.
FAIL: g++.dg/asm-function-1.C (test for excess errors)
WARNING: g++.dg/asm-function-1.C compilation failed to produce executable
WARNING: program timed out.
FAIL: g++.dg/asm-function-2.C (test for excess errors)
WARNING: g++.dg/asm-function-2.C compilation failed to produce executable
WARNING: program timed out.
FAIL: g++.dg/asm-function-3.C (test for excess errors)
WARNING: g++.dg/asm-function-3.C compilation failed to produce executable
WARNING: program timed out.
FAIL: g++.dg/asm-function-4.C (test for excess errors)
WARNING: g++.dg/asm-function-4.C compilation failed to produce executable
WARNING: program timed out.
FAIL: g++.dg/asm-function-5.C (test for excess errors)
WARNING: g++.dg/asm-function-5.C compilation failed to produce executable
WARNING: program timed out.
FAIL: g++.dg/asm-function-6.C (test for excess errors)
WARNING: g++.dg/asm-function-6.C compilation failed to produce executable
FAIL: g++.dg/const-cfstring-1.C (test for excess errors)
FAIL: g++.dg/eh/simd-2.C (test for excess errors)
WARNING: g++.dg/eh/simd-2.C compilation failed to produce executable
FAIL: g++.dg/ext/altivec-2.C (test for excess errors)
WARNING: g++.dg/ext/altivec-2.C compilation failed to produce executable
FAIL: g++.dg/ext/altivec-8.C (test for excess errors)
FAIL: g++.dg/ext/stmtexpr2.C execution test
UNRESOLVED: g++.dg/init/init-ref4.C
XPASS: g++.dg/other/packed1.C execution test
FAIL: g++.dg/parse/attr2.C (test for excess errors)
FAIL: g++.dg/warn/weak1.C (test for excess errors)
FAIL: 102:is -:should be 1
FAIL: g++.dg/gcov/gcov-1.C gcov: 1 failures in line counts, 0 in branch percentages, 0 in return percentages
FAIL: g++.dg/special/conpr-3.C execution test
FAIL: g++.old-deja/g++.bugs/900404_02.C (test for warnings, line 25)
UNRESOLVED: g++.old-deja/g++.ext/attrib5.C
FAIL: g++.old-deja/g++.ext/pretty4.C execution test
WARNING: g++.old-deja/g++.mike/p10769a.C compilation failed to produce executable
WARNING: g++.old-deja/g++.other/enum5.C compilation failed to produce executable
FAIL: g++.old-deja/g++.other/string2.C execution test
FAIL: g++.old-deja/g++.other/unchanging1.C (test for excess errors)
WARNING: g++.old-deja/g++.other/unchanging1.C compilation failed to produce executable
FAIL: g++.old-deja/g++.other/warn7.C (test for warnings, line 38)
WARNING: g++.old-deja/g++.pt/friend44.C compilation failed to produce executable
UNRESOLVED: g++.old-deja/g++.pt/static3.C
=== g++ Summary ===
# of expected passes 9873
# of unexpected failures 25
# of unexpected successes 1
# of expected failures 82
# of unresolved testcases 3
# of unsupported tests 89
/Volumes/src/gcc/gcc-apple/objdir/gcc/testsuite/../g++ version 3.5-tree-ssa-lno 20040718 (merged 20040718) (Apple Computer, Inc. build 1774)
=== gcc tests ===
Running target unix
FAIL: gcc.apple/asm-block-1.c (test for excess errors)
WARNING: gcc.apple/asm-block-1.c compilation failed to produce executable
FAIL: gcc.apple/asm-block-2.c (test for excess errors)
WARNING: gcc.apple/asm-block-2.c compilation failed to produce executable
FAIL: gcc.apple/const-cfstring-1.c (test for excess errors)
FAIL: gcc.apple/const-cfstring-3.c (test for excess errors)
ERROR: gcc.apple/const-cfstring-3.c: error executing dg-final: couldn't open "const-cfstring-3.s": no such file or directory
UNRESOLVED: gcc.apple/const-cfstring-3.c: error executing dg-final: couldn't open "const-cfstring-3.s": no such file or directory
FAIL: gcc.apple/inttypes-2.c (test for excess errors)
FAIL: gcc.apple/inttypes-wchar-1.c (test for excess errors)
WARNING: gcc.apple/inttypes-wchar-1.c compilation failed to produce executable
FAIL: gcc.apple/inttypes-wchar-2.c (test for excess errors)
WARNING: gcc.apple/inttypes-wchar-2.c compilation failed to produce executable
FAIL: gcc.apple/pascal-strings-2.c (test for excess errors)
WARNING: program timed out.
FAIL: gcc.c-torture/compile/20001226-1.c -O3 -g (test for excess errors)
FAIL: gcc.c-torture/compile/20021108-1.c -O0 (test for excess errors)
FAIL: gcc.c-torture/compile/20021108-1.c -O1 (test for excess errors)
FAIL: gcc.c-torture/compile/20021108-1.c -O2 (test for excess errors)
FAIL: gcc.c-torture/compile/20021108-1.c -O3 -fomit-frame-pointer (test for excess errors)
FAIL: gcc.c-torture/compile/20021108-1.c -O3 -g (test for excess errors)
FAIL: gcc.c-torture/compile/20021108-1.c -Os (test for excess errors)
FAIL: gcc.c-torture/compile/labels-2.c -O0 (test for excess errors)
FAIL: gcc.c-torture/compile/labels-2.c -O1 (test for excess errors)
FAIL: gcc.c-torture/compile/labels-2.c -O2 (test for excess errors)
FAIL: gcc.c-torture/compile/labels-2.c -O3 -fomit-frame-pointer (test for excess errors)
FAIL: gcc.c-torture/compile/labels-2.c -O3 -g (test for excess errors)
FAIL: gcc.c-torture/compile/labels-2.c -Os (test for excess errors)
FAIL: gcc.c-torture/execute/20030811-1.c compilation, -O0
UNRESOLVED: gcc.c-torture/execute/20030811-1.c execution, -O0
FAIL: gcc.c-torture/execute/20030811-1.c compilation, -O1
UNRESOLVED: gcc.c-torture/execute/20030811-1.c execution, -O1
FAIL: gcc.c-torture/execute/20030811-1.c compilation, -O2
UNRESOLVED: gcc.c-torture/execute/20030811-1.c execution, -O2
FAIL: gcc.c-torture/execute/20030811-1.c compilation, -O3 -fomit-frame-pointer
UNRESOLVED: gcc.c-torture/execute/20030811-1.c execution, -O3 -fomit-frame-pointer
FAIL: gcc.c-torture/execute/20030811-1.c compilation, -O3 -g
UNRESOLVED: gcc.c-torture/execute/20030811-1.c execution, -O3 -g
FAIL: gcc.c-torture/execute/20030811-1.c compilation, -Os
UNRESOLVED: gcc.c-torture/execute/20030811-1.c execution, -Os
XPASS: gcc.c-torture/execute/simd-1.c compilation, -O0
XPASS: gcc.c-torture/execute/simd-1.c compilation, -O1
XPASS: gcc.c-torture/execute/simd-1.c compilation, -O2
XPASS: gcc.c-torture/execute/simd-1.c compilation, -O3 -fomit-frame-pointer
XPASS: gcc.c-torture/execute/simd-1.c compilation, -O3 -g
XPASS: gcc.c-torture/execute/simd-1.c compilation, -Os
XPASS: gcc.c-torture/execute/simd-2.c compilation, -O0
XPASS: gcc.c-torture/execute/simd-2.c compilation, -O1
XPASS: gcc.c-torture/execute/simd-2.c compilation, -O2
XPASS: gcc.c-torture/execute/simd-2.c compilation, -O3 -fomit-frame-pointer
XPASS: gcc.c-torture/execute/simd-2.c compilation, -O3 -g
XPASS: gcc.c-torture/execute/simd-2.c compilation, -Os
FAIL: gcc.dg/compat/scalar-by-value-1 c_compat_x_tst.o-c_compat_y_tst.o execute
FAIL: gcc.dg/compat/struct-by-value-1 c_compat_x_tst.o-c_compat_y_tst.o link
UNRESOLVED: gcc.dg/compat/struct-by-value-1 c_compat_x_tst.o-c_compat_y_tst.o execute
FAIL: gcc.dg/compat/struct-by-value-2 c_compat_x_tst.o-c_compat_y_tst.o link
UNRESOLVED: gcc.dg/compat/struct-by-value-2 c_compat_x_tst.o-c_compat_y_tst.o execute
FAIL: gcc.dg/compat/struct-by-value-4 c_compat_x_tst.o-c_compat_y_tst.o link
UNRESOLVED: gcc.dg/compat/struct-by-value-4 c_compat_x_tst.o-c_compat_y_tst.o execute
FAIL: gcc.dg/compat/struct-by-value-7a c_compat_x_tst.o-c_compat_y_tst.o execute
FAIL: gcc.dg/compat/struct-by-value-8 c_compat_x_tst.o-c_compat_y_tst.o link
UNRESOLVED: gcc.dg/compat/struct-by-value-8 c_compat_x_tst.o-c_compat_y_tst.o execute
FAIL: gcc.dg/compat/struct-by-value-9 c_compat_x_tst.o-c_compat_y_tst.o link
UNRESOLVED: gcc.dg/compat/struct-by-value-9 c_compat_x_tst.o-c_compat_y_tst.o execute
FAIL: gcc.dg/compat/struct-return-2 c_compat_x_tst.o-c_compat_y_tst.o link
UNRESOLVED: gcc.dg/compat/struct-return-2 c_compat_x_tst.o-c_compat_y_tst.o execute
FAIL: gcc.dg/compat/vector-1 c_compat_x_tst.o compile
FAIL: gcc.dg/compat/vector-1 c_compat_y_tst.o compile
UNRESOLVED: gcc.dg/compat/vector-1 c_compat_x_tst.o-c_compat_y_tst.o link
UNRESOLVED: gcc.dg/compat/vector-1 c_compat_x_tst.o-c_compat_y_tst.o execute
FAIL: gcc.dg/compat/vector-2 c_compat_x_tst.o compile
FAIL: gcc.dg/compat/vector-2 c_compat_y_tst.o compile
UNRESOLVED: gcc.dg/compat/vector-2 c_compat_x_tst.o-c_compat_y_tst.o link
UNRESOLVED: gcc.dg/compat/vector-2 c_compat_x_tst.o-c_compat_y_tst.o execute
FAIL: gcc.dg/cpp/trad/comment-3.c (test for warnings, line 6)
FAIL: gcc.dg/debug/dwarf2/dwarf-die7.c scan-assembler 1.*DW_AT_inline
FAIL: gcc.dg/20030626-1.c (test for bogus messages, line 17)
FAIL: gcc.dg/20040813-1.c scan-assembler .stabs*100,0,2
FAIL: gcc.dg/altivec-13.c (test for excess errors)
FAIL: gcc.dg/array-quals-1.c scan-assembler-not \\\\.data(?!\\\\.rel\\\\.ro)
FAIL: gcc.dg/c90-const-expr-3.c (test for excess errors)
FAIL: gcc.dg/c99-const-expr-3.c (test for excess errors)
FAIL: gcc.dg/c99-func-3.c execution test
FAIL: gcc.dg/c99-tgmath-2.c (test for excess errors)
FAIL: gcc.dg/c99-tgmath-3.c (test for excess errors)
FAIL: gcc.dg/c99-tgmath-4.c (test for excess errors)
FAIL: gcc.dg/darwin-20040809-2.c scan-assembler .stabd.46,0,0
FAIL: gcc.dg/darwin-longlong.c execution test
FAIL: gcc.dg/rs6000-power2-2.c scan-assembler-not lfd
FAIL: gcc.dg/rs6000-power2-2.c scan-assembler lfq
FAIL: gcc.dg/rs6000-power2-2.c scan-assembler sfq
XPASS: gcc.dg/setjmp-1.c spurious clobbered warning (test for bogus messages, line 16)
FAIL: gcc.dg/struct-by-value-1.c (test for excess errors)
WARNING: gcc.dg/struct-by-value-1.c compilation failed to produce executable
FAIL: gcc.dg/verbose-asm-2.c scan-assembler fpeephole=0
UNRESOLVED: gcc.dg/visibility-1.c
UNRESOLVED: gcc.dg/visibility-2.c
UNRESOLVED: gcc.dg/visibility-3.c
UNRESOLVED: gcc.dg/visibility-4.c
UNRESOLVED: gcc.dg/visibility-5.c
UNRESOLVED: gcc.dg/visibility-6.c
UNRESOLVED: gcc.dg/visibility-7.c
UNRESOLVED: gcc.dg/visibility-8.c
FAIL: gcc.dg/pch/apple-altivec-1.c -O0 -g (test for excess errors)
FAIL: gcc.dg/pch/apple-altivec-1.c -O0 (test for excess errors)
FAIL: gcc.dg/pch/apple-altivec-1.c -O1 (test for excess errors)
FAIL: gcc.dg/pch/apple-altivec-1.c -O2 (test for excess errors)
FAIL: gcc.dg/pch/apple-altivec-1.c -O3 -fomit-frame-pointer (test for excess errors)
FAIL: gcc.dg/pch/apple-altivec-1.c -O3 -g (test for excess errors)
FAIL: gcc.dg/pch/apple-altivec-1.c -Os (test for excess errors)
UNRESOLVED: gcc.dg/special/weak-1.c
UNRESOLVED: gcc.dg/special/weak-2.c
UNRESOLVED: gcc.dg/special/wkali-1.c
UNRESOLVED: gcc.dg/special/wkali-2.c
FAIL: gcc.dg/torture/builtin-noret-1.c -O0 (test for excess errors)
FAIL: gcc.dg/torture/builtin-noret-1.c -O1 (test for excess errors)
FAIL: gcc.dg/torture/builtin-noret-1.c -O2 (test for excess errors)
FAIL: gcc.dg/torture/builtin-noret-1.c -O3 -fomit-frame-pointer (test for excess errors)
FAIL: gcc.dg/torture/builtin-noret-1.c -O3 -g (test for excess errors)
FAIL: gcc.dg/torture/builtin-noret-1.c -Os (test for excess errors)
FAIL: gcc.dg/torture/builtin-noret-2.c -O0 (test for excess errors)
FAIL: gcc.dg/torture/builtin-noret-2.c -O1 (test for excess errors)
FAIL: gcc.dg/torture/builtin-noret-2.c -O2 (test for excess errors)
FAIL: gcc.dg/torture/builtin-noret-2.c -O3 -fomit-frame-pointer (test for excess errors)
FAIL: gcc.dg/torture/builtin-noret-2.c -O3 -g (test for excess errors)
FAIL: gcc.dg/torture/builtin-noret-2.c -Os (test for excess errors)
FAIL: gcc.dg/tree-ssa-chrec/20040216-1.c scan-tree-dump-times Dependence Node 4
FAIL: gcc.dg/tree-ssa-chrec/ssa-chrec-04.c scan-tree-dump-times remove_me 0
FAIL: gcc.dg/tree-ssa-chrec/ssa-chrec-07.c scan-tree-dump-times remove_me 0
FAIL: gcc.dg/tree-ssa-chrec/ssa-chrec-08.c scan-tree-dump-times remove_me 0
ERROR: gcc.dg/tree-ssa-chrec/ssa-chrec-10.c: error executing dg-final: no files matched glob pattern "ssa-chrec-10.c.t??.ddall"
UNRESOLVED: gcc.dg/tree-ssa-chrec/ssa-chrec-10.c: error executing dg-final: no files matched glob pattern "ssa-chrec-10.c.t??.ddall"
ERROR: gcc.dg/tree-ssa-chrec/ssa-chrec-30.c: error executing dg-final: no files matched glob pattern "ssa-chrec-30.c.t??.ddall"
UNRESOLVED: gcc.dg/tree-ssa-chrec/ssa-chrec-30.c: error executing dg-final: no files matched glob pattern "ssa-chrec-30.c.t??.ddall"
ERROR: gcc.dg/tree-ssa-chrec/ssa-chrec-31.c: error executing dg-final: no files matched glob pattern "ssa-chrec-31.c.t??.ddall"
UNRESOLVED: gcc.dg/tree-ssa-chrec/ssa-chrec-31.c: error executing dg-final: no files matched glob pattern "ssa-chrec-31.c.t??.ddall"
ERROR: gcc.dg/tree-ssa-chrec/ssa-chrec-32.c: error executing dg-final: no files matched glob pattern "ssa-chrec-32.c.t??.ddall"
UNRESOLVED: gcc.dg/tree-ssa-chrec/ssa-chrec-32.c: error executing dg-final: no files matched glob pattern "ssa-chrec-32.c.t??.ddall"
ERROR: gcc.dg/tree-ssa-chrec/ssa-chrec-33.c: error executing dg-final: no files matched glob pattern "ssa-chrec-33.c.t??.ddall"
UNRESOLVED: gcc.dg/tree-ssa-chrec/ssa-chrec-33.c: error executing dg-final: no files matched glob pattern "ssa-chrec-33.c.t??.ddall"
ERROR: gcc.dg/tree-ssa-chrec/ssa-chrec-34.c: error executing dg-final: no files matched glob pattern "ssa-chrec-34.c.t??.ddall"
UNRESOLVED: gcc.dg/tree-ssa-chrec/ssa-chrec-34.c: error executing dg-final: no files matched glob pattern "ssa-chrec-34.c.t??.ddall"
ERROR: gcc.dg/tree-ssa-chrec/ssa-chrec-35.c: error executing dg-final: no files matched glob pattern "ssa-chrec-35.c.t??.ddall"
UNRESOLVED: gcc.dg/tree-ssa-chrec/ssa-chrec-35.c: error executing dg-final: no files matched glob pattern "ssa-chrec-35.c.t??.ddall"
ERROR: gcc.dg/tree-ssa-chrec/ssa-chrec-36.c: error executing dg-final: no files matched glob pattern "ssa-chrec-36.c.t??.ddall"
UNRESOLVED: gcc.dg/tree-ssa-chrec/ssa-chrec-36.c: error executing dg-final: no files matched glob pattern "ssa-chrec-36.c.t??.ddall"
ERROR: gcc.dg/tree-ssa-chrec/ssa-chrec-52.c: error executing dg-final: no files matched glob pattern "ssa-chrec-52.c.t??.ddall"
UNRESOLVED: gcc.dg/tree-ssa-chrec/ssa-chrec-52.c: error executing dg-final: no files matched glob pattern "ssa-chrec-52.c.t??.ddall"
FAIL: gcc.dg/tree-ssa-chrec/ssa-chrec-57.c scan-tree-dump-times remove_me 0
FAIL: gcc.dg/tree-ssa-chrec/ssa-chrec-58.c scan-tree-dump-times remove_me 0
ERROR: gcc.dg/tree-ssa-chrec/ssa-chrec-59.c: error executing dg-final: no files matched glob pattern "ssa-chrec-59.c.t??.ddall"
UNRESOLVED: gcc.dg/tree-ssa-chrec/ssa-chrec-59.c: error executing dg-final: no files matched glob pattern "ssa-chrec-59.c.t??.ddall"
ERROR: gcc.dg/tree-ssa-chrec/ssa-chrec-60.c: error executing dg-final: no files matched glob pattern "ssa-chrec-60.c.t??.ddall"
UNRESOLVED: gcc.dg/tree-ssa-chrec/ssa-chrec-60.c: error executing dg-final: no files matched glob pattern "ssa-chrec-60.c.t??.ddall"
FAIL: gcc.dg/tree-ssa-vect/ifc-01.c (test for excess errors)
WARNING: gcc.dg/tree-ssa-vect/ifc-01.c compilation failed to produce executable
FAIL: gcc.dg/tree-ssa-vect/ifc-01.c scan-tree-dump-times Applying if-conversion 1
FAIL: gcc.dg/tree-ssa-vect/ifc-01.c scan-tree-dump-times vectorized 1 loops 1
FAIL: gcc.dg/tree-ssa-vect/ifc-02.c (test for excess errors)
FAIL: gcc.dg/tree-ssa-vect/ifc-02.c scan-tree-dump-times Applying if-conversion 1
FAIL: gcc.dg/tree-ssa-vect/ifc-03.c (test for excess errors)
FAIL: gcc.dg/tree-ssa-vect/ifc-03.c scan-tree-dump-times Applying if-conversion 1
FAIL: gcc.dg/tree-ssa-vect/ifc-04.c (test for excess errors)
FAIL: gcc.dg/tree-ssa-vect/ifc-04.c scan-tree-dump-times Applying if-conversion 1
FAIL: gcc.dg/tree-ssa-vect/ifc-04.c scan-tree-dump-times vectorized 1 loops 1
FAIL: gcc.dg/tree-ssa-vect/pr16105.c (test for excess errors)
FAIL: gcc.dg/tree-ssa-vect/tree-ssa-vect-1.c (test for excess errors)
FAIL: gcc.dg/tree-ssa-vect/tree-ssa-vect-10.c (test for excess errors)
FAIL: gcc.dg/tree-ssa-vect/tree-ssa-vect-11.c (test for excess errors)
WARNING: gcc.dg/tree-ssa-vect/tree-ssa-vect-11.c compilation failed to produce executable
FAIL: gcc.dg/tree-ssa-vect/tree-ssa-vect-12.c (test for excess errors)
WARNING: gcc.dg/tree-ssa-vect/tree-ssa-vect-12.c compilation failed to produce executable
FAIL: gcc.dg/tree-ssa-vect/tree-ssa-vect-13.c (test for excess errors)
FAIL: gcc.dg/tree-ssa-vect/tree-ssa-vect-14.c (test for excess errors)
WARNING: gcc.dg/tree-ssa-vect/tree-ssa-vect-14.c compilation failed to produce executable
FAIL: gcc.dg/tree-ssa-vect/tree-ssa-vect-15.c (test for excess errors)
WARNING: gcc.dg/tree-ssa-vect/tree-ssa-vect-15.c compilation failed to produce executable
FAIL: gcc.dg/tree-ssa-vect/tree-ssa-vect-16.c (test for excess errors)
WARNING: gcc.dg/tree-ssa-vect/tree-ssa-vect-16.c compilation failed to produce executable
FAIL: gcc.dg/tree-ssa-vect/tree-ssa-vect-17.c (test for excess errors)
WARNING: gcc.dg/tree-ssa-vect/tree-ssa-vect-17.c compilation failed to produce executable
FAIL: gcc.dg/tree-ssa-vect/tree-ssa-vect-18.c (test for excess errors)
WARNING: gcc.dg/tree-ssa-vect/tree-ssa-vect-18.c compilation failed to produce executable
FAIL: gcc.dg/tree-ssa-vect/tree-ssa-vect-19.c (test for excess errors)
WARNING: gcc.dg/tree-ssa-vect/tree-ssa-vect-19.c compilation failed to produce executable
FAIL: gcc.dg/tree-ssa-vect/tree-ssa-vect-2.c (test for excess errors)
WARNING: gcc.dg/tree-ssa-vect/tree-ssa-vect-2.c compilation failed to produce executable
FAIL: gcc.dg/tree-ssa-vect/tree-ssa-vect-20.c (test for excess errors)
WARNING: gcc.dg/tree-ssa-vect/tree-ssa-vect-20.c compilation failed to produce executable
FAIL: gcc.dg/tree-ssa-vect/tree-ssa-vect-21.c (test for excess errors)
WARNING: gcc.dg/tree-ssa-vect/tree-ssa-vect-21.c compilation failed to produce executable
FAIL: gcc.dg/tree-ssa-vect/tree-ssa-vect-22.c (test for excess errors)
WARNING: gcc.dg/tree-ssa-vect/tree-ssa-vect-22.c compilation failed to produce executable
FAIL: gcc.dg/tree-ssa-vect/tree-ssa-vect-23.c (test for excess errors)
WARNING: gcc.dg/tree-ssa-vect/tree-ssa-vect-23.c compilation failed to produce executable
FAIL: gcc.dg/tree-ssa-vect/tree-ssa-vect-24.c (test for excess errors)
WARNING: gcc.dg/tree-ssa-vect/tree-ssa-vect-24.c compilation failed to produce executable
FAIL: gcc.dg/tree-ssa-vect/tree-ssa-vect-25.c (test for excess errors)
WARNING: gcc.dg/tree-ssa-vect/tree-ssa-vect-25.c compilation failed to produce executable
FAIL: gcc.dg/tree-ssa-vect/tree-ssa-vect-26.c (test for excess errors)
WARNING: gcc.dg/tree-ssa-vect/tree-ssa-vect-26.c compilation failed to produce executable
FAIL: gcc.dg/tree-ssa-vect/tree-ssa-vect-27.c (test for excess errors)
WARNING: gcc.dg/tree-ssa-vect/tree-ssa-vect-27.c compilation failed to produce executable
FAIL: gcc.dg/tree-ssa-vect/tree-ssa-vect-27.c scan-tree-dump-times vectorized 1 loops 1
FAIL: gcc.dg/tree-ssa-vect/tree-ssa-vect-28.c (test for excess errors)
WARNING: gcc.dg/tree-ssa-vect/tree-ssa-vect-28.c compilation failed to produce executable
FAIL: gcc.dg/tree-ssa-vect/tree-ssa-vect-29.c (test for excess errors)
WARNING: gcc.dg/tree-ssa-vect/tree-ssa-vect-29.c compilation failed to produce executable
FAIL: gcc.dg/tree-ssa-vect/tree-ssa-vect-29.c scan-tree-dump-times vectorized 1 loops 1
FAIL: gcc.dg/tree-ssa-vect/tree-ssa-vect-3.c (test for excess errors)
WARNING: gcc.dg/tree-ssa-vect/tree-ssa-vect-3.c compilation failed to produce executable
FAIL: gcc.dg/tree-ssa-vect/tree-ssa-vect-31.c (test for excess errors)
WARNING: gcc.dg/tree-ssa-vect/tree-ssa-vect-31.c compilation failed to produce executable
FAIL: gcc.dg/tree-ssa-vect/tree-ssa-vect-32.c (test for excess errors)
WARNING: gcc.dg/tree-ssa-vect/tree-ssa-vect-32.c compilation failed to produce executable
FAIL: gcc.dg/tree-ssa-vect/tree-ssa-vect-33.c (test for excess errors)
FAIL: gcc.dg/tree-ssa-vect/tree-ssa-vect-34.c (test for excess errors)
WARNING: gcc.dg/tree-ssa-vect/tree-ssa-vect-34.c compilation failed to produce executable
FAIL: gcc.dg/tree-ssa-vect/tree-ssa-vect-35.c (test for excess errors)
WARNING: gcc.dg/tree-ssa-vect/tree-ssa-vect-35.c compilation failed to produce executable
FAIL: gcc.dg/tree-ssa-vect/tree-ssa-vect-36.c (test for excess errors)
WARNING: gcc.dg/tree-ssa-vect/tree-ssa-vect-36.c compilation failed to produce executable
FAIL: gcc.dg/tree-ssa-vect/tree-ssa-vect-4.c (test for excess errors)
WARNING: gcc.dg/tree-ssa-vect/tree-ssa-vect-4.c compilation failed to produce executable
FAIL: gcc.dg/tree-ssa-vect/tree-ssa-vect-40.c (test for excess errors)
WARNING: gcc.dg/tree-ssa-vect/tree-ssa-vect-40.c compilation failed to produce executable
FAIL: gcc.dg/tree-ssa-vect/tree-ssa-vect-41.c (test for excess errors)
WARNING: gcc.dg/tree-ssa-vect/tree-ssa-vect-41.c compilation failed to produce executable
FAIL: gcc.dg/tree-ssa-vect/tree-ssa-vect-42.c (test for excess errors)
WARNING: gcc.dg/tree-ssa-vect/tree-ssa-vect-42.c compilation failed to produce executable
FAIL: gcc.dg/tree-ssa-vect/tree-ssa-vect-43.c (test for excess errors)
WARNING: gcc.dg/tree-ssa-vect/tree-ssa-vect-43.c compilation failed to produce executable
FAIL: gcc.dg/tree-ssa-vect/tree-ssa-vect-43.c scan-tree-dump-times vectorized 1 loops 1
FAIL: gcc.dg/tree-ssa-vect/tree-ssa-vect-44.c (test for excess errors)
WARNING: gcc.dg/tree-ssa-vect/tree-ssa-vect-44.c compilation failed to produce executable
FAIL: gcc.dg/tree-ssa-vect/tree-ssa-vect-45.c (test for excess errors)
WARNING: gcc.dg/tree-ssa-vect/tree-ssa-vect-45.c compilation failed to produce executable
FAIL: gcc.dg/tree-ssa-vect/tree-ssa-vect-48.c (test for excess errors)
WARNING: gcc.dg/tree-ssa-vect/tree-ssa-vect-48.c compilation failed to produce executable
FAIL: gcc.dg/tree-ssa-vect/tree-ssa-vect-49.c (test for excess errors)
WARNING: gcc.dg/tree-ssa-vect/tree-ssa-vect-49.c compilation failed to produce executable
FAIL: gcc.dg/tree-ssa-vect/tree-ssa-vect-5.c (test for excess errors)
WARNING: gcc.dg/tree-ssa-vect/tree-ssa-vect-5.c compilation failed to produce executable
FAIL: gcc.dg/tree-ssa-vect/tree-ssa-vect-54.c (test for excess errors)
WARNING: gcc.dg/tree-ssa-vect/tree-ssa-vect-54.c compilation failed to produce executable
FAIL: gcc.dg/tree-ssa-vect/tree-ssa-vect-55.c (test for excess errors)
WARNING: gcc.dg/tree-ssa-vect/tree-ssa-vect-55.c compilation failed to produce executable
FAIL: gcc.dg/tree-ssa-vect/tree-ssa-vect-56.c (test for excess errors)
WARNING: gcc.dg/tree-ssa-vect/tree-ssa-vect-56.c compilation failed to produce executable
FAIL: gcc.dg/tree-ssa-vect/tree-ssa-vect-57.c (test for excess errors)
WARNING: gcc.dg/tree-ssa-vect/tree-ssa-vect-57.c compilation failed to produce executable
FAIL: gcc.dg/tree-ssa-vect/tree-ssa-vect-6.c (test for excess errors)
WARNING: gcc.dg/tree-ssa-vect/tree-ssa-vect-6.c compilation failed to produce executable
FAIL: gcc.dg/tree-ssa-vect/tree-ssa-vect-7.c (test for excess errors)
WARNING: gcc.dg/tree-ssa-vect/tree-ssa-vect-7.c compilation failed to produce executable
FAIL: gcc.dg/tree-ssa-vect/tree-ssa-vect-9.c (test for excess errors)
WARNING: gcc.dg/tree-ssa-vect/tree-ssa-vect-9.c compilation failed to produce executable
FAIL: gcc.dg/tree-ssa-vect/tree-ssa-vect-all.c (test for excess errors)
WARNING: gcc.dg/tree-ssa-vect/tree-ssa-vect-all.c compilation failed to produce executable
FAIL: gcc.dg/tree-ssa-vect/tree-ssa-vect-none.c (test for excess errors)
FAIL: gcc.dg/tree-ssa/20030807-7.c scan-tree-dump-times if 1
FAIL: gcc.dg/tree-ssa/20031216-1.c scan-tree-dump-times link_error 0
XPASS: gcc.dg/tree-ssa/20040204-1.c scan-tree-dump-times link_error 0
XPASS: gcc.dg/tree-ssa/20040308-1.c scan-tree-dump-times straightline 1
FAIL: gcc.dg/tree-ssa/ivcanon-1.c (test for excess errors)
ERROR: gcc.dg/tree-ssa/ivcanon-1.c: error executing dg-final: no files matched glob pattern "ivcanon-1.c.t??.optimized"
UNRESOLVED: gcc.dg/tree-ssa/ivcanon-1.c: error executing dg-final: no files matched glob pattern "ivcanon-1.c.t??.optimized"
FAIL: gcc.dg/tree-ssa/sra-1.c scan-tree-dump-times link_error 0
FAIL: gcc.dg/tree-ssa/ssa-dce-3.c scan-tree-dump-times PHI 1
FAIL: gcc.dg/tree-ssa/ssa-dce-3.c scan-tree-dump-times if 1
FAIL: gcc.dg/vmx/1b-06.c -O0 (test for excess errors)
FAIL: gcc.dg/vmx/1b-06.c -O1 (test for excess errors)
FAIL: gcc.dg/vmx/1b-06.c -O2 (test for excess errors)
FAIL: gcc.dg/vmx/1b-06.c -O3 -fomit-frame-pointer (test for excess errors)
FAIL: gcc.dg/vmx/1b-06.c -O3 -g (test for excess errors)
FAIL: gcc.dg/vmx/1b-06.c -Os (test for excess errors)
FAIL: gcc.dg/vmx/1b-07.c -O0 (test for excess errors)
FAIL: gcc.dg/vmx/1b-07.c -O1 (test for excess errors)
FAIL: gcc.dg/vmx/1b-07.c -O2 (test for excess errors)
FAIL: gcc.dg/vmx/1b-07.c -O3 -fomit-frame-pointer (test for excess errors)
FAIL: gcc.dg/vmx/1b-07.c -O3 -g (test for excess errors)
FAIL: gcc.dg/vmx/1b-07.c -Os (test for excess errors)
FAIL: gcc.dg/vmx/ops.c -O0 (test for excess errors)
FAIL: gcc.dg/vmx/ops.c -O1 (test for excess errors)
FAIL: gcc.dg/vmx/ops.c -O2 (test for excess errors)
FAIL: gcc.dg/vmx/ops.c -O3 -fomit-frame-pointer (test for excess errors)
FAIL: gcc.dg/vmx/ops.c -O3 -g (test for excess errors)
FAIL: gcc.dg/vmx/ops.c -Os (test for excess errors)
UNRESOLVED: gcc.dg/weak/typeof-2.c
UNRESOLVED: gcc.dg/weak/weak-1.c
UNRESOLVED: gcc.dg/weak/weak-2.c
UNRESOLVED: gcc.dg/weak/weak-3.c
UNRESOLVED: gcc.dg/weak/weak-4.c
UNRESOLVED: gcc.dg/weak/weak-5.c
UNRESOLVED: gcc.dg/weak/weak-6.c
UNRESOLVED: gcc.dg/weak/weak-7.c
UNRESOLVED: gcc.dg/weak/weak-8.c
UNRESOLVED: gcc.dg/weak/weak-9.c
FAIL: 94:is -:should be 1
FAIL: gcc.misc-tests/gcov-4.c gcov: 1 failures in line counts, 0 in branch percentages, 0 in return percentages
=== gcc Summary ===
# of expected passes 27340
# of unexpected failures 171
# of unexpected successes 15
# of expected failures 99
# of unresolved testcases 51
# of untested testcases 35
# of unsupported tests 367
/Volumes/src/gcc/gcc-apple/objdir/gcc/xgcc version 3.5-tree-ssa-lno 20040718 (merged 20040718) (Apple Computer, Inc. build 1774)
=== libffi tests ===
Running target unix
FAIL: libffi.call/cls_align_longdouble.c output pattern test, is 12 7.29112e-304 160 0 -1.99423e-272 0: 12 -1.99423e-272 160
FAIL: libffi.call/cls_align_sint64.c output pattern test, is 12 4951 127 1 16777216 0: 13 16782167 127
FAIL: libffi.call/cls_align_uint64.c output pattern test, is 12 4951 127 1 16777216 0: 13 16782167 127
FAIL: libffi.call/float.c execution test
=== libffi Summary ===
# of expected passes 208
# of unexpected failures 4
# of unsupported tests 2
=== libjava tests ===
Running target unix
=== libjava Summary ===
# of expected passes 3387
# of expected failures 14
# of untested testcases 16
=== libstdc++ tests ===
Running target unix
FAIL: 22_locale/ctype/is/char/3.cc execution test
FAIL: 22_locale/ctype/is/wchar_t/1.cc execution test
FAIL: 22_locale/ctype/scan/wchar_t/1.cc execution test
FAIL: 22_locale/ctype_base/11844.cc execution test
XPASS: 22_locale/locale/cons/12658_thread-1.cc execution test
FAIL: 22_locale/money_get/get/char/5.cc execution test
FAIL: 22_locale/money_get/get/wchar_t/5.cc execution test
FAIL: 22_locale/num_get/get/char/10.cc execution test
FAIL: 22_locale/num_get/get/char/4.cc execution test
FAIL: 22_locale/num_get/get/wchar_t/10.cc execution test
FAIL: 22_locale/num_get/get/wchar_t/4.cc execution test
FAIL: 26_numerics/complex/13450.cc (test for excess errors)
WARNING: 26_numerics/complex/13450.cc compilation failed to produce executable
FAIL: 26_numerics/complex/complex_inserters_extractors.cc execution test
FAIL: 27_io/basic_filebuf/open/char/9507.cc execution test
FAIL: 27_io/basic_istream/extractors_arithmetic/char/01.cc execution test
=== libstdc++ Summary ===
# of expected passes 2770
# of unexpected failures 14
# of unexpected successes 1
# of expected failures 5
# of unsupported tests 9
Compiler version: 3.5-tree-ssa-lno 20040718 (merged 20040718) (Apple Computer, Inc. build 1774)
Platform: powerpc-apple-darwin7.5.0
configure flags: --prefix=/Volumes/src/gcc/gcc-apple/testbin --without-libbanshee --disable-libmudflap --enable-java-awt=gtk --enable-gtk-cairo --enable-libgcj-multifile --disable-checking --enable-languages=c,c++,java