This is the mail archive of the gcc-testresults@gcc.gnu.org mailing list for the GCC project.


Index Nav: [Date Index] [Subject Index] [Author Index] [Thread Index]
Message Nav: [Date Prev] [Date Next] [Thread Prev] [Thread Next]
Other format: [Raw text]

Results for 3.4.2 20040813 (prerelease) testsuite on sh-unknown-elf


LAST_UPDATED: 
Target is sh-unknown-elf
Host   is i686-pc-linux-gnu

		=== g++ tests ===


Running target sh-hms-sim
XPASS: g++.dg/rtti/tinfo1.C scan-assembler _ZTIP9CTemplateIhE:
XPASS: g++.dg/rtti/tinfo1.C scan-assembler-not .globl[ \\t]+_ZTIP9CTemplateIhE
XPASS: g++.old-deja/g++.jason/thunk3.C execution test
WARNING: g++.old-deja/g++.mike/p10769a.C compilation failed to produce executable
WARNING: g++.old-deja/g++.other/enum5.C compilation failed to produce executable
WARNING: g++.old-deja/g++.pt/friend44.C compilation failed to produce executable

		=== g++ Summary for sh-hms-sim ===

# of expected passes		9589
# of unexpected successes	3
# of expected failures		69
# of unsupported tests		79

Running target sh-hms-sim/-m4/-ml
XPASS: g++.dg/rtti/tinfo1.C scan-assembler _ZTIP9CTemplateIhE:
XPASS: g++.dg/rtti/tinfo1.C scan-assembler-not .globl[ \\t]+_ZTIP9CTemplateIhE
XPASS: g++.old-deja/g++.jason/thunk3.C execution test
WARNING: g++.old-deja/g++.mike/p10769a.C compilation failed to produce executable
WARNING: g++.old-deja/g++.other/enum5.C compilation failed to produce executable
WARNING: g++.old-deja/g++.pt/friend44.C compilation failed to produce executable

		=== g++ Summary for sh-hms-sim/-m4/-ml ===

# of expected passes		9589
# of unexpected successes	3
# of expected failures		69
# of unsupported tests		79

		=== g++ Summary ===

# of expected passes		19178
# of unexpected successes	6
# of expected failures		138
# of unsupported tests		158
/swbuild/nightly/3.4-2004-08-13/sh-elf/gcc/testsuite/../g++ version 3.4.2 20040813 (prerelease)

Host   is i686-pc-linux-gnu

		=== gcc tests ===


Running target sh-hms-sim
UNRESOLVED: gcc.c-torture/execute/20020720-1.c execution,  -O1 
UNRESOLVED: gcc.c-torture/execute/20020720-1.c execution,  -O2 
UNRESOLVED: gcc.c-torture/execute/20020720-1.c execution,  -O3 -fomit-frame-pointer 
UNRESOLVED: gcc.c-torture/execute/20020720-1.c execution,  -O3 -g 
UNRESOLVED: gcc.c-torture/execute/20020720-1.c execution,  -Os 
FAIL: gcc.dg/builtin-apply2.c execution test
FAIL: gcc.dg/builtins-18.c (test for excess errors)
FAIL: gcc.dg/builtins-20.c (test for excess errors)
XPASS: gcc.dg/uninit-4.c uninitialized variable warning (test for bogus messages, line 26)

		=== gcc Summary for sh-hms-sim ===

# of expected passes		24293
# of unexpected failures	3
# of unexpected successes	1
# of expected failures		73
# of unresolved testcases	5
# of untested testcases		7
# of unsupported tests		356

Running target sh-hms-sim/-m4/-ml
UNRESOLVED: gcc.c-torture/execute/20020720-1.c execution,  -O1 
UNRESOLVED: gcc.c-torture/execute/20020720-1.c execution,  -O2 
UNRESOLVED: gcc.c-torture/execute/20020720-1.c execution,  -O3 -fomit-frame-pointer 
UNRESOLVED: gcc.c-torture/execute/20020720-1.c execution,  -O3 -g 
UNRESOLVED: gcc.c-torture/execute/20020720-1.c execution,  -Os 
FAIL: gcc.dg/compat/struct-by-value-19 c_compat_x_tst.o-c_compat_y_tst.o execute 
FAIL: gcc.dg/compat/struct-return-19 c_compat_x_tst.o-c_compat_y_tst.o execute 
FAIL: gcc.dg/builtins-20.c (test for excess errors)
XPASS: gcc.dg/uninit-4.c uninitialized variable warning (test for bogus messages, line 26)

		=== gcc Summary for sh-hms-sim/-m4/-ml ===

# of expected passes		24293
# of unexpected failures	3
# of unexpected successes	1
# of expected failures		73
# of unresolved testcases	5
# of untested testcases		7
# of unsupported tests		356

		=== gcc Summary ===

# of expected passes		48586
# of unexpected failures	6
# of unexpected successes	2
# of expected failures		146
# of unresolved testcases	10
# of untested testcases		14
# of unsupported tests		712
/swbuild/nightly/3.4-2004-08-13/sh-elf/gcc/xgcc version 3.4.2 20040813 (prerelease)

Host   is i686-pc-linux-gnu

		=== objc tests ===


Running target sh-hms-sim

		=== objc Summary for sh-hms-sim ===

# of expected passes		1352
# of unsupported tests		8

Running target sh-hms-sim/-m4/-ml

		=== objc Summary for sh-hms-sim/-m4/-ml ===

# of expected passes		1352
# of unsupported tests		8

		=== objc Summary ===

# of expected passes		2704
# of unsupported tests		16
/swbuild/nightly/3.4-2004-08-13/sh-elf/gcc/xgcc version 3.4.2 20040813 (prerelease)


Compiler version: 3.4.2 20040813 (prerelease) 
Platform: sh-unknown-elf
configure flags: --target=sh-elf --with-headers --with-newlib,;t t


Index Nav: [Date Index] [Subject Index] [Author Index] [Thread Index]
Message Nav: [Date Prev] [Date Next] [Thread Prev] [Thread Next]