This is the mail archive of the
gcc-testresults@gcc.gnu.org
mailing list for the GCC project.
Results for 3.5.0 20040808 (experimental) testsuite on hppa2.0w-hp-hpux11.11
- From: bin at hiauly3 dot hia dot nrc dot ca
- To: dave at hiauly3 dot hia dot nrc dot ca, gcc-testresults at gcc dot gnu dot org
- Date: Sun, 8 Aug 2004 21:09:43 -0400 (EDT)
- Subject: Results for 3.5.0 20040808 (experimental) testsuite on hppa2.0w-hp-hpux11.11
LAST_UPDATED: Sun Aug 8 18:17:37 UTC 2004
Native configuration is hppa2.0w-hp-hpux11.11
=== g++ tests ===
Running target unix
FAIL: g++.dg/abi/inline1.C scan-assembler-not _ZTV1S
WARNING: program timed out.
FAIL: g++.dg/eh/cleanup1.C (test for excess errors)
FAIL: g++.dg/ext/stmtexpr2.C execution test
UNRESOLVED: g++.dg/ext/visibility/assign1.C
UNRESOLVED: g++.dg/ext/visibility/fvisibility-inlines-hidden.C
UNRESOLVED: g++.dg/ext/visibility/fvisibility-override1.C
UNRESOLVED: g++.dg/ext/visibility/fvisibility-override2.C
UNRESOLVED: g++.dg/ext/visibility/fvisibility.C
UNRESOLVED: g++.dg/ext/visibility/memfuncts.C
UNRESOLVED: g++.dg/ext/visibility/new1.C
UNRESOLVED: g++.dg/ext/visibility/noPLT.C
UNRESOLVED: g++.dg/ext/visibility/pragma-override1.C
UNRESOLVED: g++.dg/ext/visibility/pragma-override2.C
UNRESOLVED: g++.dg/ext/visibility/pragma.C
UNRESOLVED: g++.dg/ext/visibility/staticmemfuncts.C
UNRESOLVED: g++.dg/ext/visibility/virtual.C
UNRESOLVED: g++.dg/ext/visibility/visibility-1.C
UNRESOLVED: g++.dg/ext/visibility/visibility-2.C
UNRESOLVED: g++.dg/ext/visibility/visibility-3.C
UNRESOLVED: g++.dg/ext/visibility/visibility-4.C
UNRESOLVED: g++.dg/ext/visibility/visibility-5.C
UNRESOLVED: g++.dg/ext/visibility/visibility-6.C
UNRESOLVED: g++.dg/ext/visibility/visibility-7.C
UNRESOLVED: g++.dg/ext/visibility/visibility-8.C
UNRESOLVED: g++.dg/init/init-ref4.C
FAIL: g++.dg/init/ref9.C execution test
FAIL: g++.dg/opt/cleanup1.C execution test
XPASS: g++.dg/rtti/tinfo1.C scan-assembler-not .globl[ \\t]+_ZTIP9CTemplateIhE
XPASS: g++.dg/rtti/tinfo1.C scan-assembler-not .section[^\\n\\r]*_ZTIP9CTemplateIhE[^\\n\\r]*
FAIL: 102:is -:should be 1
FAIL: g++.dg/gcov/gcov-1.C gcov: 1 failures in line counts, 0 in branch percentages, 0 in return percentages
FAIL: g++.old-deja/g++.eh/badalloc1.C execution test
UNRESOLVED: g++.old-deja/g++.ext/attrib5.C
FAIL: g++.old-deja/g++.law/cvt2.C execution test
FAIL: g++.old-deja/g++.law/temps3.C execution test
FAIL: g++.old-deja/g++.law/temps5.C execution test
FAIL: g++.old-deja/g++.law/virtual3.C execution test
FAIL: g++.old-deja/g++.martin/bitset1.C execution test
FAIL: g++.old-deja/g++.mike/leak1.C execution test
WARNING: g++.old-deja/g++.mike/p10769a.C compilation failed to produce executable
FAIL: g++.old-deja/g++.mike/p2846.C execution test
FAIL: g++.old-deja/g++.mike/p2846a.C execution test
FAIL: g++.old-deja/g++.mike/p2846b.C execution test
FAIL: g++.old-deja/g++.mike/p9732a.C execution test
FAIL: g++.old-deja/g++.mike/temp.C execution test
FAIL: g++.old-deja/g++.other/dtor10.C execution test
FAIL: g++.old-deja/g++.other/dtor11.C execution test
FAIL: g++.old-deja/g++.other/empty1.C execution test
WARNING: g++.old-deja/g++.other/enum5.C compilation failed to produce executable
FAIL: g++.old-deja/g++.other/thunk1.C (test for excess errors)
WARNING: g++.old-deja/g++.other/thunk1.C compilation failed to produce executable
WARNING: g++.old-deja/g++.pt/friend44.C compilation failed to produce executable
UNRESOLVED: g++.old-deja/g++.pt/static3.C
=== g++ Summary ===
# of expected passes 9688
# of unexpected failures 23
# of unexpected successes 2
# of expected failures 82
# of unresolved testcases 24
# of unsupported tests 113
/mnt/gnu/gcc-3.3/objdir/gcc/testsuite/../g++ version 3.5.0 20040808 (experimental)
=== gcc tests ===
Running target unix
WARNING: program timed out.
FAIL: gcc.c-torture/compile/20001226-1.c -O3 -g (test for excess errors)
FAIL: gcc.c-torture/compile/20020210-1.c -O1 (test for excess errors)
FAIL: gcc.c-torture/compile/20020210-1.c -O2 (test for excess errors)
FAIL: gcc.c-torture/compile/20020210-1.c -O3 -fomit-frame-pointer (test for excess errors)
FAIL: gcc.c-torture/compile/20020210-1.c -O3 -g (test for excess errors)
FAIL: gcc.c-torture/compile/20020210-1.c -Os (test for excess errors)
FAIL: tmpdir-gcc.dg-struct-layout-1/t028 c_compat_x_tst.o-c_compat_y_tst.o execute
FAIL: gcc.dg/c90-const-expr-3.c (test for excess errors)
FAIL: gcc.dg/c99-const-expr-3.c (test for excess errors)
XPASS: gcc.dg/const-elim-1.c scan-assembler-not L\\\\\$?C[^A-Z]
FAIL: gcc.dg/dll-2.c (test for excess errors)
XPASS: gcc.dg/setjmp-1.c spurious clobbered warning (test for bogus messages, line 16)
FAIL: gcc.dg/struct-ret-1.c (test for excess errors)
FAIL: gcc.dg/uninit-H.c (test for bogus messages, line 20)
UNRESOLVED: gcc.dg/visibility-1.c
UNRESOLVED: gcc.dg/visibility-10.c
UNRESOLVED: gcc.dg/visibility-2.c
UNRESOLVED: gcc.dg/visibility-3.c
UNRESOLVED: gcc.dg/visibility-4.c
UNRESOLVED: gcc.dg/visibility-5.c
UNRESOLVED: gcc.dg/visibility-6.c
UNRESOLVED: gcc.dg/visibility-7.c
UNRESOLVED: gcc.dg/visibility-8.c
UNRESOLVED: gcc.dg/visibility-9.c
UNRESOLVED: gcc.dg/visibility-a.c
FAIL: gcc.dg/wchar_t-2.c (test for excess errors)
FAIL: largefile.c -O0 -g (test for excess errors)
FAIL: largefile.c -O0 (test for excess errors)
FAIL: largefile.c -O1 (test for excess errors)
FAIL: largefile.c -O2 (test for excess errors)
FAIL: largefile.c -O3 -fomit-frame-pointer (test for excess errors)
FAIL: largefile.c -O3 -g (test for excess errors)
FAIL: largefile.c -Os (test for excess errors)
UNRESOLVED: gcc.dg/special/weak-1.c
UNRESOLVED: gcc.dg/special/weak-2.c
UNRESOLVED: gcc.dg/special/wkali-1.c
UNRESOLVED: gcc.dg/special/wkali-2.c
XPASS: gcc.dg/tree-ssa/20040615-1.c scan-tree-dump-times bar2 0
UNRESOLVED: gcc.dg/weak/typeof-2.c
UNRESOLVED: gcc.dg/weak/weak-1.c
UNRESOLVED: gcc.dg/weak/weak-2.c
UNRESOLVED: gcc.dg/weak/weak-3.c
UNRESOLVED: gcc.dg/weak/weak-4.c
UNRESOLVED: gcc.dg/weak/weak-5.c
UNRESOLVED: gcc.dg/weak/weak-6.c
UNRESOLVED: gcc.dg/weak/weak-7.c
UNRESOLVED: gcc.dg/weak/weak-8.c
UNRESOLVED: gcc.dg/weak/weak-9.c
FAIL: 96:is -:should be 1
FAIL: gcc.misc-tests/gcov-4.c gcov: 1 failures in line counts, 0 in branch percentages, 0 in return percentages
=== gcc Summary ===
# of expected passes 26504
# of unexpected failures 22
# of unexpected successes 3
# of expected failures 63
# of unresolved testcases 25
# of untested testcases 35
# of unsupported tests 446
/mnt/gnu/gcc-3.3/objdir/gcc/xgcc version 3.5.0 20040808 (experimental)
=== gfortran tests ===
Running target unix
XPASS: gfortran.dg/ret_pointer_1.f90 -O0 execution test
XPASS: gfortran.dg/ret_pointer_1.f90 -O1 execution test
XPASS: gfortran.dg/ret_pointer_1.f90 -O2 execution test
XPASS: gfortran.dg/ret_pointer_1.f90 -O3 -fomit-frame-pointer execution test
XPASS: gfortran.dg/ret_pointer_1.f90 -O3 -fomit-frame-pointer -funroll-loops execution test
XPASS: gfortran.dg/ret_pointer_1.f90 -O3 -fomit-frame-pointer -funroll-all-loops -finline-functions execution test
XPASS: gfortran.dg/ret_pointer_1.f90 -O3 -g execution test
XPASS: gfortran.dg/ret_pointer_1.f90 -Os execution test
FAIL: gfortran.fortran-torture/execute/forall_3.f90 execution, -O0
FAIL: gfortran.fortran-torture/execute/forall_3.f90 execution, -O1
FAIL: gfortran.fortran-torture/execute/forall_3.f90 execution, -O2
FAIL: gfortran.fortran-torture/execute/forall_3.f90 execution, -O3 -fomit-frame-pointer
FAIL: gfortran.fortran-torture/execute/forall_3.f90 execution, -O3 -fomit-frame-pointer -funroll-loops
FAIL: gfortran.fortran-torture/execute/forall_3.f90 execution, -O3 -fomit-frame-pointer -funroll-all-loops -finline-functions
FAIL: gfortran.fortran-torture/execute/forall_3.f90 execution, -O3 -g
FAIL: gfortran.fortran-torture/execute/forall_3.f90 execution, -Os
FAIL: gfortran.fortran-torture/execute/inquire_3.f90 execution, -O0
FAIL: gfortran.fortran-torture/execute/inquire_3.f90 execution, -O1
FAIL: gfortran.fortran-torture/execute/inquire_3.f90 execution, -O2
FAIL: gfortran.fortran-torture/execute/inquire_3.f90 execution, -O3 -fomit-frame-pointer
FAIL: gfortran.fortran-torture/execute/inquire_3.f90 execution, -O3 -fomit-frame-pointer -funroll-loops
FAIL: gfortran.fortran-torture/execute/inquire_3.f90 execution, -O3 -fomit-frame-pointer -funroll-all-loops -finline-functions
FAIL: gfortran.fortran-torture/execute/inquire_3.f90 execution, -O3 -g
FAIL: gfortran.fortran-torture/execute/inquire_3.f90 execution, -Os
FAIL: gfortran.fortran-torture/execute/seq_io.f90 execution, -O0
FAIL: gfortran.fortran-torture/execute/seq_io.f90 execution, -O1
FAIL: gfortran.fortran-torture/execute/seq_io.f90 execution, -O2
FAIL: gfortran.fortran-torture/execute/seq_io.f90 execution, -O3 -fomit-frame-pointer
FAIL: gfortran.fortran-torture/execute/seq_io.f90 execution, -O3 -fomit-frame-pointer -funroll-loops
FAIL: gfortran.fortran-torture/execute/seq_io.f90 execution, -O3 -fomit-frame-pointer -funroll-all-loops -finline-functions
FAIL: gfortran.fortran-torture/execute/seq_io.f90 execution, -O3 -g
FAIL: gfortran.fortran-torture/execute/seq_io.f90 execution, -Os
=== gfortran Summary ===
# of expected passes 3957
# of unexpected failures 24
# of unexpected successes 8
# of expected failures 28
# of unsupported tests 8
/mnt/gnu/gcc-3.3/objdir/gcc/testsuite/../gfortran version 3.5.0 20040808 (experimental)
=== objc tests ===
Running target unix
FAIL: objc.dg/try-catch-2.m (test for excess errors)
WARNING: objc.dg/try-catch-2.m compilation failed to produce executable
=== objc Summary ===
# of expected passes 1402
# of unexpected failures 1
# of unsupported tests 7
/mnt/gnu/gcc-3.3/objdir/gcc/xgcc version 3.5.0 20040808 (experimental)
=== libstdc++ tests ===
Running target unix
FAIL: 20_util/memory/auto_ptr/3946.cc execution test
FAIL: 21_strings/basic_string/capacity/1.cc execution test
FAIL: 21_strings/basic_string/capacity/char/1.cc execution test
FAIL: 21_strings/basic_string/cons/char/6.cc execution test
FAIL: 21_strings/basic_string/inserters_extractors/char/10.cc execution test
FAIL: 21_strings/basic_string/inserters_extractors/char/11.cc execution test
FAIL: 21_strings/basic_string/inserters_extractors/pod/10081-in.cc execution test
FAIL: 21_strings/basic_string/inserters_extractors/pod/10081-out.cc execution test
FAIL: 21_strings/basic_string/operators/char/2.cc execution test
FAIL: 21_strings/basic_string/replace/char/1.cc execution test
FAIL: 22_locale/codecvt/always_noconv/char/wrapped_locale.cc execution test
FAIL: 22_locale/codecvt/encoding/char/wrapped_locale.cc execution test
FAIL: 22_locale/codecvt/in/char/wrapped_locale.cc execution test
FAIL: 22_locale/codecvt/length/char/wrapped_locale.cc execution test
FAIL: 22_locale/codecvt/max_length/char/wrapped_locale.cc execution test
FAIL: 22_locale/codecvt/out/char/wrapped_locale.cc execution test
FAIL: 22_locale/codecvt/unshift/char/wrapped_locale.cc execution test
FAIL: 22_locale/collate/compare/char/1.cc execution test
FAIL: 22_locale/collate/compare/char/2.cc execution test
FAIL: 22_locale/collate/compare/char/3.cc execution test
FAIL: 22_locale/collate/compare/char/wrapped_locale.cc execution test
FAIL: 22_locale/collate/hash/char/2.cc execution test
FAIL: 22_locale/collate/hash/char/wrapped_locale.cc execution test
FAIL: 22_locale/collate/transform/char/2.cc execution test
FAIL: 22_locale/collate/transform/char/3.cc execution test
FAIL: 22_locale/collate/transform/char/wrapped_locale.cc execution test
FAIL: 22_locale/collate_byname/named_equivalence.cc execution test
FAIL: 22_locale/ctype/cons/char/wrapped_locale.cc execution test
FAIL: 22_locale/ctype/is/char/2.cc execution test
FAIL: 22_locale/ctype/is/char/wrapped_locale.cc execution test
FAIL: 22_locale/ctype/narrow/char/wrapped_locale.cc execution test
FAIL: 22_locale/ctype/scan/char/wrapped_locale.cc execution test
FAIL: 22_locale/ctype/to/char/wrapped_locale.cc execution test
FAIL: 22_locale/ctype/widen/char/wrapped_locale.cc execution test
FAIL: 22_locale/facet/2.cc execution test
FAIL: 22_locale/locale/cons/12352.cc execution test
FAIL: 22_locale/locale/cons/12438.cc execution test
FAIL: 22_locale/locale/cons/6.cc execution test
FAIL: 22_locale/locale/cons/7.cc execution test
FAIL: 22_locale/locale/cons/7222-env.cc execution test
FAIL: 22_locale/locale/global_locale_objects/1.cc execution test
FAIL: 22_locale/locale/global_locale_objects/14071.cc execution test
FAIL: 22_locale/locale/global_locale_objects/3.cc execution test
FAIL: 22_locale/locale/operations/1.cc execution test
FAIL: 22_locale/messages/members/char/1.cc execution test
FAIL: 22_locale/messages/members/char/2.cc execution test
FAIL: 22_locale/messages/members/char/3.cc execution test
FAIL: 22_locale/messages/members/char/wrapped_locale.cc execution test
FAIL: 22_locale/messages_byname/named_equivalence.cc execution test
FAIL: 22_locale/money_get/get/char/1.cc execution test
FAIL: 22_locale/money_get/get/char/10.cc execution test
FAIL: 22_locale/money_get/get/char/11.cc execution test
FAIL: 22_locale/money_get/get/char/11528.cc execution test
FAIL: 22_locale/money_get/get/char/12.cc execution test
FAIL: 22_locale/money_get/get/char/13.cc execution test
FAIL: 22_locale/money_get/get/char/14.cc execution test
FAIL: 22_locale/money_get/get/char/15.cc execution test
FAIL: 22_locale/money_get/get/char/16.cc execution test
FAIL: 22_locale/money_get/get/char/17.cc execution test
FAIL: 22_locale/money_get/get/char/18.cc execution test
FAIL: 22_locale/money_get/get/char/19.cc execution test
FAIL: 22_locale/money_get/get/char/2.cc execution test
FAIL: 22_locale/money_get/get/char/3.cc execution test
FAIL: 22_locale/money_get/get/char/4.cc execution test
FAIL: 22_locale/money_get/get/char/5.cc execution test
FAIL: 22_locale/money_get/get/char/6.cc execution test
FAIL: 22_locale/money_get/get/char/7.cc execution test
FAIL: 22_locale/money_get/get/char/8.cc execution test
FAIL: 22_locale/money_get/get/char/9.cc execution test
FAIL: 22_locale/money_get/get/char/wrapped_locale.cc execution test
FAIL: 22_locale/money_put/put/char/1.cc execution test
FAIL: 22_locale/money_put/put/char/12971.cc execution test
FAIL: 22_locale/money_put/put/char/2.cc execution test
FAIL: 22_locale/money_put/put/char/3.cc execution test
FAIL: 22_locale/money_put/put/char/4.cc execution test
FAIL: 22_locale/money_put/put/char/5.cc execution test
FAIL: 22_locale/money_put/put/char/6.cc execution test
FAIL: 22_locale/money_put/put/char/9780-3.cc execution test
FAIL: 22_locale/money_put/put/char/wrapped_locale.cc execution test
FAIL: 22_locale/moneypunct/members/char/1.cc execution test
FAIL: 22_locale/moneypunct/members/char/2.cc execution test
FAIL: 22_locale/moneypunct/members/char/wrapped_locale.cc execution test
FAIL: 22_locale/moneypunct_byname/named_equivalence.cc execution test
FAIL: 22_locale/num_get/get/char/1.cc execution test
FAIL: 22_locale/num_get/get/char/11.cc execution test
FAIL: 22_locale/num_get/get/char/12.cc execution test
FAIL: 22_locale/num_get/get/char/13.cc execution test
FAIL: 22_locale/num_get/get/char/14.cc execution test
FAIL: 22_locale/num_get/get/char/15.cc execution test
FAIL: 22_locale/num_get/get/char/2.cc execution test
FAIL: 22_locale/num_get/get/char/3.cc execution test
FAIL: 22_locale/num_get/get/char/4.cc execution test
FAIL: 22_locale/num_get/get/char/5.cc execution test
FAIL: 22_locale/num_get/get/char/6.cc execution test
FAIL: 22_locale/num_get/get/char/9.cc execution test
FAIL: 22_locale/num_get/get/char/wrapped_locale.cc execution test
FAIL: 22_locale/num_put/put/char/1.cc execution test
FAIL: 22_locale/num_put/put/char/15565.cc execution test
FAIL: 22_locale/num_put/put/char/2.cc execution test
FAIL: 22_locale/num_put/put/char/3.cc execution test
FAIL: 22_locale/num_put/put/char/4.cc execution test
FAIL: 22_locale/num_put/put/char/5.cc execution test
FAIL: 22_locale/num_put/put/char/8.cc execution test
FAIL: 22_locale/num_put/put/char/9780-2.cc execution test
FAIL: 22_locale/num_put/put/char/wrapped_locale.cc execution test
FAIL: 22_locale/numpunct/members/char/1.cc execution test
FAIL: 22_locale/numpunct/members/char/2.cc execution test
FAIL: 22_locale/numpunct/members/char/3.cc execution test
FAIL: 22_locale/numpunct/members/char/cache_1.cc execution test
FAIL: 22_locale/numpunct/members/char/cache_2.cc execution test
FAIL: 22_locale/numpunct/members/char/wrapped_locale.cc execution test
FAIL: 22_locale/numpunct/members/pod/1.cc execution test
FAIL: 22_locale/numpunct/members/pod/2.cc execution test
FAIL: 22_locale/numpunct_byname/named_equivalence.cc execution test
FAIL: 22_locale/time_get/date_order/char/1.cc execution test
FAIL: 22_locale/time_get/date_order/char/wrapped_locale.cc execution test
FAIL: 22_locale/time_get/get_date/char/1.cc execution test
FAIL: 22_locale/time_get/get_date/char/12750.cc execution test
FAIL: 22_locale/time_get/get_date/char/2.cc execution test
FAIL: 22_locale/time_get/get_date/char/3.cc execution test
FAIL: 22_locale/time_get/get_date/char/wrapped_locale.cc execution test
FAIL: 22_locale/time_get/get_monthname/char/1.cc execution test
FAIL: 22_locale/time_get/get_monthname/char/2.cc execution test
FAIL: 22_locale/time_get/get_monthname/char/3.cc execution test
FAIL: 22_locale/time_get/get_monthname/char/4.cc execution test
FAIL: 22_locale/time_get/get_monthname/char/wrapped_locale.cc execution test
FAIL: 22_locale/time_get/get_time/char/1.cc execution test
FAIL: 22_locale/time_get/get_time/char/2.cc execution test
FAIL: 22_locale/time_get/get_time/char/3.cc execution test
FAIL: 22_locale/time_get/get_time/char/wrapped_locale.cc execution test
FAIL: 22_locale/time_get/get_weekday/char/1.cc execution test
FAIL: 22_locale/time_get/get_weekday/char/2.cc execution test
FAIL: 22_locale/time_get/get_weekday/char/3.cc execution test
FAIL: 22_locale/time_get/get_weekday/char/wrapped_locale.cc execution test
FAIL: 22_locale/time_get/get_year/char/1.cc execution test
FAIL: 22_locale/time_get/get_year/char/3.cc execution test
FAIL: 22_locale/time_get/get_year/char/wrapped_locale.cc execution test
FAIL: 22_locale/time_put/put/char/1.cc execution test
FAIL: 22_locale/time_put/put/char/10.cc execution test
FAIL: 22_locale/time_put/put/char/2.cc execution test
FAIL: 22_locale/time_put/put/char/3.cc execution test
FAIL: 22_locale/time_put/put/char/4.cc execution test
FAIL: 22_locale/time_put/put/char/5.cc execution test
FAIL: 22_locale/time_put/put/char/6.cc execution test
FAIL: 22_locale/time_put/put/char/7.cc execution test
FAIL: 22_locale/time_put/put/char/8.cc execution test
FAIL: 22_locale/time_put/put/char/9.cc execution test
FAIL: 22_locale/time_put/put/char/9780-1.cc execution test
FAIL: 22_locale/time_put/put/char/wrapped_locale.cc execution test
FAIL: 23_containers/deque/check_construct_destroy.cc execution test
FAIL: 23_containers/deque/cons/2.cc execution test
FAIL: 23_containers/deque/invalidation/1.cc execution test
FAIL: 23_containers/deque/invalidation/2.cc execution test
FAIL: 23_containers/deque/invalidation/3.cc execution test
FAIL: 23_containers/deque/invalidation/4.cc execution test
FAIL: 23_containers/list/invalidation/3.cc execution test
FAIL: 23_containers/vector/invalidation/3.cc execution test
FAIL: 26_numerics/complex/13450.cc (test for excess errors)
WARNING: 26_numerics/complex/13450.cc compilation failed to produce executable
FAIL: 26_numerics/complex/complex_inserters_extractors.cc execution test
FAIL: 26_numerics/complex/complex_value.cc (test for excess errors)
WARNING: 26_numerics/complex/complex_value.cc compilation failed to produce executable
FAIL: 26_numerics/complex/pow.cc (test for excess errors)
WARNING: 26_numerics/complex/pow.cc compilation failed to produce executable
FAIL: 27_io/basic_filebuf/imbue/12206.cc execution test
FAIL: 27_io/basic_filebuf/imbue/char/13007.cc execution test
FAIL: 27_io/basic_filebuf/imbue/char/13171-1.cc execution test
FAIL: 27_io/basic_filebuf/imbue/char/13171-2.cc execution test
FAIL: 27_io/basic_filebuf/imbue/char/13171-4.cc execution test
FAIL: 27_io/basic_filebuf/imbue/char/13582-2.cc execution test
FAIL: 27_io/basic_filebuf/imbue/char/14975-1.cc execution test
FAIL: 27_io/basic_filebuf/imbue/char/2.cc execution test
FAIL: 27_io/basic_filebuf/imbue/char/9322.cc execution test
FAIL: 27_io/basic_filebuf/overflow/char/9169.cc execution test
FAIL: 27_io/basic_ios/copyfmt/char/2.cc execution test
FAIL: 27_io/basic_ios/imbue/14072.cc execution test
FAIL: 27_io/basic_ios/locales/char/1.cc execution test
FAIL: 27_io/basic_istream/extractors_arithmetic/char/07.cc execution test
FAIL: 27_io/basic_istream/extractors_arithmetic/char/08.cc execution test
FAIL: 27_io/basic_istream/extractors_arithmetic/char/exceptions_badbit_throw.cc execution test
FAIL: 27_io/basic_istream/extractors_arithmetic/char/exceptions_failbit_throw.cc execution test
FAIL: 27_io/basic_istream/extractors_other/char/1.cc execution test
FAIL: 27_io/basic_istream/get/char/1.cc execution test
FAIL: 27_io/basic_istream/get/char/2.cc execution test
FAIL: 27_io/basic_istream/getline/char/5.cc execution test
FAIL: 27_io/basic_istream/ignore/char/2.cc execution test
FAIL: 27_io/basic_istream/seekg/char/sstream.cc execution test
FAIL: 27_io/basic_istream/sentry/pod/1.cc execution test
FAIL: 27_io/basic_istream/tellg/char/sstream.cc execution test
FAIL: 27_io/basic_istringstream/rdbuf/char/2832.cc execution test
FAIL: 27_io/basic_istringstream/str/char/1.cc execution test
FAIL: 27_io/basic_ostream/endl/char/1.cc execution test
FAIL: 27_io/basic_ostream/flush/char/1.cc execution test
FAIL: 27_io/basic_ostream/inserters_arithmetic/char/1.cc execution test
FAIL: 27_io/basic_ostream/inserters_arithmetic/char/2.cc execution test
FAIL: 27_io/basic_ostream/inserters_arithmetic/char/3.cc execution test
FAIL: 27_io/basic_ostream/inserters_arithmetic/char/4.cc execution test
FAIL: 27_io/basic_ostream/inserters_arithmetic/char/5.cc execution test
FAIL: 27_io/basic_ostream/inserters_arithmetic/char/6.cc execution test
FAIL: 27_io/basic_ostream/inserters_arithmetic/char/exceptions_badbit_throw.cc execution test
FAIL: 27_io/basic_ostream/inserters_arithmetic/char/exceptions_failbit_throw.cc execution test
FAIL: 27_io/basic_ostream/inserters_character/char/11095-oa.cc execution test
FAIL: 27_io/basic_ostream/inserters_character/char/11095-ob.cc execution test
FAIL: 27_io/basic_ostream/inserters_character/char/5.cc execution test
FAIL: 27_io/basic_ostream/inserters_character/char/8.cc execution test
FAIL: 27_io/basic_ostream/sentry/pod/1.cc execution test
FAIL: 27_io/basic_ostringstream/rdbuf/char/2832.cc execution test
FAIL: 27_io/basic_streambuf/imbue/char/13007-1.cc execution test
FAIL: 27_io/basic_streambuf/imbue/char/13007-2.cc execution test
FAIL: 27_io/basic_streambuf/imbue/char/9322.cc execution test
FAIL: 27_io/basic_stringbuf/imbue/char/9322.cc execution test
FAIL: 27_io/basic_stringbuf/overflow/char/1.cc execution test
FAIL: 27_io/basic_stringbuf/seekoff/char/1.cc execution test
FAIL: 27_io/basic_stringbuf/seekpos/char/1.cc execution test
FAIL: 27_io/basic_stringbuf/setbuf/char/1.cc execution test
FAIL: 27_io/basic_stringbuf/sputbackc/char/1.cc execution test
FAIL: 27_io/basic_stringbuf/sputc/char/1.cc execution test
FAIL: 27_io/basic_stringbuf/sputn/char/1.cc execution test
FAIL: 27_io/basic_stringbuf/sputn/char/9404-2.cc execution test
FAIL: 27_io/basic_stringbuf/str/char/1.cc execution test
FAIL: 27_io/basic_stringbuf/str/char/2.cc execution test
FAIL: 27_io/basic_stringbuf/sungetc/char/1.cc execution test
FAIL: 27_io/basic_stringstream/str/char/2.cc execution test
FAIL: 27_io/ios_base/callbacks/1.cc execution test
FAIL: 27_io/ios_base/state/1.cc execution test
FAIL: 27_io/manipulators/adjustfield/char/1.cc execution test
FAIL: 27_io/manipulators/adjustfield/char/2.cc execution test
FAIL: 27_io/manipulators/basefield/char/1.cc execution test
FAIL: backward/11460.cc (test for excess errors)
FAIL: backward/header_deque_h.cc (test for excess errors)
FAIL: backward/header_hash_map_h.cc (test for excess errors)
FAIL: backward/header_hash_set_h.cc (test for excess errors)
FAIL: backward/header_hashtable_h.cc (test for excess errors)
FAIL: backward/header_iterator_h.cc (test for excess errors)
FAIL: backward/header_rope_h.cc (test for excess errors)
FAIL: backward/header_slist_h.cc (test for excess errors)
FAIL: backward/header_tempbuf_h.cc (test for excess errors)
FAIL: backward/strstream_members.cc (test for excess errors)
FAIL: ext/rope/2.cc execution test
FAIL: ext/rope/3.cc execution test
=== libstdc++ Summary ===
# of expected passes 1804
# of unexpected failures 237
# of expected failures 4
# of unsupported tests 9
Compiler version: 3.5.0 20040808 (experimental)
Platform: hppa2.0w-hp-hpux11.11
configure flags: --with-gnu-as --with-as=/opt/gnu/bin/as --enable-shared --disable-nls --with-local-prefix=/opt/gnu --prefix=/opt/gnu/gcc/gcc-3.5.0 --enable-debug=no --enable-threads=posix --with-gmp=/opt/gnu --disable-libmudflap --enable-languages=c,c++,f95,java,objc