This is the mail archive of the
gcc-testresults@gcc.gnu.org
mailing list for the GCC project.
Results for 3.4.2 20040709 (prerelease) testsuite on sparc-unknown-linux-gnu
- From: Horst von Brand <vonbrand at inf dot utfsm dot cl>
- To: gcc-testresults at gcc dot gnu dot org
- Date: Fri, 30 Jul 2004 20:42:45 -0400
- Subject: Results for 3.4.2 20040709 (prerelease) testsuite on sparc-unknown-linux-gnu
LAST_UPDATED: Fri Jul 9 20:41:32 UTC 2004
Native configuration is sparc-unknown-linux-gnu
=== g++ tests ===
Running target unix
ERROR: g++.dg/abi/rtti1.C: error executing dg-final: couldn't execute "c++filt": no such file or directory
UNRESOLVED: g++.dg/abi/rtti1.C: error executing dg-final: couldn't execute "c++filt": no such file or directory
WARNING: g++.dg/eh/simd-1.C compilation failed to produce executable
WARNING: g++.dg/eh/simd-2.C compilation failed to produce executable
WARNING: program timed out.
FAIL: g++.dg/parse/stack1.C (test for excess errors)
WARNING: g++.old-deja/g++.mike/p10769a.C compilation failed to produce executable
WARNING: g++.old-deja/g++.other/enum5.C compilation failed to produce executable
WARNING: g++.old-deja/g++.pt/friend44.C compilation failed to produce executable
=== g++ Summary ===
# of expected passes 9567
# of unexpected failures 1
# of expected failures 69
# of unresolved testcases 1
# of unsupported tests 70
/usr/src/GCC/build-gcc/gcc/testsuite/../g++ version 3.4.2 20040709 (prerelease)
=== g77 tests ===
Running target unix
=== g77 Summary ===
# of expected passes 1800
# of unsupported tests 6
/usr/src/GCC/build-gcc/gcc/testsuite/../g77 version 3.4.2 20040709 (prerelease)
=== gcc tests ===
Running target unix
WARNING: program timed out.
FAIL: gcc.c-torture/compile/20001226-1.c (test for excess errors)
UNRESOLVED: gcc.c-torture/execute/simd-4.c execution, -O0
UNRESOLVED: gcc.dg/compat/vector-1 c_compat_x_tst.o-c_compat_y_tst.o link
UNRESOLVED: gcc.dg/compat/vector-1 c_compat_x_tst.o-c_compat_y_tst.o execute
UNRESOLVED: gcc.dg/compat/vector-2 c_compat_x_tst.o-c_compat_y_tst.o link
UNRESOLVED: gcc.dg/compat/vector-2 c_compat_x_tst.o-c_compat_y_tst.o execute
FAIL: gcc.dg/titype-1.c (test for excess errors)
WARNING: gcc.dg/titype-1.c compilation failed to produce executable
XPASS: gcc.dg/uninit-4.c uninitialized variable warning (test for bogus messages, line 26)
FAIL: gcc.dg/uninit-C.c (test for excess errors)
=== gcc Summary ===
# of expected passes 24332
# of unexpected failures 3
# of unexpected successes 1
# of expected failures 73
# of unresolved testcases 5
# of untested testcases 7
# of unsupported tests 304
/usr/src/GCC/build-gcc/gcc/xgcc version 3.4.2 20040709 (prerelease)
=== objc tests ===
Running target unix
=== objc Summary ===
# of expected passes 1352
# of unsupported tests 8
/usr/src/GCC/build-gcc/gcc/xgcc version 3.4.2 20040709 (prerelease)
=== libffi tests ===
Running target unix
=== libffi Summary ===
# of expected passes 212
# of unsupported tests 2
=== libstdc++-v3 check-abi Summary ===
# of added symbols: 298
# of missing symbols: 422
# of incompatible symbols: 422
=== libstdc++ tests ===
Running target unix
FAIL: 22_locale/codecvt/encoding/wchar_t/wrapped_locale.cc execution test
FAIL: 22_locale/codecvt/in/wchar_t/9.cc execution test
FAIL: 22_locale/codecvt/max_length/wchar_t/wrapped_locale.cc execution test
FAIL: 22_locale/ctype/widen/wchar_t/2.cc execution test
WARNING: program timed out.
FAIL: 22_locale/locale/cons/12658_thread.cc execution test
XPASS: 26_numerics/c99_classification_macros_c.cc (test for excess errors)
FAIL: 27_io/basic_filebuf/imbue/wchar_t/12868.cc execution test
FAIL: 27_io/basic_filebuf/overflow/wchar_t/11305-1.cc execution test
FAIL: 27_io/basic_filebuf/overflow/wchar_t/11305-2.cc execution test
FAIL: 27_io/basic_filebuf/overflow/wchar_t/11305-3.cc execution test
FAIL: 27_io/basic_filebuf/overflow/wchar_t/11305-4.cc execution test
FAIL: 27_io/basic_filebuf/seekoff/wchar_t/1.cc execution test
FAIL: 27_io/basic_filebuf/seekoff/wchar_t/2.cc execution test
FAIL: 27_io/basic_filebuf/seekpos/wchar_t/9874.cc execution test
FAIL: 27_io/basic_filebuf/underflow/wchar_t/1.cc execution test
FAIL: 27_io/basic_filebuf/underflow/wchar_t/2.cc execution test
FAIL: 27_io/basic_filebuf/underflow/wchar_t/3.cc execution test
FAIL: 27_io/basic_filebuf/underflow/wchar_t/9520.cc execution test
=== libstdc++ Summary ===
# of expected passes 2679
# of unexpected failures 17
# of unexpected successes 1
# of expected failures 5
Compiler version: 3.4.2 20040709 (prerelease)
Platform: sparc-unknown-linux-gnu
configure flags: none