This is the mail archive of the
gcc-testresults@gcc.gnu.org
mailing list for the GCC project.
Results for 3.5.0 20040721 (experimental) testsuite on hppa-unknown-linux-gnu
- From: dave at hiauly6 dot hia dot nrc dot ca (John David Anglin)
- To: dave at hiauly6 dot hia dot nrc dot ca, gcc-testresults at gcc dot gnu dot org
- Date: Wed, 21 Jul 2004 08:30:57 -0400 (EDT)
- Subject: Results for 3.5.0 20040721 (experimental) testsuite on hppa-unknown-linux-gnu
LAST_UPDATED: Wed Jul 21 03:14:03 UTC 2004
Native configuration is hppa-unknown-linux-gnu
=== g++ tests ===
Running target unix
FAIL: g++.dg/ext/stmtexpr2.C execution test
FAIL: g++.dg/other/crash-2.C (test for excess errors)
XPASS: g++.dg/other/packed1.C execution test
FAIL: g++.dg/rtti/tinfo1.C scan-assembler-not .section[^\\n\\r]*_ZTIP9CTemplateIhE[^\\n\\r]*
FAIL: 102:is -:should be 1
FAIL: g++.dg/gcov/gcov-1.C gcov: 1 failures in line counts, 0 in branch percentages, 0 in return percentages
WARNING: g++.old-deja/g++.mike/p10769a.C compilation failed to produce executable
WARNING: g++.old-deja/g++.other/enum5.C compilation failed to produce executable
FAIL: g++.old-deja/g++.other/incomplete.C (test for errors, line 14)
FAIL: g++.old-deja/g++.other/incomplete.C (test for errors, line 15)
FAIL: g++.old-deja/g++.other/incomplete.C (test for errors, line 16)
XPASS: g++.old-deja/g++.other/init5.C execution test
FAIL: g++.old-deja/g++.other/thunk1.C (test for excess errors)
WARNING: g++.old-deja/g++.other/thunk1.C compilation failed to produce executable
FAIL: g++.old-deja/g++.other/warn7.C (test for warnings, line 38)
WARNING: g++.old-deja/g++.pt/friend44.C compilation failed to produce executable
=== g++ Summary ===
# of expected passes 9853
# of unexpected failures 10
# of unexpected successes 2
# of expected failures 79
# of unsupported tests 83
/home/dave/gnu/gcc-3.5/objdir/gcc/testsuite/../g++ version 3.5.0 20040721 (experimental)
=== gcc tests ===
Running target unix
FAIL: gcc.c-torture/compile/20020210-1.c -O1 (test for excess errors)
FAIL: gcc.c-torture/compile/20020210-1.c -O2 (test for excess errors)
FAIL: gcc.c-torture/compile/20020210-1.c -O3 -fomit-frame-pointer (test for excess errors)
FAIL: gcc.c-torture/compile/20020210-1.c -O3 -g (test for excess errors)
FAIL: gcc.c-torture/compile/20020210-1.c -Os (test for excess errors)
FAIL: gcc.c-torture/execute/simd-2.c execution, -O3 -fomit-frame-pointer
FAIL: gcc.c-torture/execute/simd-2.c execution, -O3 -g
FAIL: gcc.dg/debug/dwarf2/dwarf-die7.c scan-assembler 1.*DW_AT_inline
FAIL: gcc.dg/c90-const-expr-3.c (test for excess errors)
FAIL: gcc.dg/c99-const-expr-3.c (test for excess errors)
FAIL: gcc.dg/cleanup-10.c execution test
FAIL: gcc.dg/cleanup-11.c execution test
XPASS: gcc.dg/const-elim-1.c scan-assembler-not L\\\\\$?C[^A-Z]
XPASS: gcc.dg/setjmp-1.c spurious clobbered warning (test for bogus messages, line 16)
FAIL: gcc.dg/uninit-H.c (test for bogus messages, line 20)
FAIL: largefile.c -O0 -g (test for excess errors)
FAIL: largefile.c -O0 (test for excess errors)
FAIL: largefile.c -O1 (test for excess errors)
FAIL: largefile.c -O2 (test for excess errors)
FAIL: largefile.c -O3 -fomit-frame-pointer (test for excess errors)
FAIL: largefile.c -O3 -g (test for excess errors)
FAIL: largefile.c -Os (test for excess errors)
FAIL: 94:is -:should be 1
FAIL: gcc.misc-tests/gcov-4.c gcov: 1 failures in line counts, 0 in branch percentages, 0 in return percentages
=== gcc Summary ===
# of expected passes 26554
# of unexpected failures 22
# of unexpected successes 2
# of expected failures 64
# of untested testcases 35
# of unsupported tests 369
/home/dave/gnu/gcc-3.5/objdir/gcc/xgcc version 3.5.0 20040721 (experimental)
=== gfortran tests ===
Running target unix
FAIL: gfortran.dg/g77/dnrm2.f -O2 (test for excess errors)
WARNING: gfortran.dg/g77/dnrm2.f -O2 compilation failed to produce executable
FAIL: gfortran.dg/g77/dnrm2.f -O3 -fomit-frame-pointer (test for excess errors)
WARNING: gfortran.dg/g77/dnrm2.f -O3 -fomit-frame-pointer compilation failed to produce executable
FAIL: gfortran.dg/g77/dnrm2.f -O3 -fomit-frame-pointer -funroll-loops (test for excess errors)
WARNING: gfortran.dg/g77/dnrm2.f -O3 -fomit-frame-pointer -funroll-loops compilation failed to produce executable
FAIL: gfortran.dg/g77/dnrm2.f -O3 -fomit-frame-pointer -funroll-all-loops -finline-functions (test for excess errors)
WARNING: gfortran.dg/g77/dnrm2.f -O3 -fomit-frame-pointer -funroll-all-loops -finline-functions compilation failed to produce executable
FAIL: gfortran.dg/g77/dnrm2.f -O3 -g (test for excess errors)
WARNING: gfortran.dg/g77/dnrm2.f -O3 -g compilation failed to produce executable
FAIL: gfortran.dg/g77/dnrm2.f -Os (test for excess errors)
WARNING: gfortran.dg/g77/dnrm2.f -Os compilation failed to produce executable
FAIL: gfortran.fortran-torture/execute/forall_3.f90 execution, -O0
FAIL: gfortran.fortran-torture/execute/forall_3.f90 execution, -O1
FAIL: gfortran.fortran-torture/execute/forall_3.f90 execution, -O2
FAIL: gfortran.fortran-torture/execute/forall_3.f90 execution, -O3 -fomit-frame-pointer
FAIL: gfortran.fortran-torture/execute/forall_3.f90 execution, -O3 -fomit-frame-pointer -funroll-loops
FAIL: gfortran.fortran-torture/execute/forall_3.f90 execution, -O3 -fomit-frame-pointer -funroll-all-loops -finline-functions
FAIL: gfortran.fortran-torture/execute/forall_3.f90 execution, -O3 -g
FAIL: gfortran.fortran-torture/execute/forall_3.f90 execution, -Os
FAIL: gfortran.fortran-torture/execute/intrinsic_nearest.f90 execution, -O0
FAIL: gfortran.fortran-torture/execute/intrinsic_nearest.f90 execution, -O1
FAIL: gfortran.fortran-torture/execute/intrinsic_nearest.f90 execution, -O2
FAIL: gfortran.fortran-torture/execute/intrinsic_nearest.f90 execution, -O3 -fomit-frame-pointer
FAIL: gfortran.fortran-torture/execute/intrinsic_nearest.f90 execution, -O3 -fomit-frame-pointer -funroll-loops
FAIL: gfortran.fortran-torture/execute/intrinsic_nearest.f90 execution, -O3 -fomit-frame-pointer -funroll-all-loops -finline-functions
FAIL: gfortran.fortran-torture/execute/intrinsic_nearest.f90 execution, -O3 -g
FAIL: gfortran.fortran-torture/execute/intrinsic_nearest.f90 execution, -Os
=== gfortran Summary ===
# of expected passes 3920
# of unexpected failures 22
# of expected failures 28
# of unsupported tests 8
/home/dave/gnu/gcc-3.5/objdir/gcc/testsuite/../gfortran version 3.5.0 20040721 (experimental)
=== objc tests ===
Running target unix
=== objc Summary ===
# of expected passes 1404
# of unsupported tests 7
/home/dave/gnu/gcc-3.5/objdir/gcc/xgcc version 3.5.0 20040721 (experimental)
=== libffi tests ===
Running target unix
FAIL: libffi.call/cls_5byte.c output pattern test, is 127 120 1 12 128 9: 139 248 10
FAIL: libffi.call/cls_6byte.c output pattern test, is 127 120 1 128 12 128 9 127: 139 248 10 255
FAIL: libffi.call/cls_align_sint16.c output pattern test, is 12 4951 127 1 9320 13: 13 14271 140
FAIL: libffi.call/cls_align_uint16.c output pattern test, is 12 4951 127 1 9320 13: 13 14271 140
=== libffi Summary ===
# of expected passes 208
# of unexpected failures 4
# of unsupported tests 2
=== libjava tests ===
Running target unix
WARNING: program timed out.
FAIL: PR218 execution - source compiled test
WARNING: program timed out.
FAIL: PR218 execution - bytecode->native test
WARNING: program timed out.
FAIL: PR218 -O3 execution - source compiled test
WARNING: program timed out.
FAIL: PR218 -O3 execution - bytecode->native test
FAIL: negzero output - gij test
FAIL: negzero output - gij test
=== libjava Summary ===
# of expected passes 3377
# of unexpected failures 6
# of expected failures 14
# of untested testcases 20
=== libmudflap tests ===
Running target unix
WARNING: program timed out.
FAIL: libmudflap.cth/pass40-frag.c execution test
FAIL: libmudflap.cth/pass40-frag.c output pattern test
WARNING: program timed out.
FAIL: libmudflap.cth/pass40-frag.c (-O2) execution test
FAIL: libmudflap.cth/pass40-frag.c (-O2) output pattern test
WARNING: program timed out.
FAIL: libmudflap.cth/pass40-frag.c (-O3) execution test
FAIL: libmudflap.cth/pass40-frag.c (-O3) output pattern test
=== libmudflap Summary ===
# of expected passes 1130
# of unexpected failures 6
=== libstdc++-v3 check-abi Summary ===
# of added symbols: 314
# of missing symbols: 283
# of incompatible symbols: 283
=== libstdc++ tests ===
Running target unix
XPASS: 22_locale/locale/cons/12658_thread-1.cc execution test
FAIL: 26_numerics/cmath/c99_classification_macros_c++.cc (test for excess errors)
XPASS: 26_numerics/cmath/c99_classification_macros_c.cc (test for excess errors)
FAIL: 27_io/basic_filebuf/sgetn/char/1-in.cc execution test
FAIL: 27_io/basic_filebuf/sgetn/char/1-io.cc execution test
FAIL: 27_io/basic_filebuf/sgetn/char/2-in.cc execution test
FAIL: 27_io/basic_filebuf/sgetn/char/2-io.cc execution test
FAIL: 27_io/basic_filebuf/underflow/wchar_t/11603.cc execution test
FAIL: 27_io/basic_istream/readsome/char/6746-2.cc execution test
=== libstdc++ Summary ===
# of expected passes 2797
# of unexpected failures 7
# of unexpected successes 2
# of expected failures 5
Compiler version: 3.5.0 20040721 (experimental)
Platform: hppa-unknown-linux-gnu
configure flags: --with-gnu-as --with-as=/home/dave/opt/gnu/bin/as --with-gnu-ld --with-ld=/home/dave/opt/gnu/bin/ld --enable-shared --prefix=/home/dave/opt/gnu/gcc/gcc-3.5.0 --with-local-prefix=/home/dave/opt/gnu --enable-threads=posix --enable-__cxa_atexit --host=hppa-linux --enable-clocale=gnu --enable-java-gc=boehm --enable-java-awt=xlib,gtk --enable-languages=c,c++,f95,java,objc