This is the mail archive of the
gcc-testresults@gcc.gnu.org
mailing list for the GCC project.
Results for 3.4.2 20040719 (prerelease) testsuite on hppa64-hp-hpux11.00
- From: John David Anglin <dave at hiauly2 dot hia dot nrc dot ca>
- To: dave at hiauly2 dot hia dot nrc dot ca, gcc-testresults at gcc dot gnu dot org
- Date: Tue, 20 Jul 2004 22:58:14 -0400 (EDT)
- Subject: Results for 3.4.2 20040719 (prerelease) testsuite on hppa64-hp-hpux11.00
LAST_UPDATED: Mon Jul 19 20:37:43 UTC 2004
Native configuration is hppa64-hp-hpux11.00
=== g++ tests ===
Running target unix
FAIL: g++.dg/rtti/tinfo1.C scan-assembler _ZTIP9CTemplateIhE:
FAIL: g++.dg/rtti/tinfo1.C scan-assembler-not .section[^\\n\\r]*_ZTIP9CTemplateIhE[^\\n\\r]*
WARNING: g++.old-deja/g++.mike/p10769a.C compilation failed to produce executable
WARNING: g++.old-deja/g++.other/enum5.C compilation failed to produce executable
WARNING: g++.old-deja/g++.pt/friend44.C compilation failed to produce executable
=== g++ Summary ===
# of expected passes 9226
# of unexpected failures 2
# of expected failures 70
# of unsupported tests 72
/xxx/gnu/gcc-3.4/objdir/gcc/testsuite/../g++ version 3.4.2 20040719 (prerelease)
=== g77 tests ===
Running target unix
=== g77 Summary ===
# of expected passes 1800
# of unsupported tests 6
/xxx/gnu/gcc-3.4/objdir/gcc/testsuite/../g77 version 3.4.2 20040719 (prerelease)
=== gcc tests ===
Running target unix
FAIL: gcc.dg/noreturn-7.c (test for warnings, line 21)
FAIL: gcc.dg/sibcall-1.c execution test
FAIL: gcc.dg/sibcall-2.c execution test
FAIL: gcc.dg/sibcall-3.c execution test
FAIL: gcc.dg/sibcall-4.c execution test
=== gcc Summary ===
# of expected passes 23883
# of unexpected failures 5
# of expected failures 75
# of untested testcases 7
# of unsupported tests 341
/xxx/gnu/gcc-3.4/objdir/gcc/xgcc version 3.4.2 20040719 (prerelease)
=== objc tests ===
Running target unix
=== objc Summary ===
# of expected passes 1352
# of unsupported tests 8
/xxx/gnu/gcc-3.4/objdir/gcc/xgcc version 3.4.2 20040719 (prerelease)
=== libstdc++ tests ===
Running target unix
=== libstdc++ Summary ===
# of expected passes 2008
# of expected failures 4
# of unsupported tests 8
Compiler version: 3.4.2 20040719 (prerelease)
Platform: hppa64-hp-hpux11.00
configure flags: --with-gnu-as --with-as=/opt/gnu64/bin/as --with-ld=/usr/ccs/bin/ld --enable-shared --with-local-prefix=/opt/gnu64 --prefix=/opt/gnu64/gcc/gcc-3.4.2 --host=hppa64-hp-hpux11.00 --disable-nls -enable-languages=c,c++,f77,java,objc