This is the mail archive of the
gcc-testresults@gcc.gnu.org
mailing list for the GCC project.
Results for 3.4.1 testsuite on sparc-sun-solaris2.9
- From: Hugh Sasse Staff Elec Eng <hgs at dmu dot ac dot uk>
- To: gcc-testresults at gcc dot gnu dot org
- Date: Tue, 20 Jul 2004 10:02:37 +0100
- Subject: Results for 3.4.1 testsuite on sparc-sun-solaris2.9
LAST_UPDATED: Obtained from CVS: -rgcc_3_4_1_release
Native configuration is sparc-sun-solaris2.9
=== g++ tests ===
Running target unix
WARNING: g++.dg/eh/simd-1.C compilation failed to produce executable
WARNING: g++.dg/eh/simd-2.C compilation failed to produce executable
WARNING: program timed out.
FAIL: g++.dg/parse/stack1.C (test for excess errors)
XPASS: g++.dg/special/conpr-2.C execution test
XPASS: g++.dg/special/initp1.C execution test
WARNING: g++.old-deja/g++.mike/p10769a.C compilation failed to produce executable
WARNING: g++.old-deja/g++.other/enum5.C compilation failed to produce executable
WARNING: g++.old-deja/g++.pt/friend44.C compilation failed to produce executable
=== g++ Summary ===
# of expected passes 9549
# of unexpected failures 1
# of unexpected successes 2
# of expected failures 69
# of unsupported tests 67
/export/home/Scratch/hgs/gcc-build/gcc/testsuite/../g++ version 3.4.1
=== g77 tests ===
Running target unix
=== g77 Summary ===
# of expected passes 1800
# of unsupported tests 6
/export/home/Scratch/hgs/gcc-build/gcc/testsuite/../g77 version 3.4.1
=== gcc tests ===
Running target unix
UNRESOLVED: gcc.c-torture/execute/simd-4.c execution, -O0
UNRESOLVED: gcc.dg/compat/vector-1 c_compat_x_tst.o-c_compat_y_tst.o link
UNRESOLVED: gcc.dg/compat/vector-1 c_compat_x_tst.o-c_compat_y_tst.o execute
UNRESOLVED: gcc.dg/compat/vector-2 c_compat_x_tst.o-c_compat_y_tst.o link
UNRESOLVED: gcc.dg/compat/vector-2 c_compat_x_tst.o-c_compat_y_tst.o execute
XPASS: gcc.dg/uninit-4.c uninitialized variable warning (test for bogus messages, line 26)
=== gcc Summary ===
# of expected passes 24247
# of unexpected successes 1
# of expected failures 72
# of unresolved testcases 5
# of untested testcases 7
# of unsupported tests 311
/export/home/Scratch/hgs/gcc-build/gcc/xgcc version 3.4.1
=== objc tests ===
Running target unix
=== objc Summary ===
# of expected passes 1352
# of unsupported tests 8
/export/home/Scratch/hgs/gcc-build/gcc/xgcc version 3.4.1
=== libffi tests ===
Running target unix
=== libffi Summary ===
# of expected passes 212
# of unsupported tests 2
=== libjava tests ===
Running target unix
FAIL: InnerExcept compilation from bytecode
FAIL: InnerExcept -O3 compilation from bytecode
FAIL: PR12374 compilation from bytecode
FAIL: PR12374 -O3 compilation from bytecode
FAIL: PR1343 compilation from bytecode
FAIL: PR1343 -O3 compilation from bytecode
FAIL: PR238 compilation from bytecode
FAIL: PR238 -O3 compilation from bytecode
FAIL: PR295 compilation from bytecode
FAIL: PR295 -O3 compilation from bytecode
FAIL: SuperConstr compilation from bytecode
FAIL: SuperConstr -O3 compilation from bytecode
FAIL: XercesBug compilation from bytecode
FAIL: XercesBug -O3 compilation from bytecode
FAIL: inner_1 compilation from bytecode
FAIL: inner_1 -O3 compilation from bytecode
FAIL: inner_data compilation from bytecode
FAIL: inner_data -O3 compilation from bytecode
FAIL: inner_inherit compilation from bytecode
FAIL: inner_inherit -O3 compilation from bytecode
FAIL: inner_priv compilation from bytecode
FAIL: inner_priv -O3 compilation from bytecode
FAIL: inner_pub compilation from bytecode
FAIL: inner_pub -O3 compilation from bytecode
FAIL: not_a_redef compilation from bytecode
FAIL: not_a_redef -O3 compilation from bytecode
FAIL: pr172 compilation from bytecode
FAIL: pr172 -O3 compilation from bytecode
FAIL: pr174 compilation from bytecode
FAIL: pr174 -O3 compilation from bytecode
FAIL: pr176 compilation from bytecode
FAIL: pr176 -O3 compilation from bytecode
FAIL: static_2 compilation from bytecode
FAIL: static_2 -O3 compilation from bytecode
FAIL: static_3 compilation from bytecode
FAIL: static_3 -O3 compilation from bytecode
FAIL: static_inner compilation from bytecode
FAIL: static_inner -O3 compilation from bytecode
FAIL: linking simple
FAIL: Array_3 execution - gij test
FAIL: Array_3 execution - gij test
FAIL: FileHandleGcTest execution - source compiled test
FAIL: FileHandleGcTest execution - gij test
FAIL: FileHandleGcTest execution - bytecode->native test
FAIL: FileHandleGcTest -O3 execution - source compiled test
FAIL: FileHandleGcTest execution - gij test
FAIL: FileHandleGcTest -O3 execution - bytecode->native test
FAIL: SyncTest execution - gij test
FAIL: Thread_Join execution - gij test
FAIL: Thread_Wait_2 execution - gij test
=== libjava Summary ===
# of expected passes 3200
# of unexpected failures 50
# of expected failures 11
# of untested testcases 19
=== libstdc++ tests ===
Running target unix
=== libstdc++ Summary ===
# of expected passes 2696
# of expected failures 6
Compiler version: 3.4.1
Platform: sparc-sun-solaris2.9
configure flags: --with-as=/usr/local/bin/as --with-ld=/usr/local/bin/ld --disable-nls