This is the mail archive of the gcc-testresults@gcc.gnu.org mailing list for the GCC project.


Index Nav: [Date Index] [Subject Index] [Author Index] [Thread Index]
Message Nav: [Date Prev] [Date Next] [Thread Prev] [Thread Next]
Other format: [Raw text]

Results for 3.4.1 (Debian 3.4.1-1) testsuite on sparc64-linux


LAST_UPDATED: Sat Jul 10 06:54:23 UTC 2004

Native configuration is sparc64-linux (vore)

		=== gpc tests ===


Running target any
FAIL: abso1.pas

		=== gpc Summary ===

# of tests                3794
# of expected passes      3783
# of unexpected failures  1
# of unsupported tests    10
/scratch/gcc/gcc-3.4-3.4.1/build/gcc/xgpc version 20030830, based on gcc-3.4.1 (Debian 3.4.1-1)

		=== acats tests ===

		=== acats Summary ===
# of expected passes		1965
# of unexpected failures	0
# of unsupported tests		357

		=== g++ tests ===


Running target unix
WARNING: g++.dg/eh/simd-1.C compilation failed to produce executable
WARNING: g++.dg/eh/simd-2.C compilation failed to produce executable
WARNING: g++.old-deja/g++.mike/p10769a.C compilation failed to produce executable
WARNING: g++.old-deja/g++.other/enum5.C compilation failed to produce executable
XPASS: g++.old-deja/g++.other/init5.C execution test
WARNING: g++.old-deja/g++.pt/friend44.C compilation failed to produce executable

		=== g++ Summary ===

# of expected passes		9567
# of unexpected successes	1
# of expected failures		68
# of unsupported tests		71
/scratch/gcc/gcc-3.4-3.4.1/build/gcc/testsuite/../g++ version 3.4.1 (Debian 3.4.1-1)

		=== g77 tests ===


Running target unix

		=== g77 Summary ===

# of expected passes		1800
# of unsupported tests		6
/scratch/gcc/gcc-3.4-3.4.1/build/gcc/testsuite/../g77 version 3.4.1 (Debian 3.4.1-1)

		=== gcc tests ===


Running target unix
XPASS: gcc.c-torture/compile/simd-5.c  -O0  (test for excess errors)
XPASS: gcc.c-torture/compile/simd-5.c  -O1  (test for excess errors)
XPASS: gcc.c-torture/execute/20020227-1.c execution,  -O2 
XPASS: gcc.c-torture/execute/20020227-1.c execution,  -O3 -fomit-frame-pointer 
XPASS: gcc.c-torture/execute/20020227-1.c execution,  -O3 -g 
XPASS: gcc.c-torture/execute/20020227-1.c execution,  -Os 
UNRESOLVED: gcc.c-torture/execute/simd-4.c execution,  -O0 
XPASS: gcc.c-torture/execute/va-arg-25.c compilation,  -O0 
XPASS: gcc.c-torture/execute/va-arg-25.c compilation,  -O1 
XPASS: gcc.c-torture/execute/va-arg-25.c compilation,  -O2 
XPASS: gcc.c-torture/execute/va-arg-25.c compilation,  -O3 -fomit-frame-pointer 
XPASS: gcc.c-torture/execute/va-arg-25.c compilation,  -O3 -g 
XPASS: gcc.c-torture/execute/va-arg-25.c compilation,  -Os 
UNRESOLVED: gcc.dg/compat/vector-1 c_compat_x_tst.o-c_compat_y_tst.o link 
UNRESOLVED: gcc.dg/compat/vector-1 c_compat_x_tst.o-c_compat_y_tst.o execute 
UNRESOLVED: gcc.dg/compat/vector-2 c_compat_x_tst.o-c_compat_y_tst.o link 
UNRESOLVED: gcc.dg/compat/vector-2 c_compat_x_tst.o-c_compat_y_tst.o execute 
XPASS: gcc.dg/uninit-4.c uninitialized variable warning (test for bogus messages, line 26)

		=== gcc Summary ===

# of expected passes		24315
# of unexpected successes	13
# of expected failures		73
# of unresolved testcases	5
# of untested testcases		7
# of unsupported tests		310
/scratch/gcc/gcc-3.4-3.4.1/build/gcc/xgcc version 3.4.1 (Debian 3.4.1-1)

		=== objc tests ===


Running target unix

		=== objc Summary ===

# of expected passes		1352
# of unsupported tests		8
/scratch/gcc/gcc-3.4-3.4.1/build/gcc/xgcc version 3.4.1 (Debian 3.4.1-1)

		=== libffi tests ===


Running target unix

		=== libffi Summary ===

# of expected passes		212
# of unsupported tests		2
		=== libjava tests ===


Running target unix
FAIL: Thread_Interrupt output - gij test
FAIL: Thread_Interrupt -O3 output - source compiled test

		=== libjava Summary ===

# of expected passes		3260
# of unexpected failures	2
# of expected failures		10
# of untested testcases		8

		=== libstdc++-v3 check-abi Summary ===

# of added symbols:		 298
# of missing symbols:		 422
# of incompatible symbols:	 422

using: /scratch/gcc/gcc-3.4-3.4.1/src/libstdc++-v3/config/abi/sparc-linux-gnu/baseline_symbols.txt

		=== libstdc++ tests ===


Running target unix
WARNING: program timed out.
FAIL: 22_locale/locale/cons/12658_thread.cc execution test
XPASS: 26_numerics/c99_classification_macros_c.cc (test for excess errors)

		=== libstdc++ Summary ===

# of expected passes		2695
# of unexpected failures	1
# of unexpected successes	1
# of expected failures		5

Compiler version: 3.4.1 (Debian 3.4.1-1) 
Platform: sparc64-linux
configure flags: -v --enable-languages=c,c++,java,f77,pascal,objc,ada,treelang --prefix=/usr --libexecdir=/usr/lib --with-gxx-include-dir=/usr/include/c++/3.4 --enable-shared --with-system-zlib --enable-nls --enable-threads=posix --without-included-gettext --program-suffix=-3.4 --enable-__cxa_atexit --enable-libstdcxx-allocator=mt --enable-clocale=gnu --enable-libstdcxx-debug --enable-java-gc=boehm --enable-java-awt=gtk --disable-werror --with-cpu=v7 sparc64-linux
BOOT_CFLAGS=-O2 


Build Dependencies:
Desired=Unknown/Install/Remove/Purge/Hold
| Status=Not/Installed/Config-files/Unpacked/Failed-config/Half-installed
|/ Err?=(none)/Hold/Reinst-required/X=both-problems (Status,Err: uppercase=bad)
||/ Name           Version        Description
+++-==============-==============-============================================
ii  binutils       2.14.90.0.7-8  The GNU assembler, linker and binary utiliti
ii  libc6-dev      2.3.2.ds1-13   GNU C Library: Development Libraries and Hea


Patches that Debian applied in this version:

cvs-updates:
  CVS updates from the 3.4 branch upto 20040710.

gcc-version:
  Add "(Debian <package version>)" to the gcc version string

rename-info-files:
  Allow transformations on info file names. Reference the
  transformed info file names in the texinfo files.

libstdc++-pic:
  Build and install libstdc++_pic.a library.

libstdc++-doclink:
  adjust hrefs to point to the local documentation

amd64-specs:
  On x86-64 use 64bits mode assembly except with -m32.

gccbug:
  Use sensible-editor instead of vi as fallback editor

gccbug-posix:
  Make gccbug POSIX compliant (patch by David Weinehall)
  http://www.opengroup.org/onlinepubs/009695399/utilities/test.html

hppa-toplevel:
  For hppa-linux enable libgcj and dependent libs in the toplevel directory

hppa-libffi:
  libffi support for hppa

hppa-libjava:
  Enable libjava support for hppa

hppa-libjava-update:
  MD_FALLBACK_FRAME_STATE_FOR definition for pa32-linux

fastjar-update:
  Implement fastjar -u (PR 7854).

java-gui-branch:
  Michael Koch <konqueror@gmx.de>
  Backport AWT, Swing and GTK peer from java-gui-branch (20040701).

test-summary:
  add libstdc++-v3's check summary to the test summary

gcj-without-rpath:
  don't define runtime link path for java binaries and libraries

libffi-soversion:
  Install libffi with soversion 2. Debian used this name before it
  was installed upstream as 2.0beta.

ada-gcc-name:
  use gcc-3.4 instead of gcc as the command name.

gpc-3.x:
  The gpc patch from the gpc tarball.

gpc-updates:
  Updates from gpc-20030820.

gpc-parse:
  generated gcc/p/parse.[ch] files (using bison-1.875c).

gpc-names:
  versioned gpc names

gpc-test-summary:
  Integrate gpc test results into the GCC test summary

gpc-profiled:
  Do not build the gpc runtime using -fprofile-generate/-use.

sparc64-build:
  Allows sparc64 to build more simply

sparc-config-ml:
  disable some biarch libraries for sparc64 build

link-libs:

reporting:
  Add Debian URL for bug reporting isntructions.


Index Nav: [Date Index] [Subject Index] [Author Index] [Thread Index]
Message Nav: [Date Prev] [Date Next] [Thread Prev] [Thread Next]