This is the mail archive of the gcc-testresults@gcc.gnu.org mailing list for the GCC project.


Index Nav: [Date Index] [Subject Index] [Author Index] [Thread Index]
Message Nav: [Date Prev] [Date Next] [Thread Prev] [Thread Next]
Other format: [Raw text]

Results for 3.5.0 20040711 (experimental) testsuite on i686-pc-cygwin


LAST_UPDATED: Obtained from CVS: -D2004-07-11 17:43 UTC

Native configuration is i686-pc-cygwin

=== g++ tests ===


Running target unix
FAIL: g++.dg/debug/const1.C (test for excess errors)
FAIL: g++.dg/debug/const1.C (test for excess errors)
FAIL: g++.dg/debug/const1.C (test for excess errors)
FAIL: g++.dg/debug/const1.C (test for excess errors)
FAIL: g++.dg/debug/const1.C (test for excess errors)
FAIL: g++.dg/debug/const1.C (test for excess errors)
FAIL: g++.dg/debug/const1.C (test for excess errors)
FAIL: g++.dg/debug/const1.C (test for excess errors)
FAIL: g++.dg/debug/const1.C (test for excess errors)
FAIL: g++.dg/debug/debug4.C (test for excess errors)
FAIL: g++.dg/debug/debug4.C (test for excess errors)
FAIL: g++.dg/debug/debug4.C (test for excess errors)
FAIL: g++.dg/debug/debug4.C (test for excess errors)
FAIL: g++.dg/debug/debug4.C (test for excess errors)
FAIL: g++.dg/debug/debug4.C (test for excess errors)
FAIL: g++.dg/debug/debug4.C (test for excess errors)
FAIL: g++.dg/debug/debug4.C (test for excess errors)
FAIL: g++.dg/debug/debug4.C (test for excess errors)
FAIL: g++.dg/debug/trivial.C (test for excess errors)
FAIL: g++.dg/debug/trivial.C (test for excess errors)
FAIL: g++.dg/debug/trivial.C (test for excess errors)
FAIL: g++.dg/debug/trivial.C (test for excess errors)
FAIL: g++.dg/debug/trivial.C (test for excess errors)
FAIL: g++.dg/debug/trivial.C (test for excess errors)
FAIL: g++.dg/debug/trivial.C (test for excess errors)
FAIL: g++.dg/debug/trivial.C (test for excess errors)
FAIL: g++.dg/debug/trivial.C (test for excess errors)
FAIL: g++.dg/ext/dllexport-MI1.C scan-assembler-not -export:_ZN2D1C2ERKS_
FAIL: g++.dg/ext/dllexport-MI1.C scan-assembler-not -export:_ZN2D1D2Ev
FAIL: g++.dg/ext/dllexport1.C scan-assembler -export:_ZN3Bar10inline_barEi
FAIL: g++.dg/ext/instantiate3.C scan-assembler-not \\n_?_ZTV1AIcE(:|\\n|\\t)
FAIL: g++.dg/opt/vt1.C scan-assembler-not section[^\\n\\r]*_ZTV1S[^\\n\\r]*"[^w"\\n\\r]*"
FAIL: g++.dg/parse/stack1.C (test for excess errors)
FAIL: 102:is -:should be 1
FAIL: g++.dg/gcov/gcov-1.C gcov: 1 failures in line counts, 0 in branch percentages, 0 in return percentages
FAIL: g++.dg/pch/empty.C (test for excess errors)
FAIL: g++.dg/pch/empty.C (test for excess errors)
FAIL: g++.dg/pch/empty.C (test for excess errors)
FAIL: g++.dg/pch/externc-1.C (test for excess errors)
FAIL: g++.dg/pch/externc-1.C (test for excess errors)
FAIL: g++.dg/pch/externc-1.C (test for excess errors)
FAIL: g++.dg/pch/static-1.C (test for excess errors)
FAIL: g++.dg/pch/static-1.C (test for excess errors)
FAIL: g++.dg/pch/static-1.C (test for excess errors)
FAIL: g++.dg/pch/system-1.C (test for excess errors)
FAIL: g++.dg/pch/system-1.C (test for excess errors)
FAIL: g++.dg/pch/system-1.C (test for excess errors)
FAIL: g++.dg/pch/system-2.C (test for excess errors)
FAIL: g++.dg/pch/system-2.C (test for excess errors)
FAIL: g++.dg/pch/system-2.C (test for excess errors)
FAIL: g++.dg/pch/uninst.C (test for excess errors)
FAIL: g++.dg/pch/uninst.C (test for excess errors)
FAIL: g++.dg/pch/uninst.C (test for excess errors)
FAIL: g++.dg/special/initp1.C execution test
FAIL: g++.old-deja/g++.eh/badalloc1.C execution test
WARNING: g++.old-deja/g++.mike/p10769a.C compilation failed to produce executable
WARNING: g++.old-deja/g++.other/enum5.C compilation failed to produce executable
FAIL: g++.old-deja/g++.other/warn7.C (test for warnings, line 38)
WARNING: g++.old-deja/g++.pt/friend44.C compilation failed to produce executable


=== g++ Summary ===

# of expected passes 9779
# of unexpected failures 56
# of expected failures 81
# of untested testcases 18
# of unsupported tests 58
/cygdrive/c/gnu/gcc-3.5-20040613/xp/gcc/testsuite/../g++ version 3.5.0 20040711 (experimental)


=== gcc tests ===


Running target unix
FAIL: gcc.c-torture/compile/950613-1.c (test for excess errors)
FAIL: gcc.c-torture/compile/950613-1.c (test for excess errors)
FAIL: gcc.dg/cpp/assert4.c (test for excess errors)
FAIL: gcc.dg/20020425-1.c (test for excess errors)
FAIL: gcc.dg/20020616-1.c (test for excess errors)
WARNING: gcc.dg/20020616-1.c compilation failed to produce executable
FAIL: gcc.dg/builtins-20.c (test for excess errors)
FAIL: gcc.dg/c90-const-expr-3.c (test for excess errors)
FAIL: gcc.dg/c99-const-expr-3.c (test for excess errors)
FAIL: gcc.dg/i386-pic-1.c (test for errors, line 9)
XPASS: gcc.dg/setjmp-1.c spurious clobbered warning (test for bogus messages, line 16)
FAIL: gcc.dg/pch/common-1.c (test for excess errors)
FAIL: gcc.dg/pch/common-1.c (test for excess errors)
FAIL: gcc.dg/pch/common-1.c (test for excess errors)
FAIL: gcc.dg/pch/common-1.c (test for excess errors)
FAIL: gcc.dg/pch/common-1.c (test for excess errors)
FAIL: gcc.dg/pch/common-1.c (test for excess errors)
FAIL: gcc.dg/pch/common-1.c (test for excess errors)
FAIL: gcc.dg/pch/cpp-1.c (test for excess errors)
FAIL: gcc.dg/pch/cpp-1.c (test for excess errors)
FAIL: gcc.dg/pch/cpp-1.c (test for excess errors)
FAIL: gcc.dg/pch/cpp-1.c (test for excess errors)
FAIL: gcc.dg/pch/cpp-1.c (test for excess errors)
FAIL: gcc.dg/pch/cpp-1.c (test for excess errors)
FAIL: gcc.dg/pch/cpp-1.c (test for excess errors)
FAIL: gcc.dg/pch/cpp-2.c (test for excess errors)
FAIL: gcc.dg/pch/cpp-2.c (test for excess errors)
FAIL: gcc.dg/pch/cpp-2.c (test for excess errors)
FAIL: gcc.dg/pch/cpp-2.c (test for excess errors)
FAIL: gcc.dg/pch/cpp-2.c (test for excess errors)
FAIL: gcc.dg/pch/cpp-2.c (test for excess errors)
FAIL: gcc.dg/pch/cpp-2.c (test for excess errors)
FAIL: gcc.dg/pch/decl-1.c (test for excess errors)
FAIL: gcc.dg/pch/decl-1.c (test for excess errors)
FAIL: gcc.dg/pch/decl-1.c (test for excess errors)
FAIL: gcc.dg/pch/decl-1.c (test for excess errors)
FAIL: gcc.dg/pch/decl-1.c (test for excess errors)
FAIL: gcc.dg/pch/decl-1.c (test for excess errors)
FAIL: gcc.dg/pch/decl-1.c (test for excess errors)
FAIL: gcc.dg/pch/decl-2.c (test for excess errors)
FAIL: gcc.dg/pch/decl-2.c (test for excess errors)
FAIL: gcc.dg/pch/decl-2.c (test for excess errors)
FAIL: gcc.dg/pch/decl-2.c (test for excess errors)
FAIL: gcc.dg/pch/decl-2.c (test for excess errors)
FAIL: gcc.dg/pch/decl-2.c (test for excess errors)
FAIL: gcc.dg/pch/decl-2.c (test for excess errors)
FAIL: gcc.dg/pch/decl-3.c (test for excess errors)
FAIL: gcc.dg/pch/decl-3.c (test for excess errors)
FAIL: gcc.dg/pch/decl-3.c (test for excess errors)
FAIL: gcc.dg/pch/decl-3.c (test for excess errors)
FAIL: gcc.dg/pch/decl-3.c (test for excess errors)
FAIL: gcc.dg/pch/decl-3.c (test for excess errors)
FAIL: gcc.dg/pch/decl-3.c (test for excess errors)
FAIL: gcc.dg/pch/decl-4.c (test for excess errors)
FAIL: gcc.dg/pch/decl-4.c (test for excess errors)
FAIL: gcc.dg/pch/decl-4.c (test for excess errors)
FAIL: gcc.dg/pch/decl-4.c (test for excess errors)
FAIL: gcc.dg/pch/decl-4.c (test for excess errors)
FAIL: gcc.dg/pch/decl-4.c (test for excess errors)
FAIL: gcc.dg/pch/decl-4.c (test for excess errors)
FAIL: gcc.dg/pch/decl-5.c (test for excess errors)
FAIL: gcc.dg/pch/decl-5.c (test for excess errors)
FAIL: gcc.dg/pch/decl-5.c (test for excess errors)
FAIL: gcc.dg/pch/decl-5.c (test for excess errors)
FAIL: gcc.dg/pch/decl-5.c (test for excess errors)
FAIL: gcc.dg/pch/decl-5.c (test for excess errors)
FAIL: gcc.dg/pch/decl-5.c (test for excess errors)
FAIL: gcc.dg/pch/empty.c (test for excess errors)
FAIL: gcc.dg/pch/empty.c (test for excess errors)
FAIL: gcc.dg/pch/empty.c (test for excess errors)
FAIL: gcc.dg/pch/empty.c (test for excess errors)
FAIL: gcc.dg/pch/empty.c (test for excess errors)
FAIL: gcc.dg/pch/empty.c (test for excess errors)
FAIL: gcc.dg/pch/empty.c (test for excess errors)
FAIL: gcc.dg/pch/except-1.c (test for excess errors)
FAIL: gcc.dg/pch/except-1.c (test for excess errors)
FAIL: gcc.dg/pch/except-1.c (test for excess errors)
FAIL: gcc.dg/pch/except-1.c (test for excess errors)
FAIL: gcc.dg/pch/except-1.c (test for excess errors)
FAIL: gcc.dg/pch/except-1.c (test for excess errors)
FAIL: gcc.dg/pch/except-1.c (test for excess errors)
FAIL: gcc.dg/pch/global-1.c (test for excess errors)
FAIL: gcc.dg/pch/global-1.c (test for excess errors)
FAIL: gcc.dg/pch/global-1.c (test for excess errors)
FAIL: gcc.dg/pch/global-1.c (test for excess errors)
FAIL: gcc.dg/pch/global-1.c (test for excess errors)
FAIL: gcc.dg/pch/global-1.c (test for excess errors)
FAIL: gcc.dg/pch/global-1.c (test for excess errors)
FAIL: gcc.dg/pch/import-1.c (test for excess errors)
FAIL: gcc.dg/pch/import-1.c (test for excess errors)
FAIL: gcc.dg/pch/import-1.c (test for excess errors)
FAIL: gcc.dg/pch/import-1.c (test for excess errors)
FAIL: gcc.dg/pch/import-1.c (test for excess errors)
FAIL: gcc.dg/pch/import-1.c (test for excess errors)
FAIL: gcc.dg/pch/import-1.c (test for excess errors)
FAIL: gcc.dg/pch/inline-1.c (test for excess errors)
FAIL: gcc.dg/pch/inline-1.c (test for excess errors)
FAIL: gcc.dg/pch/inline-1.c (test for excess errors)
FAIL: gcc.dg/pch/inline-1.c (test for excess errors)
FAIL: gcc.dg/pch/inline-1.c (test for excess errors)
FAIL: gcc.dg/pch/inline-1.c (test for excess errors)
FAIL: gcc.dg/pch/inline-1.c (test for excess errors)
FAIL: gcc.dg/pch/inline-2.c (test for excess errors)
FAIL: gcc.dg/pch/inline-2.c (test for excess errors)
FAIL: gcc.dg/pch/inline-2.c (test for excess errors)
FAIL: gcc.dg/pch/inline-2.c (test for excess errors)
FAIL: gcc.dg/pch/inline-2.c (test for excess errors)
FAIL: gcc.dg/pch/inline-2.c (test for excess errors)
FAIL: gcc.dg/pch/inline-2.c (test for excess errors)
FAIL: gcc.dg/pch/inline-3.c (test for excess errors)
FAIL: gcc.dg/pch/inline-3.c (test for excess errors)
FAIL: gcc.dg/pch/inline-3.c (test for excess errors)
FAIL: gcc.dg/pch/inline-3.c (test for excess errors)
FAIL: gcc.dg/pch/inline-3.c (test for excess errors)
FAIL: gcc.dg/pch/inline-3.c (test for excess errors)
FAIL: gcc.dg/pch/inline-3.c (test for excess errors)
FAIL: gcc.dg/pch/inline-4.c (test for excess errors)
FAIL: gcc.dg/pch/inline-4.c (test for excess errors)
FAIL: gcc.dg/pch/inline-4.c (test for excess errors)
FAIL: gcc.dg/pch/inline-4.c (test for excess errors)
FAIL: gcc.dg/pch/inline-4.c (test for excess errors)
FAIL: gcc.dg/pch/inline-4.c (test for excess errors)
FAIL: gcc.dg/pch/inline-4.c (test for excess errors)
FAIL: gcc.dg/pch/macro-1.c (test for excess errors)
FAIL: gcc.dg/pch/macro-1.c (test for excess errors)
FAIL: gcc.dg/pch/macro-1.c (test for excess errors)
FAIL: gcc.dg/pch/macro-1.c (test for excess errors)
FAIL: gcc.dg/pch/macro-1.c (test for excess errors)
FAIL: gcc.dg/pch/macro-1.c (test for excess errors)
FAIL: gcc.dg/pch/macro-1.c (test for excess errors)
FAIL: gcc.dg/pch/macro-2.c (test for excess errors)
FAIL: gcc.dg/pch/macro-2.c (test for excess errors)
FAIL: gcc.dg/pch/macro-2.c (test for excess errors)
FAIL: gcc.dg/pch/macro-2.c (test for excess errors)
FAIL: gcc.dg/pch/macro-2.c (test for excess errors)
FAIL: gcc.dg/pch/macro-2.c (test for excess errors)
FAIL: gcc.dg/pch/macro-2.c (test for excess errors)
FAIL: gcc.dg/pch/macro-3.c (test for excess errors)
FAIL: gcc.dg/pch/macro-3.c (test for excess errors)
FAIL: gcc.dg/pch/macro-3.c (test for excess errors)
FAIL: gcc.dg/pch/macro-3.c (test for excess errors)
FAIL: gcc.dg/pch/macro-3.c (test for excess errors)
FAIL: gcc.dg/pch/macro-3.c (test for excess errors)
FAIL: gcc.dg/pch/macro-3.c (test for excess errors)
FAIL: gcc.dg/pch/macro-4.c (test for excess errors)
FAIL: gcc.dg/pch/macro-4.c (test for excess errors)
FAIL: gcc.dg/pch/macro-4.c (test for excess errors)
FAIL: gcc.dg/pch/macro-4.c (test for excess errors)
FAIL: gcc.dg/pch/macro-4.c (test for excess errors)
FAIL: gcc.dg/pch/macro-4.c (test for excess errors)
FAIL: gcc.dg/pch/macro-4.c (test for excess errors)
FAIL: gcc.dg/pch/save-temps-1.c (test for excess errors)
FAIL: gcc.dg/pch/save-temps-1.c (test for excess errors)
FAIL: gcc.dg/pch/save-temps-1.c (test for excess errors)
FAIL: gcc.dg/pch/save-temps-1.c (test for excess errors)
FAIL: gcc.dg/pch/save-temps-1.c (test for excess errors)
FAIL: gcc.dg/pch/save-temps-1.c (test for excess errors)
FAIL: gcc.dg/pch/save-temps-1.c (test for excess errors)
FAIL: gcc.dg/pch/static-1.c (test for excess errors)
FAIL: gcc.dg/pch/static-1.c (test for excess errors)
FAIL: gcc.dg/pch/static-1.c (test for excess errors)
FAIL: gcc.dg/pch/static-1.c (test for excess errors)
FAIL: gcc.dg/pch/static-1.c (test for excess errors)
FAIL: gcc.dg/pch/static-1.c (test for excess errors)
FAIL: gcc.dg/pch/static-1.c (test for excess errors)
FAIL: gcc.dg/pch/static-2.c (test for excess errors)
FAIL: gcc.dg/pch/static-2.c (test for excess errors)
FAIL: gcc.dg/pch/static-2.c (test for excess errors)
FAIL: gcc.dg/pch/static-2.c (test for excess errors)
FAIL: gcc.dg/pch/static-2.c (test for excess errors)
FAIL: gcc.dg/pch/static-2.c (test for excess errors)
FAIL: gcc.dg/pch/static-2.c (test for excess errors)
FAIL: gcc.dg/pch/static-3.c (test for excess errors)
FAIL: gcc.dg/pch/static-3.c (test for excess errors)
FAIL: gcc.dg/pch/static-3.c (test for excess errors)
FAIL: gcc.dg/pch/static-3.c (test for excess errors)
FAIL: gcc.dg/pch/static-3.c (test for excess errors)
FAIL: gcc.dg/pch/static-3.c (test for excess errors)
FAIL: gcc.dg/pch/static-3.c (test for excess errors)
FAIL: gcc.dg/pch/struct-1.c (test for excess errors)
FAIL: gcc.dg/pch/struct-1.c (test for excess errors)
FAIL: gcc.dg/pch/struct-1.c (test for excess errors)
FAIL: gcc.dg/pch/struct-1.c (test for excess errors)
FAIL: gcc.dg/pch/struct-1.c (test for excess errors)
FAIL: gcc.dg/pch/struct-1.c (test for excess errors)
FAIL: gcc.dg/pch/struct-1.c (test for excess errors)
FAIL: gcc.dg/pch/system-1.c (test for excess errors)
FAIL: gcc.dg/pch/system-1.c (test for excess errors)
FAIL: gcc.dg/pch/system-1.c (test for excess errors)
FAIL: gcc.dg/pch/system-1.c (test for excess errors)
FAIL: gcc.dg/pch/system-1.c (test for excess errors)
FAIL: gcc.dg/pch/system-1.c (test for excess errors)
FAIL: gcc.dg/pch/system-1.c (test for excess errors)
FAIL: gcc.dg/pch/valid-1b.c (test for excess errors)
FAIL: gcc.dg/pch/valid-1b.c (test for excess errors)
FAIL: gcc.dg/pch/valid-1b.c (test for excess errors)
FAIL: gcc.dg/pch/valid-1b.c (test for excess errors)
FAIL: gcc.dg/pch/valid-1b.c (test for excess errors)
FAIL: gcc.dg/pch/valid-1b.c (test for excess errors)
FAIL: gcc.dg/pch/valid-1b.c (test for excess errors)
FAIL: gcc.dg/pch/valid-4.c (test for errors, line 5)
FAIL: gcc.dg/pch/valid-4.c (test for excess errors)
FAIL: gcc.dg/pch/valid-4.c (test for errors, line 5)
FAIL: gcc.dg/pch/valid-4.c (test for excess errors)
FAIL: gcc.dg/pch/valid-4.c (test for errors, line 5)
FAIL: gcc.dg/pch/valid-4.c (test for excess errors)
FAIL: gcc.dg/pch/valid-4.c (test for errors, line 5)
FAIL: gcc.dg/pch/valid-4.c (test for excess errors)
FAIL: gcc.dg/pch/valid-4.c (test for errors, line 5)
FAIL: gcc.dg/pch/valid-4.c (test for excess errors)
FAIL: gcc.dg/pch/valid-4.c (test for errors, line 5)
FAIL: gcc.dg/pch/valid-4.c (test for excess errors)
FAIL: gcc.dg/pch/valid-4.c (test for errors, line 5)
FAIL: gcc.dg/pch/valid-4.c (test for excess errors)
FAIL: gcc.dg/pch/valid-5.c (test for excess errors)
FAIL: gcc.dg/pch/valid-5.c (test for excess errors)
FAIL: gcc.dg/pch/valid-5.c (test for excess errors)
FAIL: gcc.dg/pch/valid-5.c (test for excess errors)
FAIL: gcc.dg/pch/valid-5.c (test for excess errors)
FAIL: gcc.dg/pch/valid-5.c (test for excess errors)
FAIL: gcc.dg/pch/valid-5.c (test for excess errors)
FAIL: gcc.dg/pch/valid-6.c (test for excess errors)
FAIL: gcc.dg/pch/valid-6.c -O0 -g assembly comparison
FAIL: gcc.dg/pch/valid-6.c (test for excess errors)
FAIL: gcc.dg/pch/valid-6.c -O0 assembly comparison
FAIL: gcc.dg/pch/valid-6.c (test for excess errors)
FAIL: gcc.dg/pch/valid-6.c -O1 assembly comparison
FAIL: gcc.dg/pch/valid-6.c (test for excess errors)
FAIL: gcc.dg/pch/valid-6.c -O2 assembly comparison
FAIL: gcc.dg/pch/valid-6.c (test for excess errors)
FAIL: gcc.dg/pch/valid-6.c -O3 -fomit-frame-pointer assembly comparison
FAIL: gcc.dg/pch/valid-6.c (test for excess errors)
FAIL: gcc.dg/pch/valid-6.c -O3 -g assembly comparison
FAIL: gcc.dg/pch/valid-6.c (test for excess errors)
FAIL: gcc.dg/pch/valid-6.c -Os assembly comparison
FAIL: largefile.c (test for excess errors)
FAIL: largefile.c (test for excess errors)
FAIL: largefile.c (test for excess errors)
FAIL: largefile.c (test for excess errors)
FAIL: largefile.c (test for excess errors)
FAIL: largefile.c (test for excess errors)
FAIL: largefile.c (test for excess errors)
FAIL: gcc.dg/torture/builtin-convert-1.c (test for excess errors)
FAIL: gcc.dg/torture/builtin-convert-1.c (test for excess errors)
FAIL: gcc.dg/torture/builtin-convert-1.c (test for excess errors)
FAIL: gcc.dg/torture/builtin-convert-1.c (test for excess errors)
FAIL: gcc.dg/torture/builtin-convert-1.c (test for excess errors)
FAIL: gcc.dg/torture/builtin-convert-2.c (test for excess errors)
FAIL: gcc.dg/torture/builtin-convert-2.c (test for excess errors)
FAIL: gcc.dg/torture/builtin-convert-2.c (test for excess errors)
FAIL: gcc.dg/torture/builtin-convert-2.c (test for excess errors)
FAIL: gcc.dg/torture/builtin-convert-2.c (test for excess errors)
FAIL: gcc.dg/torture/builtin-convert-3.c (test for excess errors)
FAIL: gcc.dg/torture/builtin-convert-3.c (test for excess errors)
FAIL: gcc.dg/torture/builtin-convert-3.c (test for excess errors)
FAIL: gcc.dg/torture/builtin-convert-3.c (test for excess errors)
FAIL: gcc.dg/torture/builtin-convert-3.c (test for excess errors)
FAIL: gcc.dg/torture/builtin-noret-1.c (test for excess errors)
FAIL: gcc.dg/torture/builtin-noret-1.c (test for excess errors)
FAIL: gcc.dg/torture/builtin-noret-1.c (test for excess errors)
FAIL: gcc.dg/torture/builtin-noret-1.c (test for excess errors)
FAIL: gcc.dg/torture/builtin-noret-1.c (test for excess errors)
FAIL: gcc.dg/torture/builtin-noret-1.c (test for excess errors)
FAIL: gcc.dg/torture/builtin-noret-2.c (test for excess errors)
FAIL: gcc.dg/torture/builtin-noret-2.c (test for excess errors)
FAIL: gcc.dg/torture/builtin-noret-2.c (test for excess errors)
FAIL: gcc.dg/torture/builtin-noret-2.c (test for excess errors)
FAIL: gcc.dg/torture/builtin-noret-2.c (test for excess errors)
FAIL: gcc.dg/torture/builtin-noret-2.c (test for excess errors)
FAIL: gcc.dg/torture/builtin-power-1.c (test for excess errors)
FAIL: gcc.dg/torture/builtin-power-1.c (test for excess errors)
FAIL: gcc.dg/torture/builtin-power-1.c (test for excess errors)
FAIL: gcc.dg/torture/builtin-power-1.c (test for excess errors)
FAIL: gcc.dg/torture/builtin-power-1.c (test for excess errors)
FAIL: gcc.dg/torture/builtin-power-1.c (test for excess errors)
FAIL: 94:is -:should be 1
FAIL: gcc.misc-tests/gcov-4.c gcov: 1 failures in line counts, 0 in branch percentages, 0 in return percentages


=== gcc Summary ===

# of expected passes 26996
# of unexpected failures 275
# of unexpected successes 1
# of expected failures 70
# of untested testcases 238
# of unsupported tests 245
/cygdrive/c/gnu/gcc-3.5-20040613/xp/gcc/xgcc version 3.5.0 20040711 (experimental)


=== objc tests ===


Running target unix FAIL: objc.dg/try-catch-2.m (test for excess errors) WARNING: objc.dg/try-catch-2.m compilation failed to produce executable

=== objc Summary ===

# of expected passes 1402
# of unexpected failures 1
# of unsupported tests 7
/cygdrive/c/gnu/gcc-3.5-20040613/xp/gcc/xgcc version 3.5.0 20040711 (experimental)


=== libffi tests ===


Running target unix


=== libffi Summary ===

# of expected passes            216
                === libjava tests ===


Running target unix FAIL: PR4766 compilation from source FAIL: PR4766 -O3 compilation from source FAIL: PR15133 run FAIL: calls run FAIL: cxxtest run FAIL: field run FAIL: final_method run FAIL: findclass run FAIL: invoke run FAIL: jniutf run FAIL: martin run FAIL: noclass run FAIL: overload run FAIL: pr11951 run FAIL: register run FAIL: simple_int run FAIL: throwit run FAIL: virtual run FAIL: ArrayStore execution - gij test FAIL: ArrayStore execution - gij test FAIL: ArrayStore2 execution - gij test FAIL: ArrayStore2 execution - gij test FAIL: Array_3 execution - gij test FAIL: Array_3 execution - gij test FAIL: Divide_1 output - source compiled test FAIL: Divide_1 execution - gij test FAIL: Divide_1 output - bytecode->native test FAIL: Divide_1 -O3 output - source compiled test FAIL: Divide_1 execution - gij test FAIL: Divide_1 -O3 output - bytecode->native test FAIL: Final execution - gij test FAIL: Final execution - gij test FAIL: G19990302_02 execution - gij test FAIL: G19990302_02 execution - gij test FAIL: G19990303_01 execution - gij test FAIL: G19990303_01 execution - gij test FAIL: G19990303_02 execution - gij test FAIL: G19990303_02 execution - gij test FAIL: G19990304_01 execution - gij test FAIL: G19990304_01 execution - gij test FAIL: InterfaceDispatch execution - gij test FAIL: InterfaceDispatch execution - gij test FAIL: Invoke_1 execution - gij test FAIL: Invoke_1 execution - gij test FAIL: PR218 execution - gij test FAIL: PR218 execution - gij test FAIL: StringBuffer_1 execution - gij test FAIL: StringBuffer_1 execution - gij test FAIL: StringBuffer_overflow execution - gij test FAIL: StringBuffer_overflow execution - gij test FAIL: String_overflow execution - gij test FAIL: String_overflow execution - gij test FAIL: Thread_Alive execution - gij test FAIL: Thread_Alive execution - gij test FAIL: Thread_Interrupt output - source compiled test FAIL: Thread_Interrupt execution - gij test FAIL: Thread_Interrupt output - bytecode->native test FAIL: Thread_Interrupt -O3 output - source compiled test FAIL: Thread_Interrupt execution - gij test FAIL: Thread_Interrupt -O3 output - bytecode->native test WARNING: program timed out. FAIL: Thread_Wait_2 execution - gij test WARNING: program timed out. FAIL: Thread_Wait_2 execution - gij test FAIL: Thread_Wait_Interrupt output - source compiled test FAIL: Thread_Wait_Interrupt output - gij test FAIL: Thread_Wait_Interrupt output - bytecode->native test FAIL: Thread_Wait_Interrupt -O3 output - source compiled test WARNING: program timed out. FAIL: Thread_Wait_Interrupt execution - gij test FAIL: Thread_Wait_Interrupt -O3 output - bytecode->native test FAIL: Throw_2 execution - gij test FAIL: Throw_2 execution - gij test FAIL: instinit2 execution - gij test FAIL: instinit2 execution - gij test FAIL: invokethrow execution - gij test FAIL: invokethrow execution - gij test FAIL: pr184 execution - gij test FAIL: pr184 execution - gij test FAIL: pr83 execution - gij test FAIL: pr83 execution - gij test

=== libjava Summary ===

# of expected passes            3212
# of unexpected failures        78
# of expected failures          14
# of untested testcases         79
                === libstdc++ tests ===


Running target unix
FAIL: 23_containers/deque/invalidation/3.cc (test for excess errors)
WARNING: 23_containers/deque/invalidation/3.cc compilation failed to produce executable
FAIL: 23_containers/list/invalidation/3.cc (test for excess errors)
WARNING: 23_containers/list/invalidation/3.cc compilation failed to produce executable
FAIL: 23_containers/multimap/invalidation/2.cc (test for excess errors)
WARNING: 23_containers/multimap/invalidation/2.cc compilation failed to produce executable
FAIL: 23_containers/multiset/invalidation/2.cc (test for excess errors)
WARNING: 23_containers/multiset/invalidation/2.cc compilation failed to produce executable
FAIL: 23_containers/set/invalidation/2.cc (test for excess errors)
WARNING: 23_containers/set/invalidation/2.cc compilation failed to produce executable
FAIL: 23_containers/vector/invalidation/3.cc (test for excess errors)
WARNING: 23_containers/vector/invalidation/3.cc compilation failed to produce executable
FAIL: 23_containers/vector/invalidation/4.cc (test for excess errors)
WARNING: 23_containers/vector/invalidation/4.cc compilation failed to produce executable
FAIL: 26_numerics/cmath/c99_classification_macros_c.cc (test for excess errors)
FAIL: 26_numerics/complex/13450.cc (test for excess errors)
WARNING: 26_numerics/complex/13450.cc compilation failed to produce executable
FAIL: 26_numerics/complex/complex_value.cc (test for excess errors)
WARNING: 26_numerics/complex/complex_value.cc compilation failed to produce executable
FAIL: 26_numerics/complex/pow.cc (test for excess errors)
WARNING: 26_numerics/complex/pow.cc compilation failed to produce executable
FAIL: 27_io/basic_filebuf/close/12790-1.cc execution test
FAIL: 27_io/basic_filebuf/close/char/1.cc execution test
FAIL: 27_io/basic_filebuf/imbue/char/2.cc execution test
FAIL: 27_io/basic_filebuf/is_open/char/1.cc execution test
FAIL: 27_io/basic_filebuf/open/char/1.cc execution test
FAIL: 27_io/basic_filebuf/sbumpc/char/9825.cc execution test
FAIL: 27_io/basic_filebuf/seekoff/12790-1.cc execution test
FAIL: 27_io/basic_filebuf/seekoff/12790-2.cc execution test
FAIL: 27_io/basic_filebuf/seekoff/12790-3.cc execution test
FAIL: 27_io/basic_filebuf/seekoff/12790-4.cc execution test
FAIL: 27_io/basic_filebuf/seekoff/char/1-in.cc execution test
FAIL: 27_io/basic_filebuf/seekoff/char/1-io.cc execution test
FAIL: 27_io/basic_filebuf/seekoff/char/1-out.cc execution test
FAIL: 27_io/basic_filebuf/seekoff/char/11543.cc execution test
FAIL: 27_io/basic_filebuf/seekoff/char/2-in.cc execution test
FAIL: 27_io/basic_filebuf/seekoff/char/2-io.cc execution test
FAIL: 27_io/basic_filebuf/seekoff/char/2-out.cc execution test
FAIL: 27_io/basic_filebuf/seekoff/char/3-in.cc execution test
FAIL: 27_io/basic_filebuf/seekoff/char/3-io.cc execution test
FAIL: 27_io/basic_filebuf/seekoff/char/3-out.cc execution test
FAIL: 27_io/basic_filebuf/seekpos/12790-1.cc execution test
FAIL: 27_io/basic_filebuf/seekpos/12790-2.cc execution test
FAIL: 27_io/basic_filebuf/seekpos/12790-3.cc execution test
FAIL: 27_io/basic_filebuf/seekpos/char/1-in.cc execution test
FAIL: 27_io/basic_filebuf/seekpos/char/1-io.cc execution test
FAIL: 27_io/basic_filebuf/seekpos/char/1-out.cc execution test
FAIL: 27_io/basic_filebuf/seekpos/char/2-in.cc execution test
FAIL: 27_io/basic_filebuf/seekpos/char/2-io.cc execution test
FAIL: 27_io/basic_filebuf/seekpos/char/2-out.cc execution test
FAIL: 27_io/basic_filebuf/seekpos/char/3-in.cc execution test
FAIL: 27_io/basic_filebuf/seekpos/char/3-io.cc execution test
FAIL: 27_io/basic_filebuf/seekpos/char/3-out.cc execution test
FAIL: 27_io/basic_filebuf/sputbackc/char/1-in.cc execution test
FAIL: 27_io/basic_filebuf/sputbackc/char/1-io.cc execution test
FAIL: 27_io/basic_filebuf/sputbackc/char/2-in.cc execution test
FAIL: 27_io/basic_filebuf/sputbackc/char/2-io.cc execution test
FAIL: 27_io/basic_filebuf/sungetc/char/1-in.cc execution test
FAIL: 27_io/basic_filebuf/sungetc/char/1-io.cc execution test
FAIL: 27_io/basic_filebuf/sungetc/char/2-in.cc execution test
FAIL: 27_io/basic_filebuf/sungetc/char/2-io.cc execution test
FAIL: 27_io/basic_istream/extractors_arithmetic/char/12.cc execution test
FAIL: 27_io/basic_istream/seekg/char/2346-fstream.cc execution test
FAIL: 27_io/basic_istream/seekg/char/fstream.cc execution test
FAIL: 27_io/basic_istream/tellg/char/1.cc execution test
FAIL: 27_io/basic_istream/tellg/char/fstream.cc execution test
FAIL: 27_io/basic_ostream/tellp/char/1.cc execution test
FAIL: 27_io/basic_streambuf/in_avail/char/9701-3.cc execution test
FAIL: ext/14648.cc (test for excess errors)
WARNING: ext/14648.cc compilation failed to produce executable
FAIL: ext/rope/1.cc (test for excess errors)
WARNING: ext/rope/1.cc compilation failed to produce executable
FAIL: ext/rope/2.cc (test for excess errors)
WARNING: ext/rope/2.cc compilation failed to produce executable
FAIL: ext/rope/3.cc (test for excess errors)
WARNING: ext/rope/3.cc compilation failed to produce executable
FAIL: thread/pthread7-rope.cc (test for excess errors)
WARNING: thread/pthread7-rope.cc compilation failed to produce executable


=== libstdc++ Summary ===

# of expected passes            1956
# of unexpected failures        63
# of expected failures          4

Compiler version: 3.5.0 20040711 (experimental)
Platform: i686-pc-cygwin
configure flags: --enable-threads=posix --enable-libgcj --enable-sjlj-exceptions --disable-libmudflap --disable-shared --enable-libgfortran --enable-languages=c,c++,java,objc



Tim Prince



Index Nav: [Date Index] [Subject Index] [Author Index] [Thread Index]
Message Nav: [Date Prev] [Date Next] [Thread Prev] [Thread Next]