This is the mail archive of the gcc-testresults@gcc.gnu.org mailing list for the GCC project.


Index Nav: [Date Index] [Subject Index] [Author Index] [Thread Index]
Message Nav: [Date Prev] [Date Next] [Thread Prev] [Thread Next]
Other format: [Raw text]

Results for 3.4.1 (Debian 3.4.1-1) testsuite on powerpc-linux


LAST_UPDATED: Sat Jul 10 06:54:23 UTC 2004

Native configuration is powerpc-linux (build0-ppc64)

		=== gpc tests ===


Running target any

		=== gpc Summary ===

# of tests                3794
# of expected passes      3784
# of unsupported tests    10
/home/doko/gcc/3.4/gcc-3.4-3.4.1/build/gcc/xgpc version 20030830, based on gcc-3.4.1 (Debian 3.4.1-1)

		=== acats tests ===
FAIL:	c37213f
FAIL:	c37215f

		=== acats Summary ===
# of expected passes		1963
# of unexpected failures	2
# of unsupported tests		357

		=== g++ tests ===


Running target unix
XPASS: g++.dg/other/packed1.C execution test
WARNING: g++.old-deja/g++.mike/p10769a.C compilation failed to produce executable
WARNING: g++.old-deja/g++.other/enum5.C compilation failed to produce executable
XPASS: g++.old-deja/g++.other/init5.C execution test
WARNING: g++.old-deja/g++.pt/friend44.C compilation failed to produce executable

		=== g++ Summary ===

# of expected passes		9566
# of unexpected successes	2
# of expected failures		67
# of unsupported tests		71
/home/doko/gcc/3.4/gcc-3.4-3.4.1/build/gcc/testsuite/../g++ version 3.4.1 (Debian 3.4.1-1)

		=== g77 tests ===


Running target unix

		=== g77 Summary ===

# of expected passes		1800
# of unsupported tests		6
/home/doko/gcc/3.4/gcc-3.4-3.4.1/build/gcc/testsuite/../g77 version 3.4.1 (Debian 3.4.1-1)

		=== gcc tests ===


Running target unix
FAIL: gcc.c-torture/execute/20030125-1.c execution,  -O1 
FAIL: gcc.c-torture/execute/20030125-1.c execution,  -O2 
FAIL: gcc.c-torture/execute/20030125-1.c execution,  -O3 -fomit-frame-pointer 
FAIL: gcc.c-torture/execute/20030125-1.c execution,  -O3 -g 
FAIL: gcc.c-torture/execute/20030125-1.c execution,  -Os 
FAIL: gcc.dg/20020103-1.c scan-assembler-not LC
FAIL: gcc.dg/builtins-18.c (test for excess errors)
FAIL: gcc.dg/builtins-20.c (test for excess errors)
FAIL: gcc.dg/ppc-sdata-1.c scan-assembler sdat@sdarel\\\\(13\\\\)
FAIL: gcc.dg/ppc-sdata-1.c scan-assembler sdat2@sda21\\\\(2\\\\)

		=== gcc Summary ===

# of expected passes		24373
# of unexpected failures	10
# of expected failures		69
# of untested testcases		7
# of unsupported tests		295
/home/doko/gcc/3.4/gcc-3.4-3.4.1/build/gcc/xgcc version 3.4.1 (Debian 3.4.1-1)

		=== objc tests ===


Running target unix

		=== objc Summary ===

# of expected passes		1352
# of unsupported tests		8
/home/doko/gcc/3.4/gcc-3.4-3.4.1/build/gcc/xgcc version 3.4.1 (Debian 3.4.1-1)

		=== libffi tests ===


Running target unix

		=== libffi Summary ===

# of expected passes		212
# of unsupported tests		2
		=== libjava tests ===


Running target unix

		=== libjava Summary ===

# of expected passes		3262
# of expected failures		10
# of untested testcases		8
		=== libstdc++ tests ===


Running target unix
XPASS: 26_numerics/c99_classification_macros_c.cc (test for excess errors)

		=== libstdc++ Summary ===

# of expected passes		2696
# of unexpected successes	1
# of expected failures		5

Compiler version: 3.4.1 (Debian 3.4.1-1) 
Platform: powerpc-linux
configure flags: -v --enable-languages=c,c++,java,f77,pascal,objc,ada --prefix=/usr --libexecdir=/usr/lib --with-gxx-include-dir=/usr/include/c++/3.4 --enable-shared --with-system-zlib --enable-nls --enable-threads=posix --without-included-gettext --program-suffix=-3.4 --enable-__cxa_atexit --enable-libstdcxx-allocator=mt --enable-clocale=gnu --enable-libstdcxx-debug --enable-java-gc=boehm --enable-java-awt=gtk --disable-multilib powerpc-linux
BOOT_CFLAGS=-O2 


Build Dependencies:
Desired=Unknown/Install/Remove/Purge/Hold
| Status=Not/Installed/Config-files/Unpacked/Failed-config/Half-installed
|/ Err?=(none)/Hold/Reinst-required/X=both-problems (Status,Err: uppercase=bad)
||/ Name           Version        Description
+++-==============-==============-============================================
ii  binutils       2.14.90.0.7-8  The GNU assembler, linker and binary utiliti
ii  libc6-dev      2.3.2.ds1-13   GNU C Library: Development Libraries and Hea


Patches that Debian applied in this version:

cvs-updates:
  CVS updates from the 3.4 branch upto 20040710.

gcc-version:
  Add "(Debian <package version>)" to the gcc version string

rename-info-files:
  Allow transformations on info file names. Reference the
  transformed info file names in the texinfo files.

libstdc++-pic:
  Build and install libstdc++_pic.a library.

libstdc++-doclink:
  adjust hrefs to point to the local documentation

amd64-specs:
  On x86-64 use 64bits mode assembly except with -m32.

gccbug:
  Use sensible-editor instead of vi as fallback editor

gccbug-posix:
  Make gccbug POSIX compliant (patch by David Weinehall)
  http://www.opengroup.org/onlinepubs/009695399/utilities/test.html

hppa-toplevel:
  For hppa-linux enable libgcj and dependent libs in the toplevel directory

hppa-libffi:
  libffi support for hppa

hppa-libjava:
  Enable libjava support for hppa

hppa-libjava-update:
  MD_FALLBACK_FRAME_STATE_FOR definition for pa32-linux

fastjar-update:
  Implement fastjar -u (PR 7854).

java-gui-branch:
  Michael Koch <konqueror@gmx.de>
  Backport AWT, Swing and GTK peer from java-gui-branch (20040701).

test-summary:
  add libstdc++-v3's check summary to the test summary

gcj-without-rpath:
  don't define runtime link path for java binaries and libraries

libffi-soversion:
  Install libffi with soversion 2. Debian used this name before it
  was installed upstream as 2.0beta.

ada-gcc-name:
  use gcc-3.4 instead of gcc as the command name.

gpc-3.x:
  The gpc patch from the gpc tarball.

gpc-updates:
  Updates from gpc-20030820.

gpc-parse:
  generated gcc/p/parse.[ch] files (using bison-1.875c).

gpc-names:
  versioned gpc names

gpc-test-summary:
  Integrate gpc test results into the GCC test summary

gpc-profiled:
  Do not build the gpc runtime using -fprofile-generate/-use.

link-libs:

reporting:
  Add Debian URL for bug reporting isntructions.


Index Nav: [Date Index] [Subject Index] [Author Index] [Thread Index]
Message Nav: [Date Prev] [Date Next] [Thread Prev] [Thread Next]