This is the mail archive of the
gcc-testresults@gcc.gnu.org
mailing list for the GCC project.
Results for gcc testsuite on i686-pc-linux-gnu
- From: Kai Henningsen <kai at khms dot westfalen dot de>
- To: gcc-testresults at gcc dot gnu dot org
- Date: Sun, 11 Jul 2004 18:33:08 +0200
- Subject: Results for gcc testsuite on i686-pc-linux-gnu
LAST_UPDATED: So Jul 11 08:07:32 UTC 2004
Native configuration is i686-pc-linux-gnu
=== gcc tests ===
Running target unix
WARNING: program timed out.
FAIL: gcc.c-torture/compile/20001226-1.c -O1 (test for excess errors)
WARNING: program timed out.
FAIL: gcc.c-torture/compile/20001226-1.c -O2 (test for excess errors)
WARNING: program timed out.
FAIL: gcc.c-torture/compile/20001226-1.c -O3 -fomit-frame-pointer (test for excess errors)
WARNING: program timed out.
FAIL: gcc.c-torture/compile/20001226-1.c -O3 -g (test for excess errors)
WARNING: program timed out.
FAIL: gcc.c-torture/compile/20001226-1.c -Os (test for excess errors)
FAIL: gcc.c-torture/compile/950613-1.c -O1 (test for excess errors)
FAIL: gcc.c-torture/compile/950613-1.c -Os (test for excess errors)
FAIL: gcc.dg/cpp/19990413-1.c error on this line (test for errors, line 12)
FAIL: gcc.dg/cpp/19990413-1.c (test for excess errors)
FAIL: gcc.dg/cpp/Wmissingdirs.c -Wmissing-include-dirs (test for warnings, line )
FAIL: gcc.dg/cpp/Wmissingdirs.c (test for excess errors)
FAIL: gcc.dg/cpp/digraph2.c (test for errors, line 12)
FAIL: gcc.dg/cpp/digraph2.c (test for excess errors)
FAIL: gcc.dg/cpp/direct2.c not a comment (test for errors, line 36)
FAIL: gcc.dg/cpp/direct2.c (test for excess errors)
FAIL: gcc.dg/cpp/direct2s.c (test for excess errors)
FAIL: gcc.dg/cpp/paste4.c (test for excess errors)
FAIL: gcc.dg/cpp/separate-1.c error on this line (test for errors, line 11)
FAIL: gcc.dg/cpp/separate-1.c error on this line (test for errors, line 14)
FAIL: gcc.dg/cpp/separate-1.c (test for excess errors)
FAIL: gcc.dg/debug/dwarf2/dwarf-die7.c scan-assembler 1.*DW_AT_inline
FAIL: gcc.dg/20020616-1.c (test for excess errors)
WARNING: gcc.dg/20020616-1.c compilation failed to produce executable
FAIL: gcc.dg/Wdeclaration-after-statement-1.c declaration after statement (test for warnings, line 19)
FAIL: gcc.dg/Wdeclaration-after-statement-1.c declaration after statement (test for warnings, line 22)
FAIL: gcc.dg/Wdeclaration-after-statement-1.c (test for excess errors)
FAIL: gcc.dg/Wdeclaration-after-statement-2.c declaration-after-statement (test for warnings, line 19)
FAIL: gcc.dg/Wdeclaration-after-statement-2.c declaration-after-statement (test for warnings, line 22)
FAIL: gcc.dg/Wdeclaration-after-statement-2.c (test for excess errors)
FAIL: gcc.dg/attr-alias-1.c (test for warnings, line 6)
FAIL: gcc.dg/attr-alias-1.c (test for excess errors)
FAIL: gcc.dg/attr-invalid.c (test for warnings, line 12)
FAIL: gcc.dg/attr-invalid.c (test for warnings, line 14)
FAIL: gcc.dg/attr-invalid.c (test for warnings, line 17)
FAIL: gcc.dg/attr-invalid.c (test for warnings, line 20)
FAIL: gcc.dg/attr-invalid.c (test for warnings, line 23)
FAIL: gcc.dg/attr-invalid.c (test for warnings, line 26)
FAIL: gcc.dg/attr-invalid.c (test for warnings, line 29)
FAIL: gcc.dg/attr-invalid.c (test for warnings, line 30)
FAIL: gcc.dg/attr-invalid.c (test for warnings, line 38)
FAIL: gcc.dg/attr-invalid.c (test for warnings, line 40)
FAIL: gcc.dg/attr-invalid.c (test for warnings, line 43)
FAIL: gcc.dg/attr-invalid.c (test for warnings, line 49)
FAIL: gcc.dg/attr-invalid.c (test for warnings, line 52)
FAIL: gcc.dg/attr-invalid.c (test for warnings, line 56)
FAIL: gcc.dg/attr-invalid.c (test for excess errors)
FAIL: gcc.dg/attr-nest.c (test for warnings, line 16)
FAIL: gcc.dg/attr-nest.c (test for warnings, line 17)
FAIL: gcc.dg/attr-nest.c (test for excess errors)
FAIL: gcc.dg/attr-used-2.c (test for excess errors)
FAIL: gcc.dg/attr-warn-unused-result.c (test for warnings, line 14)
FAIL: gcc.dg/attr-warn-unused-result.c (test for excess errors)
FAIL: gcc.dg/c90-const-expr-3.c (test for excess errors)
FAIL: gcc.dg/c90-restrict-1.c (test for excess errors)
FAIL: gcc.dg/c99-arraydecl-2.c bad array declarator (test for errors, line 10)
FAIL: gcc.dg/c99-arraydecl-2.c bad array declarator (test for errors, line 11)
FAIL: gcc.dg/c99-arraydecl-2.c bad array declarator (test for errors, line 12)
FAIL: gcc.dg/c99-arraydecl-2.c bad array declarator (test for errors, line 13)
FAIL: gcc.dg/c99-arraydecl-2.c bad array declarator (test for errors, line 14)
FAIL: gcc.dg/c99-arraydecl-2.c bad array declarator (test for errors, line 15)
FAIL: gcc.dg/c99-arraydecl-2.c (test for excess errors)
FAIL: gcc.dg/c99-const-expr-3.c (test for excess errors)
FAIL: gcc.dg/c99-func-2.c before string constant (test for errors, line 9)
FAIL: gcc.dg/c99-func-2.c (test for excess errors)
FAIL: gcc.dg/cleanup-1.c (test for warnings, line 32)
FAIL: gcc.dg/cleanup-1.c (test for warnings, line 35)
FAIL: gcc.dg/cleanup-1.c (test for warnings, line 36)
FAIL: gcc.dg/cleanup-1.c (test for excess errors)
FAIL: gcc.dg/concat.c (test for errors, line 13)
FAIL: gcc.dg/concat.c (test for errors, line 14)
FAIL: gcc.dg/concat.c (test for excess errors)
FAIL: gcc.dg/divbyzero.c (test for warnings, line 12)
FAIL: gcc.dg/divbyzero.c (test for warnings, line 13)
FAIL: gcc.dg/divbyzero.c (test for warnings, line 14)
FAIL: gcc.dg/divbyzero.c (test for excess errors)
FAIL: gcc.dg/noreturn-4.c warn for main (test for warnings, line 8)
FAIL: gcc.dg/noreturn-4.c (test for excess errors)
FAIL: gcc.dg/pack-test-3.c (test for warnings, line 36)
FAIL: gcc.dg/pack-test-3.c (test for warnings, line 37)
FAIL: gcc.dg/pack-test-3.c (test for warnings, line 43)
FAIL: gcc.dg/pack-test-3.c (test for excess errors)
XPASS: gcc.dg/setjmp-1.c spurious clobbered warning (test for bogus messages, line 16)
FAIL: gcc.dg/switch-2.c (test for errors, line 10)
FAIL: gcc.dg/switch-2.c (test for excess errors)
FAIL: gcc.dg/format/attr-3.c bad format (test for errors, line 15)
FAIL: gcc.dg/format/attr-3.c bad format (test for errors, line 16)
FAIL: gcc.dg/format/attr-3.c bad format (test for errors, line 17)
FAIL: gcc.dg/format/attr-3.c bad format (test for errors, line 18)
FAIL: gcc.dg/format/attr-3.c bad format (test for errors, line 19)
FAIL: gcc.dg/format/attr-3.c bad format_arg (test for errors, line 21)
FAIL: gcc.dg/format/attr-3.c bad format_arg (test for errors, line 22)
FAIL: gcc.dg/format/attr-3.c bad format_arg (test for errors, line 23)
FAIL: gcc.dg/format/attr-3.c (test for excess errors)
FAIL: gcc.dg/format/attr-3.c -DWIDE bad format (test for errors, line 15)
FAIL: gcc.dg/format/attr-3.c -DWIDE bad format (test for errors, line 16)
FAIL: gcc.dg/format/attr-3.c -DWIDE bad format (test for errors, line 17)
FAIL: gcc.dg/format/attr-3.c -DWIDE bad format (test for errors, line 18)
FAIL: gcc.dg/format/attr-3.c -DWIDE bad format (test for errors, line 19)
FAIL: gcc.dg/format/attr-3.c -DWIDE bad format_arg (test for errors, line 21)
FAIL: gcc.dg/format/attr-3.c -DWIDE bad format_arg (test for errors, line 22)
FAIL: gcc.dg/format/attr-3.c -DWIDE bad format_arg (test for errors, line 23)
FAIL: gcc.dg/format/attr-3.c -DWIDE (test for excess errors)
FAIL: gcc.dg/noncompile/20010524-1.c -O0 div by zero (test for warnings, line 1)
FAIL: gcc.dg/noncompile/20010524-1.c -O0 (test for excess errors)
FAIL: gcc.dg/noncompile/20010524-1.c -O1 div by zero (test for warnings, line 1)
FAIL: gcc.dg/noncompile/20010524-1.c -O1 (test for excess errors)
FAIL: gcc.dg/noncompile/20010524-1.c -O2 div by zero (test for warnings, line 1)
FAIL: gcc.dg/noncompile/20010524-1.c -O2 (test for excess errors)
FAIL: gcc.dg/noncompile/20010524-1.c -O3 -fomit-frame-pointer div by zero (test for warnings, line 1)
FAIL: gcc.dg/noncompile/20010524-1.c -O3 -fomit-frame-pointer (test for excess errors)
FAIL: gcc.dg/noncompile/20010524-1.c -O3 -g div by zero (test for warnings, line 1)
FAIL: gcc.dg/noncompile/20010524-1.c -O3 -g (test for excess errors)
FAIL: gcc.dg/noncompile/20010524-1.c -Os div by zero (test for warnings, line 1)
FAIL: gcc.dg/noncompile/20010524-1.c -Os (test for excess errors)
FAIL: gcc.dg/noncompile/920721-2.c -O0 (test for errors, line 5)
FAIL: gcc.dg/noncompile/920721-2.c -O0 (test for excess errors)
FAIL: gcc.dg/noncompile/920721-2.c -O1 (test for errors, line 5)
FAIL: gcc.dg/noncompile/920721-2.c -O1 (test for excess errors)
FAIL: gcc.dg/noncompile/920721-2.c -O2 (test for errors, line 5)
FAIL: gcc.dg/noncompile/920721-2.c -O2 (test for excess errors)
FAIL: gcc.dg/noncompile/920721-2.c -O3 -fomit-frame-pointer (test for errors, line 5)
FAIL: gcc.dg/noncompile/920721-2.c -O3 -fomit-frame-pointer (test for excess errors)
FAIL: gcc.dg/noncompile/920721-2.c -O3 -fomit-frame-pointer -funroll-loops (test for errors, line 5)
FAIL: gcc.dg/noncompile/920721-2.c -O3 -fomit-frame-pointer -funroll-loops (test for excess errors)
FAIL: gcc.dg/noncompile/920721-2.c -O3 -fomit-frame-pointer -funroll-all-loops -finline-functions (test for errors, line 5)
FAIL: gcc.dg/noncompile/920721-2.c -O3 -fomit-frame-pointer -funroll-all-loops -finline-functions (test for excess errors)
FAIL: gcc.dg/noncompile/920721-2.c -O3 -g (test for errors, line 5)
FAIL: gcc.dg/noncompile/920721-2.c -O3 -g (test for excess errors)
FAIL: gcc.dg/noncompile/920721-2.c -Os (test for errors, line 5)
FAIL: gcc.dg/noncompile/920721-2.c -Os (test for excess errors)
FAIL: gcc.dg/noncompile/930622-2.c -O0 (test for errors, line 4)
FAIL: gcc.dg/noncompile/930622-2.c -O0 (test for excess errors)
FAIL: gcc.dg/noncompile/930622-2.c -O1 (test for errors, line 4)
FAIL: gcc.dg/noncompile/930622-2.c -O1 (test for excess errors)
FAIL: gcc.dg/noncompile/930622-2.c -O2 (test for errors, line 4)
FAIL: gcc.dg/noncompile/930622-2.c -O2 (test for excess errors)
FAIL: gcc.dg/noncompile/930622-2.c -O3 -fomit-frame-pointer (test for errors, line 4)
FAIL: gcc.dg/noncompile/930622-2.c -O3 -fomit-frame-pointer (test for excess errors)
FAIL: gcc.dg/noncompile/930622-2.c -O3 -fomit-frame-pointer -funroll-loops (test for errors, line 4)
FAIL: gcc.dg/noncompile/930622-2.c -O3 -fomit-frame-pointer -funroll-loops (test for excess errors)
FAIL: gcc.dg/noncompile/930622-2.c -O3 -fomit-frame-pointer -funroll-all-loops -finline-functions (test for errors, line 4)
FAIL: gcc.dg/noncompile/930622-2.c -O3 -fomit-frame-pointer -funroll-all-loops -finline-functions (test for excess errors)
FAIL: gcc.dg/noncompile/930622-2.c -O3 -g (test for errors, line 4)
FAIL: gcc.dg/noncompile/930622-2.c -O3 -g (test for excess errors)
FAIL: gcc.dg/noncompile/930622-2.c -Os (test for errors, line 4)
FAIL: gcc.dg/noncompile/930622-2.c -Os (test for excess errors)
FAIL: gcc.dg/noncompile/940112-1.c -O0 (test for errors, line 7)
FAIL: gcc.dg/noncompile/940112-1.c -O0 (test for excess errors)
FAIL: gcc.dg/noncompile/940112-1.c -O1 (test for errors, line 7)
FAIL: gcc.dg/noncompile/940112-1.c -O1 (test for excess errors)
FAIL: gcc.dg/noncompile/940112-1.c -O2 (test for errors, line 7)
FAIL: gcc.dg/noncompile/940112-1.c -O2 (test for excess errors)
FAIL: gcc.dg/noncompile/940112-1.c -O3 -fomit-frame-pointer (test for errors, line 7)
FAIL: gcc.dg/noncompile/940112-1.c -O3 -fomit-frame-pointer (test for excess errors)
FAIL: gcc.dg/noncompile/940112-1.c -O3 -g (test for errors, line 7)
FAIL: gcc.dg/noncompile/940112-1.c -O3 -g (test for excess errors)
FAIL: gcc.dg/noncompile/940112-1.c -Os (test for errors, line 7)
FAIL: gcc.dg/noncompile/940112-1.c -Os (test for excess errors)
FAIL: gcc.dg/noncompile/950921-1.c -O0 (test for errors, line 9)
FAIL: gcc.dg/noncompile/950921-1.c -O0 (test for excess errors)
FAIL: gcc.dg/noncompile/950921-1.c -O1 (test for errors, line 9)
FAIL: gcc.dg/noncompile/950921-1.c -O1 (test for excess errors)
FAIL: gcc.dg/noncompile/950921-1.c -O2 (test for errors, line 9)
FAIL: gcc.dg/noncompile/950921-1.c -O2 (test for excess errors)
FAIL: gcc.dg/noncompile/950921-1.c -O3 -fomit-frame-pointer (test for errors, line 9)
FAIL: gcc.dg/noncompile/950921-1.c -O3 -fomit-frame-pointer (test for excess errors)
FAIL: gcc.dg/noncompile/950921-1.c -O3 -g (test for errors, line 9)
FAIL: gcc.dg/noncompile/950921-1.c -O3 -g (test for excess errors)
FAIL: gcc.dg/noncompile/950921-1.c -Os (test for errors, line 9)
FAIL: gcc.dg/noncompile/950921-1.c -Os (test for excess errors)
FAIL: gcc.dg/noncompile/951123-1.c -O0 (test for excess errors)
FAIL: gcc.dg/noncompile/951123-1.c -O1 (test for excess errors)
FAIL: gcc.dg/noncompile/951123-1.c -O2 (test for excess errors)
FAIL: gcc.dg/noncompile/951123-1.c -O3 -fomit-frame-pointer (test for excess errors)
FAIL: gcc.dg/noncompile/951123-1.c -O3 -g (test for excess errors)
FAIL: gcc.dg/noncompile/951123-1.c -Os (test for excess errors)
FAIL: gcc.dg/noncompile/971104-1.c -O0 (test for errors, line 26)
FAIL: gcc.dg/noncompile/971104-1.c -O0 (test for excess errors)
FAIL: gcc.dg/noncompile/971104-1.c -O1 (test for errors, line 26)
FAIL: gcc.dg/noncompile/971104-1.c -O1 (test for excess errors)
FAIL: gcc.dg/noncompile/971104-1.c -O2 (test for errors, line 26)
FAIL: gcc.dg/noncompile/971104-1.c -O2 (test for excess errors)
FAIL: gcc.dg/noncompile/971104-1.c -O3 -fomit-frame-pointer (test for errors, line 26)
FAIL: gcc.dg/noncompile/971104-1.c -O3 -fomit-frame-pointer (test for excess errors)
FAIL: gcc.dg/noncompile/971104-1.c -O3 -g (test for errors, line 26)
FAIL: gcc.dg/noncompile/971104-1.c -O3 -g (test for excess errors)
FAIL: gcc.dg/noncompile/971104-1.c -Os (test for errors, line 26)
FAIL: gcc.dg/noncompile/971104-1.c -Os (test for excess errors)
FAIL: gcc.dg/noncompile/990416-1.c -O0 (test for errors, line 4)
FAIL: gcc.dg/noncompile/990416-1.c -O0 (test for excess errors)
FAIL: gcc.dg/noncompile/990416-1.c -O1 (test for errors, line 4)
FAIL: gcc.dg/noncompile/990416-1.c -O1 (test for excess errors)
FAIL: gcc.dg/noncompile/990416-1.c -O2 (test for errors, line 4)
FAIL: gcc.dg/noncompile/990416-1.c -O2 (test for excess errors)
FAIL: gcc.dg/noncompile/990416-1.c -O3 -fomit-frame-pointer (test for errors, line 4)
FAIL: gcc.dg/noncompile/990416-1.c -O3 -fomit-frame-pointer (test for excess errors)
FAIL: gcc.dg/noncompile/990416-1.c -O3 -g (test for errors, line 4)
FAIL: gcc.dg/noncompile/990416-1.c -O3 -g (test for excess errors)
FAIL: gcc.dg/noncompile/990416-1.c -Os (test for errors, line 4)
FAIL: gcc.dg/noncompile/990416-1.c -Os (test for excess errors)
FAIL: gcc.dg/pch/valid-1.c -O0 -g (test for excess errors)
FAIL: gcc.dg/pch/valid-1.c -O0 (test for excess errors)
FAIL: gcc.dg/pch/valid-1.c -O1 (test for excess errors)
FAIL: gcc.dg/pch/valid-1.c -O2 (test for excess errors)
FAIL: gcc.dg/pch/valid-1.c -O3 -fomit-frame-pointer (test for excess errors)
FAIL: gcc.dg/pch/valid-1.c -O3 -g (test for excess errors)
FAIL: gcc.dg/pch/valid-1.c -Os (test for excess errors)
FAIL: gcc.dg/pch/valid-2.c -O0 -g (test for excess errors)
FAIL: gcc.dg/pch/valid-2.c -O0 (test for excess errors)
FAIL: gcc.dg/pch/valid-2.c -O1 (test for excess errors)
FAIL: gcc.dg/pch/valid-2.c -O2 (test for excess errors)
FAIL: gcc.dg/pch/valid-2.c -O3 -fomit-frame-pointer (test for excess errors)
FAIL: gcc.dg/pch/valid-2.c -O3 -g (test for excess errors)
FAIL: gcc.dg/pch/valid-2.c -Os (test for excess errors)
FAIL: gcc.dg/pch/valid-3.c -O0 -g (test for excess errors)
FAIL: gcc.dg/pch/valid-3.c -O0 (test for excess errors)
FAIL: gcc.dg/pch/valid-3.c -O1 (test for excess errors)
FAIL: gcc.dg/pch/valid-3.c -O2 (test for excess errors)
FAIL: gcc.dg/pch/valid-3.c -O3 -fomit-frame-pointer (test for excess errors)
FAIL: gcc.dg/pch/valid-3.c -O3 -g (test for excess errors)
FAIL: gcc.dg/pch/valid-3.c -Os (test for excess errors)
FAIL: gcc.dg/pch/warn-1.c -O0 -g (test for excess errors)
FAIL: gcc.dg/pch/warn-1.c -O0 (test for excess errors)
FAIL: gcc.dg/pch/warn-1.c -O1 (test for excess errors)
FAIL: gcc.dg/pch/warn-1.c -O2 (test for excess errors)
FAIL: gcc.dg/pch/warn-1.c -O3 -fomit-frame-pointer (test for excess errors)
FAIL: gcc.dg/pch/warn-1.c -O3 -g (test for excess errors)
FAIL: gcc.dg/pch/warn-1.c -Os (test for excess errors)
FAIL: 94:is -:should be 1
FAIL: gcc.misc-tests/gcov-4.c gcov: 1 failures in line counts, 0 in branch percentages, 0 in return percentages
=== gcc Summary ===
# of expected passes 26547
# of unexpected failures 228
# of unexpected successes 1
# of expected failures 71
# of untested testcases 28
# of unsupported tests 229
=== gfortran tests ===
Running target unix
FAIL: gfortran.fortran-torture/execute/intrinsic_nearest.f90 execution, -O0
FAIL: gfortran.fortran-torture/execute/intrinsic_nearest.f90 execution, -O1
FAIL: gfortran.fortran-torture/execute/intrinsic_nearest.f90 execution, -O2
FAIL: gfortran.fortran-torture/execute/intrinsic_nearest.f90 execution, -O3 -fomit-frame-pointer
FAIL: gfortran.fortran-torture/execute/intrinsic_nearest.f90 execution, -O3 -fomit-frame-pointer -funroll-loops
FAIL: gfortran.fortran-torture/execute/intrinsic_nearest.f90 execution, -O3 -fomit-frame-pointer -funroll-all-loops -finline-functions
FAIL: gfortran.fortran-torture/execute/intrinsic_nearest.f90 execution, -O3 -g
FAIL: gfortran.fortran-torture/execute/intrinsic_nearest.f90 execution, -Os
=== gfortran Summary ===
# of expected passes 3364
# of unexpected failures 8
# of expected failures 22
=== g++ tests ===
Running target unix
FAIL: g++.dg/ext/attrib10.C (test for warnings, line 6)
FAIL: g++.dg/ext/attrib10.C (test for excess errors)
FAIL: g++.dg/ext/attrib14.C (test for warnings, line 10)
FAIL: g++.dg/ext/attrib14.C (test for excess errors)
FAIL: g++.dg/ext/member-attr.C (test for errors, line 12)
FAIL: g++.dg/ext/member-attr.C (test for errors, line 13)
FAIL: g++.dg/ext/member-attr.C (test for excess errors)
XPASS: g++.dg/template/meminit2.C bogus token skipping in the parser (test for bogus messages, line 17)
FAIL: g++.dg/template/meminit2.C (test for excess errors)
FAIL: 102:is -:should be 1
FAIL: g++.dg/gcov/gcov-1.C gcov: 1 failures in line counts, 0 in branch percentages, 0 in return percentages
WARNING: g++.old-deja/g++.mike/p10769a.C compilation failed to produce executable
WARNING: g++.old-deja/g++.other/enum5.C compilation failed to produce executable
FAIL: g++.old-deja/g++.other/warn7.C (test for warnings, line 38)
WARNING: g++.old-deja/g++.pt/friend44.C compilation failed to produce executable
FAIL: g++.old-deja/g++.robertl/eb42.C (test for excess errors)
=== g++ Summary ===
# of expected passes 9861
# of unexpected failures 12
# of unexpected successes 1
# of expected failures 80
# of unsupported tests 54
=== objc tests ===
Running target unix
FAIL: objc.dg/missing-proto-3.m (test for warnings, line 21)
FAIL: objc.dg/missing-proto-3.m (test for excess errors)
FAIL: objc.dg/naming-1.m (test for errors, line 18)
FAIL: objc.dg/naming-1.m (test for excess errors)
FAIL: objc.dg/naming-2.m (test for errors, line 7)
FAIL: objc.dg/naming-2.m (test for excess errors)
=== objc Summary ===
# of expected passes 1398
# of unexpected failures 6
# of unsupported tests 7
=== libffi tests ===
Running target unix
=== libffi Summary ===
# of expected passes 212
# of unsupported tests 2
=== libjava tests ===
Running target unix
FAIL: Thread_Interrupt output - source compiled test
FAIL: Thread_Interrupt output - gij test
=== libjava Summary ===
# of expected passes 3367
# of unexpected failures 2
# of expected failures 14
# of untested testcases 16
=== libmudflap tests ===
Running target unix
FAIL: ctors-21 execution
FAIL: ctors-21 execution -static
FAIL: ctors-21 execution -O2
FAIL: ctors-21 execution -O3
=== libmudflap Summary ===
# of expected passes 1132
# of unexpected failures 4
=== libstdc++-v3 check-abi Summary ===
# of added symbols: 315
# of missing symbols: 288
# of incompatible symbols: 288
=== libstdc++ tests ===
Running target unix
FAIL: 23_containers/deque/invalidation/3.cc (test for excess errors)
WARNING: 23_containers/deque/invalidation/3.cc compilation failed to produce executable
FAIL: 23_containers/list/invalidation/3.cc (test for excess errors)
WARNING: 23_containers/list/invalidation/3.cc compilation failed to produce executable
FAIL: 23_containers/multimap/invalidation/2.cc (test for excess errors)
WARNING: 23_containers/multimap/invalidation/2.cc compilation failed to produce executable
FAIL: 23_containers/multiset/invalidation/2.cc (test for excess errors)
WARNING: 23_containers/multiset/invalidation/2.cc compilation failed to produce executable
FAIL: 23_containers/set/invalidation/2.cc (test for excess errors)
WARNING: 23_containers/set/invalidation/2.cc compilation failed to produce executable
FAIL: 23_containers/vector/invalidation/3.cc (test for excess errors)
WARNING: 23_containers/vector/invalidation/3.cc compilation failed to produce executable
FAIL: 23_containers/vector/invalidation/4.cc (test for excess errors)
WARNING: 23_containers/vector/invalidation/4.cc compilation failed to produce executable
XPASS: 26_numerics/cmath/c99_classification_macros_c.cc (test for excess errors)
FAIL: ext/14648.cc (test for excess errors)
WARNING: ext/14648.cc compilation failed to produce executable
FAIL: ext/rope/1.cc (test for excess errors)
WARNING: ext/rope/1.cc compilation failed to produce executable
FAIL: ext/rope/2.cc (test for excess errors)
WARNING: ext/rope/2.cc compilation failed to produce executable
FAIL: ext/rope/3.cc (test for excess errors)
WARNING: ext/rope/3.cc compilation failed to produce executable
FAIL: thread/pthread7-rope.cc (test for excess errors)
WARNING: thread/pthread7-rope.cc compilation failed to produce executable
=== libstdc++ Summary ===
# of expected passes 2750
# of unexpected failures 12
# of unexpected successes 1
# of expected failures 5
Compiler version: gcc
Platform: i686-pc-linux-gnu
configure flags: --prefix=/opt/gcc-HEAD --enable-multilib --enable-checking --enable-c-mbchar --enable-threads --enable-nls --enable-version-specific-runtime-libs --enable-languages=c,c++,f95,java,objc