This is the mail archive of the
gcc-testresults@gcc.gnu.org
mailing list for the GCC project.
Results for 3.5.0 20040710 (experimental) testsuite on i686-pc-linux-gnu
- From: Kai Henningsen <kai at khms dot westfalen dot de>
- To: gcc-testresults at gcc dot gnu dot org
- Date: Sun, 11 Jul 2004 02:36:18 +0200
- Subject: Results for 3.5.0 20040710 (experimental) testsuite on i686-pc-linux-gnu
LAST_UPDATED: Sa Jul 10 16:55:39 UTC 2004
Native configuration is i686-pc-linux-gnu
=== gcc tests ===
Running target unix
WARNING: program timed out.
FAIL: gcc.c-torture/compile/20001226-1.c -O3 -g (test for excess errors)
FAIL: gcc.c-torture/compile/950613-1.c -O1 (test for excess errors)
FAIL: gcc.c-torture/compile/950613-1.c -Os (test for excess errors)
FAIL: gcc.dg/cpp/Wmissingdirs.c -Wmissing-include-dirs (test for warnings, line )
FAIL: gcc.dg/cpp/Wmissingdirs.c (test for excess errors)
FAIL: gcc.dg/debug/dwarf2/dwarf-die7.c scan-assembler 1.*DW_AT_inline
FAIL: gcc.dg/20020616-1.c (test for excess errors)
WARNING: gcc.dg/20020616-1.c compilation failed to produce executable
FAIL: gcc.dg/c90-const-expr-3.c (test for excess errors)
FAIL: gcc.dg/c99-const-expr-3.c (test for excess errors)
XPASS: gcc.dg/setjmp-1.c spurious clobbered warning (test for bogus messages, line 16)
FAIL: gcc.dg/pch/valid-1.c -O0 -g (test for excess errors)
FAIL: gcc.dg/pch/valid-1.c -O0 (test for excess errors)
FAIL: gcc.dg/pch/valid-1.c -O1 (test for excess errors)
FAIL: gcc.dg/pch/valid-1.c -O2 (test for excess errors)
FAIL: gcc.dg/pch/valid-1.c -O3 -fomit-frame-pointer (test for excess errors)
FAIL: gcc.dg/pch/valid-1.c -O3 -g (test for excess errors)
FAIL: gcc.dg/pch/valid-1.c -Os (test for excess errors)
FAIL: gcc.dg/pch/valid-2.c -O0 -g (test for excess errors)
FAIL: gcc.dg/pch/valid-2.c -O0 (test for excess errors)
FAIL: gcc.dg/pch/valid-2.c -O1 (test for excess errors)
FAIL: gcc.dg/pch/valid-2.c -O2 (test for excess errors)
FAIL: gcc.dg/pch/valid-2.c -O3 -fomit-frame-pointer (test for excess errors)
FAIL: gcc.dg/pch/valid-2.c -O3 -g (test for excess errors)
FAIL: gcc.dg/pch/valid-2.c -Os (test for excess errors)
FAIL: gcc.dg/pch/valid-3.c -O0 -g (test for excess errors)
FAIL: gcc.dg/pch/valid-3.c -O0 (test for excess errors)
FAIL: gcc.dg/pch/valid-3.c -O1 (test for excess errors)
FAIL: gcc.dg/pch/valid-3.c -O2 (test for excess errors)
FAIL: gcc.dg/pch/valid-3.c -O3 -fomit-frame-pointer (test for excess errors)
FAIL: gcc.dg/pch/valid-3.c -O3 -g (test for excess errors)
FAIL: gcc.dg/pch/valid-3.c -Os (test for excess errors)
FAIL: gcc.dg/pch/warn-1.c -O0 -g (test for excess errors)
FAIL: gcc.dg/pch/warn-1.c -O0 (test for excess errors)
FAIL: gcc.dg/pch/warn-1.c -O1 (test for excess errors)
FAIL: gcc.dg/pch/warn-1.c -O2 (test for excess errors)
FAIL: gcc.dg/pch/warn-1.c -O3 -fomit-frame-pointer (test for excess errors)
FAIL: gcc.dg/pch/warn-1.c -O3 -g (test for excess errors)
FAIL: gcc.dg/pch/warn-1.c -Os (test for excess errors)
FAIL: 94:is -:should be 1
FAIL: gcc.misc-tests/gcov-4.c gcov: 1 failures in line counts, 0 in branch percentages, 0 in return percentages
=== gcc Summary ===
# of expected passes 26736
# of unexpected failures 39
# of unexpected successes 1
# of expected failures 71
# of untested testcases 28
# of unsupported tests 229
/home/kai/gcc/build/build-HEAD/gcc/xgcc version 3.5.0 20040710 (experimental)
=== gfortran tests ===
Running target unix
FAIL: gfortran.fortran-torture/execute/intrinsic_nearest.f90 execution, -O0
FAIL: gfortran.fortran-torture/execute/intrinsic_nearest.f90 execution, -O1
FAIL: gfortran.fortran-torture/execute/intrinsic_nearest.f90 execution, -O2
FAIL: gfortran.fortran-torture/execute/intrinsic_nearest.f90 execution, -O3 -fomit-frame-pointer
FAIL: gfortran.fortran-torture/execute/intrinsic_nearest.f90 execution, -O3 -fomit-frame-pointer -funroll-loops
FAIL: gfortran.fortran-torture/execute/intrinsic_nearest.f90 execution, -O3 -fomit-frame-pointer -funroll-all-loops -finline-functions
FAIL: gfortran.fortran-torture/execute/intrinsic_nearest.f90 execution, -O3 -g
FAIL: gfortran.fortran-torture/execute/intrinsic_nearest.f90 execution, -Os
=== gfortran Summary ===
# of expected passes 3332
# of unexpected failures 8
# of expected failures 22
/home/kai/gcc/build/build-HEAD/gcc/testsuite/../gfortran version 3.5.0 20040710 (experimental)
=== g++ tests ===
Running target unix
FAIL: 102:is -:should be 1
FAIL: g++.dg/gcov/gcov-1.C gcov: 1 failures in line counts, 0 in branch percentages, 0 in return percentages
WARNING: g++.old-deja/g++.mike/p10769a.C compilation failed to produce executable
WARNING: g++.old-deja/g++.other/enum5.C compilation failed to produce executable
FAIL: g++.old-deja/g++.other/warn7.C (test for warnings, line 38)
WARNING: g++.old-deja/g++.pt/friend44.C compilation failed to produce executable
FAIL: g++.old-deja/g++.robertl/eb42.C (test for excess errors)
=== g++ Summary ===
# of expected passes 9869
# of unexpected failures 4
# of expected failures 81
# of unsupported tests 54
/home/kai/gcc/build/build-HEAD/gcc/testsuite/../g++ version 3.5.0 20040710 (experimental)
=== objc tests ===
Running target unix
=== objc Summary ===
# of expected passes 1404
# of unsupported tests 7
/home/kai/gcc/build/build-HEAD/gcc/xgcc version 3.5.0 20040710 (experimental)
=== libffi tests ===
Running target unix
=== libffi Summary ===
# of expected passes 212
# of unsupported tests 2
=== libjava tests ===
Running target unix
=== libjava Summary ===
# of expected passes 3369
# of expected failures 14
# of untested testcases 16
=== libmudflap tests ===
Running target unix
FAIL: ctors-21 execution
FAIL: ctors-21 execution -static
FAIL: ctors-21 execution -O2
FAIL: ctors-21 execution -O3
=== libmudflap Summary ===
# of expected passes 1132
# of unexpected failures 4
=== libstdc++-v3 check-abi Summary ===
# of added symbols: 315
# of missing symbols: 288
# of incompatible symbols: 288
=== libstdc++ tests ===
Running target unix
FAIL: 23_containers/deque/invalidation/3.cc (test for excess errors)
WARNING: 23_containers/deque/invalidation/3.cc compilation failed to produce executable
FAIL: 23_containers/list/invalidation/3.cc (test for excess errors)
WARNING: 23_containers/list/invalidation/3.cc compilation failed to produce executable
FAIL: 23_containers/multimap/invalidation/2.cc (test for excess errors)
WARNING: 23_containers/multimap/invalidation/2.cc compilation failed to produce executable
FAIL: 23_containers/multiset/invalidation/2.cc (test for excess errors)
WARNING: 23_containers/multiset/invalidation/2.cc compilation failed to produce executable
FAIL: 23_containers/set/invalidation/2.cc (test for excess errors)
WARNING: 23_containers/set/invalidation/2.cc compilation failed to produce executable
FAIL: 23_containers/vector/invalidation/3.cc (test for excess errors)
WARNING: 23_containers/vector/invalidation/3.cc compilation failed to produce executable
FAIL: 23_containers/vector/invalidation/4.cc (test for excess errors)
WARNING: 23_containers/vector/invalidation/4.cc compilation failed to produce executable
XPASS: 26_numerics/cmath/c99_classification_macros_c.cc (test for excess errors)
FAIL: ext/14648.cc (test for excess errors)
WARNING: ext/14648.cc compilation failed to produce executable
FAIL: ext/rope/1.cc (test for excess errors)
WARNING: ext/rope/1.cc compilation failed to produce executable
FAIL: ext/rope/2.cc (test for excess errors)
WARNING: ext/rope/2.cc compilation failed to produce executable
FAIL: ext/rope/3.cc (test for excess errors)
WARNING: ext/rope/3.cc compilation failed to produce executable
FAIL: thread/pthread7-rope.cc (test for excess errors)
WARNING: thread/pthread7-rope.cc compilation failed to produce executable
=== libstdc++ Summary ===
# of expected passes 2750
# of unexpected failures 12
# of unexpected successes 1
# of expected failures 5
Compiler version: 3.5.0 20040710 (experimental)
Platform: i686-pc-linux-gnu
configure flags: --prefix=/opt/gcc-HEAD --enable-multilib --enable-checking --enable-c-mbchar --enable-threads --enable-nls --enable-version-specific-runtime-libs --enable-languages=c,c++,f95,java,objc