This is the mail archive of the gcc-testresults@gcc.gnu.org mailing list for the GCC project.


Index Nav: [Date Index] [Subject Index] [Author Index] [Thread Index]
Message Nav: [Date Prev] [Date Next] [Thread Prev] [Thread Next]
Other format: [Raw text]

Results for 3.5.0 20040709 (experimental) testsuite on hppa64-hp-hpux11.11


LAST_UPDATED: Fri Jul  9 17:24:17 UTC 2004

Native configuration is hppa64-hp-hpux11.11

		=== g++ tests ===


Running target unix
WARNING: program timed out.
FAIL: g++.dg/eh/cleanup1.C (test for excess errors)
FAIL: g++.dg/ext/stmtexpr2.C execution test
ERROR: g++.dg/lookup/new1.C: syntax error in target selector "list of candidates" for " dg-excess-errors 13 "operator new" "list of candidates" "
UNRESOLVED: g++.dg/lookup/new1.C: syntax error in target selector "list of candidates" for " dg-excess-errors 13 "operator new" "list of candidates" "
FAIL: g++.dg/opt/reload1.C (test for excess errors)
FAIL: g++.dg/other/crash-2.C (test for excess errors)
FAIL: g++.dg/rtti/tinfo1.C scan-assembler _ZTIP9CTemplateIhE:
FAIL: g++.dg/template/sizeof8.C (test for excess errors)
FAIL: 102:is -:should be 1
FAIL: g++.dg/gcov/gcov-1.C gcov: 1 failures in line counts, 0 in branch percentages, 0 in return percentages
WARNING: g++.old-deja/g++.mike/p10769a.C compilation failed to produce executable
WARNING: g++.old-deja/g++.other/enum5.C compilation failed to produce executable
FAIL: g++.old-deja/g++.other/incomplete.C  (test for errors, line 14)
FAIL: g++.old-deja/g++.other/incomplete.C  (test for errors, line 15)
FAIL: g++.old-deja/g++.other/incomplete.C  (test for errors, line 16)
FAIL: g++.old-deja/g++.other/warn7.C  (test for warnings, line 38)
WARNING: g++.old-deja/g++.pt/friend44.C compilation failed to produce executable

		=== g++ Summary ===

# of expected passes		9423
# of unexpected failures	12
# of expected failures		82
# of unresolved testcases	1
# of unsupported tests		94
/mnt/gnu/gcc-3.3/objdir/gcc/testsuite/../g++  version 3.5.0 20040709 (experimental)

		=== gcc tests ===


Running target unix
WARNING: program timed out.
FAIL: gcc.c-torture/compile/20001226-1.c  -O2  (test for excess errors)
WARNING: program timed out.
FAIL: gcc.c-torture/compile/20001226-1.c  -O3 -fomit-frame-pointer  (test for excess errors)
WARNING: program timed out.
FAIL: gcc.c-torture/compile/20001226-1.c  -O3 -g  (test for excess errors)
FAIL: gcc.c-torture/execute/builtins/fputs.c execution,  -O1 
FAIL: gcc.c-torture/execute/builtins/fputs.c execution,  -O2 
FAIL: gcc.c-torture/execute/builtins/fputs.c execution,  -O3 -fomit-frame-pointer 
FAIL: gcc.c-torture/execute/builtins/fputs.c execution,  -O3 -g 
FAIL: gcc.c-torture/execute/builtins/strpcpy-2.c execution,  -O0 
FAIL: gcc.c-torture/execute/builtins/strpcpy-2.c execution,  -O1 
FAIL: gcc.c-torture/execute/builtins/strpcpy-2.c execution,  -O2 
FAIL: gcc.c-torture/execute/builtins/strpcpy-2.c execution,  -O3 -fomit-frame-pointer 
FAIL: gcc.c-torture/execute/builtins/strpcpy-2.c execution,  -O3 -g 
FAIL: gcc.c-torture/execute/builtins/strpcpy-2.c execution,  -Os 
XPASS: gcc.c-torture/execute/20020227-1.c execution,  -O3 -fomit-frame-pointer 
XPASS: gcc.c-torture/execute/20020227-1.c execution,  -O3 -g 
FAIL: gcc.c-torture/execute/991118-1.c execution,  -O1 
FAIL: gcc.c-torture/execute/991118-1.c execution,  -O2 
FAIL: gcc.c-torture/execute/991118-1.c execution,  -O3 -fomit-frame-pointer 
FAIL: gcc.c-torture/execute/991118-1.c execution,  -O3 -g 
FAIL: gcc.c-torture/execute/991118-1.c execution,  -Os 
FAIL: gcc.c-torture/execute/bf64-1.c execution,  -O1 
FAIL: gcc.c-torture/execute/bf64-1.c execution,  -O2 
FAIL: gcc.c-torture/execute/bf64-1.c execution,  -O3 -fomit-frame-pointer 
FAIL: gcc.c-torture/execute/bf64-1.c execution,  -O3 -g 
FAIL: gcc.c-torture/execute/bf64-1.c execution,  -Os 
FAIL: gcc.c-torture/execute/va-arg-25.c execution,  -O0 
FAIL: gcc.c-torture/execute/va-arg-25.c execution,  -O1 
FAIL: gcc.c-torture/execute/va-arg-25.c execution,  -O2 
FAIL: gcc.c-torture/execute/va-arg-25.c execution,  -O3 -fomit-frame-pointer 
FAIL: gcc.c-torture/execute/va-arg-25.c execution,  -O3 -g 
FAIL: gcc.c-torture/execute/va-arg-25.c execution,  -Os 
FAIL: gcc.c-torture/execute/va-arg-5.c execution,  -O0 
FAIL: gcc.c-torture/execute/va-arg-5.c execution,  -O1 
FAIL: gcc.c-torture/execute/va-arg-5.c execution,  -O2 
FAIL: gcc.c-torture/execute/va-arg-5.c execution,  -O3 -fomit-frame-pointer 
FAIL: gcc.c-torture/execute/va-arg-5.c execution,  -O3 -g 
FAIL: gcc.c-torture/execute/va-arg-5.c execution,  -Os 
FAIL: gcc.dg/compat/scalar-by-value-1 c_compat_x_tst.o-c_compat_y_tst.o execute 
FAIL: gcc.dg/compat/scalar-by-value-3 c_compat_x_tst.o-c_compat_y_tst.o execute 
FAIL: gcc.dg/compat/scalar-return-1 c_compat_x_tst.o-c_compat_y_tst.o execute 
FAIL: gcc.dg/compat/scalar-return-3 c_compat_x_tst.o-c_compat_y_tst.o execute 
FAIL: gcc.dg/debug/dwarf2/dwarf-die7.c scan-assembler 1.*DW_AT_inline
FAIL: gcc.dg/c90-const-expr-3.c (test for excess errors)
FAIL: gcc.dg/c99-const-expr-3.c (test for excess errors)
XPASS: gcc.dg/funcorder.c scan-assembler-not link_error,%r
XPASS: gcc.dg/setjmp-1.c spurious clobbered warning (test for bogus messages, line 16)
FAIL: gcc.dg/sibcall-3.c execution test
FAIL: gcc.dg/sibcall-4.c execution test
FAIL: gcc.dg/titype-1.c execution test
FAIL: gcc.dg/uninit-H.c  (test for bogus messages, line 20)
FAIL: largefile.c -O0 -g (test for excess errors)
FAIL: largefile.c  -O0  (test for excess errors)
FAIL: largefile.c  -O1  (test for excess errors)
FAIL: largefile.c  -O2  (test for excess errors)
FAIL: largefile.c  -O3 -fomit-frame-pointer  (test for excess errors)
FAIL: largefile.c  -O3 -g  (test for excess errors)
FAIL: largefile.c  -Os  (test for excess errors)
FAIL: 94:is -:should be 1
FAIL: gcc.misc-tests/gcov-4.c gcov: 1 failures in line counts, 0 in branch percentages, 0 in return percentages

		=== gcc Summary ===

# of expected passes		25783
# of unexpected failures	55
# of unexpected successes	4
# of expected failures		65
# of untested testcases		35
# of unsupported tests		379
/mnt/gnu/gcc-3.3/objdir/gcc/xgcc  version 3.5.0 20040709 (experimental)

		=== gfortran tests ===


Running target unix
FAIL: gfortran.dg/g77/7388.f  -O0  (test for excess errors)
FAIL: gfortran.dg/g77/7388.f  -O1  (test for excess errors)
FAIL: gfortran.dg/g77/7388.f  -O2  (test for excess errors)
FAIL: gfortran.dg/g77/7388.f  -O3 -fomit-frame-pointer  (test for excess errors)
FAIL: gfortran.dg/g77/7388.f  -O3 -g  (test for excess errors)
FAIL: gfortran.dg/g77/7388.f  -Os  (test for excess errors)
FAIL: gfortran.dg/g77/f77-edit-apostrophe-out.f  -O0  (test for excess errors)
FAIL: gfortran.dg/g77/f77-edit-apostrophe-out.f  -O1  (test for excess errors)
FAIL: gfortran.dg/g77/f77-edit-apostrophe-out.f  -O2  (test for excess errors)
FAIL: gfortran.dg/g77/f77-edit-apostrophe-out.f  -O3 -fomit-frame-pointer  (test for excess errors)
FAIL: gfortran.dg/g77/f77-edit-apostrophe-out.f  -O3 -fomit-frame-pointer -funroll-loops  (test for excess errors)
FAIL: gfortran.dg/g77/f77-edit-apostrophe-out.f  -O3 -fomit-frame-pointer -funroll-all-loops -finline-functions  (test for excess errors)
FAIL: gfortran.dg/g77/f77-edit-apostrophe-out.f  -O3 -g  (test for excess errors)
FAIL: gfortran.dg/g77/f77-edit-apostrophe-out.f  -Os  (test for excess errors)
FAIL: gfortran.dg/g77/f77-edit-colon-out.f  -O0  (test for excess errors)
FAIL: gfortran.dg/g77/f77-edit-colon-out.f  -O1  (test for excess errors)
FAIL: gfortran.dg/g77/f77-edit-colon-out.f  -O2  (test for excess errors)
FAIL: gfortran.dg/g77/f77-edit-colon-out.f  -O3 -fomit-frame-pointer  (test for excess errors)
FAIL: gfortran.dg/g77/f77-edit-colon-out.f  -O3 -g  (test for excess errors)
FAIL: gfortran.dg/g77/f77-edit-colon-out.f  -Os  (test for excess errors)
FAIL: gfortran.dg/g77/f77-edit-h-out.f  -O0  (test for excess errors)
FAIL: gfortran.dg/g77/f77-edit-h-out.f  -O1  (test for excess errors)
FAIL: gfortran.dg/g77/f77-edit-h-out.f  -O2  (test for excess errors)
FAIL: gfortran.dg/g77/f77-edit-h-out.f  -O3 -fomit-frame-pointer  (test for excess errors)
FAIL: gfortran.dg/g77/f77-edit-h-out.f  -O3 -fomit-frame-pointer -funroll-loops  (test for excess errors)
FAIL: gfortran.dg/g77/f77-edit-h-out.f  -O3 -fomit-frame-pointer -funroll-all-loops -finline-functions  (test for excess errors)
FAIL: gfortran.dg/g77/f77-edit-h-out.f  -O3 -g  (test for excess errors)
FAIL: gfortran.dg/g77/f77-edit-h-out.f  -Os  (test for excess errors)
FAIL: gfortran.dg/g77/f77-edit-i-in.f  -O0  (test for excess errors)
FAIL: gfortran.dg/g77/f77-edit-i-in.f  -O1  (test for excess errors)
FAIL: gfortran.dg/g77/f77-edit-i-in.f  -O2  (test for excess errors)
FAIL: gfortran.dg/g77/f77-edit-i-in.f  -O3 -fomit-frame-pointer  (test for excess errors)
FAIL: gfortran.dg/g77/f77-edit-i-in.f  -O3 -g  (test for excess errors)
FAIL: gfortran.dg/g77/f77-edit-i-in.f  -Os  (test for excess errors)
FAIL: gfortran.dg/g77/f77-edit-i-out.f  -O0  (test for excess errors)
FAIL: gfortran.dg/g77/f77-edit-i-out.f  -O1  (test for excess errors)
FAIL: gfortran.dg/g77/f77-edit-i-out.f  -O2  (test for excess errors)
FAIL: gfortran.dg/g77/f77-edit-i-out.f  -O3 -fomit-frame-pointer  (test for excess errors)
FAIL: gfortran.dg/g77/f77-edit-i-out.f  -O3 -g  (test for excess errors)
FAIL: gfortran.dg/g77/f77-edit-i-out.f  -Os  (test for excess errors)
FAIL: gfortran.dg/g77/f77-edit-s-out.f  -O0  (test for excess errors)
FAIL: gfortran.dg/g77/f77-edit-s-out.f  -O1  (test for excess errors)
FAIL: gfortran.dg/g77/f77-edit-s-out.f  -O2  (test for excess errors)
FAIL: gfortran.dg/g77/f77-edit-s-out.f  -O3 -fomit-frame-pointer  (test for excess errors)
FAIL: gfortran.dg/g77/f77-edit-s-out.f  -O3 -fomit-frame-pointer -funroll-loops  (test for excess errors)
FAIL: gfortran.dg/g77/f77-edit-s-out.f  -O3 -fomit-frame-pointer -funroll-all-loops -finline-functions  (test for excess errors)
FAIL: gfortran.dg/g77/f77-edit-s-out.f  -O3 -g  (test for excess errors)
FAIL: gfortran.dg/g77/f77-edit-s-out.f  -Os  (test for excess errors)
FAIL: gfortran.dg/g77/f77-edit-slash-out.f  -O0  (test for excess errors)
FAIL: gfortran.dg/g77/f77-edit-slash-out.f  -O1  (test for excess errors)
FAIL: gfortran.dg/g77/f77-edit-slash-out.f  -O2  (test for excess errors)
FAIL: gfortran.dg/g77/f77-edit-slash-out.f  -O3 -fomit-frame-pointer  (test for excess errors)
FAIL: gfortran.dg/g77/f77-edit-slash-out.f  -O3 -g  (test for excess errors)
FAIL: gfortran.dg/g77/f77-edit-slash-out.f  -Os  (test for excess errors)
FAIL: gfortran.dg/g77/f77-edit-t-in.f  -O0  (test for excess errors)
FAIL: gfortran.dg/g77/f77-edit-t-in.f  -O1  (test for excess errors)
FAIL: gfortran.dg/g77/f77-edit-t-in.f  -O2  (test for excess errors)
FAIL: gfortran.dg/g77/f77-edit-t-in.f  -O3 -fomit-frame-pointer  (test for excess errors)
FAIL: gfortran.dg/g77/f77-edit-t-in.f  -O3 -fomit-frame-pointer -funroll-loops  (test for excess errors)
FAIL: gfortran.dg/g77/f77-edit-t-in.f  -O3 -fomit-frame-pointer -funroll-all-loops -finline-functions  (test for excess errors)
FAIL: gfortran.dg/g77/f77-edit-t-in.f  -O3 -g  (test for excess errors)
FAIL: gfortran.dg/g77/f77-edit-t-in.f  -Os  (test for excess errors)
FAIL: gfortran.dg/g77/f77-edit-t-out.f  -O0  (test for excess errors)
FAIL: gfortran.dg/g77/f77-edit-t-out.f  -O1  (test for excess errors)
FAIL: gfortran.dg/g77/f77-edit-t-out.f  -O2  (test for excess errors)
FAIL: gfortran.dg/g77/f77-edit-t-out.f  -O3 -fomit-frame-pointer  (test for excess errors)
FAIL: gfortran.dg/g77/f77-edit-t-out.f  -O3 -g  (test for excess errors)
FAIL: gfortran.dg/g77/f77-edit-t-out.f  -Os  (test for excess errors)
FAIL: gfortran.dg/g77/f77-edit-x-out.f  -O0  (test for excess errors)
FAIL: gfortran.dg/g77/f77-edit-x-out.f  -O1  (test for excess errors)
FAIL: gfortran.dg/g77/f77-edit-x-out.f  -O2  (test for excess errors)
FAIL: gfortran.dg/g77/f77-edit-x-out.f  -O3 -fomit-frame-pointer  (test for excess errors)
FAIL: gfortran.dg/g77/f77-edit-x-out.f  -O3 -g  (test for excess errors)
FAIL: gfortran.dg/g77/f77-edit-x-out.f  -Os  (test for excess errors)
FAIL: gfortran.dg/g77/strlen0.f  -O0  (test for excess errors)
FAIL: gfortran.dg/g77/strlen0.f  -O1  (test for excess errors)
FAIL: gfortran.dg/g77/strlen0.f  -O2  (test for excess errors)
FAIL: gfortran.dg/g77/strlen0.f  -O3 -fomit-frame-pointer  (test for excess errors)
FAIL: gfortran.dg/g77/strlen0.f  -O3 -g  (test for excess errors)
FAIL: gfortran.dg/g77/strlen0.f  -Os  (test for excess errors)
FAIL: gfortran.fortran-torture/execute/cmplx.f90 execution,  -O0 
FAIL: gfortran.fortran-torture/execute/cmplx.f90 execution,  -O1 
FAIL: gfortran.fortran-torture/execute/cmplx.f90 execution,  -O2 
FAIL: gfortran.fortran-torture/execute/cmplx.f90 execution,  -O3 -fomit-frame-pointer 
FAIL: gfortran.fortran-torture/execute/cmplx.f90 execution,  -O3 -fomit-frame-pointer -funroll-loops 
FAIL: gfortran.fortran-torture/execute/cmplx.f90 execution,  -O3 -fomit-frame-pointer -funroll-all-loops -finline-functions 
FAIL: gfortran.fortran-torture/execute/cmplx.f90 execution,  -O3 -g 
FAIL: gfortran.fortran-torture/execute/cmplx.f90 execution,  -Os 
FAIL: gfortran.fortran-torture/execute/csqrt_1.f90 execution,  -O0 
FAIL: gfortran.fortran-torture/execute/csqrt_1.f90 execution,  -O1 
FAIL: gfortran.fortran-torture/execute/csqrt_1.f90 execution,  -O2 
FAIL: gfortran.fortran-torture/execute/csqrt_1.f90 execution,  -O3 -fomit-frame-pointer 
FAIL: gfortran.fortran-torture/execute/csqrt_1.f90 execution,  -O3 -fomit-frame-pointer -funroll-loops 
FAIL: gfortran.fortran-torture/execute/csqrt_1.f90 execution,  -O3 -fomit-frame-pointer -funroll-all-loops -finline-functions 
FAIL: gfortran.fortran-torture/execute/csqrt_1.f90 execution,  -O3 -g 
FAIL: gfortran.fortran-torture/execute/csqrt_1.f90 execution,  -Os 
FAIL: gfortran.fortran-torture/execute/der_io.f90 execution,  -O0 
FAIL: gfortran.fortran-torture/execute/der_io.f90 execution,  -O1 
FAIL: gfortran.fortran-torture/execute/der_io.f90 execution,  -O2 
FAIL: gfortran.fortran-torture/execute/der_io.f90 execution,  -O3 -fomit-frame-pointer 
FAIL: gfortran.fortran-torture/execute/der_io.f90 execution,  -O3 -fomit-frame-pointer -funroll-loops 
FAIL: gfortran.fortran-torture/execute/der_io.f90 execution,  -O3 -fomit-frame-pointer -funroll-all-loops -finline-functions 
FAIL: gfortran.fortran-torture/execute/der_io.f90 execution,  -O3 -g 
FAIL: gfortran.fortran-torture/execute/der_io.f90 execution,  -Os 
FAIL: gfortran.fortran-torture/execute/direct_io.f90 execution,  -O0 
FAIL: gfortran.fortran-torture/execute/direct_io.f90 execution,  -O1 
FAIL: gfortran.fortran-torture/execute/direct_io.f90 execution,  -O2 
FAIL: gfortran.fortran-torture/execute/direct_io.f90 execution,  -O3 -fomit-frame-pointer 
FAIL: gfortran.fortran-torture/execute/direct_io.f90 execution,  -O3 -fomit-frame-pointer -funroll-loops 
FAIL: gfortran.fortran-torture/execute/direct_io.f90 execution,  -O3 -fomit-frame-pointer -funroll-all-loops -finline-functions 
FAIL: gfortran.fortran-torture/execute/direct_io.f90 execution,  -O3 -g 
FAIL: gfortran.fortran-torture/execute/direct_io.f90 execution,  -Os 
FAIL: gfortran.fortran-torture/execute/f2_edit_1.f90 execution,  -O0 
FAIL: gfortran.fortran-torture/execute/f2_edit_1.f90 execution,  -O1 
FAIL: gfortran.fortran-torture/execute/f2_edit_1.f90 execution,  -O2 
FAIL: gfortran.fortran-torture/execute/f2_edit_1.f90 execution,  -O3 -fomit-frame-pointer 
FAIL: gfortran.fortran-torture/execute/f2_edit_1.f90 execution,  -O3 -fomit-frame-pointer -funroll-loops 
FAIL: gfortran.fortran-torture/execute/f2_edit_1.f90 execution,  -O3 -fomit-frame-pointer -funroll-all-loops -finline-functions 
FAIL: gfortran.fortran-torture/execute/f2_edit_1.f90 execution,  -O3 -g 
FAIL: gfortran.fortran-torture/execute/f2_edit_1.f90 execution,  -Os 
FAIL: gfortran.fortran-torture/execute/forall_3.f90 execution,  -O0 
FAIL: gfortran.fortran-torture/execute/forall_3.f90 execution,  -O1 
FAIL: gfortran.fortran-torture/execute/forall_3.f90 execution,  -O2 
FAIL: gfortran.fortran-torture/execute/forall_3.f90 execution,  -O3 -fomit-frame-pointer 
FAIL: gfortran.fortran-torture/execute/forall_3.f90 execution,  -O3 -fomit-frame-pointer -funroll-loops 
FAIL: gfortran.fortran-torture/execute/forall_3.f90 execution,  -O3 -fomit-frame-pointer -funroll-all-loops -finline-functions 
FAIL: gfortran.fortran-torture/execute/forall_3.f90 execution,  -O3 -g 
FAIL: gfortran.fortran-torture/execute/forall_3.f90 execution,  -Os 
FAIL: gfortran.fortran-torture/execute/inquire_3.f90 execution,  -O0 
FAIL: gfortran.fortran-torture/execute/inquire_3.f90 execution,  -O1 
FAIL: gfortran.fortran-torture/execute/inquire_3.f90 execution,  -O2 
FAIL: gfortran.fortran-torture/execute/inquire_3.f90 execution,  -O3 -fomit-frame-pointer 
FAIL: gfortran.fortran-torture/execute/inquire_3.f90 execution,  -O3 -fomit-frame-pointer -funroll-loops 
FAIL: gfortran.fortran-torture/execute/inquire_3.f90 execution,  -O3 -fomit-frame-pointer -funroll-all-loops -finline-functions 
FAIL: gfortran.fortran-torture/execute/inquire_3.f90 execution,  -O3 -g 
FAIL: gfortran.fortran-torture/execute/inquire_3.f90 execution,  -Os 
FAIL: gfortran.fortran-torture/execute/inquire_4.f90 execution,  -O0 
FAIL: gfortran.fortran-torture/execute/inquire_4.f90 execution,  -O1 
FAIL: gfortran.fortran-torture/execute/inquire_4.f90 execution,  -O2 
FAIL: gfortran.fortran-torture/execute/inquire_4.f90 execution,  -O3 -fomit-frame-pointer 
FAIL: gfortran.fortran-torture/execute/inquire_4.f90 execution,  -O3 -fomit-frame-pointer -funroll-loops 
FAIL: gfortran.fortran-torture/execute/inquire_4.f90 execution,  -O3 -fomit-frame-pointer -funroll-all-loops -finline-functions 
FAIL: gfortran.fortran-torture/execute/inquire_4.f90 execution,  -O3 -g 
FAIL: gfortran.fortran-torture/execute/inquire_4.f90 execution,  -Os 
FAIL: gfortran.fortran-torture/execute/intrinsic_abs.f90 execution,  -O0 
FAIL: gfortran.fortran-torture/execute/intrinsic_abs.f90 execution,  -O1 
FAIL: gfortran.fortran-torture/execute/intrinsic_abs.f90 execution,  -O2 
FAIL: gfortran.fortran-torture/execute/intrinsic_abs.f90 execution,  -O3 -fomit-frame-pointer 
FAIL: gfortran.fortran-torture/execute/intrinsic_abs.f90 execution,  -O3 -fomit-frame-pointer -funroll-loops 
FAIL: gfortran.fortran-torture/execute/intrinsic_abs.f90 execution,  -O3 -fomit-frame-pointer -funroll-all-loops -finline-functions 
FAIL: gfortran.fortran-torture/execute/intrinsic_abs.f90 execution,  -O3 -g 
FAIL: gfortran.fortran-torture/execute/intrinsic_abs.f90 execution,  -Os 
FAIL: gfortran.fortran-torture/execute/intrinsic_aint_anint.f90 execution,  -O0 
FAIL: gfortran.fortran-torture/execute/intrinsic_aint_anint.f90 execution,  -O1 
FAIL: gfortran.fortran-torture/execute/intrinsic_aint_anint.f90 execution,  -O2 
FAIL: gfortran.fortran-torture/execute/intrinsic_aint_anint.f90 execution,  -O3 -fomit-frame-pointer 
FAIL: gfortran.fortran-torture/execute/intrinsic_aint_anint.f90 execution,  -O3 -fomit-frame-pointer -funroll-loops 
FAIL: gfortran.fortran-torture/execute/intrinsic_aint_anint.f90 execution,  -O3 -fomit-frame-pointer -funroll-all-loops -finline-functions 
FAIL: gfortran.fortran-torture/execute/intrinsic_aint_anint.f90 execution,  -O3 -g 
FAIL: gfortran.fortran-torture/execute/intrinsic_aint_anint.f90 execution,  -Os 
FAIL: gfortran.fortran-torture/execute/intrinsic_dotprod.f90 execution,  -O0 
FAIL: gfortran.fortran-torture/execute/intrinsic_dotprod.f90 execution,  -O1 
FAIL: gfortran.fortran-torture/execute/intrinsic_dotprod.f90 execution,  -O2 
FAIL: gfortran.fortran-torture/execute/intrinsic_dotprod.f90 execution,  -O3 -fomit-frame-pointer 
FAIL: gfortran.fortran-torture/execute/intrinsic_dotprod.f90 execution,  -O3 -fomit-frame-pointer -funroll-loops 
FAIL: gfortran.fortran-torture/execute/intrinsic_dotprod.f90 execution,  -O3 -fomit-frame-pointer -funroll-all-loops -finline-functions 
FAIL: gfortran.fortran-torture/execute/intrinsic_dotprod.f90 execution,  -O3 -g 
FAIL: gfortran.fortran-torture/execute/intrinsic_dotprod.f90 execution,  -Os 
FAIL: gfortran.fortran-torture/execute/intrinsic_fraction_exponent.f90 execution,  -O0 
FAIL: gfortran.fortran-torture/execute/intrinsic_fraction_exponent.f90 execution,  -O1 
FAIL: gfortran.fortran-torture/execute/intrinsic_fraction_exponent.f90 execution,  -O2 
FAIL: gfortran.fortran-torture/execute/intrinsic_fraction_exponent.f90 execution,  -O3 -fomit-frame-pointer 
FAIL: gfortran.fortran-torture/execute/intrinsic_fraction_exponent.f90 execution,  -O3 -fomit-frame-pointer -funroll-loops 
FAIL: gfortran.fortran-torture/execute/intrinsic_fraction_exponent.f90 execution,  -O3 -fomit-frame-pointer -funroll-all-loops -finline-functions 
FAIL: gfortran.fortran-torture/execute/intrinsic_fraction_exponent.f90 execution,  -O3 -g 
FAIL: gfortran.fortran-torture/execute/intrinsic_fraction_exponent.f90 execution,  -Os 
FAIL: gfortran.fortran-torture/execute/intrinsic_nearest.f90 execution,  -O0 
FAIL: gfortran.fortran-torture/execute/intrinsic_nearest.f90 execution,  -O1 
FAIL: gfortran.fortran-torture/execute/intrinsic_nearest.f90 execution,  -O2 
FAIL: gfortran.fortran-torture/execute/intrinsic_nearest.f90 execution,  -O3 -fomit-frame-pointer 
FAIL: gfortran.fortran-torture/execute/intrinsic_nearest.f90 execution,  -O3 -fomit-frame-pointer -funroll-loops 
FAIL: gfortran.fortran-torture/execute/intrinsic_nearest.f90 execution,  -O3 -fomit-frame-pointer -funroll-all-loops -finline-functions 
FAIL: gfortran.fortran-torture/execute/intrinsic_nearest.f90 execution,  -O3 -g 
FAIL: gfortran.fortran-torture/execute/intrinsic_nearest.f90 execution,  -Os 
FAIL: gfortran.fortran-torture/execute/intrinsic_rrspacing.f90 execution,  -O0 
FAIL: gfortran.fortran-torture/execute/intrinsic_rrspacing.f90 execution,  -O1 
FAIL: gfortran.fortran-torture/execute/intrinsic_rrspacing.f90 execution,  -O2 
FAIL: gfortran.fortran-torture/execute/intrinsic_rrspacing.f90 execution,  -O3 -fomit-frame-pointer 
FAIL: gfortran.fortran-torture/execute/intrinsic_rrspacing.f90 execution,  -O3 -fomit-frame-pointer -funroll-loops 
FAIL: gfortran.fortran-torture/execute/intrinsic_rrspacing.f90 execution,  -O3 -fomit-frame-pointer -funroll-all-loops -finline-functions 
FAIL: gfortran.fortran-torture/execute/intrinsic_rrspacing.f90 execution,  -O3 -g 
FAIL: gfortran.fortran-torture/execute/intrinsic_rrspacing.f90 execution,  -Os 
FAIL: gfortran.fortran-torture/execute/intrinsic_scale.f90 compilation,  -O0 
FAIL: gfortran.fortran-torture/execute/intrinsic_scale.f90 compilation,  -O1 
FAIL: gfortran.fortran-torture/execute/intrinsic_scale.f90 compilation,  -O2 
FAIL: gfortran.fortran-torture/execute/intrinsic_scale.f90 compilation,  -O3 -fomit-frame-pointer 
FAIL: gfortran.fortran-torture/execute/intrinsic_scale.f90 compilation,  -O3 -fomit-frame-pointer -funroll-loops 
FAIL: gfortran.fortran-torture/execute/intrinsic_scale.f90 compilation,  -O3 -fomit-frame-pointer -funroll-all-loops -finline-functions 
FAIL: gfortran.fortran-torture/execute/intrinsic_scale.f90 compilation,  -O3 -g 
FAIL: gfortran.fortran-torture/execute/intrinsic_scale.f90 compilation,  -Os 
FAIL: gfortran.fortran-torture/execute/intrinsic_set_exponent.f90 execution,  -O0 
FAIL: gfortran.fortran-torture/execute/intrinsic_set_exponent.f90 execution,  -O1 
FAIL: gfortran.fortran-torture/execute/intrinsic_set_exponent.f90 execution,  -O2 
FAIL: gfortran.fortran-torture/execute/intrinsic_set_exponent.f90 execution,  -O3 -fomit-frame-pointer 
FAIL: gfortran.fortran-torture/execute/intrinsic_set_exponent.f90 execution,  -O3 -fomit-frame-pointer -funroll-loops 
FAIL: gfortran.fortran-torture/execute/intrinsic_set_exponent.f90 execution,  -O3 -fomit-frame-pointer -funroll-all-loops -finline-functions 
FAIL: gfortran.fortran-torture/execute/intrinsic_set_exponent.f90 execution,  -O3 -g 
FAIL: gfortran.fortran-torture/execute/intrinsic_set_exponent.f90 execution,  -Os 
FAIL: gfortran.fortran-torture/execute/intrinsic_spacing.f90 execution,  -O0 
FAIL: gfortran.fortran-torture/execute/intrinsic_spacing.f90 execution,  -O1 
FAIL: gfortran.fortran-torture/execute/intrinsic_spacing.f90 execution,  -O2 
FAIL: gfortran.fortran-torture/execute/intrinsic_spacing.f90 execution,  -O3 -fomit-frame-pointer 
FAIL: gfortran.fortran-torture/execute/intrinsic_spacing.f90 execution,  -O3 -fomit-frame-pointer -funroll-loops 
FAIL: gfortran.fortran-torture/execute/intrinsic_spacing.f90 execution,  -O3 -fomit-frame-pointer -funroll-all-loops -finline-functions 
FAIL: gfortran.fortran-torture/execute/intrinsic_spacing.f90 execution,  -O3 -g 
FAIL: gfortran.fortran-torture/execute/intrinsic_spacing.f90 execution,  -Os 
FAIL: gfortran.fortran-torture/execute/list_read_1.f90 execution,  -O0 
FAIL: gfortran.fortran-torture/execute/list_read_1.f90 execution,  -O1 
FAIL: gfortran.fortran-torture/execute/list_read_1.f90 execution,  -O2 
FAIL: gfortran.fortran-torture/execute/list_read_1.f90 execution,  -O3 -fomit-frame-pointer 
FAIL: gfortran.fortran-torture/execute/list_read_1.f90 execution,  -O3 -fomit-frame-pointer -funroll-loops 
FAIL: gfortran.fortran-torture/execute/list_read_1.f90 execution,  -O3 -fomit-frame-pointer -funroll-all-loops -finline-functions 
FAIL: gfortran.fortran-torture/execute/list_read_1.f90 execution,  -O3 -g 
FAIL: gfortran.fortran-torture/execute/list_read_1.f90 execution,  -Os 
FAIL: gfortran.fortran-torture/execute/math.f90 execution,  -O0 
FAIL: gfortran.fortran-torture/execute/math.f90 execution,  -O1 
FAIL: gfortran.fortran-torture/execute/math.f90 execution,  -O2 
FAIL: gfortran.fortran-torture/execute/math.f90 execution,  -O3 -fomit-frame-pointer 
FAIL: gfortran.fortran-torture/execute/math.f90 execution,  -O3 -fomit-frame-pointer -funroll-loops 
FAIL: gfortran.fortran-torture/execute/math.f90 execution,  -O3 -fomit-frame-pointer -funroll-all-loops -finline-functions 
FAIL: gfortran.fortran-torture/execute/math.f90 execution,  -O3 -g 
FAIL: gfortran.fortran-torture/execute/math.f90 execution,  -Os 
FAIL: gfortran.fortran-torture/execute/nan_inf_fmt.f90 execution,  -O0 
FAIL: gfortran.fortran-torture/execute/nan_inf_fmt.f90 execution,  -O1 
FAIL: gfortran.fortran-torture/execute/nan_inf_fmt.f90 execution,  -O2 
FAIL: gfortran.fortran-torture/execute/nan_inf_fmt.f90 execution,  -O3 -fomit-frame-pointer 
FAIL: gfortran.fortran-torture/execute/nan_inf_fmt.f90 execution,  -O3 -fomit-frame-pointer -funroll-loops 
FAIL: gfortran.fortran-torture/execute/nan_inf_fmt.f90 execution,  -O3 -fomit-frame-pointer -funroll-all-loops -finline-functions 
FAIL: gfortran.fortran-torture/execute/nan_inf_fmt.f90 execution,  -O3 -g 
FAIL: gfortran.fortran-torture/execute/nan_inf_fmt.f90 execution,  -Os 
FAIL: gfortran.fortran-torture/execute/power.f90 execution,  -O0 
FAIL: gfortran.fortran-torture/execute/power.f90 execution,  -O1 
FAIL: gfortran.fortran-torture/execute/power.f90 execution,  -O2 
FAIL: gfortran.fortran-torture/execute/power.f90 execution,  -O3 -fomit-frame-pointer 
FAIL: gfortran.fortran-torture/execute/power.f90 execution,  -O3 -fomit-frame-pointer -funroll-loops 
FAIL: gfortran.fortran-torture/execute/power.f90 execution,  -O3 -fomit-frame-pointer -funroll-all-loops -finline-functions 
FAIL: gfortran.fortran-torture/execute/power.f90 execution,  -O3 -g 
FAIL: gfortran.fortran-torture/execute/power.f90 execution,  -Os 
FAIL: gfortran.fortran-torture/execute/seq_io.f90 execution,  -O0 
FAIL: gfortran.fortran-torture/execute/seq_io.f90 execution,  -O1 
FAIL: gfortran.fortran-torture/execute/seq_io.f90 execution,  -O2 
FAIL: gfortran.fortran-torture/execute/seq_io.f90 execution,  -O3 -fomit-frame-pointer 
FAIL: gfortran.fortran-torture/execute/seq_io.f90 execution,  -O3 -fomit-frame-pointer -funroll-loops 
FAIL: gfortran.fortran-torture/execute/seq_io.f90 execution,  -O3 -fomit-frame-pointer -funroll-all-loops -finline-functions 
FAIL: gfortran.fortran-torture/execute/seq_io.f90 execution,  -O3 -g 
FAIL: gfortran.fortran-torture/execute/seq_io.f90 execution,  -Os 
FAIL: gfortran.fortran-torture/execute/specifics.f90 execution,  -O0 
FAIL: gfortran.fortran-torture/execute/specifics.f90 execution,  -O1 
FAIL: gfortran.fortran-torture/execute/specifics.f90 execution,  -O2 
FAIL: gfortran.fortran-torture/execute/specifics.f90 execution,  -O3 -fomit-frame-pointer 
FAIL: gfortran.fortran-torture/execute/specifics.f90 execution,  -O3 -fomit-frame-pointer -funroll-loops 
FAIL: gfortran.fortran-torture/execute/specifics.f90 execution,  -O3 -fomit-frame-pointer -funroll-all-loops -finline-functions 
FAIL: gfortran.fortran-torture/execute/specifics.f90 execution,  -O3 -g 
FAIL: gfortran.fortran-torture/execute/specifics.f90 execution,  -Os 

		=== gfortran Summary ===

# of expected passes		2926
# of unexpected failures	264
# of expected failures		22
# of untested testcases		8
# of unsupported tests		6
/mnt/gnu/gcc-3.3/objdir/gcc/testsuite/../gfortran  version 3.5.0 20040709 (experimental)

		=== objc tests ===


Running target unix
FAIL: objc/execute/IMP.m compilation,  -O0 
UNRESOLVED: objc/execute/IMP.m execution,  -O0 
FAIL: objc/execute/IMP.m compilation,  -O1 
UNRESOLVED: objc/execute/IMP.m execution,  -O1 
FAIL: objc/execute/IMP.m compilation,  -O2 
UNRESOLVED: objc/execute/IMP.m execution,  -O2 
FAIL: objc/execute/IMP.m compilation,  -O3 -fomit-frame-pointer 
UNRESOLVED: objc/execute/IMP.m execution,  -O3 -fomit-frame-pointer 
FAIL: objc/execute/IMP.m compilation,  -O3 -g 
UNRESOLVED: objc/execute/IMP.m execution,  -O3 -g 
FAIL: objc/execute/IMP.m compilation,  -Os 
UNRESOLVED: objc/execute/IMP.m execution,  -Os 
FAIL: objc/execute/_cmd.m compilation,  -O0 
UNRESOLVED: objc/execute/_cmd.m execution,  -O0 
FAIL: objc/execute/_cmd.m compilation,  -O1 
UNRESOLVED: objc/execute/_cmd.m execution,  -O1 
FAIL: objc/execute/_cmd.m compilation,  -O2 
UNRESOLVED: objc/execute/_cmd.m execution,  -O2 
FAIL: objc/execute/_cmd.m compilation,  -O3 -fomit-frame-pointer 
UNRESOLVED: objc/execute/_cmd.m execution,  -O3 -fomit-frame-pointer 
FAIL: objc/execute/_cmd.m compilation,  -O3 -g 
UNRESOLVED: objc/execute/_cmd.m execution,  -O3 -g 
FAIL: objc/execute/_cmd.m compilation,  -Os 
UNRESOLVED: objc/execute/_cmd.m execution,  -Os 
FAIL: objc/execute/accessing_ivars.m compilation,  -O0 
UNRESOLVED: objc/execute/accessing_ivars.m execution,  -O0 
FAIL: objc/execute/accessing_ivars.m compilation,  -O1 
UNRESOLVED: objc/execute/accessing_ivars.m execution,  -O1 
FAIL: objc/execute/accessing_ivars.m compilation,  -O2 
UNRESOLVED: objc/execute/accessing_ivars.m execution,  -O2 
FAIL: objc/execute/accessing_ivars.m compilation,  -O3 -fomit-frame-pointer 
UNRESOLVED: objc/execute/accessing_ivars.m execution,  -O3 -fomit-frame-pointer 
FAIL: objc/execute/accessing_ivars.m compilation,  -O3 -g 
UNRESOLVED: objc/execute/accessing_ivars.m execution,  -O3 -g 
FAIL: objc/execute/accessing_ivars.m compilation,  -Os 
UNRESOLVED: objc/execute/accessing_ivars.m execution,  -Os 
FAIL: objc/execute/bf-1.m compilation,  -O0 
UNRESOLVED: objc/execute/bf-1.m execution,  -O0 
FAIL: objc/execute/bf-1.m compilation,  -O1 
UNRESOLVED: objc/execute/bf-1.m execution,  -O1 
FAIL: objc/execute/bf-1.m compilation,  -O2 
UNRESOLVED: objc/execute/bf-1.m execution,  -O2 
FAIL: objc/execute/bf-1.m compilation,  -O3 -fomit-frame-pointer 
UNRESOLVED: objc/execute/bf-1.m execution,  -O3 -fomit-frame-pointer 
FAIL: objc/execute/bf-1.m compilation,  -O3 -g 
UNRESOLVED: objc/execute/bf-1.m execution,  -O3 -g 
FAIL: objc/execute/bf-1.m compilation,  -Os 
UNRESOLVED: objc/execute/bf-1.m execution,  -Os 
FAIL: objc/execute/bf-10.m compilation,  -O0 
UNRESOLVED: objc/execute/bf-10.m execution,  -O0 
FAIL: objc/execute/bf-10.m compilation,  -O1 
UNRESOLVED: objc/execute/bf-10.m execution,  -O1 
FAIL: objc/execute/bf-10.m compilation,  -O2 
UNRESOLVED: objc/execute/bf-10.m execution,  -O2 
FAIL: objc/execute/bf-10.m compilation,  -O3 -fomit-frame-pointer 
UNRESOLVED: objc/execute/bf-10.m execution,  -O3 -fomit-frame-pointer 
FAIL: objc/execute/bf-10.m compilation,  -O3 -g 
UNRESOLVED: objc/execute/bf-10.m execution,  -O3 -g 
FAIL: objc/execute/bf-10.m compilation,  -Os 
UNRESOLVED: objc/execute/bf-10.m execution,  -Os 
FAIL: objc/execute/bf-11.m compilation,  -O0 
UNRESOLVED: objc/execute/bf-11.m execution,  -O0 
FAIL: objc/execute/bf-11.m compilation,  -O1 
UNRESOLVED: objc/execute/bf-11.m execution,  -O1 
FAIL: objc/execute/bf-11.m compilation,  -O2 
UNRESOLVED: objc/execute/bf-11.m execution,  -O2 
FAIL: objc/execute/bf-11.m compilation,  -O3 -fomit-frame-pointer 
UNRESOLVED: objc/execute/bf-11.m execution,  -O3 -fomit-frame-pointer 
FAIL: objc/execute/bf-11.m compilation,  -O3 -g 
UNRESOLVED: objc/execute/bf-11.m execution,  -O3 -g 
FAIL: objc/execute/bf-11.m compilation,  -Os 
UNRESOLVED: objc/execute/bf-11.m execution,  -Os 
FAIL: objc/execute/bf-12.m compilation,  -O0 
UNRESOLVED: objc/execute/bf-12.m execution,  -O0 
FAIL: objc/execute/bf-12.m compilation,  -O1 
UNRESOLVED: objc/execute/bf-12.m execution,  -O1 
FAIL: objc/execute/bf-12.m compilation,  -O2 
UNRESOLVED: objc/execute/bf-12.m execution,  -O2 
FAIL: objc/execute/bf-12.m compilation,  -O3 -fomit-frame-pointer 
UNRESOLVED: objc/execute/bf-12.m execution,  -O3 -fomit-frame-pointer 
FAIL: objc/execute/bf-12.m compilation,  -O3 -g 
UNRESOLVED: objc/execute/bf-12.m execution,  -O3 -g 
FAIL: objc/execute/bf-12.m compilation,  -Os 
UNRESOLVED: objc/execute/bf-12.m execution,  -Os 
FAIL: objc/execute/bf-13.m compilation,  -O0 
UNRESOLVED: objc/execute/bf-13.m execution,  -O0 
FAIL: objc/execute/bf-13.m compilation,  -O1 
UNRESOLVED: objc/execute/bf-13.m execution,  -O1 
FAIL: objc/execute/bf-13.m compilation,  -O2 
UNRESOLVED: objc/execute/bf-13.m execution,  -O2 
FAIL: objc/execute/bf-13.m compilation,  -O3 -fomit-frame-pointer 
UNRESOLVED: objc/execute/bf-13.m execution,  -O3 -fomit-frame-pointer 
FAIL: objc/execute/bf-13.m compilation,  -O3 -g 
UNRESOLVED: objc/execute/bf-13.m execution,  -O3 -g 
FAIL: objc/execute/bf-13.m compilation,  -Os 
UNRESOLVED: objc/execute/bf-13.m execution,  -Os 
FAIL: objc/execute/bf-14.m compilation,  -O0 
UNRESOLVED: objc/execute/bf-14.m execution,  -O0 
FAIL: objc/execute/bf-14.m compilation,  -O1 
UNRESOLVED: objc/execute/bf-14.m execution,  -O1 
FAIL: objc/execute/bf-14.m compilation,  -O2 
UNRESOLVED: objc/execute/bf-14.m execution,  -O2 
FAIL: objc/execute/bf-14.m compilation,  -O3 -fomit-frame-pointer 
UNRESOLVED: objc/execute/bf-14.m execution,  -O3 -fomit-frame-pointer 
FAIL: objc/execute/bf-14.m compilation,  -O3 -g 
UNRESOLVED: objc/execute/bf-14.m execution,  -O3 -g 
FAIL: objc/execute/bf-14.m compilation,  -Os 
UNRESOLVED: objc/execute/bf-14.m execution,  -Os 
FAIL: objc/execute/bf-15.m compilation,  -O0 
UNRESOLVED: objc/execute/bf-15.m execution,  -O0 
FAIL: objc/execute/bf-15.m compilation,  -O1 
UNRESOLVED: objc/execute/bf-15.m execution,  -O1 
FAIL: objc/execute/bf-15.m compilation,  -O2 
UNRESOLVED: objc/execute/bf-15.m execution,  -O2 
FAIL: objc/execute/bf-15.m compilation,  -O3 -fomit-frame-pointer 
UNRESOLVED: objc/execute/bf-15.m execution,  -O3 -fomit-frame-pointer 
FAIL: objc/execute/bf-15.m compilation,  -O3 -g 
UNRESOLVED: objc/execute/bf-15.m execution,  -O3 -g 
FAIL: objc/execute/bf-15.m compilation,  -Os 
UNRESOLVED: objc/execute/bf-15.m execution,  -Os 
FAIL: objc/execute/bf-16.m compilation,  -O0 
UNRESOLVED: objc/execute/bf-16.m execution,  -O0 
FAIL: objc/execute/bf-16.m compilation,  -O1 
UNRESOLVED: objc/execute/bf-16.m execution,  -O1 
FAIL: objc/execute/bf-16.m compilation,  -O2 
UNRESOLVED: objc/execute/bf-16.m execution,  -O2 
FAIL: objc/execute/bf-16.m compilation,  -O3 -fomit-frame-pointer 
UNRESOLVED: objc/execute/bf-16.m execution,  -O3 -fomit-frame-pointer 
FAIL: objc/execute/bf-16.m compilation,  -O3 -g 
UNRESOLVED: objc/execute/bf-16.m execution,  -O3 -g 
FAIL: objc/execute/bf-16.m compilation,  -Os 
UNRESOLVED: objc/execute/bf-16.m execution,  -Os 
FAIL: objc/execute/bf-17.m compilation,  -O0 
UNRESOLVED: objc/execute/bf-17.m execution,  -O0 
FAIL: objc/execute/bf-17.m compilation,  -O1 
UNRESOLVED: objc/execute/bf-17.m execution,  -O1 
FAIL: objc/execute/bf-17.m compilation,  -O2 
UNRESOLVED: objc/execute/bf-17.m execution,  -O2 
FAIL: objc/execute/bf-17.m compilation,  -O3 -fomit-frame-pointer 
UNRESOLVED: objc/execute/bf-17.m execution,  -O3 -fomit-frame-pointer 
FAIL: objc/execute/bf-17.m compilation,  -O3 -g 
UNRESOLVED: objc/execute/bf-17.m execution,  -O3 -g 
FAIL: objc/execute/bf-17.m compilation,  -Os 
UNRESOLVED: objc/execute/bf-17.m execution,  -Os 
FAIL: objc/execute/bf-18.m compilation,  -O0 
UNRESOLVED: objc/execute/bf-18.m execution,  -O0 
FAIL: objc/execute/bf-18.m compilation,  -O1 
UNRESOLVED: objc/execute/bf-18.m execution,  -O1 
FAIL: objc/execute/bf-18.m compilation,  -O2 
UNRESOLVED: objc/execute/bf-18.m execution,  -O2 
FAIL: objc/execute/bf-18.m compilation,  -O3 -fomit-frame-pointer 
UNRESOLVED: objc/execute/bf-18.m execution,  -O3 -fomit-frame-pointer 
FAIL: objc/execute/bf-18.m compilation,  -O3 -g 
UNRESOLVED: objc/execute/bf-18.m execution,  -O3 -g 
FAIL: objc/execute/bf-18.m compilation,  -Os 
UNRESOLVED: objc/execute/bf-18.m execution,  -Os 
FAIL: objc/execute/bf-19.m compilation,  -O0 
UNRESOLVED: objc/execute/bf-19.m execution,  -O0 
FAIL: objc/execute/bf-19.m compilation,  -O1 
UNRESOLVED: objc/execute/bf-19.m execution,  -O1 
FAIL: objc/execute/bf-19.m compilation,  -O2 
UNRESOLVED: objc/execute/bf-19.m execution,  -O2 
FAIL: objc/execute/bf-19.m compilation,  -O3 -fomit-frame-pointer 
UNRESOLVED: objc/execute/bf-19.m execution,  -O3 -fomit-frame-pointer 
FAIL: objc/execute/bf-19.m compilation,  -O3 -g 
UNRESOLVED: objc/execute/bf-19.m execution,  -O3 -g 
FAIL: objc/execute/bf-19.m compilation,  -Os 
UNRESOLVED: objc/execute/bf-19.m execution,  -Os 
FAIL: objc/execute/bf-2.m compilation,  -O0 
UNRESOLVED: objc/execute/bf-2.m execution,  -O0 
FAIL: objc/execute/bf-2.m compilation,  -O1 
UNRESOLVED: objc/execute/bf-2.m execution,  -O1 
FAIL: objc/execute/bf-2.m compilation,  -O2 
UNRESOLVED: objc/execute/bf-2.m execution,  -O2 
FAIL: objc/execute/bf-2.m compilation,  -O3 -fomit-frame-pointer 
UNRESOLVED: objc/execute/bf-2.m execution,  -O3 -fomit-frame-pointer 
FAIL: objc/execute/bf-2.m compilation,  -O3 -g 
UNRESOLVED: objc/execute/bf-2.m execution,  -O3 -g 
FAIL: objc/execute/bf-2.m compilation,  -Os 
UNRESOLVED: objc/execute/bf-2.m execution,  -Os 
FAIL: objc/execute/bf-20.m compilation,  -O0 
UNRESOLVED: objc/execute/bf-20.m execution,  -O0 
FAIL: objc/execute/bf-20.m compilation,  -O1 
UNRESOLVED: objc/execute/bf-20.m execution,  -O1 
FAIL: objc/execute/bf-20.m compilation,  -O2 
UNRESOLVED: objc/execute/bf-20.m execution,  -O2 
FAIL: objc/execute/bf-20.m compilation,  -O3 -fomit-frame-pointer 
UNRESOLVED: objc/execute/bf-20.m execution,  -O3 -fomit-frame-pointer 
FAIL: objc/execute/bf-20.m compilation,  -O3 -g 
UNRESOLVED: objc/execute/bf-20.m execution,  -O3 -g 
FAIL: objc/execute/bf-20.m compilation,  -Os 
UNRESOLVED: objc/execute/bf-20.m execution,  -Os 
FAIL: objc/execute/bf-21.m compilation,  -O0 
UNRESOLVED: objc/execute/bf-21.m execution,  -O0 
FAIL: objc/execute/bf-21.m compilation,  -O1 
UNRESOLVED: objc/execute/bf-21.m execution,  -O1 
FAIL: objc/execute/bf-21.m compilation,  -O2 
UNRESOLVED: objc/execute/bf-21.m execution,  -O2 
FAIL: objc/execute/bf-21.m compilation,  -O3 -fomit-frame-pointer 
UNRESOLVED: objc/execute/bf-21.m execution,  -O3 -fomit-frame-pointer 
FAIL: objc/execute/bf-21.m compilation,  -O3 -g 
UNRESOLVED: objc/execute/bf-21.m execution,  -O3 -g 
FAIL: objc/execute/bf-21.m compilation,  -Os 
UNRESOLVED: objc/execute/bf-21.m execution,  -Os 
FAIL: objc/execute/bf-3.m compilation,  -O0 
UNRESOLVED: objc/execute/bf-3.m execution,  -O0 
FAIL: objc/execute/bf-3.m compilation,  -O1 
UNRESOLVED: objc/execute/bf-3.m execution,  -O1 
FAIL: objc/execute/bf-3.m compilation,  -O2 
UNRESOLVED: objc/execute/bf-3.m execution,  -O2 
FAIL: objc/execute/bf-3.m compilation,  -O3 -fomit-frame-pointer 
UNRESOLVED: objc/execute/bf-3.m execution,  -O3 -fomit-frame-pointer 
FAIL: objc/execute/bf-3.m compilation,  -O3 -g 
UNRESOLVED: objc/execute/bf-3.m execution,  -O3 -g 
FAIL: objc/execute/bf-3.m compilation,  -Os 
UNRESOLVED: objc/execute/bf-3.m execution,  -Os 
FAIL: objc/execute/bf-4.m compilation,  -O0 
UNRESOLVED: objc/execute/bf-4.m execution,  -O0 
FAIL: objc/execute/bf-4.m compilation,  -O1 
UNRESOLVED: objc/execute/bf-4.m execution,  -O1 
FAIL: objc/execute/bf-4.m compilation,  -O2 
UNRESOLVED: objc/execute/bf-4.m execution,  -O2 
FAIL: objc/execute/bf-4.m compilation,  -O3 -fomit-frame-pointer 
UNRESOLVED: objc/execute/bf-4.m execution,  -O3 -fomit-frame-pointer 
FAIL: objc/execute/bf-4.m compilation,  -O3 -g 
UNRESOLVED: objc/execute/bf-4.m execution,  -O3 -g 
FAIL: objc/execute/bf-4.m compilation,  -Os 
UNRESOLVED: objc/execute/bf-4.m execution,  -Os 
FAIL: objc/execute/bf-5.m compilation,  -O0 
UNRESOLVED: objc/execute/bf-5.m execution,  -O0 
FAIL: objc/execute/bf-5.m compilation,  -O1 
UNRESOLVED: objc/execute/bf-5.m execution,  -O1 
FAIL: objc/execute/bf-5.m compilation,  -O2 
UNRESOLVED: objc/execute/bf-5.m execution,  -O2 
FAIL: objc/execute/bf-5.m compilation,  -O3 -fomit-frame-pointer 
UNRESOLVED: objc/execute/bf-5.m execution,  -O3 -fomit-frame-pointer 
FAIL: objc/execute/bf-5.m compilation,  -O3 -g 
UNRESOLVED: objc/execute/bf-5.m execution,  -O3 -g 
FAIL: objc/execute/bf-5.m compilation,  -Os 
UNRESOLVED: objc/execute/bf-5.m execution,  -Os 
FAIL: objc/execute/bf-6.m compilation,  -O0 
UNRESOLVED: objc/execute/bf-6.m execution,  -O0 
FAIL: objc/execute/bf-6.m compilation,  -O1 
UNRESOLVED: objc/execute/bf-6.m execution,  -O1 
FAIL: objc/execute/bf-6.m compilation,  -O2 
UNRESOLVED: objc/execute/bf-6.m execution,  -O2 
FAIL: objc/execute/bf-6.m compilation,  -O3 -fomit-frame-pointer 
UNRESOLVED: objc/execute/bf-6.m execution,  -O3 -fomit-frame-pointer 
FAIL: objc/execute/bf-6.m compilation,  -O3 -g 
UNRESOLVED: objc/execute/bf-6.m execution,  -O3 -g 
FAIL: objc/execute/bf-6.m compilation,  -Os 
UNRESOLVED: objc/execute/bf-6.m execution,  -Os 
FAIL: objc/execute/bf-7.m compilation,  -O0 
UNRESOLVED: objc/execute/bf-7.m execution,  -O0 
FAIL: objc/execute/bf-7.m compilation,  -O1 
UNRESOLVED: objc/execute/bf-7.m execution,  -O1 
FAIL: objc/execute/bf-7.m compilation,  -O2 
UNRESOLVED: objc/execute/bf-7.m execution,  -O2 
FAIL: objc/execute/bf-7.m compilation,  -O3 -fomit-frame-pointer 
UNRESOLVED: objc/execute/bf-7.m execution,  -O3 -fomit-frame-pointer 
FAIL: objc/execute/bf-7.m compilation,  -O3 -g 
UNRESOLVED: objc/execute/bf-7.m execution,  -O3 -g 
FAIL: objc/execute/bf-7.m compilation,  -Os 
UNRESOLVED: objc/execute/bf-7.m execution,  -Os 
FAIL: objc/execute/bf-8.m compilation,  -O0 
UNRESOLVED: objc/execute/bf-8.m execution,  -O0 
FAIL: objc/execute/bf-8.m compilation,  -O1 
UNRESOLVED: objc/execute/bf-8.m execution,  -O1 
FAIL: objc/execute/bf-8.m compilation,  -O2 
UNRESOLVED: objc/execute/bf-8.m execution,  -O2 
FAIL: objc/execute/bf-8.m compilation,  -O3 -fomit-frame-pointer 
UNRESOLVED: objc/execute/bf-8.m execution,  -O3 -fomit-frame-pointer 
FAIL: objc/execute/bf-8.m compilation,  -O3 -g 
UNRESOLVED: objc/execute/bf-8.m execution,  -O3 -g 
FAIL: objc/execute/bf-8.m compilation,  -Os 
UNRESOLVED: objc/execute/bf-8.m execution,  -Os 
FAIL: objc/execute/bf-9.m compilation,  -O0 
UNRESOLVED: objc/execute/bf-9.m execution,  -O0 
FAIL: objc/execute/bf-9.m compilation,  -O1 
UNRESOLVED: objc/execute/bf-9.m execution,  -O1 
FAIL: objc/execute/bf-9.m compilation,  -O2 
UNRESOLVED: objc/execute/bf-9.m execution,  -O2 
FAIL: objc/execute/bf-9.m compilation,  -O3 -fomit-frame-pointer 
UNRESOLVED: objc/execute/bf-9.m execution,  -O3 -fomit-frame-pointer 
FAIL: objc/execute/bf-9.m compilation,  -O3 -g 
UNRESOLVED: objc/execute/bf-9.m execution,  -O3 -g 
FAIL: objc/execute/bf-9.m compilation,  -Os 
UNRESOLVED: objc/execute/bf-9.m execution,  -Os 
FAIL: objc/execute/bycopy-1.m compilation,  -O0 
UNRESOLVED: objc/execute/bycopy-1.m execution,  -O0 
FAIL: objc/execute/bycopy-1.m compilation,  -O1 
UNRESOLVED: objc/execute/bycopy-1.m execution,  -O1 
FAIL: objc/execute/bycopy-1.m compilation,  -O2 
UNRESOLVED: objc/execute/bycopy-1.m execution,  -O2 
FAIL: objc/execute/bycopy-1.m compilation,  -O3 -fomit-frame-pointer 
UNRESOLVED: objc/execute/bycopy-1.m execution,  -O3 -fomit-frame-pointer 
FAIL: objc/execute/bycopy-1.m compilation,  -O3 -g 
UNRESOLVED: objc/execute/bycopy-1.m execution,  -O3 -g 
FAIL: objc/execute/bycopy-1.m compilation,  -Os 
UNRESOLVED: objc/execute/bycopy-1.m execution,  -Os 
FAIL: objc/execute/bycopy-2.m compilation,  -O0 
UNRESOLVED: objc/execute/bycopy-2.m execution,  -O0 
FAIL: objc/execute/bycopy-2.m compilation,  -O1 
UNRESOLVED: objc/execute/bycopy-2.m execution,  -O1 
FAIL: objc/execute/bycopy-2.m compilation,  -O2 
UNRESOLVED: objc/execute/bycopy-2.m execution,  -O2 
FAIL: objc/execute/bycopy-2.m compilation,  -O3 -fomit-frame-pointer 
UNRESOLVED: objc/execute/bycopy-2.m execution,  -O3 -fomit-frame-pointer 
FAIL: objc/execute/bycopy-2.m compilation,  -O3 -g 
UNRESOLVED: objc/execute/bycopy-2.m execution,  -O3 -g 
FAIL: objc/execute/bycopy-2.m compilation,  -Os 
UNRESOLVED: objc/execute/bycopy-2.m execution,  -Os 
FAIL: objc/execute/bycopy-3.m compilation,  -O0 
UNRESOLVED: objc/execute/bycopy-3.m execution,  -O0 
FAIL: objc/execute/bycopy-3.m compilation,  -O1 
UNRESOLVED: objc/execute/bycopy-3.m execution,  -O1 
FAIL: objc/execute/bycopy-3.m compilation,  -O2 
UNRESOLVED: objc/execute/bycopy-3.m execution,  -O2 
FAIL: objc/execute/bycopy-3.m compilation,  -O3 -fomit-frame-pointer 
UNRESOLVED: objc/execute/bycopy-3.m execution,  -O3 -fomit-frame-pointer 
FAIL: objc/execute/bycopy-3.m compilation,  -O3 -g 
UNRESOLVED: objc/execute/bycopy-3.m execution,  -O3 -g 
FAIL: objc/execute/bycopy-3.m compilation,  -Os 
UNRESOLVED: objc/execute/bycopy-3.m execution,  -Os 
FAIL: objc/execute/cascading-1.m compilation,  -O0 
UNRESOLVED: objc/execute/cascading-1.m execution,  -O0 
FAIL: objc/execute/cascading-1.m compilation,  -O1 
UNRESOLVED: objc/execute/cascading-1.m execution,  -O1 
FAIL: objc/execute/cascading-1.m compilation,  -O2 
UNRESOLVED: objc/execute/cascading-1.m execution,  -O2 
FAIL: objc/execute/cascading-1.m compilation,  -O3 -fomit-frame-pointer 
UNRESOLVED: objc/execute/cascading-1.m execution,  -O3 -fomit-frame-pointer 
FAIL: objc/execute/cascading-1.m compilation,  -O3 -g 
UNRESOLVED: objc/execute/cascading-1.m execution,  -O3 -g 
FAIL: objc/execute/cascading-1.m compilation,  -Os 
UNRESOLVED: objc/execute/cascading-1.m execution,  -Os 
FAIL: objc/execute/class-1.m compilation,  -O0 
UNRESOLVED: objc/execute/class-1.m execution,  -O0 
FAIL: objc/execute/class-1.m compilation,  -O1 
UNRESOLVED: objc/execute/class-1.m execution,  -O1 
FAIL: objc/execute/class-1.m compilation,  -O2 
UNRESOLVED: objc/execute/class-1.m execution,  -O2 
FAIL: objc/execute/class-1.m compilation,  -O3 -fomit-frame-pointer 
UNRESOLVED: objc/execute/class-1.m execution,  -O3 -fomit-frame-pointer 
FAIL: objc/execute/class-1.m compilation,  -O3 -g 
UNRESOLVED: objc/execute/class-1.m execution,  -O3 -g 
FAIL: objc/execute/class-1.m compilation,  -Os 
UNRESOLVED: objc/execute/class-1.m execution,  -Os 
FAIL: objc/execute/class-10.m compilation,  -O0 
UNRESOLVED: objc/execute/class-10.m execution,  -O0 
FAIL: objc/execute/class-10.m compilation,  -O1 
UNRESOLVED: objc/execute/class-10.m execution,  -O1 
FAIL: objc/execute/class-10.m compilation,  -O2 
UNRESOLVED: objc/execute/class-10.m execution,  -O2 
FAIL: objc/execute/class-10.m compilation,  -O3 -fomit-frame-pointer 
UNRESOLVED: objc/execute/class-10.m execution,  -O3 -fomit-frame-pointer 
FAIL: objc/execute/class-10.m compilation,  -O3 -g 
UNRESOLVED: objc/execute/class-10.m execution,  -O3 -g 
FAIL: objc/execute/class-10.m compilation,  -Os 
UNRESOLVED: objc/execute/class-10.m execution,  -Os 
FAIL: objc/execute/class-11.m compilation,  -O0 
UNRESOLVED: objc/execute/class-11.m execution,  -O0 
FAIL: objc/execute/class-11.m compilation,  -O1 
UNRESOLVED: objc/execute/class-11.m execution,  -O1 
FAIL: objc/execute/class-11.m compilation,  -O2 
UNRESOLVED: objc/execute/class-11.m execution,  -O2 
FAIL: objc/execute/class-11.m compilation,  -O3 -fomit-frame-pointer 
UNRESOLVED: objc/execute/class-11.m execution,  -O3 -fomit-frame-pointer 
FAIL: objc/execute/class-11.m compilation,  -O3 -g 
UNRESOLVED: objc/execute/class-11.m execution,  -O3 -g 
FAIL: objc/execute/class-11.m compilation,  -Os 
UNRESOLVED: objc/execute/class-11.m execution,  -Os 
FAIL: objc/execute/class-12.m compilation,  -O0 
UNRESOLVED: objc/execute/class-12.m execution,  -O0 
FAIL: objc/execute/class-12.m compilation,  -O1 
UNRESOLVED: objc/execute/class-12.m execution,  -O1 
FAIL: objc/execute/class-12.m compilation,  -O2 
UNRESOLVED: objc/execute/class-12.m execution,  -O2 
FAIL: objc/execute/class-12.m compilation,  -O3 -fomit-frame-pointer 
UNRESOLVED: objc/execute/class-12.m execution,  -O3 -fomit-frame-pointer 
FAIL: objc/execute/class-12.m compilation,  -O3 -g 
UNRESOLVED: objc/execute/class-12.m execution,  -O3 -g 
FAIL: objc/execute/class-12.m compilation,  -Os 
UNRESOLVED: objc/execute/class-12.m execution,  -Os 
FAIL: objc/execute/class-13.m compilation,  -O0 
UNRESOLVED: objc/execute/class-13.m execution,  -O0 
FAIL: objc/execute/class-13.m compilation,  -O1 
UNRESOLVED: objc/execute/class-13.m execution,  -O1 
FAIL: objc/execute/class-13.m compilation,  -O2 
UNRESOLVED: objc/execute/class-13.m execution,  -O2 
FAIL: objc/execute/class-13.m compilation,  -O3 -fomit-frame-pointer 
UNRESOLVED: objc/execute/class-13.m execution,  -O3 -fomit-frame-pointer 
FAIL: objc/execute/class-13.m compilation,  -O3 -g 
UNRESOLVED: objc/execute/class-13.m execution,  -O3 -g 
FAIL: objc/execute/class-13.m compilation,  -Os 
UNRESOLVED: objc/execute/class-13.m execution,  -Os 
FAIL: objc/execute/class-14.m compilation,  -O0 
UNRESOLVED: objc/execute/class-14.m execution,  -O0 
FAIL: objc/execute/class-14.m compilation,  -O1 
UNRESOLVED: objc/execute/class-14.m execution,  -O1 
FAIL: objc/execute/class-14.m compilation,  -O2 
UNRESOLVED: objc/execute/class-14.m execution,  -O2 
FAIL: objc/execute/class-14.m compilation,  -O3 -fomit-frame-pointer 
UNRESOLVED: objc/execute/class-14.m execution,  -O3 -fomit-frame-pointer 
FAIL: objc/execute/class-14.m compilation,  -O3 -g 
UNRESOLVED: objc/execute/class-14.m execution,  -O3 -g 
FAIL: objc/execute/class-14.m compilation,  -Os 
UNRESOLVED: objc/execute/class-14.m execution,  -Os 
FAIL: objc/execute/class-2.m compilation,  -O0 
UNRESOLVED: objc/execute/class-2.m execution,  -O0 
FAIL: objc/execute/class-2.m compilation,  -O1 
UNRESOLVED: objc/execute/class-2.m execution,  -O1 
FAIL: objc/execute/class-2.m compilation,  -O2 
UNRESOLVED: objc/execute/class-2.m execution,  -O2 
FAIL: objc/execute/class-2.m compilation,  -O3 -fomit-frame-pointer 
UNRESOLVED: objc/execute/class-2.m execution,  -O3 -fomit-frame-pointer 
FAIL: objc/execute/class-2.m compilation,  -O3 -g 
UNRESOLVED: objc/execute/class-2.m execution,  -O3 -g 
FAIL: objc/execute/class-2.m compilation,  -Os 
UNRESOLVED: objc/execute/class-2.m execution,  -Os 
FAIL: objc/execute/class-3.m compilation,  -O0 
UNRESOLVED: objc/execute/class-3.m execution,  -O0 
FAIL: objc/execute/class-3.m compilation,  -O1 
UNRESOLVED: objc/execute/class-3.m execution,  -O1 
FAIL: objc/execute/class-3.m compilation,  -O2 
UNRESOLVED: objc/execute/class-3.m execution,  -O2 
FAIL: objc/execute/class-3.m compilation,  -O3 -fomit-frame-pointer 
UNRESOLVED: objc/execute/class-3.m execution,  -O3 -fomit-frame-pointer 
FAIL: objc/execute/class-3.m compilation,  -O3 -g 
UNRESOLVED: objc/execute/class-3.m execution,  -O3 -g 
FAIL: objc/execute/class-3.m compilation,  -Os 
UNRESOLVED: objc/execute/class-3.m execution,  -Os 
FAIL: objc/execute/class-4.m compilation,  -O0 
UNRESOLVED: objc/execute/class-4.m execution,  -O0 
FAIL: objc/execute/class-4.m compilation,  -O1 
UNRESOLVED: objc/execute/class-4.m execution,  -O1 
FAIL: objc/execute/class-4.m compilation,  -O2 
UNRESOLVED: objc/execute/class-4.m execution,  -O2 
FAIL: objc/execute/class-4.m compilation,  -O3 -fomit-frame-pointer 
UNRESOLVED: objc/execute/class-4.m execution,  -O3 -fomit-frame-pointer 
FAIL: objc/execute/class-4.m compilation,  -O3 -g 
UNRESOLVED: objc/execute/class-4.m execution,  -O3 -g 
FAIL: objc/execute/class-4.m compilation,  -Os 
UNRESOLVED: objc/execute/class-4.m execution,  -Os 
FAIL: objc/execute/class-5.m compilation,  -O0 
UNRESOLVED: objc/execute/class-5.m execution,  -O0 
FAIL: objc/execute/class-5.m compilation,  -O1 
UNRESOLVED: objc/execute/class-5.m execution,  -O1 
FAIL: objc/execute/class-5.m compilation,  -O2 
UNRESOLVED: objc/execute/class-5.m execution,  -O2 
FAIL: objc/execute/class-5.m compilation,  -O3 -fomit-frame-pointer 
UNRESOLVED: objc/execute/class-5.m execution,  -O3 -fomit-frame-pointer 
FAIL: objc/execute/class-5.m compilation,  -O3 -g 
UNRESOLVED: objc/execute/class-5.m execution,  -O3 -g 
FAIL: objc/execute/class-5.m compilation,  -Os 
UNRESOLVED: objc/execute/class-5.m execution,  -Os 
FAIL: objc/execute/class-6.m compilation,  -O0 
UNRESOLVED: objc/execute/class-6.m execution,  -O0 
FAIL: objc/execute/class-6.m compilation,  -O1 
UNRESOLVED: objc/execute/class-6.m execution,  -O1 
FAIL: objc/execute/class-6.m compilation,  -O2 
UNRESOLVED: objc/execute/class-6.m execution,  -O2 
FAIL: objc/execute/class-6.m compilation,  -O3 -fomit-frame-pointer 
UNRESOLVED: objc/execute/class-6.m execution,  -O3 -fomit-frame-pointer 
FAIL: objc/execute/class-6.m compilation,  -O3 -g 
UNRESOLVED: objc/execute/class-6.m execution,  -O3 -g 
FAIL: objc/execute/class-6.m compilation,  -Os 
UNRESOLVED: objc/execute/class-6.m execution,  -Os 
FAIL: objc/execute/class-7.m compilation,  -O0 
UNRESOLVED: objc/execute/class-7.m execution,  -O0 
FAIL: objc/execute/class-7.m compilation,  -O1 
UNRESOLVED: objc/execute/class-7.m execution,  -O1 
FAIL: objc/execute/class-7.m compilation,  -O2 
UNRESOLVED: objc/execute/class-7.m execution,  -O2 
FAIL: objc/execute/class-7.m compilation,  -O3 -fomit-frame-pointer 
UNRESOLVED: objc/execute/class-7.m execution,  -O3 -fomit-frame-pointer 
FAIL: objc/execute/class-7.m compilation,  -O3 -g 
UNRESOLVED: objc/execute/class-7.m execution,  -O3 -g 
FAIL: objc/execute/class-7.m compilation,  -Os 
UNRESOLVED: objc/execute/class-7.m execution,  -Os 
FAIL: objc/execute/class-8.m compilation,  -O0 
UNRESOLVED: objc/execute/class-8.m execution,  -O0 
FAIL: objc/execute/class-8.m compilation,  -O1 
UNRESOLVED: objc/execute/class-8.m execution,  -O1 
FAIL: objc/execute/class-8.m compilation,  -O2 
UNRESOLVED: objc/execute/class-8.m execution,  -O2 
FAIL: objc/execute/class-8.m compilation,  -O3 -fomit-frame-pointer 
UNRESOLVED: objc/execute/class-8.m execution,  -O3 -fomit-frame-pointer 
FAIL: objc/execute/class-8.m compilation,  -O3 -g 
UNRESOLVED: objc/execute/class-8.m execution,  -O3 -g 
FAIL: objc/execute/class-8.m compilation,  -Os 
UNRESOLVED: objc/execute/class-8.m execution,  -Os 
FAIL: objc/execute/class-9.m compilation,  -O0 
UNRESOLVED: objc/execute/class-9.m execution,  -O0 
FAIL: objc/execute/class-9.m compilation,  -O1 
UNRESOLVED: objc/execute/class-9.m execution,  -O1 
FAIL: objc/execute/class-9.m compilation,  -O2 
UNRESOLVED: objc/execute/class-9.m execution,  -O2 
FAIL: objc/execute/class-9.m compilation,  -O3 -fomit-frame-pointer 
UNRESOLVED: objc/execute/class-9.m execution,  -O3 -fomit-frame-pointer 
FAIL: objc/execute/class-9.m compilation,  -O3 -g 
UNRESOLVED: objc/execute/class-9.m execution,  -O3 -g 
FAIL: objc/execute/class-9.m compilation,  -Os 
UNRESOLVED: objc/execute/class-9.m execution,  -Os 
FAIL: objc/execute/class_self-1.m compilation,  -O0 
UNRESOLVED: objc/execute/class_self-1.m execution,  -O0 
FAIL: objc/execute/class_self-1.m compilation,  -O1 
UNRESOLVED: objc/execute/class_self-1.m execution,  -O1 
FAIL: objc/execute/class_self-1.m compilation,  -O2 
UNRESOLVED: objc/execute/class_self-1.m execution,  -O2 
FAIL: objc/execute/class_self-1.m compilation,  -O3 -fomit-frame-pointer 
UNRESOLVED: objc/execute/class_self-1.m execution,  -O3 -fomit-frame-pointer 
FAIL: objc/execute/class_self-1.m compilation,  -O3 -g 
UNRESOLVED: objc/execute/class_self-1.m execution,  -O3 -g 
FAIL: objc/execute/class_self-1.m compilation,  -Os 
UNRESOLVED: objc/execute/class_self-1.m execution,  -Os 
FAIL: objc/execute/class_self-2.m compilation,  -O0 
UNRESOLVED: objc/execute/class_self-2.m execution,  -O0 
FAIL: objc/execute/class_self-2.m compilation,  -O1 
UNRESOLVED: objc/execute/class_self-2.m execution,  -O1 
FAIL: objc/execute/class_self-2.m compilation,  -O2 
UNRESOLVED: objc/execute/class_self-2.m execution,  -O2 
FAIL: objc/execute/class_self-2.m compilation,  -O3 -fomit-frame-pointer 
UNRESOLVED: objc/execute/class_self-2.m execution,  -O3 -fomit-frame-pointer 
FAIL: objc/execute/class_self-2.m compilation,  -O3 -g 
UNRESOLVED: objc/execute/class_self-2.m execution,  -O3 -g 
FAIL: objc/execute/class_self-2.m compilation,  -Os 
UNRESOLVED: objc/execute/class_self-2.m execution,  -Os 
FAIL: objc/execute/compatibility_alias.m compilation,  -O0 
UNRESOLVED: objc/execute/compatibility_alias.m execution,  -O0 
FAIL: objc/execute/compatibility_alias.m compilation,  -O1 
UNRESOLVED: objc/execute/compatibility_alias.m execution,  -O1 
FAIL: objc/execute/compatibility_alias.m compilation,  -O2 
UNRESOLVED: objc/execute/compatibility_alias.m execution,  -O2 
FAIL: objc/execute/compatibility_alias.m compilation,  -O3 -fomit-frame-pointer 
UNRESOLVED: objc/execute/compatibility_alias.m execution,  -O3 -fomit-frame-pointer 
FAIL: objc/execute/compatibility_alias.m compilation,  -O3 -g 
UNRESOLVED: objc/execute/compatibility_alias.m execution,  -O3 -g 
FAIL: objc/execute/compatibility_alias.m compilation,  -Os 
UNRESOLVED: objc/execute/compatibility_alias.m execution,  -Os 
FAIL: objc/execute/encode-1.m compilation,  -O0 
UNRESOLVED: objc/execute/encode-1.m execution,  -O0 
FAIL: objc/execute/encode-1.m compilation,  -O1 
UNRESOLVED: objc/execute/encode-1.m execution,  -O1 
FAIL: objc/execute/encode-1.m compilation,  -O2 
UNRESOLVED: objc/execute/encode-1.m execution,  -O2 
FAIL: objc/execute/encode-1.m compilation,  -O3 -fomit-frame-pointer 
UNRESOLVED: objc/execute/encode-1.m execution,  -O3 -fomit-frame-pointer 
FAIL: objc/execute/encode-1.m compilation,  -O3 -g 
UNRESOLVED: objc/execute/encode-1.m execution,  -O3 -g 
FAIL: objc/execute/encode-1.m compilation,  -Os 
UNRESOLVED: objc/execute/encode-1.m execution,  -Os 
FAIL: objc/execute/enumeration-1.m compilation,  -O0 
UNRESOLVED: objc/execute/enumeration-1.m execution,  -O0 
FAIL: objc/execute/enumeration-1.m compilation,  -O1 
UNRESOLVED: objc/execute/enumeration-1.m execution,  -O1 
FAIL: objc/execute/enumeration-1.m compilation,  -O2 
UNRESOLVED: objc/execute/enumeration-1.m execution,  -O2 
FAIL: objc/execute/enumeration-1.m compilation,  -O3 -fomit-frame-pointer 
UNRESOLVED: objc/execute/enumeration-1.m execution,  -O3 -fomit-frame-pointer 
FAIL: objc/execute/enumeration-1.m compilation,  -O3 -g 
UNRESOLVED: objc/execute/enumeration-1.m execution,  -O3 -g 
FAIL: objc/execute/enumeration-1.m compilation,  -Os 
UNRESOLVED: objc/execute/enumeration-1.m execution,  -Os 
FAIL: objc/execute/enumeration-2.m compilation,  -O0 
UNRESOLVED: objc/execute/enumeration-2.m execution,  -O0 
FAIL: objc/execute/enumeration-2.m compilation,  -O1 
UNRESOLVED: objc/execute/enumeration-2.m execution,  -O1 
FAIL: objc/execute/enumeration-2.m compilation,  -O2 
UNRESOLVED: objc/execute/enumeration-2.m execution,  -O2 
FAIL: objc/execute/enumeration-2.m compilation,  -O3 -fomit-frame-pointer 
UNRESOLVED: objc/execute/enumeration-2.m execution,  -O3 -fomit-frame-pointer 
FAIL: objc/execute/enumeration-2.m compilation,  -O3 -g 
UNRESOLVED: objc/execute/enumeration-2.m execution,  -O3 -g 
FAIL: objc/execute/enumeration-2.m compilation,  -Os 
UNRESOLVED: objc/execute/enumeration-2.m execution,  -Os 
FAIL: objc/execute/fdecl.m compilation,  -O0 
UNRESOLVED: objc/execute/fdecl.m execution,  -O0 
FAIL: objc/execute/fdecl.m compilation,  -O1 
UNRESOLVED: objc/execute/fdecl.m execution,  -O1 
FAIL: objc/execute/fdecl.m compilation,  -O2 
UNRESOLVED: objc/execute/fdecl.m execution,  -O2 
FAIL: objc/execute/fdecl.m compilation,  -O3 -fomit-frame-pointer 
UNRESOLVED: objc/execute/fdecl.m execution,  -O3 -fomit-frame-pointer 
FAIL: objc/execute/fdecl.m compilation,  -O3 -g 
UNRESOLVED: objc/execute/fdecl.m execution,  -O3 -g 
FAIL: objc/execute/fdecl.m compilation,  -Os 
UNRESOLVED: objc/execute/fdecl.m execution,  -Os 
FAIL: objc/execute/formal_protocol-1.m compilation,  -O0 
UNRESOLVED: objc/execute/formal_protocol-1.m execution,  -O0 
FAIL: objc/execute/formal_protocol-1.m compilation,  -O1 
UNRESOLVED: objc/execute/formal_protocol-1.m execution,  -O1 
FAIL: objc/execute/formal_protocol-1.m compilation,  -O2 
UNRESOLVED: objc/execute/formal_protocol-1.m execution,  -O2 
FAIL: objc/execute/formal_protocol-1.m compilation,  -O3 -fomit-frame-pointer 
UNRESOLVED: objc/execute/formal_protocol-1.m execution,  -O3 -fomit-frame-pointer 
FAIL: objc/execute/formal_protocol-1.m compilation,  -O3 -g 
UNRESOLVED: objc/execute/formal_protocol-1.m execution,  -O3 -g 
FAIL: objc/execute/formal_protocol-1.m compilation,  -Os 
UNRESOLVED: objc/execute/formal_protocol-1.m execution,  -Os 
FAIL: objc/execute/formal_protocol-2.m compilation,  -O0 
UNRESOLVED: objc/execute/formal_protocol-2.m execution,  -O0 
FAIL: objc/execute/formal_protocol-2.m compilation,  -O1 
UNRESOLVED: objc/execute/formal_protocol-2.m execution,  -O1 
FAIL: objc/execute/formal_protocol-2.m compilation,  -O2 
UNRESOLVED: objc/execute/formal_protocol-2.m execution,  -O2 
FAIL: objc/execute/formal_protocol-2.m compilation,  -O3 -fomit-frame-pointer 
UNRESOLVED: objc/execute/formal_protocol-2.m execution,  -O3 -fomit-frame-pointer 
FAIL: objc/execute/formal_protocol-2.m compilation,  -O3 -g 
UNRESOLVED: objc/execute/formal_protocol-2.m execution,  -O3 -g 
FAIL: objc/execute/formal_protocol-2.m compilation,  -Os 
UNRESOLVED: objc/execute/formal_protocol-2.m execution,  -Os 
FAIL: objc/execute/formal_protocol-3.m compilation,  -O0 
UNRESOLVED: objc/execute/formal_protocol-3.m execution,  -O0 
FAIL: objc/execute/formal_protocol-3.m compilation,  -O1 
UNRESOLVED: objc/execute/formal_protocol-3.m execution,  -O1 
FAIL: objc/execute/formal_protocol-3.m compilation,  -O2 
UNRESOLVED: objc/execute/formal_protocol-3.m execution,  -O2 
FAIL: objc/execute/formal_protocol-3.m compilation,  -O3 -fomit-frame-pointer 
UNRESOLVED: objc/execute/formal_protocol-3.m execution,  -O3 -fomit-frame-pointer 
FAIL: objc/execute/formal_protocol-3.m compilation,  -O3 -g 
UNRESOLVED: objc/execute/formal_protocol-3.m execution,  -O3 -g 
FAIL: objc/execute/formal_protocol-3.m compilation,  -Os 
UNRESOLVED: objc/execute/formal_protocol-3.m execution,  -Os 
FAIL: objc/execute/formal_protocol-4.m compilation,  -O0 
UNRESOLVED: objc/execute/formal_protocol-4.m execution,  -O0 
FAIL: objc/execute/formal_protocol-4.m compilation,  -O1 
UNRESOLVED: objc/execute/formal_protocol-4.m execution,  -O1 
FAIL: objc/execute/formal_protocol-4.m compilation,  -O2 
UNRESOLVED: objc/execute/formal_protocol-4.m execution,  -O2 
FAIL: objc/execute/formal_protocol-4.m compilation,  -O3 -fomit-frame-pointer 
UNRESOLVED: objc/execute/formal_protocol-4.m execution,  -O3 -fomit-frame-pointer 
FAIL: objc/execute/formal_protocol-4.m compilation,  -O3 -g 
UNRESOLVED: objc/execute/formal_protocol-4.m execution,  -O3 -g 
FAIL: objc/execute/formal_protocol-4.m compilation,  -Os 
UNRESOLVED: objc/execute/formal_protocol-4.m execution,  -Os 
FAIL: objc/execute/formal_protocol-5.m compilation,  -O0 
UNRESOLVED: objc/execute/formal_protocol-5.m execution,  -O0 
FAIL: objc/execute/formal_protocol-5.m compilation,  -O1 
UNRESOLVED: objc/execute/formal_protocol-5.m execution,  -O1 
FAIL: objc/execute/formal_protocol-5.m compilation,  -O2 
UNRESOLVED: objc/execute/formal_protocol-5.m execution,  -O2 
FAIL: objc/execute/formal_protocol-5.m compilation,  -O3 -fomit-frame-pointer 
UNRESOLVED: objc/execute/formal_protocol-5.m execution,  -O3 -fomit-frame-pointer 
FAIL: objc/execute/formal_protocol-5.m compilation,  -O3 -g 
UNRESOLVED: objc/execute/formal_protocol-5.m execution,  -O3 -g 
FAIL: objc/execute/formal_protocol-5.m compilation,  -Os 
UNRESOLVED: objc/execute/formal_protocol-5.m execution,  -Os 
FAIL: objc/execute/formal_protocol-6.m compilation,  -O0 
UNRESOLVED: objc/execute/formal_protocol-6.m execution,  -O0 
FAIL: objc/execute/formal_protocol-6.m compilation,  -O1 
UNRESOLVED: objc/execute/formal_protocol-6.m execution,  -O1 
FAIL: objc/execute/formal_protocol-6.m compilation,  -O2 
UNRESOLVED: objc/execute/formal_protocol-6.m execution,  -O2 
FAIL: objc/execute/formal_protocol-6.m compilation,  -O3 -fomit-frame-pointer 
UNRESOLVED: objc/execute/formal_protocol-6.m execution,  -O3 -fomit-frame-pointer 
FAIL: objc/execute/formal_protocol-6.m compilation,  -O3 -g 
UNRESOLVED: objc/execute/formal_protocol-6.m execution,  -O3 -g 
FAIL: objc/execute/formal_protocol-6.m compilation,  -Os 
UNRESOLVED: objc/execute/formal_protocol-6.m execution,  -Os 
FAIL: objc/execute/formal_protocol-7.m compilation,  -O0 
UNRESOLVED: objc/execute/formal_protocol-7.m execution,  -O0 
FAIL: objc/execute/formal_protocol-7.m compilation,  -O1 
UNRESOLVED: objc/execute/formal_protocol-7.m execution,  -O1 
FAIL: objc/execute/formal_protocol-7.m compilation,  -O2 
UNRESOLVED: objc/execute/formal_protocol-7.m execution,  -O2 
FAIL: objc/execute/formal_protocol-7.m compilation,  -O3 -fomit-frame-pointer 
UNRESOLVED: objc/execute/formal_protocol-7.m execution,  -O3 -fomit-frame-pointer 
FAIL: objc/execute/formal_protocol-7.m compilation,  -O3 -g 
UNRESOLVED: objc/execute/formal_protocol-7.m execution,  -O3 -g 
FAIL: objc/execute/formal_protocol-7.m compilation,  -Os 
UNRESOLVED: objc/execute/formal_protocol-7.m execution,  -Os 
FAIL: objc/execute/function-message-1.m compilation,  -O0 
UNRESOLVED: objc/execute/function-message-1.m execution,  -O0 
FAIL: objc/execute/function-message-1.m compilation,  -O1 
UNRESOLVED: objc/execute/function-message-1.m execution,  -O1 
FAIL: objc/execute/function-message-1.m compilation,  -O2 
UNRESOLVED: objc/execute/function-message-1.m execution,  -O2 
FAIL: objc/execute/function-message-1.m compilation,  -O3 -fomit-frame-pointer 
UNRESOLVED: objc/execute/function-message-1.m execution,  -O3 -fomit-frame-pointer 
FAIL: objc/execute/function-message-1.m compilation,  -O3 -g 
UNRESOLVED: objc/execute/function-message-1.m execution,  -O3 -g 
FAIL: objc/execute/function-message-1.m compilation,  -Os 
UNRESOLVED: objc/execute/function-message-1.m execution,  -Os 
FAIL: objc/execute/informal_protocol.m compilation,  -O0 
UNRESOLVED: objc/execute/informal_protocol.m execution,  -O0 
FAIL: objc/execute/informal_protocol.m compilation,  -O1 
UNRESOLVED: objc/execute/informal_protocol.m execution,  -O1 
FAIL: objc/execute/informal_protocol.m compilation,  -O2 
UNRESOLVED: objc/execute/informal_protocol.m execution,  -O2 
FAIL: objc/execute/informal_protocol.m compilation,  -O3 -fomit-frame-pointer 
UNRESOLVED: objc/execute/informal_protocol.m execution,  -O3 -fomit-frame-pointer 
FAIL: objc/execute/informal_protocol.m compilation,  -O3 -g 
UNRESOLVED: objc/execute/informal_protocol.m execution,  -O3 -g 
FAIL: objc/execute/informal_protocol.m compilation,  -Os 
UNRESOLVED: objc/execute/informal_protocol.m execution,  -Os 
FAIL: objc/execute/initialize.m compilation,  -O0 
UNRESOLVED: objc/execute/initialize.m execution,  -O0 
FAIL: objc/execute/initialize.m compilation,  -O1 
UNRESOLVED: objc/execute/initialize.m execution,  -O1 
FAIL: objc/execute/initialize.m compilation,  -O2 
UNRESOLVED: objc/execute/initialize.m execution,  -O2 
FAIL: objc/execute/initialize.m compilation,  -O3 -fomit-frame-pointer 
UNRESOLVED: objc/execute/initialize.m execution,  -O3 -fomit-frame-pointer 
FAIL: objc/execute/initialize.m compilation,  -O3 -g 
UNRESOLVED: objc/execute/initialize.m execution,  -O3 -g 
FAIL: objc/execute/initialize.m compilation,  -Os 
UNRESOLVED: objc/execute/initialize.m execution,  -Os 
FAIL: objc/execute/load-2.m compilation,  -O0 
UNRESOLVED: objc/execute/load-2.m execution,  -O0 
FAIL: objc/execute/load-2.m compilation,  -O1 
UNRESOLVED: objc/execute/load-2.m execution,  -O1 
FAIL: objc/execute/load-2.m compilation,  -O2 
UNRESOLVED: objc/execute/load-2.m execution,  -O2 
FAIL: objc/execute/load-2.m compilation,  -O3 -fomit-frame-pointer 
UNRESOLVED: objc/execute/load-2.m execution,  -O3 -fomit-frame-pointer 
FAIL: objc/execute/load-2.m compilation,  -O3 -g 
UNRESOLVED: objc/execute/load-2.m execution,  -O3 -g 
FAIL: objc/execute/load-2.m compilation,  -Os 
UNRESOLVED: objc/execute/load-2.m execution,  -Os 
FAIL: objc/execute/load-3.m compilation,  -O0 
UNRESOLVED: objc/execute/load-3.m execution,  -O0 
FAIL: objc/execute/load-3.m compilation,  -O1 
UNRESOLVED: objc/execute/load-3.m execution,  -O1 
FAIL: objc/execute/load-3.m compilation,  -O2 
UNRESOLVED: objc/execute/load-3.m execution,  -O2 
FAIL: objc/execute/load-3.m compilation,  -O3 -fomit-frame-pointer 
UNRESOLVED: objc/execute/load-3.m execution,  -O3 -fomit-frame-pointer 
FAIL: objc/execute/load-3.m compilation,  -O3 -fomit-frame-pointer -funroll-loops 
UNRESOLVED: objc/execute/load-3.m execution,  -O3 -fomit-frame-pointer -funroll-loops 
FAIL: objc/execute/load-3.m compilation,  -O3 -fomit-frame-pointer -funroll-all-loops -finline-functions 
UNRESOLVED: objc/execute/load-3.m execution,  -O3 -fomit-frame-pointer -funroll-all-loops -finline-functions 
FAIL: objc/execute/load-3.m compilation,  -O3 -g 
UNRESOLVED: objc/execute/load-3.m execution,  -O3 -g 
FAIL: objc/execute/load-3.m compilation,  -Os 
UNRESOLVED: objc/execute/load-3.m execution,  -Os 
FAIL: objc/execute/load.m compilation,  -O0 
UNRESOLVED: objc/execute/load.m execution,  -O0 
FAIL: objc/execute/load.m compilation,  -O1 
UNRESOLVED: objc/execute/load.m execution,  -O1 
FAIL: objc/execute/load.m compilation,  -O2 
UNRESOLVED: objc/execute/load.m execution,  -O2 
FAIL: objc/execute/load.m compilation,  -O3 -fomit-frame-pointer 
UNRESOLVED: objc/execute/load.m execution,  -O3 -fomit-frame-pointer 
FAIL: objc/execute/load.m compilation,  -O3 -g 
UNRESOLVED: objc/execute/load.m execution,  -O3 -g 
FAIL: objc/execute/load.m compilation,  -Os 
UNRESOLVED: objc/execute/load.m execution,  -Os 
FAIL: objc/execute/many_args_method.m compilation,  -O0 
UNRESOLVED: objc/execute/many_args_method.m execution,  -O0 
FAIL: objc/execute/many_args_method.m compilation,  -O1 
UNRESOLVED: objc/execute/many_args_method.m execution,  -O1 
FAIL: objc/execute/many_args_method.m compilation,  -O2 
UNRESOLVED: objc/execute/many_args_method.m execution,  -O2 
FAIL: objc/execute/many_args_method.m compilation,  -O3 -fomit-frame-pointer 
UNRESOLVED: objc/execute/many_args_method.m execution,  -O3 -fomit-frame-pointer 
FAIL: objc/execute/many_args_method.m compilation,  -O3 -g 
UNRESOLVED: objc/execute/many_args_method.m execution,  -O3 -g 
FAIL: objc/execute/many_args_method.m compilation,  -Os 
UNRESOLVED: objc/execute/many_args_method.m execution,  -Os 
FAIL: objc/execute/nested-1.m compilation,  -O0 
UNRESOLVED: objc/execute/nested-1.m execution,  -O0 
FAIL: objc/execute/nested-1.m compilation,  -O1 
UNRESOLVED: objc/execute/nested-1.m execution,  -O1 
FAIL: objc/execute/nested-1.m compilation,  -O2 
UNRESOLVED: objc/execute/nested-1.m execution,  -O2 
FAIL: objc/execute/nested-1.m compilation,  -O3 -fomit-frame-pointer 
UNRESOLVED: objc/execute/nested-1.m execution,  -O3 -fomit-frame-pointer 
FAIL: objc/execute/nested-1.m compilation,  -O3 -g 
UNRESOLVED: objc/execute/nested-1.m execution,  -O3 -g 
FAIL: objc/execute/nested-1.m compilation,  -Os 
UNRESOLVED: objc/execute/nested-1.m execution,  -Os 
FAIL: objc/execute/nested-2.m compilation,  -O0 
UNRESOLVED: objc/execute/nested-2.m execution,  -O0 
FAIL: objc/execute/nested-2.m compilation,  -O1 
UNRESOLVED: objc/execute/nested-2.m execution,  -O1 
FAIL: objc/execute/nested-2.m compilation,  -O2 
UNRESOLVED: objc/execute/nested-2.m execution,  -O2 
FAIL: objc/execute/nested-2.m compilation,  -O3 -fomit-frame-pointer 
UNRESOLVED: objc/execute/nested-2.m execution,  -O3 -fomit-frame-pointer 
FAIL: objc/execute/nested-2.m compilation,  -O3 -g 
UNRESOLVED: objc/execute/nested-2.m execution,  -O3 -g 
FAIL: objc/execute/nested-2.m compilation,  -Os 
UNRESOLVED: objc/execute/nested-2.m execution,  -Os 
FAIL: objc/execute/nested-3.m compilation,  -O0 
UNRESOLVED: objc/execute/nested-3.m execution,  -O0 
FAIL: objc/execute/nested-3.m compilation,  -O1 
UNRESOLVED: objc/execute/nested-3.m execution,  -O1 
FAIL: objc/execute/nested-3.m compilation,  -O2 
UNRESOLVED: objc/execute/nested-3.m execution,  -O2 
FAIL: objc/execute/nested-3.m compilation,  -O3 -fomit-frame-pointer 
UNRESOLVED: objc/execute/nested-3.m execution,  -O3 -fomit-frame-pointer 
FAIL: objc/execute/nested-3.m compilation,  -O3 -g 
UNRESOLVED: objc/execute/nested-3.m execution,  -O3 -g 
FAIL: objc/execute/nested-3.m compilation,  -Os 
UNRESOLVED: objc/execute/nested-3.m execution,  -Os 
FAIL: objc/execute/nil_method-1.m compilation,  -O0 
UNRESOLVED: objc/execute/nil_method-1.m execution,  -O0 
FAIL: objc/execute/nil_method-1.m compilation,  -O1 
UNRESOLVED: objc/execute/nil_method-1.m execution,  -O1 
FAIL: objc/execute/nil_method-1.m compilation,  -O2 
UNRESOLVED: objc/execute/nil_method-1.m execution,  -O2 
FAIL: objc/execute/nil_method-1.m compilation,  -O3 -fomit-frame-pointer 
UNRESOLVED: objc/execute/nil_method-1.m execution,  -O3 -fomit-frame-pointer 
FAIL: objc/execute/nil_method-1.m compilation,  -O3 -g 
UNRESOLVED: objc/execute/nil_method-1.m execution,  -O3 -g 
FAIL: objc/execute/nil_method-1.m compilation,  -Os 
UNRESOLVED: objc/execute/nil_method-1.m execution,  -Os 
FAIL: objc/execute/no_clash.m compilation,  -O0 
UNRESOLVED: objc/execute/no_clash.m execution,  -O0 
FAIL: objc/execute/no_clash.m compilation,  -O1 
UNRESOLVED: objc/execute/no_clash.m execution,  -O1 
FAIL: objc/execute/no_clash.m compilation,  -O2 
UNRESOLVED: objc/execute/no_clash.m execution,  -O2 
FAIL: objc/execute/no_clash.m compilation,  -O3 -fomit-frame-pointer 
UNRESOLVED: objc/execute/no_clash.m execution,  -O3 -fomit-frame-pointer 
FAIL: objc/execute/no_clash.m compilation,  -O3 -g 
UNRESOLVED: objc/execute/no_clash.m execution,  -O3 -g 
FAIL: objc/execute/no_clash.m compilation,  -Os 
UNRESOLVED: objc/execute/no_clash.m execution,  -Os 
FAIL: objc/execute/np-1.m compilation,  -O0 
UNRESOLVED: objc/execute/np-1.m execution,  -O0 
FAIL: objc/execute/np-1.m compilation,  -O1 
UNRESOLVED: objc/execute/np-1.m execution,  -O1 
FAIL: objc/execute/np-1.m compilation,  -O2 
UNRESOLVED: objc/execute/np-1.m execution,  -O2 
FAIL: objc/execute/np-1.m compilation,  -O3 -fomit-frame-pointer 
UNRESOLVED: objc/execute/np-1.m execution,  -O3 -fomit-frame-pointer 
FAIL: objc/execute/np-1.m compilation,  -O3 -g 
UNRESOLVED: objc/execute/np-1.m execution,  -O3 -g 
FAIL: objc/execute/np-1.m compilation,  -Os 
UNRESOLVED: objc/execute/np-1.m execution,  -Os 
FAIL: objc/execute/np-2.m compilation,  -O0 
UNRESOLVED: objc/execute/np-2.m execution,  -O0 
FAIL: objc/execute/np-2.m compilation,  -O1 
UNRESOLVED: objc/execute/np-2.m execution,  -O1 
FAIL: objc/execute/np-2.m compilation,  -O2 
UNRESOLVED: objc/execute/np-2.m execution,  -O2 
FAIL: objc/execute/np-2.m compilation,  -O3 -fomit-frame-pointer 
UNRESOLVED: objc/execute/np-2.m execution,  -O3 -fomit-frame-pointer 
FAIL: objc/execute/np-2.m compilation,  -O3 -g 
UNRESOLVED: objc/execute/np-2.m execution,  -O3 -g 
FAIL: objc/execute/np-2.m compilation,  -Os 
UNRESOLVED: objc/execute/np-2.m execution,  -Os 
FAIL: objc/execute/object_is_class.m compilation,  -O0 
UNRESOLVED: objc/execute/object_is_class.m execution,  -O0 
FAIL: objc/execute/object_is_class.m compilation,  -O1 
UNRESOLVED: objc/execute/object_is_class.m execution,  -O1 
FAIL: objc/execute/object_is_class.m compilation,  -O2 
UNRESOLVED: objc/execute/object_is_class.m execution,  -O2 
FAIL: objc/execute/object_is_class.m compilation,  -O3 -fomit-frame-pointer 
UNRESOLVED: objc/execute/object_is_class.m execution,  -O3 -fomit-frame-pointer 
FAIL: objc/execute/object_is_class.m compilation,  -O3 -g 
UNRESOLVED: objc/execute/object_is_class.m execution,  -O3 -g 
FAIL: objc/execute/object_is_class.m compilation,  -Os 
UNRESOLVED: objc/execute/object_is_class.m execution,  -Os 
FAIL: objc/execute/object_is_meta_class.m compilation,  -O0 
UNRESOLVED: objc/execute/object_is_meta_class.m execution,  -O0 
FAIL: objc/execute/object_is_meta_class.m compilation,  -O1 
UNRESOLVED: objc/execute/object_is_meta_class.m execution,  -O1 
FAIL: objc/execute/object_is_meta_class.m compilation,  -O2 
UNRESOLVED: objc/execute/object_is_meta_class.m execution,  -O2 
FAIL: objc/execute/object_is_meta_class.m compilation,  -O3 -fomit-frame-pointer 
UNRESOLVED: objc/execute/object_is_meta_class.m execution,  -O3 -fomit-frame-pointer 
FAIL: objc/execute/object_is_meta_class.m compilation,  -O3 -g 
UNRESOLVED: objc/execute/object_is_meta_class.m execution,  -O3 -g 
FAIL: objc/execute/object_is_meta_class.m compilation,  -Os 
UNRESOLVED: objc/execute/object_is_meta_class.m execution,  -Os 
FAIL: objc/execute/private.m compilation,  -O0 
UNRESOLVED: objc/execute/private.m execution,  -O0 
FAIL: objc/execute/private.m compilation,  -O1 
UNRESOLVED: objc/execute/private.m execution,  -O1 
FAIL: objc/execute/private.m compilation,  -O2 
UNRESOLVED: objc/execute/private.m execution,  -O2 
FAIL: objc/execute/private.m compilation,  -O3 -fomit-frame-pointer 
UNRESOLVED: objc/execute/private.m execution,  -O3 -fomit-frame-pointer 
FAIL: objc/execute/private.m compilation,  -O3 -g 
UNRESOLVED: objc/execute/private.m execution,  -O3 -g 
FAIL: objc/execute/private.m compilation,  -Os 
UNRESOLVED: objc/execute/private.m execution,  -Os 
FAIL: objc/execute/protocol-isEqual-1.m compilation,  -O0 
UNRESOLVED: objc/execute/protocol-isEqual-1.m execution,  -O0 
FAIL: objc/execute/protocol-isEqual-1.m compilation,  -O1 
UNRESOLVED: objc/execute/protocol-isEqual-1.m execution,  -O1 
FAIL: objc/execute/protocol-isEqual-1.m compilation,  -O2 
UNRESOLVED: objc/execute/protocol-isEqual-1.m execution,  -O2 
FAIL: objc/execute/protocol-isEqual-1.m compilation,  -O3 -fomit-frame-pointer 
UNRESOLVED: objc/execute/protocol-isEqual-1.m execution,  -O3 -fomit-frame-pointer 
FAIL: objc/execute/protocol-isEqual-1.m compilation,  -O3 -g 
UNRESOLVED: objc/execute/protocol-isEqual-1.m execution,  -O3 -g 
FAIL: objc/execute/protocol-isEqual-1.m compilation,  -Os 
UNRESOLVED: objc/execute/protocol-isEqual-1.m execution,  -Os 
FAIL: objc/execute/protocol-isEqual-2.m compilation,  -O0 
UNRESOLVED: objc/execute/protocol-isEqual-2.m execution,  -O0 
FAIL: objc/execute/protocol-isEqual-2.m compilation,  -O1 
UNRESOLVED: objc/execute/protocol-isEqual-2.m execution,  -O1 
FAIL: objc/execute/protocol-isEqual-2.m compilation,  -O2 
UNRESOLVED: objc/execute/protocol-isEqual-2.m execution,  -O2 
FAIL: objc/execute/protocol-isEqual-2.m compilation,  -O3 -fomit-frame-pointer 
UNRESOLVED: objc/execute/protocol-isEqual-2.m execution,  -O3 -fomit-frame-pointer 
FAIL: objc/execute/protocol-isEqual-2.m compilation,  -O3 -g 
UNRESOLVED: objc/execute/protocol-isEqual-2.m execution,  -O3 -g 
FAIL: objc/execute/protocol-isEqual-2.m compilation,  -Os 
UNRESOLVED: objc/execute/protocol-isEqual-2.m execution,  -Os 
FAIL: objc/execute/protocol-isEqual-3.m compilation,  -O0 
UNRESOLVED: objc/execute/protocol-isEqual-3.m execution,  -O0 
FAIL: objc/execute/protocol-isEqual-3.m compilation,  -O1 
UNRESOLVED: objc/execute/protocol-isEqual-3.m execution,  -O1 
FAIL: objc/execute/protocol-isEqual-3.m compilation,  -O2 
UNRESOLVED: objc/execute/protocol-isEqual-3.m execution,  -O2 
FAIL: objc/execute/protocol-isEqual-3.m compilation,  -O3 -fomit-frame-pointer 
UNRESOLVED: objc/execute/protocol-isEqual-3.m execution,  -O3 -fomit-frame-pointer 
FAIL: objc/execute/protocol-isEqual-3.m compilation,  -O3 -g 
UNRESOLVED: objc/execute/protocol-isEqual-3.m execution,  -O3 -g 
FAIL: objc/execute/protocol-isEqual-3.m compilation,  -Os 
UNRESOLVED: objc/execute/protocol-isEqual-3.m execution,  -Os 
FAIL: objc/execute/protocol-isEqual-4.m compilation,  -O0 
UNRESOLVED: objc/execute/protocol-isEqual-4.m execution,  -O0 
FAIL: objc/execute/protocol-isEqual-4.m compilation,  -O1 
UNRESOLVED: objc/execute/protocol-isEqual-4.m execution,  -O1 
FAIL: objc/execute/protocol-isEqual-4.m compilation,  -O2 
UNRESOLVED: objc/execute/protocol-isEqual-4.m execution,  -O2 
FAIL: objc/execute/protocol-isEqual-4.m compilation,  -O3 -fomit-frame-pointer 
UNRESOLVED: objc/execute/protocol-isEqual-4.m execution,  -O3 -fomit-frame-pointer 
FAIL: objc/execute/protocol-isEqual-4.m compilation,  -O3 -g 
UNRESOLVED: objc/execute/protocol-isEqual-4.m execution,  -O3 -g 
FAIL: objc/execute/protocol-isEqual-4.m compilation,  -Os 
UNRESOLVED: objc/execute/protocol-isEqual-4.m execution,  -Os 
FAIL: objc/execute/protocol.m compilation,  -O0 
UNRESOLVED: objc/execute/protocol.m execution,  -O0 
FAIL: objc/execute/protocol.m compilation,  -O1 
UNRESOLVED: objc/execute/protocol.m execution,  -O1 
FAIL: objc/execute/protocol.m compilation,  -O2 
UNRESOLVED: objc/execute/protocol.m execution,  -O2 
FAIL: objc/execute/protocol.m compilation,  -O3 -fomit-frame-pointer 
UNRESOLVED: objc/execute/protocol.m execution,  -O3 -fomit-frame-pointer 
FAIL: objc/execute/protocol.m compilation,  -O3 -g 
UNRESOLVED: objc/execute/protocol.m execution,  -O3 -g 
FAIL: objc/execute/protocol.m compilation,  -Os 
UNRESOLVED: objc/execute/protocol.m execution,  -Os 
FAIL: objc/execute/redefining_self.m compilation,  -O0 
UNRESOLVED: objc/execute/redefining_self.m execution,  -O0 
FAIL: objc/execute/redefining_self.m compilation,  -O1 
UNRESOLVED: objc/execute/redefining_self.m execution,  -O1 
FAIL: objc/execute/redefining_self.m compilation,  -O2 
UNRESOLVED: objc/execute/redefining_self.m execution,  -O2 
FAIL: objc/execute/redefining_self.m compilation,  -O3 -fomit-frame-pointer 
UNRESOLVED: objc/execute/redefining_self.m execution,  -O3 -fomit-frame-pointer 
FAIL: objc/execute/redefining_self.m compilation,  -O3 -g 
UNRESOLVED: objc/execute/redefining_self.m execution,  -O3 -g 
FAIL: objc/execute/redefining_self.m compilation,  -Os 
UNRESOLVED: objc/execute/redefining_self.m execution,  -Os 
FAIL: objc/execute/root_methods.m compilation,  -O0 
UNRESOLVED: objc/execute/root_methods.m execution,  -O0 
FAIL: objc/execute/root_methods.m compilation,  -O1 
UNRESOLVED: objc/execute/root_methods.m execution,  -O1 
FAIL: objc/execute/root_methods.m compilation,  -O2 
UNRESOLVED: objc/execute/root_methods.m execution,  -O2 
FAIL: objc/execute/root_methods.m compilation,  -O3 -fomit-frame-pointer 
UNRESOLVED: objc/execute/root_methods.m execution,  -O3 -fomit-frame-pointer 
FAIL: objc/execute/root_methods.m compilation,  -O3 -g 
UNRESOLVED: objc/execute/root_methods.m execution,  -O3 -g 
FAIL: objc/execute/root_methods.m compilation,  -Os 
UNRESOLVED: objc/execute/root_methods.m execution,  -Os 
FAIL: objc/execute/selector-1.m compilation,  -O0 
UNRESOLVED: objc/execute/selector-1.m execution,  -O0 
FAIL: objc/execute/selector-1.m compilation,  -O1 
UNRESOLVED: objc/execute/selector-1.m execution,  -O1 
FAIL: objc/execute/selector-1.m compilation,  -O2 
UNRESOLVED: objc/execute/selector-1.m execution,  -O2 
FAIL: objc/execute/selector-1.m compilation,  -O3 -fomit-frame-pointer 
UNRESOLVED: objc/execute/selector-1.m execution,  -O3 -fomit-frame-pointer 
FAIL: objc/execute/selector-1.m compilation,  -O3 -g 
UNRESOLVED: objc/execute/selector-1.m execution,  -O3 -g 
FAIL: objc/execute/selector-1.m compilation,  -Os 
UNRESOLVED: objc/execute/selector-1.m execution,  -Os 
FAIL: objc/execute/static-1.m compilation,  -O0 
UNRESOLVED: objc/execute/static-1.m execution,  -O0 
FAIL: objc/execute/static-1.m compilation,  -O1 
UNRESOLVED: objc/execute/static-1.m execution,  -O1 
FAIL: objc/execute/static-1.m compilation,  -O2 
UNRESOLVED: objc/execute/static-1.m execution,  -O2 
FAIL: objc/execute/static-1.m compilation,  -O3 -fomit-frame-pointer 
UNRESOLVED: objc/execute/static-1.m execution,  -O3 -fomit-frame-pointer 
FAIL: objc/execute/static-1.m compilation,  -O3 -g 
UNRESOLVED: objc/execute/static-1.m execution,  -O3 -g 
FAIL: objc/execute/static-1.m compilation,  -Os 
UNRESOLVED: objc/execute/static-1.m execution,  -Os 
FAIL: objc/execute/static-2.m compilation,  -O0 
UNRESOLVED: objc/execute/static-2.m execution,  -O0 
FAIL: objc/execute/static-2.m compilation,  -O1 
UNRESOLVED: objc/execute/static-2.m execution,  -O1 
FAIL: objc/execute/static-2.m compilation,  -O2 
UNRESOLVED: objc/execute/static-2.m execution,  -O2 
FAIL: objc/execute/static-2.m compilation,  -O3 -fomit-frame-pointer 
UNRESOLVED: objc/execute/static-2.m execution,  -O3 -fomit-frame-pointer 
FAIL: objc/execute/static-2.m compilation,  -O3 -g 
UNRESOLVED: objc/execute/static-2.m execution,  -O3 -g 
FAIL: objc/execute/static-2.m compilation,  -Os 
UNRESOLVED: objc/execute/static-2.m execution,  -Os 
FAIL: objc/execute/string1.m compilation,  -O0 
UNRESOLVED: objc/execute/string1.m execution,  -O0 
FAIL: objc/execute/string1.m compilation,  -O1 
UNRESOLVED: objc/execute/string1.m execution,  -O1 
FAIL: objc/execute/string1.m compilation,  -O2 
UNRESOLVED: objc/execute/string1.m execution,  -O2 
FAIL: objc/execute/string1.m compilation,  -O3 -fomit-frame-pointer 
UNRESOLVED: objc/execute/string1.m execution,  -O3 -fomit-frame-pointer 
FAIL: objc/execute/string1.m compilation,  -O3 -g 
UNRESOLVED: objc/execute/string1.m execution,  -O3 -g 
FAIL: objc/execute/string1.m compilation,  -Os 
UNRESOLVED: objc/execute/string1.m execution,  -Os 
FAIL: objc/execute/string2.m compilation,  -O0 
UNRESOLVED: objc/execute/string2.m execution,  -O0 
FAIL: objc/execute/string2.m compilation,  -O1 
UNRESOLVED: objc/execute/string2.m execution,  -O1 
FAIL: objc/execute/string2.m compilation,  -O2 
UNRESOLVED: objc/execute/string2.m execution,  -O2 
FAIL: objc/execute/string2.m compilation,  -O3 -fomit-frame-pointer 
UNRESOLVED: objc/execute/string2.m execution,  -O3 -fomit-frame-pointer 
FAIL: objc/execute/string2.m compilation,  -O3 -g 
UNRESOLVED: objc/execute/string2.m execution,  -O3 -g 
FAIL: objc/execute/string2.m compilation,  -Os 
UNRESOLVED: objc/execute/string2.m execution,  -Os 
FAIL: objc/execute/string3.m compilation,  -O0 
UNRESOLVED: objc/execute/string3.m execution,  -O0 
FAIL: objc/execute/string3.m compilation,  -O1 
UNRESOLVED: objc/execute/string3.m execution,  -O1 
FAIL: objc/execute/string3.m compilation,  -O2 
UNRESOLVED: objc/execute/string3.m execution,  -O2 
FAIL: objc/execute/string3.m compilation,  -O3 -fomit-frame-pointer 
UNRESOLVED: objc/execute/string3.m execution,  -O3 -fomit-frame-pointer 
FAIL: objc/execute/string3.m compilation,  -O3 -g 
UNRESOLVED: objc/execute/string3.m execution,  -O3 -g 
FAIL: objc/execute/string3.m compilation,  -Os 
UNRESOLVED: objc/execute/string3.m execution,  -Os 
FAIL: objc/execute/string4.m compilation,  -O0 
UNRESOLVED: objc/execute/string4.m execution,  -O0 
FAIL: objc/execute/string4.m compilation,  -O1 
UNRESOLVED: objc/execute/string4.m execution,  -O1 
FAIL: objc/execute/string4.m compilation,  -O2 
UNRESOLVED: objc/execute/string4.m execution,  -O2 
FAIL: objc/execute/string4.m compilation,  -O3 -fomit-frame-pointer 
UNRESOLVED: objc/execute/string4.m execution,  -O3 -fomit-frame-pointer 
FAIL: objc/execute/string4.m compilation,  -O3 -g 
UNRESOLVED: objc/execute/string4.m execution,  -O3 -g 
FAIL: objc/execute/string4.m compilation,  -Os 
UNRESOLVED: objc/execute/string4.m execution,  -Os 
FAIL: objc/execute/va_method.m compilation,  -O0 
UNRESOLVED: objc/execute/va_method.m execution,  -O0 
FAIL: objc/execute/va_method.m compilation,  -O1 
UNRESOLVED: objc/execute/va_method.m execution,  -O1 
FAIL: objc/execute/va_method.m compilation,  -O2 
UNRESOLVED: objc/execute/va_method.m execution,  -O2 
FAIL: objc/execute/va_method.m compilation,  -O3 -fomit-frame-pointer 
UNRESOLVED: objc/execute/va_method.m execution,  -O3 -fomit-frame-pointer 
FAIL: objc/execute/va_method.m compilation,  -O3 -fomit-frame-pointer -funroll-loops 
UNRESOLVED: objc/execute/va_method.m execution,  -O3 -fomit-frame-pointer -funroll-loops 
FAIL: objc/execute/va_method.m compilation,  -O3 -fomit-frame-pointer -funroll-all-loops -finline-functions 
UNRESOLVED: objc/execute/va_method.m execution,  -O3 -fomit-frame-pointer -funroll-all-loops -finline-functions 
FAIL: objc/execute/va_method.m compilation,  -O3 -g 
UNRESOLVED: objc/execute/va_method.m execution,  -O3 -g 
FAIL: objc/execute/va_method.m compilation,  -Os 
UNRESOLVED: objc/execute/va_method.m execution,  -Os 
FAIL: objc.dg/bitfield-1.m (test for excess errors)
FAIL: objc.dg/bitfield-3.m (test for excess errors)
FAIL: objc.dg/call-super-1.m (test for excess errors)
FAIL: objc.dg/call-super-3.m (test for excess errors)
FAIL: objc.dg/category-1.m (test for excess errors)
FAIL: objc.dg/defs.m (test for excess errors)
FAIL: objc.dg/desig-init-1.m (test for excess errors)
FAIL: objc.dg/encode-1.m (test for excess errors)
FAIL: objc.dg/encode-2.m (test for excess errors)
FAIL: objc.dg/encode-3.m (test for excess errors)
FAIL: objc.dg/encode-4.m (test for excess errors)
FAIL: objc.dg/func-ptr-1.m (test for excess errors)
FAIL: objc.dg/method-10.m (test for excess errors)
FAIL: objc.dg/method-13.m (test for excess errors)
FAIL: objc.dg/method-3.m (test for excess errors)
FAIL: objc.dg/nested-func-1.m (test for excess errors)
FAIL: objc.dg/proto-lossage-3.m (test for excess errors)
FAIL: objc.dg/proto-qual-1.m (test for excess errors)
FAIL: objc.dg/sizeof-1.m (test for excess errors)
FAIL: objc.dg/stret-1.m (test for excess errors)
FAIL: objc.dg/try-catch-2.m (test for excess errors)
WARNING: objc.dg/try-catch-2.m compilation failed to produce executable
FAIL: objc.dg/type-size-2.m (test for excess errors)
FAIL: objc.dg/special/unclaimed-category-1.m unclaimed-category-1a.o (test for excess errors)

		=== objc Summary ===

# of expected passes		316
# of unexpected failures	555
# of unresolved testcases	532
# of unsupported tests		7
/mnt/gnu/gcc-3.3/objdir/gcc/xgcc  version 3.5.0 20040709 (experimental)

		=== libstdc++ tests ===


Running target unix
FAIL: 23_containers/deque/invalidation/3.cc (test for excess errors)
WARNING: 23_containers/deque/invalidation/3.cc compilation failed to produce executable
FAIL: 23_containers/list/invalidation/3.cc (test for excess errors)
WARNING: 23_containers/list/invalidation/3.cc compilation failed to produce executable
FAIL: 23_containers/map/invalidation/2.cc (test for excess errors)
WARNING: 23_containers/map/invalidation/2.cc compilation failed to produce executable
FAIL: 23_containers/multimap/invalidation/2.cc (test for excess errors)
WARNING: 23_containers/multimap/invalidation/2.cc compilation failed to produce executable
FAIL: 23_containers/multiset/invalidation/2.cc (test for excess errors)
WARNING: 23_containers/multiset/invalidation/2.cc compilation failed to produce executable
FAIL: 23_containers/set/invalidation/2.cc (test for excess errors)
WARNING: 23_containers/set/invalidation/2.cc compilation failed to produce executable
FAIL: 23_containers/vector/invalidation/3.cc (test for excess errors)
WARNING: 23_containers/vector/invalidation/3.cc compilation failed to produce executable
FAIL: 23_containers/vector/invalidation/4.cc (test for excess errors)
WARNING: 23_containers/vector/invalidation/4.cc compilation failed to produce executable
FAIL: 26_numerics/complex/13450.cc (test for excess errors)
WARNING: 26_numerics/complex/13450.cc compilation failed to produce executable
FAIL: 26_numerics/complex/complex_value.cc (test for excess errors)
WARNING: 26_numerics/complex/complex_value.cc compilation failed to produce executable
FAIL: 26_numerics/complex/pow.cc (test for excess errors)
WARNING: 26_numerics/complex/pow.cc compilation failed to produce executable
FAIL: ext/14648.cc (test for excess errors)
WARNING: ext/14648.cc compilation failed to produce executable
FAIL: ext/rope/1.cc (test for excess errors)
WARNING: ext/rope/1.cc compilation failed to produce executable
FAIL: ext/rope/2.cc (test for excess errors)
WARNING: ext/rope/2.cc compilation failed to produce executable
FAIL: ext/rope/3.cc (test for excess errors)
WARNING: ext/rope/3.cc compilation failed to produce executable

		=== libstdc++ Summary ===

# of expected passes		1988
# of unexpected failures	15
# of expected failures		4
# of unsupported tests		8

Compiler version: 3.5.0 20040709 (experimental) 
Platform: hppa64-hp-hpux11.11
configure flags: --with-gnu-as --with-as=/opt/gnu64/bin/as --with-ld=/usr/ccs/bin/ld --enable-shared --disable-nls --with-local-prefix=/opt/gnu64 --prefix=/opt/gnu64/gcc/gcc-3.5.0 --host=hppa64-hp-hpux11.11 --disable-libmudflap --enable-languages=c,c++,f95,java,objc


Index Nav: [Date Index] [Subject Index] [Author Index] [Thread Index]
Message Nav: [Date Prev] [Date Next] [Thread Prev] [Thread Next]