This is the mail archive of the gcc-testresults@gcc.gnu.org mailing list for the GCC project.


Index Nav: [Date Index] [Subject Index] [Author Index] [Thread Index]
Message Nav: [Date Prev] [Date Next] [Thread Prev] [Thread Next]
Other format: [Raw text]

Results for 3.3.4 (Debian 1:3.3.4-3) testsuite on mipsel-linux


LAST_UPDATED: 
Native configuration is mipsel-linux (repeat.rfc822.org)

		=== gpc tests ===


Running target any
FAIL: abso1.pas
FAIL: abso2.pas
FAIL: abso3.pas
FAIL: adam1.pas
FAIL: adam2.pas
FAIL: adam3a.pas
FAIL: adam3b.pas
FAIL: adam3c.pas
FAIL: adam3d.pas
FAIL: adam3e.pas
FAIL: adam3f.pas
FAIL: adam3g.pas
FAIL: adam3h.pas
FAIL: adam3i.pas
FAIL: adam3j.pas
FAIL: adam3k.pas
FAIL: adam3l.pas
FAIL: adam3m.pas
FAIL: adam3n.pas
FAIL: adam3o.pas
FAIL: adam3p.pas
FAIL: adam3q.pas
FAIL: adam3r.pas
FAIL: adam3s.pas
FAIL: adam3t.pas
FAIL: adam3u.pas
FAIL: adam3v.pas
FAIL: addr1.pas
FAIL: adriaan1.pas
FAIL: afileutilstest.pas
FAIL: afjf815.pas
FAIL: agettext2test.pas
FAIL: align.pas
FAIL: alpha1.pas
FAIL: alpha2.pas
FAIL: ancestor.pas
FAIL: ancestor2.pas
FAIL: anja1.pas
FAIL: anu1.pas
FAIL: arctan.pas
FAIL: arrayassignment.pas
FAIL: arval.pas
FAIL: asmnames.pas
FAIL: assgnd1.pas
FAIL: assumptions.pas
FAIL: atexit1.pas
FAIL: atexit2.pas
FAIL: atexit3.pas
FAIL: aturbo3test.pas
FAIL: awindtes.pas
FAIL: awindtes2.pas
FAIL: az19.pas
FAIL: az19c.pas
FAIL: az20.pas
FAIL: az21.pas
FAIL: az22.pas
FAIL: az23.pas
FAIL: az36.pas
FAIL: az44.pas
FAIL: az45b.pas
FAIL: baby.pas
FAIL: baby2.pas
FAIL: backtracerr.pas
FAIL: basic.pas
FAIL: bench.pas
FAIL: berend1.pas
FAIL: berend1a.pas
FAIL: berend2.pas
FAIL: bernh1.pas
FAIL: bernh2.pas
FAIL: bernh3.pas
FAIL: bernh4.pas
FAIL: bernh5.pas
FAIL: bernh6.pas
FAIL: bigarrays.pas
FAIL: bill.pas
FAIL: bill2.pas
FAIL: bill3.pas
FAIL: bill4.pas
FAIL: bill5.pas
FAIL: bill6.pas
FAIL: binrdwt.pas
FAIL: bitfields.pas
FAIL: bitmanip.pas
FAIL: bitsizes.pas
FAIL: blockop.pas
FAIL: bo4-1.pas
FAIL: bo4-10.pas
FAIL: bo4-12.pas
FAIL: bo4-12a.pas
FAIL: bo4-14.pas
FAIL: bo4-16.pas
FAIL: bo4-17.pas
FAIL: bo4-18.pas
FAIL: bo4-19.pas
FAIL: bo4-2.pas
FAIL: bo4-20.pas
FAIL: bo4-21.pas
FAIL: bo4-22.pas
FAIL: bo4-3.pas
FAIL: bo4-4a.pas
FAIL: bo4-4b.pas
FAIL: bo4-4c.pas
FAIL: bo4-5.pas
FAIL: bo4-7.pas
FAIL: bo4-8.pas
FAIL: bo4-9.pas
FAIL: bo5-1.pas
FAIL: bo5-10.pas
FAIL: bo5-11.pas
FAIL: bo5-12.pas
FAIL: bo5-13.pas
FAIL: bo5-14.pas
FAIL: bo5-15.pas
FAIL: bo5-16.pas
FAIL: bo5-16a.pas
FAIL: bo5-17.pas
FAIL: bo5-17a.pas
FAIL: bo5-18.pas
FAIL: bo5-19.pas
FAIL: bo5-1a.pas
FAIL: bo5-2.pas
FAIL: bo5-20.pas
FAIL: bo5-21.pas
FAIL: bo5-22.pas
FAIL: bo5-24.pas
FAIL: bo5-3.pas
FAIL: bo5-4.pas
FAIL: bo5-5.pas
FAIL: bo5-6.pas
FAIL: bo5-7.pas
FAIL: bo5-8.pas
FAIL: bo5-9.pas
FAIL: bool.pas
FAIL: boolsub.pas
FAIL: bpbpreal.pas
FAIL: bpbug.pas
FAIL: bprealtest.pas
FAIL: c_gpc.pas
FAIL: caglio1.pas
FAIL: capexp.pas
FAIL: carel1.pas
FAIL: carel2a.pas
FAIL: carel2b.pas
FAIL: carel2c.pas
FAIL: carel2d.pas
FAIL: carel2e.pas
FAIL: carel2f.pas
FAIL: carel2g.pas
FAIL: carel2h.pas
FAIL: carel2i.pas
FAIL: carel2j.pas
FAIL: caseall1.pas
FAIL: caseall2.pas
FAIL: caseall3.pas
FAIL: casebool.pas
FAIL: casechars.pas
FAIL: caseelse.pas
FAIL: casegoto.pas
FAIL: caseotherw.pas
FAIL: casts1.pas
FAIL: casts2.pas
FAIL: casts3.pas
FAIL: cfor.pas
FAIL: chaput1.pas
FAIL: charcmp.pas
FAIL: charenum.pas
FAIL: chars.pas
FAIL: chars2.pas
FAIL: charsub.pas
FAIL: chief1.pas
FAIL: chief10.pas
FAIL: chief11.pas
FAIL: chief12.pas
FAIL: chief13.pas
FAIL: chief14.pas
FAIL: chief15.pas
FAIL: chief16.pas
FAIL: chief17.pas
FAIL: chief20.pas
FAIL: chief21.pas
FAIL: chief22.pas
FAIL: chief23.pas
FAIL: chief24.pas
FAIL: chief25.pas
FAIL: chief25a.pas
FAIL: chief26.pas
FAIL: chief27.pas
FAIL: chief28.pas
FAIL: chief29.pas
FAIL: chief3.pas
FAIL: chief30.pas
FAIL: chief31a.pas
FAIL: chief31b.pas
FAIL: chief31c.pas
FAIL: chief31d.pas
FAIL: chief32.pas
FAIL: chief32a.pas
FAIL: chief33.pas
FAIL: chief34a.pas
FAIL: chief34b.pas
FAIL: chief34c.pas
FAIL: chief34d.pas
FAIL: chief34e.pas
FAIL: chief34f.pas
FAIL: chief35a.pas
FAIL: chief35b.pas
FAIL: chief36a.pas
FAIL: chief36b.pas
FAIL: chief36c.pas
FAIL: chief36d.pas
FAIL: chief36e.pas
FAIL: chief37.pas
FAIL: chief38a.pas
FAIL: chief38b.pas
FAIL: chief38c.pas
FAIL: chief39a.pas
FAIL: chief39b.pas
FAIL: chief39c.pas
FAIL: chief40.pas
FAIL: chief41.pas
FAIL: chief42.pas
FAIL: chief43a.pas
FAIL: chief43b.pas
FAIL: chief44.pas
FAIL: chief45.pas
FAIL: chief45b.pas
FAIL: chief46.pas
FAIL: chief47a.pas
FAIL: chief47b.pas
FAIL: chief5.pas
FAIL: chief51b.pas
FAIL: chief52b.pas
FAIL: chief53.pas
FAIL: chief54d.pas
FAIL: chief54g.pas
FAIL: chief54i.pas
FAIL: chief7.pas
FAIL: chief8.pas
FAIL: chief9.pas
FAIL: chrcmp.pas
FAIL: chris1.pas
FAIL: chris2.pas
FAIL: chris3.pas
FAIL: chris4.pas
FAIL: chris5.pas
FAIL: chuck1c.pas
FAIL: chuck3.pas
FAIL: chuck4.pas
FAIL: chuck6.pas
FAIL: ciriaco1.pas
FAIL: cntchars.pas
FAIL: comments.pas
FAIL: complex1.pas
FAIL: complex2.pas
FAIL: complex3.pas
FAIL: confarr1.pas
FAIL: confarr2.pas
FAIL: confarr3.pas
FAIL: confarr4.pas
FAIL: confarr5.pas
FAIL: confarr6.pas
FAIL: confarr7.pas
FAIL: confarr8.pas
FAIL: confarr9.pas
FAIL: couper1.pas
FAIL: couper10.pas
FAIL: couper12.pas
FAIL: couper13.pas
FAIL: couper15.pas
FAIL: couper2.pas
FAIL: couper3.pas
FAIL: couper8.pas
FAIL: cptcrash.pas
FAIL: crttest.pas
FAIL: cstpar1a.pas
FAIL: cstrassign.pas
FAIL: cstrini1.pas
FAIL: cstrini2.pas
FAIL: cstrpar1.pas
FAIL: cstrpar2.pas
FAIL: cstrpar3.pas
FAIL: cutstr.pas
FAIL: cutter.pas
FAIL: daj13.pas
FAIL: daj14a.pas
FAIL: daj2.pas
FAIL: daj23.pas
FAIL: daj3.pas
FAIL: daj7.pas
FAIL: dave2.pas
FAIL: david1.pas
FAIL: david2.pas
FAIL: david4.pas
FAIL: david5.pas
FAIL: delinspos.pas
FAIL: delphi6a.pas
FAIL: dialdef.pas
FAIL: dialdef1.pas
FAIL: dialdef2.pas
FAIL: dialdef3.pas
FAIL: dialdef4.pas
FAIL: dialdef5.pas
FAIL: dialdef6.pas
FAIL: dialdef7.pas
FAIL: dialec1.pas
FAIL: dialec2.pas
FAIL: dialec3.pas
FAIL: dialec4.pas
FAIL: dialec5.pas
FAIL: dialec6.pas
FAIL: dialec7.pas
FAIL: dnull1.pas
FAIL: dnull2.pas
FAIL: dnull3.pas
FAIL: dostest.pas
FAIL: dostest2.pas
FAIL: dosunixtest.pas
FAIL: drf1.pas
FAIL: drf11.pas
FAIL: drf3a.pas
FAIL: drf3b.pas
FAIL: drf3c.pas
FAIL: drf5.pas
FAIL: drf7.pas
FAIL: drf8.pas
FAIL: eightqueens.pas
FAIL: eike2.pas
FAIL: eike3a.pas
FAIL: eike4.pas
FAIL: eike5.pas
FAIL: emil1.pas
FAIL: emil10.pas
FAIL: emil11a.pas
FAIL: emil11b.pas
FAIL: emil11c.pas
FAIL: emil11d.pas
FAIL: emil14.pas
FAIL: emil15.pas
FAIL: emil16.pas
FAIL: emil17.pas
FAIL: emil18.pas
FAIL: emil19a.pas
FAIL: emil19b.pas
FAIL: emil2.pas
FAIL: emil20.pas
FAIL: emil21a.pas
FAIL: emil21c.pas
FAIL: emil22a.pas
FAIL: emil22b.pas
FAIL: emil23d.pas
FAIL: emil23e.pas
FAIL: emil23f.pas
FAIL: emil23g.pas
FAIL: emil24.pas
FAIL: emil25.pas
FAIL: emil27a.pas
FAIL: emil27b.pas
FAIL: emil27c.pas
FAIL: emil27d.pas
FAIL: emil3.pas
FAIL: emil4.pas
FAIL: emil6.pas
FAIL: emil7.pas
FAIL: emil8.pas
FAIL: emil9.pas
FAIL: endiantest.pas
FAIL: environ.pas
FAIL: environo.pas
FAIL: esven1.pas
FAIL: esven2.pas
FAIL: exitpr1.pas
FAIL: expon.pas
FAIL: expotst.pas
FAIL: fail1.pas
FAIL: fail2.pas
FAIL: fay.pas
FAIL: fb1.pas
FAIL: fb2.pas
FAIL: ffunc.pas
FAIL: fieldw.pas
FAIL: filehand.pas
FAIL: files1.pas
FAIL: files2.pas
FAIL: files2b.pas
FAIL: files3.pas
FAIL: fillch.pas
FAIL: fixcr.pas
FAIL: fixstr1.pas
FAIL: fjf0.pas
FAIL: fjf1.pas
FAIL: fjf10.pas
FAIL: fjf100.pas
FAIL: fjf101.pas
FAIL: fjf101a.pas
FAIL: fjf101b.pas
FAIL: fjf104.pas
FAIL: fjf105a.pas
FAIL: fjf105b.pas
FAIL: fjf106.pas
FAIL: fjf107.pas
FAIL: fjf108.pas
FAIL: fjf11.pas
FAIL: fjf110.pas
FAIL: fjf112.pas
FAIL: fjf113.pas
FAIL: fjf114a.pas
FAIL: fjf115.pas
FAIL: fjf118.pas
FAIL: fjf119.pas
FAIL: fjf12.pas
FAIL: fjf120.pas
FAIL: fjf122.pas
FAIL: fjf124.pas
FAIL: fjf124b.pas
FAIL: fjf125.pas
FAIL: fjf126.pas
FAIL: fjf127.pas
FAIL: fjf128.pas
FAIL: fjf129.pas
FAIL: fjf13.pas
FAIL: fjf131.pas
FAIL: fjf132.pas
FAIL: fjf133.pas
FAIL: fjf135.pas
FAIL: fjf138.pas
FAIL: fjf14.pas
FAIL: fjf140a.pas
FAIL: fjf140b.pas
FAIL: fjf141.pas
FAIL: fjf142.pas
FAIL: fjf144.pas
FAIL: fjf145.pas
FAIL: fjf146.pas
FAIL: fjf147.pas
FAIL: fjf148.pas
FAIL: fjf15.pas
FAIL: fjf150.pas
FAIL: fjf151a.pas
FAIL: fjf152.pas
FAIL: fjf154.pas
FAIL: fjf155.pas
FAIL: fjf156.pas
FAIL: fjf157.pas
FAIL: fjf158.pas
FAIL: fjf164.pas
FAIL: fjf165a.pas
FAIL: fjf165b.pas
FAIL: fjf166.pas
FAIL: fjf167a.pas
FAIL: fjf167b.pas
FAIL: fjf168.pas
FAIL: fjf169.pas
FAIL: fjf17.pas
FAIL: fjf170.pas
FAIL: fjf171.pas
FAIL: fjf172.pas
FAIL: fjf173a.pas
FAIL: fjf173b.pas
FAIL: fjf174.pas
FAIL: fjf175a.pas
FAIL: fjf175b.pas
FAIL: fjf175c.pas
FAIL: fjf175d.pas
FAIL: fjf175e.pas
FAIL: fjf176.pas
FAIL: fjf177.pas
FAIL: fjf178.pas
FAIL: fjf179.pas
FAIL: fjf18.pas
FAIL: fjf180.pas
FAIL: fjf181.pas
FAIL: fjf181a.pas
FAIL: fjf181b.pas
FAIL: fjf182.pas
FAIL: fjf183.pas
FAIL: fjf184.pas
FAIL: fjf185.pas
FAIL: fjf187.pas
FAIL: fjf188.pas
FAIL: fjf189.pas
FAIL: fjf19.pas
FAIL: fjf190.pas
FAIL: fjf191.pas
FAIL: fjf191b.pas
FAIL: fjf192.pas
FAIL: fjf193.pas
FAIL: fjf193a.pas
FAIL: fjf193b.pas
FAIL: fjf193c.pas
FAIL: fjf193d.pas
FAIL: fjf193e.pas
FAIL: fjf194.pas
FAIL: fjf194a.pas
FAIL: fjf194b.pas
FAIL: fjf194c.pas
FAIL: fjf195.pas
FAIL: fjf196.pas
FAIL: fjf197.pas
FAIL: fjf198.pas
FAIL: fjf199a.pas
FAIL: fjf199b.pas
FAIL: fjf2.pas
FAIL: fjf20.pas
FAIL: fjf200.pas
FAIL: fjf200c.pas
FAIL: fjf203.pas
FAIL: fjf205.pas
FAIL: fjf207.pas
FAIL: fjf208.pas
FAIL: fjf20a.pas
FAIL: fjf210.pas
FAIL: fjf211a.pas
FAIL: fjf211b.pas
FAIL: fjf211d.pas
FAIL: fjf211e.pas
FAIL: fjf211f.pas
FAIL: fjf211g.pas
FAIL: fjf211h.pas
FAIL: fjf211i.pas
FAIL: fjf211j.pas
FAIL: fjf211k.pas
FAIL: fjf211l.pas
FAIL: fjf211m.pas
FAIL: fjf211n.pas
FAIL: fjf211o.pas
FAIL: fjf211p.pas
FAIL: fjf211q.pas
FAIL: fjf212.pas
FAIL: fjf213.pas
FAIL: fjf215.pas
FAIL: fjf216.pas
FAIL: fjf217.pas
FAIL: fjf218a.pas
FAIL: fjf218b.pas
FAIL: fjf219a.pas
FAIL: fjf219b.pas
FAIL: fjf219c.pas
FAIL: fjf219d.pas
FAIL: fjf21a.pas
FAIL: fjf22.pas
FAIL: fjf220.pas
FAIL: fjf222a.pas
FAIL: fjf223.pas
FAIL: fjf224.pas
FAIL: fjf226a.pas
FAIL: fjf226b.pas
FAIL: fjf226c.pas
FAIL: fjf226d.pas
FAIL: fjf226e.pas
FAIL: fjf226f.pas
FAIL: fjf226g.pas
FAIL: fjf226h.pas
FAIL: fjf226i.pas
FAIL: fjf226j.pas
FAIL: fjf226k.pas
FAIL: fjf226l.pas
FAIL: fjf226m.pas
FAIL: fjf226n.pas
FAIL: fjf226o.pas
FAIL: fjf226p.pas
FAIL: fjf226q.pas
FAIL: fjf226r.pas
FAIL: fjf226s.pas
FAIL: fjf226t.pas
FAIL: fjf226u.pas
FAIL: fjf226v.pas
FAIL: fjf226w.pas
FAIL: fjf226x.pas
FAIL: fjf226y.pas
FAIL: fjf226z.pas
FAIL: fjf227a.pas
FAIL: fjf227b.pas
FAIL: fjf228a.pas
FAIL: fjf228b.pas
FAIL: fjf228c.pas
FAIL: fjf229.pas
FAIL: fjf23.pas
FAIL: fjf230a.pas
FAIL: fjf230b.pas
FAIL: fjf232a.pas
FAIL: fjf232b.pas
FAIL: fjf232c.pas
FAIL: fjf234a.pas
FAIL: fjf234b.pas
FAIL: fjf234c.pas
FAIL: fjf236.pas
FAIL: fjf237.pas
FAIL: fjf238.pas
FAIL: fjf239a.pas
FAIL: fjf239b.pas
FAIL: fjf24.pas
FAIL: fjf240.pas
FAIL: fjf241.pas
FAIL: fjf243.pas
FAIL: fjf244.pas
FAIL: fjf245.pas
FAIL: fjf245a.pas
FAIL: fjf246a.pas
FAIL: fjf246b.pas
FAIL: fjf246d.pas
FAIL: fjf246e.pas
FAIL: fjf247a.pas
FAIL: fjf247b.pas
FAIL: fjf247c.pas
FAIL: fjf247d.pas
FAIL: fjf247e.pas
FAIL: fjf247f.pas
FAIL: fjf248.pas
FAIL: fjf249.pas
FAIL: fjf25.pas
FAIL: fjf251e.pas
FAIL: fjf251f.pas
FAIL: fjf251g.pas
FAIL: fjf251h.pas
FAIL: fjf252.pas
FAIL: fjf254.pas
FAIL: fjf255b.pas
FAIL: fjf255c.pas
FAIL: fjf255d.pas
FAIL: fjf255e.pas
FAIL: fjf255f.pas
FAIL: fjf255g.pas
FAIL: fjf255h.pas
FAIL: fjf255i.pas
FAIL: fjf255j.pas
FAIL: fjf255k.pas
FAIL: fjf255l.pas
FAIL: fjf255o.pas
FAIL: fjf255p.pas
FAIL: fjf255q.pas
FAIL: fjf255s.pas
FAIL: fjf256.pas
FAIL: fjf257a.pas
FAIL: fjf257b.pas
FAIL: fjf257c.pas
FAIL: fjf258a.pas
FAIL: fjf258b.pas
FAIL: fjf258c.pas
FAIL: fjf258d.pas
FAIL: fjf258e.pas
FAIL: fjf26.pas
FAIL: fjf261.pas
FAIL: fjf262.pas
FAIL: fjf263a.pas
FAIL: fjf263b.pas
FAIL: fjf264.pas
FAIL: fjf265.pas
FAIL: fjf266.pas
FAIL: fjf269.pas
FAIL: fjf270a.pas
FAIL: fjf270b.pas
FAIL: fjf272.pas
FAIL: fjf273.pas
FAIL: fjf274.pas
FAIL: fjf275.pas
FAIL: fjf276.pas
FAIL: fjf278.pas
FAIL: fjf278b.pas
FAIL: fjf279.pas
FAIL: fjf28.pas
FAIL: fjf281.pas
FAIL: fjf281a.pas
FAIL: fjf282.pas
FAIL: fjf286.pas
FAIL: fjf287a.pas
FAIL: fjf288.pas
FAIL: fjf290.pas
FAIL: fjf292.pas
FAIL: fjf293.pas
FAIL: fjf294a.pas
FAIL: fjf294b.pas
FAIL: fjf295.pas
FAIL: fjf295a.pas
FAIL: fjf295b.pas
FAIL: fjf296.pas
FAIL: fjf297a.pas
FAIL: fjf297b.pas
FAIL: fjf297c.pas
FAIL: fjf299.pas
FAIL: fjf3.pas
FAIL: fjf301.pas
FAIL: fjf302.pas
FAIL: fjf303.pas
FAIL: fjf306.pas
FAIL: fjf307a.pas
FAIL: fjf307b.pas
FAIL: fjf307c.pas
FAIL: fjf307d.pas
FAIL: fjf307e.pas
FAIL: fjf308a.pas
FAIL: fjf308b.pas
FAIL: fjf30c.pas
FAIL: fjf30d.pas
FAIL: fjf30f.pas
FAIL: fjf30h.pas
FAIL: fjf31.pas
FAIL: fjf310.pas
FAIL: fjf311.pas
FAIL: fjf312a.pas
FAIL: fjf312b.pas
FAIL: fjf313a.pas
FAIL: fjf313b.pas
FAIL: fjf313c.pas
FAIL: fjf313d.pas
FAIL: fjf313e.pas
FAIL: fjf313f.pas
FAIL: fjf313g.pas
FAIL: fjf313h.pas
FAIL: fjf313i.pas
FAIL: fjf313j.pas
FAIL: fjf314.pas
FAIL: fjf315a.pas
FAIL: fjf315b.pas
FAIL: fjf317.pas
FAIL: fjf318a.pas
FAIL: fjf318b.pas
FAIL: fjf319.pas
FAIL: fjf32.pas
FAIL: fjf320a.pas
FAIL: fjf320b.pas
FAIL: fjf321a.pas
FAIL: fjf321b.pas
FAIL: fjf322.pas
FAIL: fjf323.pas
FAIL: fjf324.pas
FAIL: fjf325.pas
FAIL: fjf326.pas
FAIL: fjf327.pas
FAIL: fjf328.pas
FAIL: fjf329a.pas
FAIL: fjf329b.pas
FAIL: fjf33.pas
FAIL: fjf330.pas
FAIL: fjf332a.pas
FAIL: fjf334.pas
FAIL: fjf335a.pas
FAIL: fjf336.pas
FAIL: fjf337.pas
FAIL: fjf338.pas
FAIL: fjf339.pas
FAIL: fjf34.pas
FAIL: fjf340a.pas
FAIL: fjf340b.pas
FAIL: fjf340c.pas
FAIL: fjf341a.pas
FAIL: fjf341b.pas
FAIL: fjf342b.pas
FAIL: fjf343a.pas
FAIL: fjf343b.pas
FAIL: fjf344.pas
FAIL: fjf345a.pas
FAIL: fjf345b.pas
FAIL: fjf345c.pas
FAIL: fjf345d.pas
FAIL: fjf345e.pas
FAIL: fjf345f.pas
FAIL: fjf346a.pas
FAIL: fjf346b.pas
FAIL: fjf347.pas
FAIL: fjf348.pas
FAIL: fjf349.pas
FAIL: fjf35.pas
FAIL: fjf350.pas
FAIL: fjf351.pas
FAIL: fjf353.pas
FAIL: fjf354.pas
FAIL: fjf355.pas
FAIL: fjf358.pas
FAIL: fjf359.pas
FAIL: fjf36.pas
FAIL: fjf360.pas
FAIL: fjf361.pas
FAIL: fjf362.pas
FAIL: fjf365.pas
FAIL: fjf367.pas
FAIL: fjf369a.pas
FAIL: fjf37.pas
FAIL: fjf371.pas
FAIL: fjf372.pas
FAIL: fjf374.pas
FAIL: fjf375.pas
FAIL: fjf376.pas
FAIL: fjf377.pas
FAIL: fjf378b.pas
FAIL: fjf379a.pas
FAIL: fjf379b.pas
FAIL: fjf37a.pas
FAIL: fjf38.pas
FAIL: fjf380a.pas
FAIL: fjf380b.pas
FAIL: fjf381.pas
FAIL: fjf382.pas
FAIL: fjf383.pas
FAIL: fjf384.pas
FAIL: fjf385.pas
FAIL: fjf386.pas
FAIL: fjf388.pas
FAIL: fjf38a.pas
FAIL: fjf38b.pas
FAIL: fjf38c.pas
FAIL: fjf38d.pas
FAIL: fjf38e.pas
FAIL: fjf38f.pas
FAIL: fjf39.pas
FAIL: fjf390a.pas
FAIL: fjf390b.pas
FAIL: fjf390c.pas
FAIL: fjf390d.pas
FAIL: fjf390f.pas
FAIL: fjf391a.pas
FAIL: fjf391b.pas
FAIL: fjf394.pas
FAIL: fjf395a.pas
FAIL: fjf395b.pas
FAIL: fjf396.pas
FAIL: fjf397.pas
FAIL: fjf398.pas
FAIL: fjf39a.pas
FAIL: fjf3a.pas
FAIL: fjf4.pas
FAIL: fjf40.pas
FAIL: fjf400.pas
FAIL: fjf401.pas
FAIL: fjf402a.pas
FAIL: fjf402b.pas
FAIL: fjf402c.pas
FAIL: fjf405.pas
FAIL: fjf406.pas
FAIL: fjf407.pas
FAIL: fjf408.pas
FAIL: fjf409a.pas
FAIL: fjf409b.pas
FAIL: fjf40a.pas
FAIL: fjf40b.pas
FAIL: fjf40c.pas
FAIL: fjf40e.pas
FAIL: fjf41.pas
FAIL: fjf410.pas
FAIL: fjf411.pas
FAIL: fjf412a.pas
FAIL: fjf413a.pas
FAIL: fjf413b1.pas
FAIL: fjf413b2.pas
FAIL: fjf413b3.pas
FAIL: fjf413c1.pas
FAIL: fjf413c2.pas
FAIL: fjf413c3.pas
FAIL: fjf413c4.pas
FAIL: fjf413c5.pas
FAIL: fjf413c6.pas
FAIL: fjf413c7.pas
FAIL: fjf413c8.pas
FAIL: fjf413c9.pas
FAIL: fjf413ca.pas
FAIL: fjf413cb.pas
FAIL: fjf413cc.pas
FAIL: fjf413cd.pas
FAIL: fjf413ce.pas
FAIL: fjf413cf.pas
FAIL: fjf413cg.pas
FAIL: fjf413ch.pas
FAIL: fjf413ci.pas
FAIL: fjf413d1.pas
FAIL: fjf413d2.pas
FAIL: fjf413d3.pas
FAIL: fjf413d4.pas
FAIL: fjf413d5.pas
FAIL: fjf413d6.pas
FAIL: fjf413d7.pas
FAIL: fjf413d8.pas
FAIL: fjf413d9.pas
FAIL: fjf413da.pas
FAIL: fjf413db.pas
FAIL: fjf413e1.pas
FAIL: fjf413e2.pas
FAIL: fjf413e3.pas
FAIL: fjf413e4.pas
FAIL: fjf413e5.pas
FAIL: fjf413e6.pas
FAIL: fjf413e7.pas
FAIL: fjf413e8.pas
FAIL: fjf413e9.pas
FAIL: fjf413ea.pas
FAIL: fjf413eb.pas
FAIL: fjf413f1.pas
FAIL: fjf413f2.pas
FAIL: fjf413g1.pas
FAIL: fjf413g2.pas
FAIL: fjf413h1.pas
FAIL: fjf413h2.pas
FAIL: fjf413h3.pas
FAIL: fjf413h4.pas
FAIL: fjf414a.pas
FAIL: fjf414b.pas
FAIL: fjf414c.pas
FAIL: fjf414d.pas
FAIL: fjf415a.pas
FAIL: fjf415b.pas
FAIL: fjf415c.pas
FAIL: fjf415d.pas
FAIL: fjf415e.pas
FAIL: fjf415f.pas
FAIL: fjf416a.pas
FAIL: fjf416b.pas
FAIL: fjf418a.pas
FAIL: fjf418b.pas
FAIL: fjf418c.pas
FAIL: fjf418d.pas
FAIL: fjf419a.pas
FAIL: fjf419b.pas
FAIL: fjf419c.pas
FAIL: fjf419d.pas
FAIL: fjf420a.pas
FAIL: fjf420b.pas
FAIL: fjf420c.pas
FAIL: fjf421a.pas
FAIL: fjf421b.pas
FAIL: fjf421c.pas
FAIL: fjf421d.pas
FAIL: fjf421e.pas
FAIL: fjf421f.pas
FAIL: fjf421g.pas
FAIL: fjf421h.pas
FAIL: fjf421i.pas
FAIL: fjf421j.pas
FAIL: fjf421k.pas
FAIL: fjf421l.pas
FAIL: fjf421m.pas
FAIL: fjf421n.pas
FAIL: fjf421o.pas
FAIL: fjf422.pas
FAIL: fjf423.pas
FAIL: fjf424a.pas
FAIL: fjf424c.pas
FAIL: fjf424d.pas
FAIL: fjf424e.pas
FAIL: fjf426a.pas
FAIL: fjf426b.pas
FAIL: fjf426c.pas
FAIL: fjf426d.pas
FAIL: fjf426e.pas
FAIL: fjf426f.pas
FAIL: fjf426g.pas
FAIL: fjf426h.pas
FAIL: fjf426i.pas
FAIL: fjf426j.pas
FAIL: fjf426k.pas
FAIL: fjf426l.pas
FAIL: fjf426m.pas
FAIL: fjf426n.pas
FAIL: fjf426o.pas
FAIL: fjf426p.pas
FAIL: fjf426q.pas
FAIL: fjf426r.pas
FAIL: fjf426s.pas
FAIL: fjf426u.pas
FAIL: fjf426v.pas
FAIL: fjf426w.pas
FAIL: fjf426x.pas
FAIL: fjf426y.pas
FAIL: fjf427d.pas
FAIL: fjf427e.pas
FAIL: fjf427f.pas
FAIL: fjf428.pas
FAIL: fjf429a.pas
FAIL: fjf429b.pas
FAIL: fjf429c.pas
FAIL: fjf429d.pas
FAIL: fjf429e.pas
FAIL: fjf429f.pas
FAIL: fjf43.pas
FAIL: fjf430a.pas
FAIL: fjf430h.pas
FAIL: fjf430i.pas
FAIL: fjf430j.pas
FAIL: fjf430k.pas
FAIL: fjf430s.pas
FAIL: fjf430t.pas
FAIL: fjf430u.pas
FAIL: fjf430v.pas
FAIL: fjf431.pas
FAIL: fjf432.pas
FAIL: fjf434a.pas
FAIL: fjf434b.pas
FAIL: fjf434c.pas
FAIL: fjf434d.pas
FAIL: fjf436b.pas
FAIL: fjf436c.pas
FAIL: fjf436d.pas
FAIL: fjf436e.pas
FAIL: fjf436f.pas
FAIL: fjf436g.pas
FAIL: fjf436h.pas
FAIL: fjf436i.pas
FAIL: fjf437.pas
FAIL: fjf438a.pas
FAIL: fjf438b.pas
FAIL: fjf438c.pas
FAIL: fjf44.pas
FAIL: fjf440.pas
FAIL: fjf441.pas
FAIL: fjf441a.pas
FAIL: fjf443.pas
FAIL: fjf444a.pas
FAIL: fjf444b.pas
FAIL: fjf445a.pas
FAIL: fjf445b.pas
FAIL: fjf445c.pas
FAIL: fjf447.pas
FAIL: fjf449.pas
FAIL: fjf450b.pas
FAIL: fjf450d.pas
FAIL: fjf450k.pas
FAIL: fjf451a.pas
FAIL: fjf451b.pas
FAIL: fjf451d.pas
FAIL: fjf451e.pas
FAIL: fjf451g.pas
FAIL: fjf451h.pas
FAIL: fjf451j.pas
FAIL: fjf454.pas
FAIL: fjf455.pas
FAIL: fjf456.pas
FAIL: fjf458a.pas
FAIL: fjf458b.pas
FAIL: fjf458c.pas
FAIL: fjf458d.pas
FAIL: fjf458e.pas
FAIL: fjf459a.pas
FAIL: fjf459b.pas
FAIL: fjf460a.pas
FAIL: fjf460b.pas
FAIL: fjf462a.pas
FAIL: fjf462b.pas
FAIL: fjf464a.pas
FAIL: fjf464b.pas
FAIL: fjf464c.pas
FAIL: fjf464d.pas
FAIL: fjf464e.pas
FAIL: fjf466a.pas
FAIL: fjf466c.pas
FAIL: fjf466e.pas
FAIL: fjf47.pas
FAIL: fjf470b.pas
FAIL: fjf470c.pas
FAIL: fjf471.pas
FAIL: fjf472.pas
FAIL: fjf474.pas
FAIL: fjf475.pas
FAIL: fjf476.pas
FAIL: fjf477.pas
FAIL: fjf478.pas
FAIL: fjf48.pas
FAIL: fjf481.pas
FAIL: fjf482.pas
FAIL: fjf484a.pas
FAIL: fjf484b.pas
FAIL: fjf484c.pas
FAIL: fjf485.pas
FAIL: fjf486.pas
FAIL: fjf487a.pas
FAIL: fjf487b.pas
FAIL: fjf488a.pas
FAIL: fjf488b.pas
FAIL: fjf488c.pas
FAIL: fjf488d.pas
FAIL: fjf488e.pas
FAIL: fjf488f.pas
FAIL: fjf488g.pas
FAIL: fjf488h.pas
FAIL: fjf488i.pas
FAIL: fjf488i2.pas
FAIL: fjf488i3.pas
FAIL: fjf488i4.pas
FAIL: fjf488i5.pas
FAIL: fjf488i6.pas
FAIL: fjf488j.pas
FAIL: fjf488k.pas
FAIL: fjf488l.pas
FAIL: fjf488m.pas
FAIL: fjf488m2.pas
FAIL: fjf488m3.pas
FAIL: fjf488m4.pas
FAIL: fjf488n.pas
FAIL: fjf488n2.pas
FAIL: fjf488n3.pas
FAIL: fjf488n4.pas
FAIL: fjf488o.pas
FAIL: fjf488o2.pas
FAIL: fjf488o3.pas
FAIL: fjf488o4.pas
FAIL: fjf488o5.pas
FAIL: fjf488o6.pas
FAIL: fjf488o7.pas
FAIL: fjf488p.pas
FAIL: fjf488p2.pas
FAIL: fjf488p3.pas
FAIL: fjf488p4.pas
FAIL: fjf488p5.pas
FAIL: fjf488p6.pas
FAIL: fjf488p7.pas
FAIL: fjf488va.pas
FAIL: fjf488vb.pas
FAIL: fjf488vc.pas
FAIL: fjf488vd.pas
FAIL: fjf488ve.pas
FAIL: fjf488vf.pas
FAIL: fjf488vg.pas
FAIL: fjf488vh.pas
FAIL: fjf488vi.pas
FAIL: fjf488vj.pas
FAIL: fjf488vk.pas
FAIL: fjf488vl.pas
FAIL: fjf488vm.pas
FAIL: fjf488vn.pas
FAIL: fjf488vo.pas
FAIL: fjf488vp.pas
FAIL: fjf489.pas
FAIL: fjf49.pas
FAIL: fjf490.pas
FAIL: fjf491.pas
FAIL: fjf492.pas
FAIL: fjf494a.pas
FAIL: fjf494b.pas
FAIL: fjf495a1.pas
FAIL: fjf495a2.pas
FAIL: fjf495a3.pas
FAIL: fjf495a4.pas
FAIL: fjf495a8.pas
FAIL: fjf495b1.pas
FAIL: fjf495b2.pas
FAIL: fjf495b3.pas
FAIL: fjf495b4.pas
FAIL: fjf495b8.pas
FAIL: fjf495c1.pas
FAIL: fjf495c2.pas
FAIL: fjf495c3.pas
FAIL: fjf495c4.pas
FAIL: fjf495c8.pas
FAIL: fjf495d1.pas
FAIL: fjf495d2.pas
FAIL: fjf495d3.pas
FAIL: fjf495d4.pas
FAIL: fjf495d8.pas
FAIL: fjf495e1.pas
FAIL: fjf495e2.pas
FAIL: fjf495e3.pas
FAIL: fjf495e4.pas
FAIL: fjf495e8.pas
FAIL: fjf495f1.pas
FAIL: fjf495f2.pas
FAIL: fjf495f3.pas
FAIL: fjf495f4.pas
FAIL: fjf495f8.pas
FAIL: fjf496a1.pas
FAIL: fjf496a2.pas
FAIL: fjf496a3.pas
FAIL: fjf496a4.pas
FAIL: fjf496a8.pas
FAIL: fjf496b1.pas
FAIL: fjf496b2.pas
FAIL: fjf496b3.pas
FAIL: fjf496b4.pas
FAIL: fjf496b8.pas
FAIL: fjf496c1.pas
FAIL: fjf496c2.pas
FAIL: fjf496c3.pas
FAIL: fjf496c4.pas
FAIL: fjf496c8.pas
FAIL: fjf496d1.pas
FAIL: fjf496d2.pas
FAIL: fjf496d3.pas
FAIL: fjf496d4.pas
FAIL: fjf496d8.pas
FAIL: fjf496e1.pas
FAIL: fjf496e2.pas
FAIL: fjf496e3.pas
FAIL: fjf496e4.pas
FAIL: fjf496e8.pas
FAIL: fjf496f1.pas
FAIL: fjf496f2.pas
FAIL: fjf496f3.pas
FAIL: fjf496f4.pas
FAIL: fjf496f8.pas
FAIL: fjf497a1.pas
FAIL: fjf497a2.pas
FAIL: fjf497a3.pas
FAIL: fjf497a4.pas
FAIL: fjf497a8.pas
FAIL: fjf497b1.pas
FAIL: fjf497b2.pas
FAIL: fjf497b3.pas
FAIL: fjf497b4.pas
FAIL: fjf497b8.pas
FAIL: fjf497c1.pas
FAIL: fjf497c2.pas
FAIL: fjf497c3.pas
FAIL: fjf497c4.pas
FAIL: fjf497c8.pas
FAIL: fjf497d1.pas
FAIL: fjf497d2.pas
FAIL: fjf497d3.pas
FAIL: fjf497d4.pas
FAIL: fjf497d8.pas
FAIL: fjf497e1.pas
FAIL: fjf497e2.pas
FAIL: fjf497e3.pas
FAIL: fjf497e4.pas
FAIL: fjf497e8.pas
FAIL: fjf497f1.pas
FAIL: fjf497f2.pas
FAIL: fjf497f3.pas
FAIL: fjf497f4.pas
FAIL: fjf497f8.pas
FAIL: fjf498a1.pas
FAIL: fjf498a2.pas
FAIL: fjf498a3.pas
FAIL: fjf498a4.pas
FAIL: fjf498a8.pas
FAIL: fjf498b1.pas
FAIL: fjf498b2.pas
FAIL: fjf498b3.pas
FAIL: fjf498b4.pas
FAIL: fjf498b8.pas
FAIL: fjf498c1.pas
FAIL: fjf498c2.pas
FAIL: fjf498c3.pas
FAIL: fjf498c4.pas
FAIL: fjf498c8.pas
FAIL: fjf498d1.pas
FAIL: fjf498d2.pas
FAIL: fjf498d3.pas
FAIL: fjf498d4.pas
FAIL: fjf498d8.pas
FAIL: fjf498e1.pas
FAIL: fjf498e2.pas
FAIL: fjf498e3.pas
FAIL: fjf498e4.pas
FAIL: fjf498e8.pas
FAIL: fjf498f1.pas
FAIL: fjf498f2.pas
FAIL: fjf498f3.pas
FAIL: fjf498f4.pas
FAIL: fjf498f8.pas
FAIL: fjf499a.pas
FAIL: fjf499b.pas
FAIL: fjf499c.pas
FAIL: fjf49a.pas
FAIL: fjf5.pas
FAIL: fjf50.pas
FAIL: fjf500.pas
FAIL: fjf501a.pas
FAIL: fjf501b.pas
FAIL: fjf502.pas
FAIL: fjf504.pas
FAIL: fjf505.pas
FAIL: fjf507a.pas
FAIL: fjf507b.pas
FAIL: fjf507c.pas
FAIL: fjf508a.pas
FAIL: fjf508b.pas
FAIL: fjf509a.pas
FAIL: fjf509b.pas
FAIL: fjf510.pas
FAIL: fjf512.pas
FAIL: fjf513.pas
FAIL: fjf515.pas
FAIL: fjf516a.pas
FAIL: fjf516b.pas
FAIL: fjf517.pas
FAIL: fjf518b.pas
FAIL: fjf518c.pas
FAIL: fjf519a.pas
FAIL: fjf519b.pas
FAIL: fjf519c.pas
FAIL: fjf519d.pas
FAIL: fjf519e.pas
FAIL: fjf519f.pas
FAIL: fjf519g.pas
FAIL: fjf519h.pas
FAIL: fjf519i.pas
FAIL: fjf51a.pas
FAIL: fjf51b.pas
FAIL: fjf51c.pas
FAIL: fjf52.pas
FAIL: fjf520.pas
FAIL: fjf522.pas
FAIL: fjf523a.pas
FAIL: fjf523b.pas
FAIL: fjf523c.pas
FAIL: fjf523d.pas
FAIL: fjf524a.pas
FAIL: fjf524b.pas
FAIL: fjf524c.pas
FAIL: fjf524d.pas
FAIL: fjf524e.pas
FAIL: fjf524f.pas
FAIL: fjf524g.pas
FAIL: fjf524h.pas
FAIL: fjf524i.pas
FAIL: fjf524j.pas
FAIL: fjf525a.pas
FAIL: fjf525b.pas
FAIL: fjf525c.pas
FAIL: fjf525d.pas
FAIL: fjf525e.pas
FAIL: fjf525f.pas
FAIL: fjf525g.pas
FAIL: fjf525h.pas
FAIL: fjf526a.pas
FAIL: fjf526b.pas
FAIL: fjf526c.pas
FAIL: fjf526d.pas
FAIL: fjf526e.pas
FAIL: fjf526f.pas
FAIL: fjf527a.pas
FAIL: fjf527d.pas
FAIL: fjf528a.pas
FAIL: fjf528b.pas
FAIL: fjf530.pas
FAIL: fjf533.pas
FAIL: fjf534.pas
FAIL: fjf535a.pas
FAIL: fjf535b.pas
FAIL: fjf535c.pas
FAIL: fjf535d.pas
FAIL: fjf536a.pas
FAIL: fjf536e.pas
FAIL: fjf536f.pas
FAIL: fjf536g.pas
FAIL: fjf536j.pas
FAIL: fjf537.pas
FAIL: fjf538a.pas
FAIL: fjf539a.pas
FAIL: fjf539b.pas
FAIL: fjf53a.pas
FAIL: fjf53b.pas
FAIL: fjf53c.pas
FAIL: fjf54.pas
FAIL: fjf540e.pas
FAIL: fjf540i.pas
FAIL: fjf541a.pas
FAIL: fjf541b.pas
FAIL: fjf542.pas
FAIL: fjf543a.pas
FAIL: fjf543d.pas
FAIL: fjf543f.pas
FAIL: fjf544a.pas
FAIL: fjf544b.pas
FAIL: fjf545.pas
FAIL: fjf546a.pas
FAIL: fjf546e.pas
FAIL: fjf546f.pas
FAIL: fjf549a.pas
FAIL: fjf549b.pas
FAIL: fjf550g.pas
FAIL: fjf550h.pas
FAIL: fjf550i.pas
FAIL: fjf550k.pas
FAIL: fjf551c.pas
FAIL: fjf552a.pas
FAIL: fjf552b.pas
FAIL: fjf553c.pas
FAIL: fjf554a.pas
FAIL: fjf554b.pas
FAIL: fjf554c.pas
FAIL: fjf554d.pas
FAIL: fjf554e.pas
FAIL: fjf554f.pas
FAIL: fjf554g.pas
FAIL: fjf554h.pas
FAIL: fjf554i.pas
FAIL: fjf554j.pas
FAIL: fjf554k.pas
FAIL: fjf554l.pas
FAIL: fjf554m.pas
FAIL: fjf554n.pas
FAIL: fjf554o.pas
FAIL: fjf554t.pas
FAIL: fjf556a.pas
FAIL: fjf556b.pas
FAIL: fjf556c.pas
FAIL: fjf556d.pas
FAIL: fjf558a.pas
FAIL: fjf558d.pas
FAIL: fjf558m.pas
FAIL: fjf558n.pas
FAIL: fjf558o.pas
FAIL: fjf558p.pas
FAIL: fjf559a.pas
FAIL: fjf559d.pas
FAIL: fjf56.pas
FAIL: fjf560a.pas
FAIL: fjf560c.pas
FAIL: fjf560d.pas
FAIL: fjf560e.pas
FAIL: fjf561.pas
FAIL: fjf563a.pas
FAIL: fjf563b.pas
FAIL: fjf563d.pas
FAIL: fjf564a.pas
FAIL: fjf564b.pas
FAIL: fjf564c.pas
FAIL: fjf564d.pas
FAIL: fjf564e.pas
FAIL: fjf564f.pas
FAIL: fjf565c.pas
FAIL: fjf565h.pas
FAIL: fjf565j.pas
FAIL: fjf565l.pas
FAIL: fjf565m.pas
FAIL: fjf565n.pas
FAIL: fjf566a.pas
FAIL: fjf566b.pas
FAIL: fjf566c.pas
FAIL: fjf566d.pas
FAIL: fjf566e.pas
FAIL: fjf566f.pas
FAIL: fjf566g.pas
FAIL: fjf566h.pas
FAIL: fjf566i.pas
FAIL: fjf567a.pas
FAIL: fjf567b.pas
FAIL: fjf567c.pas
FAIL: fjf569a.pas
FAIL: fjf569b.pas
FAIL: fjf569c.pas
FAIL: fjf569e.pas
FAIL: fjf569f.pas
FAIL: fjf569n.pas
FAIL: fjf569o.pas
FAIL: fjf569p.pas
FAIL: fjf569q.pas
FAIL: fjf569r.pas
FAIL: fjf569s.pas
FAIL: fjf569t.pas
FAIL: fjf569u.pas
FAIL: fjf569v.pas
FAIL: fjf569w.pas
FAIL: fjf57.pas
FAIL: fjf570b.pas
FAIL: fjf570c.pas
FAIL: fjf571a.pas
FAIL: fjf571b.pas
FAIL: fjf571c.pas
FAIL: fjf572a.pas
FAIL: fjf572b.pas
FAIL: fjf572c.pas
FAIL: fjf572d.pas
FAIL: fjf574a.pas
FAIL: fjf574b.pas
FAIL: fjf574c.pas
FAIL: fjf574d.pas
FAIL: fjf575.pas
FAIL: fjf576h.pas
FAIL: fjf576i.pas
FAIL: fjf576l.pas
FAIL: fjf576m.pas
FAIL: fjf577h.pas
FAIL: fjf577i.pas
FAIL: fjf577l.pas
FAIL: fjf578.pas
FAIL: fjf580.pas
FAIL: fjf582.pas
FAIL: fjf583.pas
FAIL: fjf584a.pas
FAIL: fjf587a.pas
FAIL: fjf587b.pas
FAIL: fjf587c.pas
FAIL: fjf587d.pas
FAIL: fjf587e.pas
FAIL: fjf587f.pas
FAIL: fjf588a.pas
FAIL: fjf588b.pas
FAIL: fjf588c.pas
FAIL: fjf588d.pas
FAIL: fjf588e.pas
FAIL: fjf588f.pas
FAIL: fjf588g.pas
FAIL: fjf588h.pas
FAIL: fjf588i.pas
FAIL: fjf588j.pas
FAIL: fjf588k.pas
FAIL: fjf588l.pas
FAIL: fjf589a.pas
FAIL: fjf589d.pas
FAIL: fjf589e.pas
FAIL: fjf589f.pas
FAIL: fjf59.pas
FAIL: fjf590.pas
FAIL: fjf591a.pas
FAIL: fjf591b.pas
FAIL: fjf591c.pas
FAIL: fjf591d.pas
FAIL: fjf592a.pas
FAIL: fjf592d.pas
FAIL: fjf592k.pas
FAIL: fjf593.pas
FAIL: fjf594a.pas
FAIL: fjf596.pas
FAIL: fjf597.pas
FAIL: fjf599a.pas
FAIL: fjf599b.pas
FAIL: fjf599c.pas
FAIL: fjf5a.pas
FAIL: fjf6.pas
FAIL: fjf60.pas
FAIL: fjf600.pas
FAIL: fjf601a.pas
FAIL: fjf601b.pas
FAIL: fjf601c.pas
FAIL: fjf601d.pas
FAIL: fjf602.pas
FAIL: fjf603.pas
FAIL: fjf604.pas
FAIL: fjf605a.pas
FAIL: fjf605b.pas
FAIL: fjf606.pas
FAIL: fjf607.pas
FAIL: fjf608.pas
FAIL: fjf609.pas
FAIL: fjf61.pas
FAIL: fjf610.pas
FAIL: fjf612b.pas
FAIL: fjf612c.pas
FAIL: fjf612d.pas
FAIL: fjf613.pas
FAIL: fjf614.pas
FAIL: fjf616.pas
FAIL: fjf617.pas
FAIL: fjf619a.pas
FAIL: fjf619b.pas
FAIL: fjf619c.pas
FAIL: fjf62.pas
FAIL: fjf620.pas
FAIL: fjf621.pas
FAIL: fjf622.pas
FAIL: fjf624a.pas
FAIL: fjf624b.pas
FAIL: fjf624c.pas
FAIL: fjf624d.pas
FAIL: fjf625.pas
FAIL: fjf626.pas
FAIL: fjf627.pas
FAIL: fjf629d.pas
FAIL: fjf629e.pas
FAIL: fjf629f.pas
FAIL: fjf629g.pas
FAIL: fjf63.pas
FAIL: fjf630a.pas
FAIL: fjf630b.pas
FAIL: fjf630c.pas
FAIL: fjf630d.pas
FAIL: fjf630e.pas
FAIL: fjf631.pas
FAIL: fjf632b.pas
FAIL: fjf633a.pas
FAIL: fjf633b.pas
FAIL: fjf633c.pas
FAIL: fjf636c.pas
FAIL: fjf636d.pas
FAIL: fjf636e.pas
FAIL: fjf637a.pas
FAIL: fjf637aa.pas
FAIL: fjf637ab.pas
FAIL: fjf637e.pas
FAIL: fjf637k.pas
FAIL: fjf637n.pas
FAIL: fjf637o.pas
FAIL: fjf637p.pas
FAIL: fjf637q.pas
FAIL: fjf637r.pas
FAIL: fjf637t.pas
FAIL: fjf637u.pas
FAIL: fjf637x.pas
FAIL: fjf637z.pas
FAIL: fjf638.pas
FAIL: fjf639aa.pas
FAIL: fjf639ab.pas
FAIL: fjf639i.pas
FAIL: fjf639i2.pas
FAIL: fjf639j.pas
FAIL: fjf639j4.pas
FAIL: fjf639j7.pas
FAIL: fjf639ja.pas
FAIL: fjf639n.pas
FAIL: fjf639p.pas
FAIL: fjf639r.pas
FAIL: fjf639t.pas
FAIL: fjf639u.pas
FAIL: fjf639x.pas
FAIL: fjf639x2.pas
FAIL: fjf639x3.pas
FAIL: fjf639x4.pas
FAIL: fjf639x5.pas
FAIL: fjf639z.pas
FAIL: fjf639z2.pas
FAIL: fjf639z3.pas
FAIL: fjf64.pas
FAIL: fjf641b.pas
FAIL: fjf641d.pas
FAIL: fjf641f.pas
FAIL: fjf641h.pas
FAIL: fjf641i.pas
FAIL: fjf641j.pas
FAIL: fjf641k.pas
FAIL: fjf641l.pas
FAIL: fjf643.pas
FAIL: fjf644.pas
FAIL: fjf645b.pas
FAIL: fjf645c.pas
FAIL: fjf647a.pas
FAIL: fjf647b.pas
FAIL: fjf647c.pas
FAIL: fjf649b.pas
FAIL: fjf650.pas
FAIL: fjf651a.pas
FAIL: fjf651b.pas
FAIL: fjf651c.pas
FAIL: fjf651d.pas
FAIL: fjf651e.pas
FAIL: fjf651f.pas
FAIL: fjf654a.pas
FAIL: fjf654b.pas
FAIL: fjf655a.pas
FAIL: fjf655b.pas
FAIL: fjf655c.pas
FAIL: fjf656a.pas
FAIL: fjf657b.pas
FAIL: fjf659a.pas
FAIL: fjf659c.pas
FAIL: fjf659d.pas
FAIL: fjf659h.pas
FAIL: fjf659j.pas
FAIL: fjf659k.pas
FAIL: fjf660.pas
FAIL: fjf662a.pas
FAIL: fjf662b.pas
FAIL: fjf663.pas
FAIL: fjf664.pas
FAIL: fjf665a.pas
FAIL: fjf665b.pas
FAIL: fjf665d.pas
FAIL: fjf665e.pas
FAIL: fjf665f.pas
FAIL: fjf665g.pas
FAIL: fjf665h.pas
FAIL: fjf665i.pas
FAIL: fjf665k.pas
FAIL: fjf665l.pas
FAIL: fjf665p.pas
FAIL: fjf665q.pas
FAIL: fjf665r.pas
FAIL: fjf665s.pas
FAIL: fjf666a.pas
FAIL: fjf666b.pas
FAIL: fjf667.pas
FAIL: fjf668a.pas
FAIL: fjf669a.pas
FAIL: fjf669b.pas
FAIL: fjf67.pas
FAIL: fjf670.pas
FAIL: fjf671d.pas
FAIL: fjf675.pas
FAIL: fjf676.pas
FAIL: fjf677.pas
FAIL: fjf678c.pas
FAIL: fjf679.pas
FAIL: fjf68.pas
FAIL: fjf680.pas
FAIL: fjf682.pas
FAIL: fjf683.pas
FAIL: fjf684.pas
FAIL: fjf687.pas
FAIL: fjf688.pas
FAIL: fjf689.pas
FAIL: fjf69.pas
FAIL: fjf695.pas
FAIL: fjf696c.pas
FAIL: fjf696d.pas
FAIL: fjf696e.pas
FAIL: fjf696f.pas
FAIL: fjf699.pas
FAIL: fjf7.pas
FAIL: fjf70.pas
FAIL: fjf700.pas
FAIL: fjf702.pas
FAIL: fjf705.pas
FAIL: fjf706a.pas
FAIL: fjf706b.pas
FAIL: fjf707a.pas
FAIL: fjf707b.pas
FAIL: fjf709.pas
FAIL: fjf70a.pas
FAIL: fjf712a.pas
FAIL: fjf714a.pas
FAIL: fjf715b.pas
FAIL: fjf716a.pas
FAIL: fjf716b.pas
FAIL: fjf72.pas
FAIL: fjf723a.pas
FAIL: fjf723b.pas
FAIL: fjf723e.pas
FAIL: fjf724a.pas
FAIL: fjf726d.pas
FAIL: fjf726h.pas
FAIL: fjf727.pas
FAIL: fjf728a.pas
FAIL: fjf729.pas
FAIL: fjf73.pas
FAIL: fjf731a.pas
FAIL: fjf731b.pas
FAIL: fjf732.pas
FAIL: fjf733a.pas
FAIL: fjf733b.pas
FAIL: fjf733e.pas
FAIL: fjf733f.pas
FAIL: fjf734b.pas
FAIL: fjf734d.pas
FAIL: fjf735i.pas
FAIL: fjf735k.pas
FAIL: fjf735l.pas
FAIL: fjf736f.pas
FAIL: fjf736h.pas
FAIL: fjf736h1.pas
FAIL: fjf737a.pas
FAIL: fjf737b.pas
FAIL: fjf738n.pas
FAIL: fjf738o.pas
FAIL: fjf738p.pas
FAIL: fjf738q.pas
FAIL: fjf738r.pas
FAIL: fjf739a.pas
FAIL: fjf74.pas
FAIL: fjf743.pas
FAIL: fjf744.pas
FAIL: fjf745j.pas
FAIL: fjf746.pas
FAIL: fjf747.pas
FAIL: fjf749a.pas
FAIL: fjf749b.pas
FAIL: fjf749d.pas
FAIL: fjf749e.pas
FAIL: fjf749f.pas
FAIL: fjf75.pas
FAIL: fjf750a.pas
FAIL: fjf750b.pas
FAIL: fjf750c.pas
FAIL: fjf750d.pas
FAIL: fjf750e.pas
FAIL: fjf750f.pas
FAIL: fjf751a.pas
FAIL: fjf751i.pas
FAIL: fjf751k.pas
FAIL: fjf751l.pas
FAIL: fjf751m.pas
FAIL: fjf752.pas
FAIL: fjf753a.pas
FAIL: fjf753b.pas
FAIL: fjf753h.pas
FAIL: fjf755.pas
FAIL: fjf757d.pas
FAIL: fjf758c.pas
FAIL: fjf758f.pas
FAIL: fjf758g.pas
FAIL: fjf758i.pas
FAIL: fjf760a.pas
FAIL: fjf760b.pas
FAIL: fjf763a.pas
FAIL: fjf763b.pas
FAIL: fjf764d.pas
FAIL: fjf765.pas
FAIL: fjf766.pas
FAIL: fjf768a.pas
FAIL: fjf768b.pas
FAIL: fjf768c.pas
FAIL: fjf768e.pas
FAIL: fjf768f.pas
FAIL: fjf768g.pas
FAIL: fjf770.pas
FAIL: fjf771.pas
FAIL: fjf772.pas
FAIL: fjf773.pas
FAIL: fjf774.pas
FAIL: fjf775b.pas
FAIL: fjf78.pas
FAIL: fjf780.pas
FAIL: fjf781a.pas
FAIL: fjf781d.pas
FAIL: fjf781f.pas
FAIL: fjf781g.pas
FAIL: fjf781j.pas
FAIL: fjf781k.pas
FAIL: fjf781l.pas
FAIL: fjf781m.pas
FAIL: fjf783c.pas
FAIL: fjf783h.pas
FAIL: fjf783i.pas
FAIL: fjf786.pas
FAIL: fjf787.pas
FAIL: fjf789.pas
FAIL: fjf79.pas
FAIL: fjf790.pas
FAIL: fjf791.pas
FAIL: fjf792a.pas
FAIL: fjf792b.pas
FAIL: fjf792c.pas
FAIL: fjf792d.pas
FAIL: fjf792e.pas
FAIL: fjf792f.pas
FAIL: fjf792g.pas
FAIL: fjf792h.pas
FAIL: fjf793a.pas
FAIL: fjf793b.pas
FAIL: fjf793c.pas
FAIL: fjf793d.pas
FAIL: fjf793e.pas
FAIL: fjf793f.pas
FAIL: fjf793g.pas
FAIL: fjf793h.pas
FAIL: fjf793i.pas
FAIL: fjf794a.pas
FAIL: fjf794b.pas
FAIL: fjf794c.pas
FAIL: fjf794d.pas
FAIL: fjf796a.pas
FAIL: fjf796b.pas
FAIL: fjf797a.pas
FAIL: fjf797b.pas
FAIL: fjf798.pas
FAIL: fjf799b.pas
FAIL: fjf799c.pas
FAIL: fjf7a.pas
FAIL: fjf7b.pas
FAIL: fjf7c.pas
FAIL: fjf8.pas
FAIL: fjf80.pas
FAIL: fjf800.pas
FAIL: fjf801.pas
FAIL: fjf802b.pas
FAIL: fjf803.pas
FAIL: fjf804.pas
FAIL: fjf805.pas
FAIL: fjf806a.pas
FAIL: fjf806d.pas
FAIL: fjf806e.pas
FAIL: fjf807.pas
FAIL: fjf808.pas
FAIL: fjf809a.pas
FAIL: fjf810.pas
FAIL: fjf811a.pas
FAIL: fjf813a.pas
FAIL: fjf813b.pas
FAIL: fjf813c.pas
FAIL: fjf814.pas
FAIL: fjf817.pas
FAIL: fjf818.pas
FAIL: fjf819b.pas
FAIL: fjf821a.pas
FAIL: fjf823a.pas
FAIL: fjf824a.pas
FAIL: fjf824b.pas
FAIL: fjf824c.pas
FAIL: fjf824d.pas
FAIL: fjf824e.pas
FAIL: fjf825a.pas
FAIL: fjf826a.pas
FAIL: fjf826c.pas
FAIL: fjf826d.pas
FAIL: fjf826g.pas
FAIL: fjf827.pas
FAIL: fjf829c.pas
FAIL: fjf829d.pas
FAIL: fjf832.pas
FAIL: fjf833.pas
FAIL: fjf835e.pas
FAIL: fjf836.pas
FAIL: fjf837g.pas
FAIL: fjf839a.pas
FAIL: fjf840a.pas
FAIL: fjf841.pas
FAIL: fjf842.pas
FAIL: fjf843.pas
FAIL: fjf846.pas
FAIL: fjf847.pas
FAIL: fjf848d.pas
FAIL: fjf848e.pas
FAIL: fjf84b.pas
FAIL: fjf85.pas
FAIL: fjf850d.pas
FAIL: fjf857.pas
FAIL: fjf858.pas
FAIL: fjf859.pas
FAIL: fjf86.pas
FAIL: fjf860a.pas
FAIL: fjf860b.pas
FAIL: fjf861.pas
FAIL: fjf862.pas
FAIL: fjf863a.pas
FAIL: fjf864a.pas
FAIL: fjf864b.pas
FAIL: fjf864c.pas
FAIL: fjf864d.pas
FAIL: fjf864g1.pas
FAIL: fjf864h.pas
FAIL: fjf864i1.pas
FAIL: fjf866.pas
FAIL: fjf867.pas
FAIL: fjf868.pas
FAIL: fjf869.pas
FAIL: fjf87.pas
FAIL: fjf871.pas
FAIL: fjf872.pas
FAIL: fjf873.pas
FAIL: fjf875a.pas
FAIL: fjf875b.pas
FAIL: fjf875c.pas
FAIL: fjf876.pas
FAIL: fjf878.pas
FAIL: fjf88.pas
FAIL: fjf880.pas
FAIL: fjf881.pas
FAIL: fjf883.pas
FAIL: fjf884b.pas
FAIL: fjf884c.pas
FAIL: fjf884c2.pas
FAIL: fjf884c3.pas
FAIL: fjf884e.pas
FAIL: fjf884n.pas
FAIL: fjf884p.pas
FAIL: fjf884s.pas
FAIL: fjf884t.pas
FAIL: fjf884u.pas
FAIL: fjf884v.pas
FAIL: fjf884w.pas
FAIL: fjf885.pas
FAIL: fjf886a.pas
FAIL: fjf886c.pas
FAIL: fjf888a.pas
FAIL: fjf888b.pas
FAIL: fjf888c.pas
FAIL: fjf888d.pas
FAIL: fjf889.pas
FAIL: fjf89.pas
FAIL: fjf891a.pas
FAIL: fjf893.pas
FAIL: fjf895.pas
FAIL: fjf899.pas
FAIL: fjf9.pas
FAIL: fjf90.pas
FAIL: fjf900b.pas
FAIL: fjf901c.pas
FAIL: fjf901d.pas
FAIL: fjf902b.pas
FAIL: fjf902c.pas
FAIL: fjf903a.pas
FAIL: fjf903b.pas
FAIL: fjf903c.pas
FAIL: fjf903e.pas
FAIL: fjf903f.pas
FAIL: fjf904a.pas
FAIL: fjf904b.pas
FAIL: fjf904h.pas
FAIL: fjf904i.pas
FAIL: fjf904k.pas
FAIL: fjf905a.pas
FAIL: fjf905b.pas
FAIL: fjf907.pas
FAIL: fjf908.pas
FAIL: fjf909.pas
FAIL: fjf90a.pas
FAIL: fjf910.pas
FAIL: fjf911a.pas
FAIL: fjf911b.pas
FAIL: fjf911c.pas
FAIL: fjf911d.pas
FAIL: fjf911e.pas
FAIL: fjf911f.pas
FAIL: fjf911g.pas
FAIL: fjf911h.pas
FAIL: fjf911i.pas
FAIL: fjf911j.pas
FAIL: fjf911k.pas
FAIL: fjf911l.pas
FAIL: fjf914a.pas
FAIL: fjf914b.pas
FAIL: fjf915b.pas
FAIL: fjf915c.pas
FAIL: fjf915d.pas
FAIL: fjf916.pas
FAIL: fjf917b.pas
FAIL: fjf917c.pas
FAIL: fjf917d.pas
FAIL: fjf918a.pas
FAIL: fjf919a.pas
FAIL: fjf91b.pas
FAIL: fjf91c.pas
FAIL: fjf91e.pas
FAIL: fjf91h.pas
FAIL: fjf91i.pas
FAIL: fjf91m.pas
FAIL: fjf91n.pas
FAIL: fjf92.pas
FAIL: fjf920.pas
FAIL: fjf923.pas
FAIL: fjf924.pas
FAIL: fjf928.pas
FAIL: fjf929.pas
FAIL: fjf930a.pas
FAIL: fjf930b.pas
FAIL: fjf931c.pas
FAIL: fjf932a.pas
FAIL: fjf932b.pas
FAIL: fjf933a.pas
FAIL: fjf936.pas
FAIL: fjf937a.pas
FAIL: fjf937c.pas
FAIL: fjf937d.pas
FAIL: fjf939a.pas
FAIL: fjf939b.pas
FAIL: fjf939c.pas
FAIL: fjf939d.pas
FAIL: fjf94.pas
FAIL: fjf940b.pas
FAIL: fjf940d.pas
FAIL: fjf941.pas
FAIL: fjf942.pas
FAIL: fjf943.pas
FAIL: fjf95.pas
FAIL: fjf95a.pas
FAIL: fjf95b.pas
FAIL: fjf96.pas
FAIL: fjf99.pas
FAIL: fnested.pas
FAIL: fontana1.pas
FAIL: forloop.pas
FAIL: form.pas
FAIL: formattimetest.pas
FAIL: forvars1.pas
FAIL: forvars2.pas
FAIL: forwarning.pas
FAIL: fproc.pas
FAIL: funcs.pas
FAIL: fupotest.pas
FAIL: gale1a.pas
FAIL: gale1c.pas
FAIL: gale2c.pas
FAIL: gale3.pas
FAIL: gale4.pas
FAIL: george1.pas
FAIL: getopt1.pas
FAIL: getopt2.pas
FAIL: getopt3.pas
FAIL: gettexttest.pas
FAIL: gmplink.pas
FAIL: gmptest.pas
FAIL: gordon.pas
FAIL: goto1.pas
FAIL: goto3.pas
FAIL: goto4.pas
FAIL: goto5.pas
FAIL: goto6.pas
FAIL: goto7.pas
FAIL: goto8.pas
FAIL: gpc_c_p.pas
FAIL: gpctest.pas
FAIL: gpcu_c_u.pas
FAIL: gpcutiltest.pas
FAIL: grx1.pas
FAIL: grx2.pas
FAIL: hamachi.pas
FAIL: hamlet.pas
FAIL: hanoi.pas
FAIL: head.pas
FAIL: heapmo2.pas
FAIL: heapmontest.pas
FAIL: highlow1.pas
FAIL: highlow2.pas
FAIL: highlow3.pas
FAIL: highlow4.pas
FAIL: highlow5.pas
FAIL: hugereal.pas
FAIL: ian1.pas
FAIL: ian2.pas
FAIL: ian3.pas
FAIL: ian4.pas
FAIL: ian5a.pas
FAIL: ian5b.pas
FAIL: ian5c.pas
FAIL: ian6.pas
FAIL: ian7.pas
FAIL: ifopt.pas
FAIL: incdec.pas
FAIL: index.pas
FAIL: inirec1.pas
FAIL: inirec3.pas
FAIL: insan.pas
FAIL: integ2.pas
FAIL: integers.pas
FAIL: iso.pas
FAIL: jesper1.pas
FAIL: jesper2.pas
FAIL: jesper3.pas
FAIL: jesper4.pas
FAIL: jesper5.pas
FAIL: jim1.pas
FAIL: jim2.pas
FAIL: jj1.pas
FAIL: jj2.pas
FAIL: jj3.pas
FAIL: jj3a.pas
FAIL: jj4.pas
FAIL: juki1.pas
FAIL: ken1.pas
FAIL: ken1a.pas
FAIL: kevin1.pas
FAIL: kevin10.pas
FAIL: kevin11.pas
FAIL: kevin12.pas
FAIL: kevin13.pas
FAIL: kevin4.pas
FAIL: kevin5.pas
FAIL: kevin6.pas
FAIL: kevin7.pas
FAIL: kevin8.pas
FAIL: kevin9.pas
FAIL: knuth1.pas
FAIL: knuth1a.pas
FAIL: knuth2.pas
FAIL: knuth3.pas
FAIL: kohl.pas
FAIL: kurzw2.pas
FAIL: kurzw3.pas
FAIL: larry1.pas
FAIL: larry3.pas
FAIL: lastpos.pas
FAIL: link1.pas
FAIL: link1a.pas
FAIL: link1b.pas
FAIL: link1c.pas
FAIL: link3.pas
FAIL: link5a.pas
FAIL: link5b.pas
FAIL: link6.pas
FAIL: link7a.pas
FAIL: link7b.pas
FAIL: longints.pas
FAIL: longr1.pas
FAIL: lrbug2.pas
FAIL: marius1.pas
FAIL: marius2a.pas
FAIL: marius2b.pas
FAIL: markus1.pas
FAIL: markus2.pas
FAIL: markus3.pas
FAIL: markus4.pas
FAIL: markus5.pas
FAIL: markus6.pas
FAIL: markus7.pas
FAIL: markus9.pas
FAIL: martin2a.pas
FAIL: martin2b.pas
FAIL: martin3.pas
FAIL: martin3a.pas
FAIL: martin4a.pas
FAIL: martin4b.pas
FAIL: martin5.pas
FAIL: martin6.pas
FAIL: math.pas
FAIL: matt1.pas
FAIL: maur1.pas
FAIL: maur10a.pas
FAIL: maur10b.pas
FAIL: maur11.pas
FAIL: maur2.pas
FAIL: maur3.pas
FAIL: maur4.pas
FAIL: maur5.pas
FAIL: maur6.pas
FAIL: maur7.pas
FAIL: maur8.pas
FAIL: maur9.pas
FAIL: md5test.pas
FAIL: mem.pas
FAIL: miguel1.pas
FAIL: miguel2.pas
FAIL: mike1.pas
FAIL: miklos1a.pas
FAIL: miklos2.pas
FAIL: miklos3.pas
FAIL: miklos4.pas
FAIL: miklos5.pas
FAIL: miklos7.pas
FAIL: minimax.pas
FAIL: mir000.pas
FAIL: mir001.pas
FAIL: mir002.pas
FAIL: mir003.pas
FAIL: mir004.pas
FAIL: mir005.pas
FAIL: mir006.pas
FAIL: mir007.pas
FAIL: mir008.pas
FAIL: mir009.pas
FAIL: mir010.pas
FAIL: mir011.pas
FAIL: mir012.pas
FAIL: mir013.pas
FAIL: mir014.pas
FAIL: mir015.pas
FAIL: mir029cl.pas
FAIL: mir029cu.pas
FAIL: mir029el.pas
FAIL: mir029eu.pas
FAIL: mir029il.pas
FAIL: mir029iu.pas
FAIL: mir048a.pas
FAIL: mir048b.pas
FAIL: mir048c.pas
FAIL: mir048d.pas
FAIL: mir048f.pas
FAIL: mixcom1.pas
FAIL: mixcom10.pas
FAIL: mixcom11.pas
FAIL: mixcom12.pas
FAIL: mixcom14.pas
FAIL: mixcom15.pas
FAIL: mixcom2.pas
FAIL: mixcom3.pas
FAIL: mixcom4.pas
FAIL: mixcom5.pas
FAIL: mixcom6.pas
FAIL: mixcom7.pas
FAIL: mixcom9.pas
FAIL: ml4.pas
FAIL: ml4a.pas
FAIL: ml4b.pas
FAIL: mod1.pas
FAIL: mod11e.pas
FAIL: mod12.pas
FAIL: mod1a.pas
FAIL: mod2.pas
FAIL: mod3.pas
FAIL: mod4.pas
FAIL: mod5.pas
FAIL: mod7a.pas
FAIL: modtype.pas
FAIL: moves.pas
FAIL: moves2.pas
FAIL: moves3.pas
FAIL: movewor2.pas
FAIL: moveword.pas
FAIL: nest1.pas
FAIL: nest10.pas
FAIL: nest11.pas
FAIL: nest12.pas
FAIL: nest13.pas
FAIL: nest14.pas
FAIL: nest15.pas
FAIL: nest16.pas
FAIL: nest17.pas
FAIL: nest18.pas
FAIL: nest19.pas
FAIL: nest2.pas
FAIL: nest20.pas
FAIL: nest21.pas
FAIL: nest22.pas
FAIL: nest23.pas
FAIL: nest25.pas
FAIL: nest27.pas
FAIL: nest3.pas
FAIL: nest4.pas
FAIL: nest5.pas
FAIL: nest6.pas
FAIL: nest7.pas
FAIL: nest8.pas
FAIL: nest9.pas
FAIL: nick1.pas
FAIL: nick2.pas
FAIL: nicola3a.pas
FAIL: nicola3b.pas
FAIL: nicola4b.pas
FAIL: nicola4d.pas
FAIL: nlgpp.pas
FAIL: nlgpp2.pas
FAIL: nmaze.pas
FAIL: nohead.pas
FAIL: nonloc2goto.pas
FAIL: nonloc3goto.pas
FAIL: nonloc4goto.pas
FAIL: nonlocgoto.pas
FAIL: numericio.pas
FAIL: objcrash.pas
FAIL: objects.pas
FAIL: objsize.pas
FAIL: oemtest.pas
FAIL: offsetoftest.pas
FAIL: opath.pas
FAIL: openarr.pas
FAIL: orland1.pas
FAIL: orland2.pas
FAIL: osdostest.pas
FAIL: pack1.pas
FAIL: pack10.pas
FAIL: pack11.pas
FAIL: pack12.pas
FAIL: pack2.pas
FAIL: pack3.pas
FAIL: pack4.pas
FAIL: pack5.pas
FAIL: pack6.pas
FAIL: pack9.pas
FAIL: palindromes.pas
FAIL: params.pas
FAIL: pat1.pas
FAIL: pat3.pas
FAIL: pat4.pas
FAIL: pcextn.pas
FAIL: pd1.pas
FAIL: pd2.pas
FAIL: permute.pas
FAIL: peter.pas
FAIL: peter3.pas
FAIL: pfep1.pas
FAIL: piconst.pas
FAIL: piextn.pas
FAIL: pipetes2.pas
FAIL: pipetest.pas
FAIL: pismo1.pas
FAIL: pmod1.pas
FAIL: powersoftwo.pas
FAIL: powtest.pas
FAIL: predef.pas
FAIL: pretty.pas
FAIL: primes.pas
FAIL: procpar1.pas
FAIL: procpar2.pas
FAIL: procs.pas
FAIL: procvar1.pas
FAIL: procvar2.pas
FAIL: procvar3.pas
FAIL: prx.pas
FAIL: ptrarith.pas
FAIL: ptrvars.pas
FAIL: pvs1.pas
FAIL: pvs2.pas
FAIL: pvs3.pas
FAIL: quicksort.pas
FAIL: random.pas
FAIL: ranges.pas
FAIL: rdcstr1.pas
FAIL: rdcstr2.pas
FAIL: rdpal.pas
FAIL: rdwt.pas
FAIL: readb1.pas
FAIL: readb10.pas
FAIL: readb11.pas
FAIL: readb12.pas
FAIL: readb13.pas
FAIL: readb14.pas
FAIL: readb15.pas
FAIL: readb16.pas
FAIL: readb2.pas
FAIL: readb3.pas
FAIL: readb4.pas
FAIL: readb5.pas
FAIL: readb6.pas
FAIL: readb7.pas
FAIL: readb8.pas
FAIL: readb9.pas
FAIL: readc1.pas
FAIL: readc10.pas
FAIL: readc11.pas
FAIL: readc12.pas
FAIL: readc13.pas
FAIL: readc14.pas
FAIL: readc15.pas
FAIL: readc16.pas
FAIL: readc2.pas
FAIL: readc3.pas
FAIL: readc4.pas
FAIL: readc5.pas
FAIL: readc6.pas
FAIL: readc7.pas
FAIL: readc8.pas
FAIL: readc9.pas
FAIL: reade1.pas
FAIL: reade10.pas
FAIL: reade11.pas
FAIL: reade12.pas
FAIL: reade13.pas
FAIL: reade14.pas
FAIL: reade15.pas
FAIL: reade16.pas
FAIL: reade2.pas
FAIL: reade3.pas
FAIL: reade4.pas
FAIL: reade5.pas
FAIL: reade6.pas
FAIL: reade7.pas
FAIL: reade8.pas
FAIL: reade9.pas
FAIL: readg1.pas
FAIL: readg10.pas
FAIL: readg11.pas
FAIL: readg12.pas
FAIL: readg13.pas
FAIL: readg14.pas
FAIL: readg15.pas
FAIL: readg16.pas
FAIL: readg2.pas
FAIL: readg3.pas
FAIL: readg4.pas
FAIL: readg5.pas
FAIL: readg6.pas
FAIL: readg7.pas
FAIL: readg8.pas
FAIL: readg9.pas
FAIL: real.pas
FAIL: realout.pas
FAIL: redef.pas
FAIL: redefp.pas
FAIL: reset.pas
FAIL: retval.pas
FAIL: richard1.pas
FAIL: rick1.pas
FAIL: robert1a.pas
FAIL: robert1b.pas
FAIL: roland1.pas
FAIL: ross1.pas
FAIL: round.pas
FAIL: rphil2.pas
FAIL: rphil4.pas
FAIL: rphil5.pas
FAIL: rphil6.pas
FAIL: rudy1.pas
FAIL: rudy1a.pas
FAIL: russ3b.pas
FAIL: russell1.pas
FAIL: russell2.pas
FAIL: sam1.pas
FAIL: sam10.pas
FAIL: sam11.pas
FAIL: sam12.pas
FAIL: sam2.pas
FAIL: sam2b.pas
FAIL: sam3.pas
FAIL: sam4.pas
FAIL: sam5.pas
FAIL: sam6.pas
FAIL: sam7.pas
FAIL: sam8.pas
FAIL: sam9.pas
FAIL: sberend.pas
FAIL: scaltst.pas
FAIL: schema1.pas
FAIL: schema1a.pas
FAIL: schema1b.pas
FAIL: schema1c.pas
FAIL: schema2.pas
FAIL: schema2a.pas
FAIL: schema3.pas
FAIL: schema3a.pas
FAIL: scott1.pas
FAIL: seekrd.pas
FAIL: sequin.pas
FAIL: setest.pas
FAIL: setfor.pas
FAIL: setret.pas
FAIL: sets1.pas
FAIL: sets10.pas
FAIL: sets12.pas
FAIL: sets13.pas
FAIL: sets14a.pas
FAIL: sets14b.pas
FAIL: sets2.pas
FAIL: sets3.pas
FAIL: sets4.pas
FAIL: sets5.pas
FAIL: sets5a.pas
FAIL: sets5b.pas
FAIL: sets6.pas
FAIL: sets7.pas
FAIL: sets8.pas
FAIL: sets9.pas
FAIL: shl.pas
FAIL: shlshr.pas
FAIL: shoemake.pas
FAIL: sietse1.pas
FAIL: sietse2a.pas
FAIL: sietse2b.pas
FAIL: sietse2c.pas
FAIL: sietse2d.pas
FAIL: sietse3.pas
FAIL: size.pas
FAIL: sizeofs.pas
FAIL: slength.pas
FAIL: sort.pas
FAIL: srb1.pas
FAIL: srb2.pas
FAIL: steph1.pas
FAIL: steve1.pas
FAIL: str1cstr.pas
FAIL: str2cstr.pas
FAIL: str3cstr.pas
FAIL: strcmp1.pas
FAIL: strcmp2.pas
FAIL: strindex.pas
FAIL: stringstest.pas
FAIL: stringu2tilstest.pas
FAIL: stringutilstest.pas
FAIL: strini.pas
FAIL: strngs.pas
FAIL: strptr1.pas
FAIL: strptr2.pas
FAIL: strptr3.pas
FAIL: strptr4.pas
FAIL: strval.pas
FAIL: subrs.pas
FAIL: sven0.pas
FAIL: sven1.pas
FAIL: sven10.pas
FAIL: sven11.pas
FAIL: sven13.pas
FAIL: sven14.pas
FAIL: sven14a.pas
FAIL: sven14b.pas
FAIL: sven14c.pas
FAIL: sven15.pas
FAIL: sven16.pas
FAIL: sven17.pas
FAIL: sven17a.pas
FAIL: sven17b.pas
FAIL: sven19a.pas
FAIL: sven19b.pas
FAIL: sven3.pas
FAIL: sven4.pas
FAIL: sven5.pas
FAIL: sven6.pas
FAIL: sven7.pas
FAIL: sven8.pas
FAIL: sven9.pas
FAIL: switches.pas
FAIL: systemtest.pas
FAIL: t01.pas
FAIL: t03.pas
FAIL: t04.pas
FAIL: t05.pas
FAIL: t06.pas
FAIL: t07.pas
FAIL: t08.pas
FAIL: t09.pas
FAIL: t10.pas
FAIL: t11.pas
FAIL: t12.pas
FAIL: t13.pas
FAIL: t14.pas
FAIL: t15.pas
FAIL: t16.pas
FAIL: t17.pas
FAIL: t18.pas
FAIL: t19.pas
FAIL: t6331-5.pas
FAIL: t6334-2.pas
FAIL: t6p6p3p4.pas
FAIL: tagnew2.pas
FAIL: tagnew3.pas
FAIL: tagnew4.pas
FAIL: tagnew5.pas
FAIL: takashi1.pas
FAIL: testeoln.pas
FAIL: testio.pas
FAIL: testounit.pas
FAIL: tfddtest.pas
FAIL: thamm1.pas
FAIL: theo1a.pas
FAIL: theo1b.pas
FAIL: toby1.pas
FAIL: tom1.pas
FAIL: tom2.pas
FAIL: tom3.pas
FAIL: tom4.pas
FAIL: tom5.pas
FAIL: tom6.pas
FAIL: transpose.pas
FAIL: trap2test.pas
FAIL: traptest.pas
FAIL: truncst2.pas
FAIL: truncst3.pas
FAIL: truncst4.pas
FAIL: typeofs.pas
FAIL: unitinfile.pas
FAIL: unum.pas
FAIL: upath1.pas
FAIL: varrec1.pas
FAIL: voidparm.pas
FAIL: waldek2.pas
FAIL: waldek3.pas
FAIL: waldek3a.pas
FAIL: waldek3d.pas
FAIL: waldek5a.pas
FAIL: waldek5b.pas
FAIL: waldek6.pas
FAIL: waldek8.pas
FAIL: wnj.pas
FAIL: wordbools.pas
FAIL: writeb.pas
FAIL: writebyte.pas
FAIL: writec.pas
FAIL: writee.pas
FAIL: writeg.pas
FAIL: writereal.pas
FAIL: y2k.pas

		=== gpc Summary ===

# of tests                3910
# of expected passes      1291
# of unexpected failures  2614
# of unsupported tests    5
/build/buildd/gcc-3.3-3.3.4/build/gcc/xgpc version 20040516, based on gcc-3.3.4 (Debian 1:3.3.4-3)

		=== g++ tests ===


Running target unix
FAIL: g++.abi/ptrflags.C (test for excess errors)
FAIL: g++.eh/catchptr1.C  Execution test
XPASS: g++.law/profile1.C (test for excess errors)
XPASS: g++.law/profile1.C  Execution test
XPASS: g++.other/init5.C  Execution test

		=== g++ Summary ===

# of expected passes		8168
# of unexpected failures	2
# of unexpected successes	3
# of expected failures		100
# of untested testcases		23
# of unsupported tests		30
/build/buildd/gcc-3.3-3.3.4/build/gcc/testsuite/../g++ version 3.3.4 (Debian 1:3.3.4-3)

		=== g77 tests ===


Running target unix

		=== g77 Summary ===

# of expected passes		1720
# of unsupported tests		8
/build/buildd/gcc-3.3-3.3.4/build/gcc/testsuite/../g77 version 3.3.4 (Debian 1:3.3.4-3)

		=== gcc tests ===


Running target unix
FAIL: gcc.c-torture/compile/20001226-1.c,  -O1  
FAIL: gcc.c-torture/compile/20001226-1.c,  -O2  
FAIL: gcc.c-torture/compile/20001226-1.c,  -O3 -fomit-frame-pointer  
FAIL: gcc.c-torture/compile/20001226-1.c,  -O3 -g  
WARNING: program timed out.
FAIL: gcc.c-torture/compile/20001226-1.c,  -Os  
FAIL: gcc.c-torture/execute/20020412-1.c execution,  -O0 
FAIL: gcc.c-torture/execute/20020412-1.c execution,  -O1 
FAIL: gcc.c-torture/execute/20020412-1.c execution,  -O2 
FAIL: gcc.c-torture/execute/20020412-1.c execution,  -O3 -fomit-frame-pointer 
FAIL: gcc.c-torture/execute/20020412-1.c execution,  -O3 -fomit-frame-pointer -funroll-loops 
FAIL: gcc.c-torture/execute/20020412-1.c execution,  -O3 -fomit-frame-pointer -funroll-all-loops -finline-functions 
FAIL: gcc.c-torture/execute/20020412-1.c execution,  -O3 -g 
FAIL: gcc.c-torture/execute/20020412-1.c execution,  -Os 
FAIL: gcc.dg/duff-2.c (test for excess errors)
FAIL: gcc.dg/special/gcsec-1.c -ffunction-sections -fdata-sections -Wl,--gc-sections -static (test for excess errors)
FAIL: mips-abi 64

		=== gcc Summary ===

# of expected passes		21146
# of unexpected failures	16
# of expected failures		93
# of unsupported tests		195
/build/buildd/gcc-3.3-3.3.4/build/gcc/xgcc version 3.3.4 (Debian 1:3.3.4-3)

		=== objc tests ===


Running target unix

		=== objc Summary ===

# of expected passes		1166
/build/buildd/gcc-3.3-3.3.4/build/gcc/xgcc version 3.3.4 (Debian 1:3.3.4-3)

		=== treelang tests ===


Running target unix

		=== treelang Summary ===

# of expected passes		1
		=== libstdc++-v3 tests ===


Running target unix
XPASS: 22_locale/collate_byname.cc execution test
XPASS: 22_locale/collate_members_char.cc execution test
XPASS: 22_locale/collate_members_wchar_t.cc execution test
XPASS: 22_locale/ctype_is_char.cc execution test
XPASS: 22_locale/ctype_is_wchar_t.cc execution test
XPASS: 22_locale/members.cc execution test
XPASS: 22_locale/messages_byname.cc execution test
XPASS: 22_locale/messages_members_char.cc execution test
XPASS: 22_locale/money_get_members_char.cc execution test
XPASS: 22_locale/money_get_members_wchar_t.cc execution test
XPASS: 22_locale/money_put_members_char.cc execution test
XPASS: 22_locale/money_put_members_wchar_t.cc execution test
XPASS: 22_locale/moneypunct_byname.cc execution test
XPASS: 22_locale/moneypunct_members_char.cc execution test
XPASS: 22_locale/moneypunct_members_wchar_t.cc execution test
XPASS: 22_locale/num_get_members_char.cc execution test
XPASS: 22_locale/num_get_members_wchar_t.cc execution test
XPASS: 22_locale/num_put_members_char.cc execution test
XPASS: 22_locale/num_put_members_wchar_t.cc execution test
XPASS: 22_locale/numpunct_byname.cc execution test
XPASS: 22_locale/numpunct_members_char.cc execution test
XPASS: 22_locale/numpunct_members_wchar_t.cc execution test
XPASS: 22_locale/time_get_members_char.cc execution test
XPASS: 22_locale/time_get_members_wchar_t.cc execution test
WARNING: program timed out.
FAIL: 27_io/filebuf_members.cc execution test

		=== libstdc++-v3 Summary ===

# of expected passes		452
# of unexpected failures	1
# of unexpected successes	24
# of expected failures		4

Compiler version: 3.3.4 (Debian 1:3.3.4-3) 
Platform: mipsel-linux
configure flags: --host=mipsel-linux -v --enable-languages=c,c++,f77,pascal,objc,ada,treelang --prefix=/usr --mandir=/usr/share/man --infodir=/usr/share/info --with-gxx-include-dir=/usr/include/c++/3.3 --enable-shared --with-system-zlib --enable-nls --without-included-gettext --enable-__cxa_atexit --enable-clocale=gnu --enable-debug --enable-objc-gc
BOOT_CFLAGS=-g -O2 


Build Dependencies:
Desired=Unknown/Install/Remove/Purge/Hold
| Status=Not/Installed/Config-files/Unpacked/Failed-config/Half-installed
|/ Err?=(none)/Hold/Reinst-required/X=both-problems (Status,Err: uppercase=bad)
||/ Name           Version        Description
+++-==============-==============-============================================
ii  binutils       2.14.90.0.7-8  The GNU assembler, linker and binary utiliti
ii  libc6-dev      2.3.2.ds1-13   GNU C Library: Development Libraries and Hea


Patches that Debian applied in this version:

cvs-updates:
  CVS updates from the 3.3 branch upto 20040707

gcc-version:
  Add "(Debian <package version>)" to the gcc version string

rename-info-files:
  Allow transformations on info file names. Reference the
  transformed info file names in the texinfo files.

libf2c-update:
  libf2c update taken from the 3.4.1 release.

libstdc++-pic:
  Build and install libstdc++_pic.a library.

libstdc++-doclink:
  link local libstdc++ documentation to local source-level documentation 

gccbug:
  Use sensible-editor instead of vi as fallback editor

gccbug-posix:
  Make gccbug POSIX compliant (patch by David Weinehall)
  http://www.opengroup.org/onlinepubs/009695399/utilities/test.html

hppa-libffi:
  libffi support for hppa

hppa-libjava:
  Enable libjava support for hppa

libffi-config:
  ffi.h.in: correctly #define ffi_type_[us]long on 32bit archs

pr14700:
  Fix for PR14700
  
  2004-06-24  Eric Christopher  <echristo@redhat.com>
  
  	* combine.c (distribute_notes): Don't delete sets to
  	global register variables.
  
  2004-06-29  Zack Weinberg  <zack@codesourcery.com>
  
  	* combine.c (distribute_notes): Don't look at global_regs for
  	pseudos.

pr14782:
  Fix for PR14782 (http://gcc.gnu.org/PR14782).

i386-mtune:
  From: Jakub Jelinek <jakub@redhat.com>
  Subject: [PATCH] Don't set x86_prefetch_sse based on -mtune= option

link-libs:

libtool-rpath:
  2003-03-10  Andreas Schwab  <schwab at suse dot de>
  With the introduction of multi-os-directory the libdir specification in
  *.la files have /. appended to \$(libdir).  This confuses libtool when it
  tries to find out whether to add -rpath, because it only matches literally
  against sys_lib_dlsearch_path members.  Tested on i386-linux.

test-summary:
  add libstdc++-v3's check summary to the test summary

libffi-install:
  Allows libffi to be installed

libffi-no-debug:
  Do not build libffi with debug information, although configuring
  with --enable-debug

libffi-without-libgcj:
  build libffi without building libgcj

deb-protoize:
  build protoize/unprotoize by default

libobjc:
  Find gc.h header in /usr/include/gc for --enable-objc-gc enabled builds.

ada-gcc-name:
  use gcc-3.3 instead of gcc and gnatXXX-3.15 instead of gnatXXX
  as the command names.

ada-no-gnatpsta:
  Don't build the gnatpsta tool

gpc-20040516-patch-update:
  update the gpc diffs to recent gcc sources, fix build failure on powerpc

gpc-update11:
  Fix gpc build error for bootstrap target

gpc-3.x:
  The gpc patch from the gpc tarball.

gpc-names:
  versioned gpc names

reporting:
  Add Debian URL for bug reporting isntructions.

autoreconf:
  autoreconf several directories for proper mipsen libtool support

Counting all warnings,
there are 379 warnings in stage3 of this bootstrap.

Number of warnings per file:
    225 SYSCALLS.c
     49 parse.c
     28 pascal-lex.c
     13 pascal-lex.l
     11 gcc/config/mips/mips.md
      8 gcc/p/lang.c
      6 ./ffe.texi
      5 gcc/treelang/parse.c
      4 gcc/p/lang-specs.h
      4 ./intdoc.texi
      3 gcc/tlink.c
      3 /usr/share/bison/bison.simple
      2 insn-conditions.c
      2 gcc/p/gpc.c
      2 gcc/p/gpc-lex.c
      2 gcc/objc/lang-specs.h
      2 gcc/gcc.c
      2 gcc/diagnostic.c
      2 gcc/crtstuff.c
      1 libiberty/choose-temp.c
      1 gt-ada-utils.h
      1 gt-ada-decl.h
      1 gcc/varasm.c
      1 gcc/collect2.c
      1 ada/b_gnatb.c

Number of warning types:
    226 function declaration isn't a prototype
     92 traditional C rejects ISO C style function definitions
     10 string length `???' is greater than the length `???' ISO C89 compilers are required to support
      6 undefined flag: srcdir.
      6 operand 1 missing mode?
      5 operand 0 missing mode?
      4 unused parameter `???'
      4 comparison of unsigned expression < 0 is always false
      3 label `???' defined but not used
      3 assignment makes pointer from integer without a cast
      2 unused variable `???'
      2 unlikely character ) in @var.
      2 unlikely character ( in @var.
      2 traditional C rejects string concatenation
      2 too many arguments for format
      2 passing arg ??? of `???' discards qualifiers from pointer target type
      2 conflicting types for built-in function `???'
      2 comparison between signed and unsigned
      1 the use of `???' is dangerous, better use `???'
      1 initialization makes pointer from integer without a cast
      1 implicit declaration of function `???'
      1 `???' defined but not used


Index Nav: [Date Index] [Subject Index] [Author Index] [Thread Index]
Message Nav: [Date Prev] [Date Next] [Thread Prev] [Thread Next]