This is the mail archive of the gcc-testresults@gcc.gnu.org mailing list for the GCC project.


Index Nav: [Date Index] [Subject Index] [Author Index] [Thread Index]
Message Nav: [Date Prev] [Date Next] [Thread Prev] [Thread Next]
Other format: [Raw text]

Results for 3.5.0 20040709 (experimental) testsuite on mips-sgi-irix6.5


This run on SGI Origin 300 cru300 running IRIX 6.5.22m
Bootstrap compiler gcc (GCC) 3.3.1
Using irix as/ld with -mabi=32 multilib disabled

dejagnu version:
Expect version is	5.40.0
Tcl version is		8.4
Framework version is	1.4.4

LAST_UPDATED: Fri Jul  9 10:07:31 GMT 2004

Native configuration is mips-sgi-irix6.5

		=== g++ tests ===


Running target unix
FAIL: g++.dg/ext/stmtexpr2.C execution test
ERROR: g++.dg/lookup/new1.C: syntax error in target selector "list of
candidates" for " dg-excess-errors 13 "operator new" "list of
candidates" "
UNRESOLVED: g++.dg/lookup/new1.C: syntax error in target selector "list
of candidates" for " dg-excess-errors 13 "operator new" "list of
candidates" "
FAIL: 102:is -:should be 1
FAIL: g++.dg/gcov/gcov-1.C gcov: 1 failures in line counts, 0 in branch
percentages, 0 in return percentages
FAIL: g++.dg/pch/system-1.C -g assembly comparison
FAIL: g++.dg/pch/system-2.C -g assembly comparison
XPASS: g++.old-deja/g++.jason/thunk3.C execution test
WARNING: g++.old-deja/g++.mike/p10769a.C compilation failed to produce
executable
WARNING: g++.old-deja/g++.other/enum5.C compilation failed to produce
executable
FAIL: g++.old-deja/g++.other/warn7.C  (test for warnings, line 38)
WARNING: g++.old-deja/g++.pt/friend44.C compilation failed to produce
executable

		=== g++ Summary for unix ===

# of expected passes		9423
# of unexpected failures	6
# of unexpected successes	1
# of expected failures		81
# of unresolved testcases	1
# of unsupported tests		97

Running target unix/-mabi=64
FAIL: g++.dg/ext/stmtexpr2.C execution test
ERROR: g++.dg/lookup/new1.C: syntax error in target selector "list of
candidates" for " dg-excess-errors 13 "operator new" "list of
candidates" "
UNRESOLVED: g++.dg/lookup/new1.C: syntax error in target selector "list
of candidates" for " dg-excess-errors 13 "operator new" "list of
candidates" "
FAIL: g++.dg/template/sizeof8.C (test for excess errors)
FAIL: 102:is -:should be 1
FAIL: g++.dg/gcov/gcov-1.C gcov: 1 failures in line counts, 0 in branch
percentages, 0 in return percentages
FAIL: g++.dg/pch/system-1.C -g assembly comparison
FAIL: g++.dg/pch/system-2.C -g assembly comparison
XPASS: g++.old-deja/g++.jason/thunk3.C execution test
WARNING: g++.old-deja/g++.mike/p10769a.C compilation failed to produce
executable
WARNING: g++.old-deja/g++.other/enum5.C compilation failed to produce
executable
FAIL: g++.old-deja/g++.other/warn7.C  (test for warnings, line 38)
WARNING: g++.old-deja/g++.pt/friend44.C compilation failed to produce
executable

		=== g++ Summary for unix/-mabi=64 ===

# of expected passes		9422
# of unexpected failures	7
# of unexpected successes	1
# of expected failures		81
# of unresolved testcases	1
# of unsupported tests		97

		=== g++ Summary ===

# of expected passes		18845
# of unexpected failures	13
# of unexpected successes	2
# of expected failures		162
# of unresolved testcases	2
# of unsupported tests		194
/disk4/billingd/obj/gcc/gcc/testsuite/../g++  version 3.5.0 20040709
(experimental)

		=== gcc tests ===


Running target unix
WARNING: program timed out.
FAIL: gcc.c-torture/compile/20001226-1.c  -O3 -g  (test for excess
errors)
FAIL: gcc.c-torture/compile/mipscop-1.c  -O2  (test for excess errors)
FAIL: gcc.c-torture/compile/mipscop-1.c  -O3 -fomit-frame-pointer  (test
for excess errors)
FAIL: gcc.c-torture/compile/mipscop-1.c  -O3 -g  (test for excess
errors)
FAIL: gcc.c-torture/compile/mipscop-1.c  -Os  (test for excess errors)
FAIL: gcc.c-torture/compile/mipscop-2.c  -O2  (test for excess errors)
FAIL: gcc.c-torture/compile/mipscop-2.c  -O3 -fomit-frame-pointer  (test
for excess errors)
FAIL: gcc.c-torture/compile/mipscop-2.c  -O3 -g  (test for excess
errors)
FAIL: gcc.c-torture/compile/mipscop-2.c  -Os  (test for excess errors)
FAIL: gcc.c-torture/compile/mipscop-3.c  -O2  (test for excess errors)
FAIL: gcc.c-torture/compile/mipscop-3.c  -O3 -fomit-frame-pointer  (test
for excess errors)
FAIL: gcc.c-torture/compile/mipscop-3.c  -O3 -g  (test for excess
errors)
FAIL: gcc.c-torture/compile/mipscop-3.c  -Os  (test for excess errors)
FAIL: gcc.c-torture/compile/mipscop-4.c  -O2  (test for excess errors)
FAIL: gcc.c-torture/compile/mipscop-4.c  -O3 -fomit-frame-pointer  (test
for excess errors)
FAIL: gcc.c-torture/compile/mipscop-4.c  -O3 -g  (test for excess
errors)
FAIL: gcc.c-torture/compile/mipscop-4.c  -Os  (test for excess errors)
FAIL: gcc.c-torture/execute/builtins/fprintf.c compilation,  -O1 
UNRESOLVED: gcc.c-torture/execute/builtins/fprintf.c execution,  -O1 
FAIL: gcc.c-torture/execute/builtins/fprintf.c compilation,  -O2 
UNRESOLVED: gcc.c-torture/execute/builtins/fprintf.c execution,  -O2 
FAIL: gcc.c-torture/execute/builtins/fprintf.c compilation,  -O3
-fomit-frame-pointer 
UNRESOLVED: gcc.c-torture/execute/builtins/fprintf.c execution,  -O3
-fomit-frame-pointer 
FAIL: gcc.c-torture/execute/builtins/fprintf.c compilation,  -O3 -g 
UNRESOLVED: gcc.c-torture/execute/builtins/fprintf.c execution,  -O3 -g 
FAIL: gcc.c-torture/execute/builtins/fprintf.c compilation,  -Os 
UNRESOLVED: gcc.c-torture/execute/builtins/fprintf.c execution,  -Os 
FAIL: gcc.c-torture/execute/builtins/strpcpy-2.c execution,  -O0 
FAIL: gcc.c-torture/execute/builtins/strpcpy-2.c execution,  -O1 
FAIL: gcc.c-torture/execute/builtins/strpcpy-2.c execution,  -O2 
FAIL: gcc.c-torture/execute/builtins/strpcpy-2.c execution,  -O3
-fomit-frame-pointer 
FAIL: gcc.c-torture/execute/builtins/strpcpy-2.c execution,  -O3 -g 
FAIL: gcc.c-torture/execute/builtins/strpcpy-2.c execution,  -Os 
FAIL: gcc.c-torture/execute/builtins/strpcpy.c execution,  -O0 
FAIL: gcc.c-torture/execute/builtins/strpcpy.c execution,  -O1 
FAIL: gcc.c-torture/execute/builtins/strpcpy.c execution,  -O2 
FAIL: gcc.c-torture/execute/builtins/strpcpy.c execution,  -O3
-fomit-frame-pointer 
FAIL: gcc.c-torture/execute/builtins/strpcpy.c execution,  -O3 -g 
FAIL: gcc.c-torture/execute/builtins/strpcpy.c execution,  -Os 
XPASS: gcc.c-torture/execute/20020227-1.c execution,  -O3
-fomit-frame-pointer 
XPASS: gcc.c-torture/execute/20020227-1.c execution,  -O3 -g 
FAIL: gcc.c-torture/execute/20020412-1.c compilation,  -O0 
UNRESOLVED: gcc.c-torture/execute/20020412-1.c execution,  -O0 
FAIL: gcc.c-torture/execute/20020412-1.c compilation,  -O1 
UNRESOLVED: gcc.c-torture/execute/20020412-1.c execution,  -O1 
FAIL: gcc.c-torture/execute/20020412-1.c compilation,  -O2 
UNRESOLVED: gcc.c-torture/execute/20020412-1.c execution,  -O2 
FAIL: gcc.c-torture/execute/20020412-1.c compilation,  -O3
-fomit-frame-pointer 
UNRESOLVED: gcc.c-torture/execute/20020412-1.c execution,  -O3
-fomit-frame-pointer 
FAIL: gcc.c-torture/execute/20020412-1.c compilation,  -O3
-fomit-frame-pointer -funroll-loops 
UNRESOLVED: gcc.c-torture/execute/20020412-1.c execution,  -O3
-fomit-frame-pointer -funroll-loops 
FAIL: gcc.c-torture/execute/20020412-1.c compilation,  -O3
-fomit-frame-pointer -funroll-all-loops -finline-functions 
UNRESOLVED: gcc.c-torture/execute/20020412-1.c execution,  -O3
-fomit-frame-pointer -funroll-all-loops -finline-functions 
FAIL: gcc.c-torture/execute/20020412-1.c compilation,  -O3 -g 
UNRESOLVED: gcc.c-torture/execute/20020412-1.c execution,  -O3 -g 
FAIL: gcc.c-torture/execute/20020412-1.c compilation,  -Os 
UNRESOLVED: gcc.c-torture/execute/20020412-1.c execution,  -Os 
FAIL: gcc.c-torture/execute/980223.c compilation,  -O3
-fomit-frame-pointer 
UNRESOLVED: gcc.c-torture/execute/980223.c execution,  -O3
-fomit-frame-pointer 
FAIL: gcc.c-torture/execute/980223.c compilation,  -O3 -g 
UNRESOLVED: gcc.c-torture/execute/980223.c execution,  -O3 -g 
FAIL: gcc.c-torture/execute/991118-1.c execution,  -O1 
FAIL: gcc.c-torture/execute/991118-1.c execution,  -O2 
FAIL: gcc.c-torture/execute/991118-1.c execution,  -O3
-fomit-frame-pointer 
FAIL: gcc.c-torture/execute/991118-1.c execution,  -O3 -g 
FAIL: gcc.c-torture/execute/991118-1.c execution,  -Os 
FAIL: gcc.c-torture/execute/bf64-1.c execution,  -O1 
FAIL: gcc.c-torture/execute/bf64-1.c execution,  -O2 
FAIL: gcc.c-torture/execute/bf64-1.c execution,  -O3
-fomit-frame-pointer 
FAIL: gcc.c-torture/execute/bf64-1.c execution,  -O3 -g 
FAIL: gcc.c-torture/execute/bf64-1.c execution,  -Os 
FAIL: gcc.c-torture/execute/loop-14.c execution,  -Os 
FAIL: gcc.c-torture/execute/ieee/mul-subnormal-single-1.c execution,
-O0 
FAIL: gcc.c-torture/execute/ieee/mul-subnormal-single-1.c execution,
-O1 
FAIL: gcc.c-torture/execute/ieee/mul-subnormal-single-1.c execution,
-O2 
FAIL: gcc.c-torture/execute/ieee/mul-subnormal-single-1.c execution,
-O3 -fomit-frame-pointer 
FAIL: gcc.c-torture/execute/ieee/mul-subnormal-single-1.c execution,
-O3 -fomit-frame-pointer -funroll-loops 
FAIL: gcc.c-torture/execute/ieee/mul-subnormal-single-1.c execution,
-O3 -fomit-frame-pointer -funroll-all-loops -finline-functions 
FAIL: gcc.c-torture/execute/ieee/mul-subnormal-single-1.c execution,
-O3 -g 
FAIL: gcc.c-torture/execute/ieee/mul-subnormal-single-1.c execution,
-Os 
FAIL: gcc.dg/compat/struct-by-value-22 c_compat_y_tst.o compile
UNRESOLVED: gcc.dg/compat/struct-by-value-22
c_compat_x_tst.o-c_compat_y_tst.o link 
UNRESOLVED: gcc.dg/compat/struct-by-value-22
c_compat_x_tst.o-c_compat_y_tst.o execute 
FAIL: gcc.dg/debug/dwarf2/dwarf-die7.c scan-assembler 1.*DW_AT_inline
FAIL: gcc.dg/c90-const-expr-3.c (test for excess errors)
FAIL: gcc.dg/c99-const-expr-3.c (test for excess errors)
XPASS: gcc.dg/setjmp-1.c spurious clobbered warning (test for bogus
messages, line 16)
XPASS: gcc.dg/sibcall-3.c execution test
XPASS: gcc.dg/sibcall-4.c execution test
FAIL: gcc.dg/uninit-H.c  (test for bogus messages, line 20)
FAIL: gcc.dg/va-arg-3.c (test for excess errors)
UNRESOLVED: gcc.dg/visibility-1.c
UNRESOLVED: gcc.dg/visibility-2.c
UNRESOLVED: gcc.dg/visibility-3.c
UNRESOLVED: gcc.dg/visibility-4.c
UNRESOLVED: gcc.dg/visibility-5.c
UNRESOLVED: gcc.dg/visibility-6.c
UNRESOLVED: gcc.dg/visibility-7.c
UNRESOLVED: gcc.dg/visibility-8.c
FAIL: gcc.dg/noncompile/920507-1.c  -O1  (test for excess errors)
FAIL: gcc.dg/noncompile/920507-1.c  -O2  (test for excess errors)
FAIL: gcc.dg/noncompile/920507-1.c  -O3 -fomit-frame-pointer  (test for
excess errors)
FAIL: gcc.dg/noncompile/920507-1.c  -O3 -g  (test for excess errors)
FAIL: gcc.dg/noncompile/920507-1.c  -Os  (test for excess errors)
FAIL: gcc.dg/pch/save-temps-1.c  -O0  assembly comparison
FAIL: gcc.dg/pch/save-temps-1.c  -O1  assembly comparison
FAIL: largefile.c -O0 -g (test for excess errors)
FAIL: largefile.c  -O0  (test for excess errors)
FAIL: largefile.c  -O1  (test for excess errors)
FAIL: largefile.c  -O2  (test for excess errors)
FAIL: largefile.c  -O3 -fomit-frame-pointer  (test for excess errors)
FAIL: largefile.c  -O3 -g  (test for excess errors)
FAIL: largefile.c  -Os  (test for excess errors)
FAIL: 94:is -:should be 1
FAIL: gcc.misc-tests/gcov-4.c gcov: 1 failures in line counts, 0 in
branch percentages, 0 in return percentages

		=== gcc Summary for unix ===

# of expected passes		25800
# of unexpected failures	85
# of unexpected successes	5
# of expected failures		65
# of unresolved testcases	25
# of untested testcases		35
# of unsupported tests		350

Running target unix/-mabi=64
WARNING: program timed out.
FAIL: gcc.c-torture/compile/20001226-1.c  -O3 -g  (test for excess
errors)
WARNING: program timed out.
FAIL: gcc.c-torture/compile/20001226-1.c  -Os  (test for excess errors)
FAIL: gcc.c-torture/compile/20031023-1.c  -O0  (test for excess errors)
FAIL: gcc.c-torture/compile/20031023-1.c  -O1  (test for excess errors)
FAIL: gcc.c-torture/compile/20031023-1.c  -O2  (test for excess errors)
FAIL: gcc.c-torture/compile/20031023-1.c  -O3 -fomit-frame-pointer
(test for excess errors)
FAIL: gcc.c-torture/compile/20031023-1.c  -O3 -g  (test for excess
errors)
FAIL: gcc.c-torture/compile/20031023-1.c  -Os  (test for excess errors)
FAIL: gcc.c-torture/compile/20031023-2.c  -O0  (test for excess errors)
FAIL: gcc.c-torture/compile/20031023-2.c  -O1  (test for excess errors)
FAIL: gcc.c-torture/compile/20031023-2.c  -O2  (test for excess errors)
FAIL: gcc.c-torture/compile/20031023-2.c  -O3 -fomit-frame-pointer
(test for excess errors)
FAIL: gcc.c-torture/compile/20031023-2.c  -O3 -g  (test for excess
errors)
FAIL: gcc.c-torture/compile/20031023-2.c  -Os  (test for excess errors)
FAIL: gcc.c-torture/compile/20031023-3.c  -O0  (test for excess errors)
FAIL: gcc.c-torture/compile/20031023-3.c  -O1  (test for excess errors)
FAIL: gcc.c-torture/compile/20031023-3.c  -O2  (test for excess errors)
FAIL: gcc.c-torture/compile/20031023-3.c  -O3 -fomit-frame-pointer
(test for excess errors)
FAIL: gcc.c-torture/compile/20031023-3.c  -O3 -g  (test for excess
errors)
FAIL: gcc.c-torture/compile/20031023-3.c  -Os  (test for excess errors)
FAIL: gcc.c-torture/compile/mipscop-1.c  -O2  (test for excess errors)
FAIL: gcc.c-torture/compile/mipscop-1.c  -O3 -fomit-frame-pointer  (test
for excess errors)
FAIL: gcc.c-torture/compile/mipscop-1.c  -O3 -g  (test for excess
errors)
FAIL: gcc.c-torture/compile/mipscop-1.c  -Os  (test for excess errors)
FAIL: gcc.c-torture/compile/mipscop-2.c  -O2  (test for excess errors)
FAIL: gcc.c-torture/compile/mipscop-2.c  -O3 -fomit-frame-pointer  (test
for excess errors)
FAIL: gcc.c-torture/compile/mipscop-2.c  -O3 -g  (test for excess
errors)
FAIL: gcc.c-torture/compile/mipscop-2.c  -Os  (test for excess errors)
FAIL: gcc.c-torture/compile/mipscop-3.c  -O2  (test for excess errors)
FAIL: gcc.c-torture/compile/mipscop-3.c  -O3 -fomit-frame-pointer  (test
for excess errors)
FAIL: gcc.c-torture/compile/mipscop-3.c  -O3 -g  (test for excess
errors)
FAIL: gcc.c-torture/compile/mipscop-3.c  -Os  (test for excess errors)
FAIL: gcc.c-torture/compile/mipscop-4.c  -O2  (test for excess errors)
FAIL: gcc.c-torture/compile/mipscop-4.c  -O3 -fomit-frame-pointer  (test
for excess errors)
FAIL: gcc.c-torture/compile/mipscop-4.c  -O3 -g  (test for excess
errors)
FAIL: gcc.c-torture/compile/mipscop-4.c  -Os  (test for excess errors)
FAIL: gcc.c-torture/execute/builtins/fprintf.c compilation,  -O1 
UNRESOLVED: gcc.c-torture/execute/builtins/fprintf.c execution,  -O1 
FAIL: gcc.c-torture/execute/builtins/fprintf.c compilation,  -O2 
UNRESOLVED: gcc.c-torture/execute/builtins/fprintf.c execution,  -O2 
FAIL: gcc.c-torture/execute/builtins/fprintf.c compilation,  -O3
-fomit-frame-pointer 
UNRESOLVED: gcc.c-torture/execute/builtins/fprintf.c execution,  -O3
-fomit-frame-pointer 
FAIL: gcc.c-torture/execute/builtins/fprintf.c compilation,  -O3 -g 
UNRESOLVED: gcc.c-torture/execute/builtins/fprintf.c execution,  -O3 -g 
FAIL: gcc.c-torture/execute/builtins/fprintf.c compilation,  -Os 
UNRESOLVED: gcc.c-torture/execute/builtins/fprintf.c execution,  -Os 
FAIL: gcc.c-torture/execute/builtins/fputs.c execution,  -O1 
FAIL: gcc.c-torture/execute/builtins/fputs.c execution,  -O2 
FAIL: gcc.c-torture/execute/builtins/fputs.c execution,  -O3
-fomit-frame-pointer 
FAIL: gcc.c-torture/execute/builtins/fputs.c execution,  -O3 -g 
FAIL: gcc.c-torture/execute/builtins/strpcpy-2.c execution,  -O0 
FAIL: gcc.c-torture/execute/builtins/strpcpy-2.c execution,  -O1 
FAIL: gcc.c-torture/execute/builtins/strpcpy-2.c execution,  -O2 
FAIL: gcc.c-torture/execute/builtins/strpcpy-2.c execution,  -O3
-fomit-frame-pointer 
FAIL: gcc.c-torture/execute/builtins/strpcpy-2.c execution,  -O3 -g 
FAIL: gcc.c-torture/execute/builtins/strpcpy-2.c execution,  -Os 
FAIL: gcc.c-torture/execute/builtins/strpcpy.c execution,  -O0 
FAIL: gcc.c-torture/execute/builtins/strpcpy.c execution,  -O1 
FAIL: gcc.c-torture/execute/builtins/strpcpy.c execution,  -O2 
FAIL: gcc.c-torture/execute/builtins/strpcpy.c execution,  -O3
-fomit-frame-pointer 
FAIL: gcc.c-torture/execute/builtins/strpcpy.c execution,  -O3 -g 
FAIL: gcc.c-torture/execute/builtins/strpcpy.c execution,  -Os 
XPASS: gcc.c-torture/execute/20020227-1.c execution,  -O3
-fomit-frame-pointer 
XPASS: gcc.c-torture/execute/20020227-1.c execution,  -O3 -g 
FAIL: gcc.c-torture/execute/20020412-1.c compilation,  -O0 
UNRESOLVED: gcc.c-torture/execute/20020412-1.c execution,  -O0 
FAIL: gcc.c-torture/execute/20020412-1.c compilation,  -O1 
UNRESOLVED: gcc.c-torture/execute/20020412-1.c execution,  -O1 
FAIL: gcc.c-torture/execute/20020412-1.c compilation,  -O2 
UNRESOLVED: gcc.c-torture/execute/20020412-1.c execution,  -O2 
FAIL: gcc.c-torture/execute/20020412-1.c compilation,  -O3
-fomit-frame-pointer 
UNRESOLVED: gcc.c-torture/execute/20020412-1.c execution,  -O3
-fomit-frame-pointer 
FAIL: gcc.c-torture/execute/20020412-1.c compilation,  -O3
-fomit-frame-pointer -funroll-loops 
UNRESOLVED: gcc.c-torture/execute/20020412-1.c execution,  -O3
-fomit-frame-pointer -funroll-loops 
FAIL: gcc.c-torture/execute/20020412-1.c compilation,  -O3
-fomit-frame-pointer -funroll-all-loops -finline-functions 
UNRESOLVED: gcc.c-torture/execute/20020412-1.c execution,  -O3
-fomit-frame-pointer -funroll-all-loops -finline-functions 
FAIL: gcc.c-torture/execute/20020412-1.c compilation,  -O3 -g 
UNRESOLVED: gcc.c-torture/execute/20020412-1.c execution,  -O3 -g 
FAIL: gcc.c-torture/execute/20020412-1.c compilation,  -Os 
UNRESOLVED: gcc.c-torture/execute/20020412-1.c execution,  -Os 
FAIL: gcc.c-torture/execute/20040629-1.c execution,  -O0 
FAIL: gcc.c-torture/execute/20040705-1.c execution,  -O0 
FAIL: gcc.c-torture/execute/20040705-2.c execution,  -O0 
FAIL: gcc.c-torture/execute/980223.c compilation,  -O3
-fomit-frame-pointer 
UNRESOLVED: gcc.c-torture/execute/980223.c execution,  -O3
-fomit-frame-pointer 
FAIL: gcc.c-torture/execute/980223.c compilation,  -O3 -g 
UNRESOLVED: gcc.c-torture/execute/980223.c execution,  -O3 -g 
FAIL: gcc.c-torture/execute/991118-1.c execution,  -O1 
FAIL: gcc.c-torture/execute/991118-1.c execution,  -O2 
FAIL: gcc.c-torture/execute/991118-1.c execution,  -O3
-fomit-frame-pointer 
FAIL: gcc.c-torture/execute/991118-1.c execution,  -O3 -g 
FAIL: gcc.c-torture/execute/991118-1.c execution,  -Os 
FAIL: gcc.c-torture/execute/bf64-1.c execution,  -O1 
FAIL: gcc.c-torture/execute/bf64-1.c execution,  -O2 
FAIL: gcc.c-torture/execute/bf64-1.c execution,  -O3
-fomit-frame-pointer 
FAIL: gcc.c-torture/execute/bf64-1.c execution,  -O3 -g 
FAIL: gcc.c-torture/execute/bf64-1.c execution,  -Os 
FAIL: gcc.c-torture/execute/loop-14.c execution,  -Os 
FAIL: gcc.c-torture/execute/ieee/mul-subnormal-single-1.c execution,
-O0 
FAIL: gcc.c-torture/execute/ieee/mul-subnormal-single-1.c execution,
-O1 
FAIL: gcc.c-torture/execute/ieee/mul-subnormal-single-1.c execution,
-O2 
FAIL: gcc.c-torture/execute/ieee/mul-subnormal-single-1.c execution,
-O3 -fomit-frame-pointer 
FAIL: gcc.c-torture/execute/ieee/mul-subnormal-single-1.c execution,
-O3 -fomit-frame-pointer -funroll-loops 
FAIL: gcc.c-torture/execute/ieee/mul-subnormal-single-1.c execution,
-O3 -fomit-frame-pointer -funroll-all-loops -finline-functions 
FAIL: gcc.c-torture/execute/ieee/mul-subnormal-single-1.c execution,
-O3 -g 
FAIL: gcc.c-torture/execute/ieee/mul-subnormal-single-1.c execution,
-Os 
FAIL: gcc.dg/compat/struct-by-value-22 c_compat_y_tst.o compile
UNRESOLVED: gcc.dg/compat/struct-by-value-22
c_compat_x_tst.o-c_compat_y_tst.o link 
UNRESOLVED: gcc.dg/compat/struct-by-value-22
c_compat_x_tst.o-c_compat_y_tst.o execute 
FAIL: gcc.dg/debug/dwarf2/dwarf-die7.c scan-assembler 1.*DW_AT_inline
FAIL: gcc.dg/c90-const-expr-3.c (test for excess errors)
FAIL: gcc.dg/c99-const-expr-3.c (test for excess errors)
XPASS: gcc.dg/setjmp-1.c spurious clobbered warning (test for bogus
messages, line 16)
XPASS: gcc.dg/sibcall-3.c execution test
XPASS: gcc.dg/sibcall-4.c execution test
FAIL: gcc.dg/uninit-H.c  (test for bogus messages, line 20)
FAIL: gcc.dg/va-arg-3.c (test for excess errors)
UNRESOLVED: gcc.dg/visibility-1.c
UNRESOLVED: gcc.dg/visibility-2.c
UNRESOLVED: gcc.dg/visibility-3.c
UNRESOLVED: gcc.dg/visibility-4.c
UNRESOLVED: gcc.dg/visibility-5.c
UNRESOLVED: gcc.dg/visibility-6.c
UNRESOLVED: gcc.dg/visibility-7.c
UNRESOLVED: gcc.dg/visibility-8.c
FAIL: gcc.dg/pch/save-temps-1.c  -O0  assembly comparison
FAIL: gcc.dg/pch/save-temps-1.c  -O1  assembly comparison
FAIL: largefile.c -O0 -g (test for excess errors)
FAIL: largefile.c  -O0  (test for excess errors)
FAIL: largefile.c  -O1  (test for excess errors)
FAIL: largefile.c  -O2  (test for excess errors)
FAIL: largefile.c  -O3 -fomit-frame-pointer  (test for excess errors)
FAIL: largefile.c  -O3 -g  (test for excess errors)
FAIL: largefile.c  -Os  (test for excess errors)
FAIL: 94:is -:should be 1
FAIL: gcc.misc-tests/gcov-4.c gcov: 1 failures in line counts, 0 in
branch percentages, 0 in return percentages

		=== gcc Summary for unix/-mabi=64 ===

# of expected passes		25779
# of unexpected failures	106
# of unexpected successes	5
# of expected failures		65
# of unresolved testcases	25
# of untested testcases		35
# of unsupported tests		350

		=== gcc Summary ===

# of expected passes		51579
# of unexpected failures	191
# of unexpected successes	10
# of expected failures		130
# of unresolved testcases	50
# of untested testcases		70
# of unsupported tests		700
/disk4/billingd/obj/gcc/gcc/xgcc  version 3.5.0 20040709 (experimental)

		=== objc tests ===


Running target unix

		=== objc Summary for unix ===

# of expected passes		1404
# of unsupported tests		7

Running target unix/-mabi=64

		=== objc Summary for unix/-mabi=64 ===

# of expected passes		1404
# of unsupported tests		7

		=== objc Summary ===

# of expected passes		2808
# of unsupported tests		14
/disk4/billingd/obj/gcc/gcc/xgcc  version 3.5.0 20040709 (experimental)

		=== libstdc++ tests ===


Running target unix
FAIL: 21_strings/basic_string/inserters_extractors/wchar_t/1.cc
execution test
FAIL: 21_strings/basic_string/inserters_extractors/wchar_t/11.cc
execution test
FAIL: 21_strings/basic_string/inserters_extractors/wchar_t/5.cc
execution test
FAIL: 22_locale/ctype/cons/char/1.cc execution test
FAIL: 22_locale/ctype/is/wchar_t/1.cc execution test
FAIL: 22_locale/ctype/scan/wchar_t/1.cc execution test
FAIL: 22_locale/money_get/get/wchar_t/19.cc execution test
FAIL: 22_locale/money_get/get/wchar_t/8.cc execution test
FAIL: 22_locale/num_get/get/char/10.cc execution test
FAIL: 22_locale/num_get/get/wchar_t/10.cc execution test
FAIL: 23_containers/deque/invalidation/3.cc (test for excess errors)
WARNING: 23_containers/deque/invalidation/3.cc compilation failed to
produce executable
FAIL: 23_containers/list/invalidation/3.cc (test for excess errors)
WARNING: 23_containers/list/invalidation/3.cc compilation failed to
produce executable
FAIL: 23_containers/multimap/invalidation/2.cc (test for excess errors)
WARNING: 23_containers/multimap/invalidation/2.cc compilation failed to
produce executable
FAIL: 23_containers/multiset/invalidation/2.cc (test for excess errors)
WARNING: 23_containers/multiset/invalidation/2.cc compilation failed to
produce executable
FAIL: 23_containers/set/invalidation/2.cc (test for excess errors)
WARNING: 23_containers/set/invalidation/2.cc compilation failed to
produce executable
FAIL: 23_containers/vector/invalidation/3.cc (test for excess errors)
WARNING: 23_containers/vector/invalidation/3.cc compilation failed to
produce executable
FAIL: 23_containers/vector/invalidation/4.cc (test for excess errors)
WARNING: 23_containers/vector/invalidation/4.cc compilation failed to
produce executable
FAIL: 26_numerics/cmath/c99_classification_macros_c++.cc (test for
excess errors)
FAIL: 26_numerics/cmath/c99_classification_macros_c.cc (test for excess
errors)
FAIL: 26_numerics/complex/13450.cc execution test
FAIL: 26_numerics/complex/complex_value.cc execution test
FAIL: ext/14648.cc (test for excess errors)
WARNING: ext/14648.cc compilation failed to produce executable
FAIL: ext/rope/1.cc (test for excess errors)
WARNING: ext/rope/1.cc compilation failed to produce executable
FAIL: ext/rope/2.cc (test for excess errors)
WARNING: ext/rope/2.cc compilation failed to produce executable
FAIL: ext/rope/3.cc (test for excess errors)
WARNING: ext/rope/3.cc compilation failed to produce executable

		=== libstdc++ Summary for unix ===

# of expected passes		2655
# of unexpected failures	25
# of expected failures		5
# of unsupported tests		8

Running target unix/-mabi=64
FAIL: 21_strings/basic_string/inserters_extractors/wchar_t/1.cc
execution test
FAIL: 21_strings/basic_string/inserters_extractors/wchar_t/11.cc
execution test
FAIL: 21_strings/basic_string/inserters_extractors/wchar_t/5.cc
execution test
FAIL: 22_locale/ctype/cons/char/1.cc execution test
FAIL: 22_locale/ctype/is/wchar_t/1.cc execution test
FAIL: 22_locale/ctype/scan/wchar_t/1.cc execution test
FAIL: 22_locale/money_get/get/wchar_t/19.cc execution test
FAIL: 22_locale/money_get/get/wchar_t/8.cc execution test
FAIL: 22_locale/num_get/get/char/10.cc execution test
FAIL: 22_locale/num_get/get/wchar_t/10.cc execution test
FAIL: 23_containers/deque/invalidation/3.cc (test for excess errors)
WARNING: 23_containers/deque/invalidation/3.cc compilation failed to
produce executable
FAIL: 23_containers/list/invalidation/3.cc (test for excess errors)
WARNING: 23_containers/list/invalidation/3.cc compilation failed to
produce executable
FAIL: 23_containers/multimap/invalidation/2.cc (test for excess errors)
WARNING: 23_containers/multimap/invalidation/2.cc compilation failed to
produce executable
FAIL: 23_containers/multiset/invalidation/2.cc (test for excess errors)
WARNING: 23_containers/multiset/invalidation/2.cc compilation failed to
produce executable
FAIL: 23_containers/set/invalidation/2.cc (test for excess errors)
WARNING: 23_containers/set/invalidation/2.cc compilation failed to
produce executable
FAIL: 23_containers/vector/invalidation/3.cc (test for excess errors)
WARNING: 23_containers/vector/invalidation/3.cc compilation failed to
produce executable
FAIL: 23_containers/vector/invalidation/4.cc (test for excess errors)
WARNING: 23_containers/vector/invalidation/4.cc compilation failed to
produce executable
FAIL: 26_numerics/cmath/c99_classification_macros_c++.cc (test for
excess errors)
FAIL: 26_numerics/cmath/c99_classification_macros_c.cc (test for excess
errors)
FAIL: 26_numerics/complex/13450.cc execution test
FAIL: 26_numerics/complex/complex_value.cc execution test
FAIL: ext/14648.cc (test for excess errors)
WARNING: ext/14648.cc compilation failed to produce executable
FAIL: ext/rope/1.cc (test for excess errors)
WARNING: ext/rope/1.cc compilation failed to produce executable
FAIL: ext/rope/2.cc (test for excess errors)
WARNING: ext/rope/2.cc compilation failed to produce executable
FAIL: ext/rope/3.cc (test for excess errors)
WARNING: ext/rope/3.cc compilation failed to produce executable

		=== libstdc++ Summary for unix/-mabi=64 ===

# of expected passes		2655
# of unexpected failures	25
# of expected failures		5
# of unsupported tests		8

		=== libstdc++ Summary ===

# of expected passes		5310
# of unexpected failures	50
# of expected failures		10
# of unsupported tests		16

Compiler version: 3.5.0 20040709 (experimental) 
Platform: mips-sgi-irix6.5
configure flags: --enable-shared --enable-haifa --enable-threads=single
--enable-libjava --disable-nls --with-gmp=/usr/local
--disable-libmudflap --prefix=/disk4/billingd/tmp/gcc
--enable-languages=c,c++,java,objc
Counting all warnings,
there are 33 warnings in stage3 of this bootstrap.

Number of warnings per file:
  10 gcc/config/mips/mips.md
   6 gcc/libgcov.c
   5 /usr/local/share/bison/bison.simple
   3 gengtype-lex.c
   3 gcc/gcc.c
   2 insn-conditions.c
   2 gcc/objc/lang-specs.h
   1 gcc/java/jvspec.c
   1 

Number of warning types:
   8 string length \`???' is greater than the length \`???' ISO C89
compilers are required to support
   7 operand 1 missing mode?
   6 old-style function definition
   6 implicit declaration of function 'alloca'
   3 operand 0 missing mode?
   2 label \`???' defined but not used
   1 source missing a mode?


Index Nav: [Date Index] [Subject Index] [Author Index] [Thread Index]
Message Nav: [Date Prev] [Date Next] [Thread Prev] [Thread Next]