This is the mail archive of the gcc-testresults@gcc.gnu.org mailing list for the GCC project.


Index Nav: [Date Index] [Subject Index] [Author Index] [Thread Index]
Message Nav: [Date Prev] [Date Next] [Thread Prev] [Thread Next]
Other format: [Raw text]

Results for 3.5.0 20040709 (experimental) testsuite on powerpc-apple-darwin7.4.0


LAST_UPDATED: 
Native configuration is powerpc-apple-darwin7.4.0

		=== g++ tests ===


Running target unix
WARNING: program timed out.
FAIL: g++.dg/eh/cleanup1.C (test for excess errors)
FAIL: g++.dg/eh/simd-2.C (test for excess errors)
WARNING: g++.dg/eh/simd-2.C compilation failed to produce executable
FAIL: g++.dg/ext/altivec-2.C (test for excess errors)
WARNING: g++.dg/ext/altivec-2.C compilation failed to produce executable
FAIL: g++.dg/ext/altivec-3.C (test for excess errors)
WARNING: g++.dg/ext/altivec-3.C compilation failed to produce executable
FAIL: g++.dg/ext/stmtexpr2.C execution test
UNRESOLVED: g++.dg/init/init-ref4.C
ERROR: g++.dg/lookup/new1.C: syntax error in target selector "list of candidates" for " dg-excess-errors 13 "operator new" "list of candidates" "
UNRESOLVED: g++.dg/lookup/new1.C: syntax error in target selector "list of candidates" for " dg-excess-errors 13 "operator new" "list of candidates" "
XPASS: g++.dg/other/packed1.C execution test
FAIL: g++.dg/rtti/tinfo1.C (test for excess errors)
ERROR: g++.dg/rtti/tinfo1.C: error executing dg-final: couldn't open "tinfo1.s": no such file or directory
UNRESOLVED: g++.dg/rtti/tinfo1.C: error executing dg-final: couldn't open "tinfo1.s": no such file or directory
FAIL: g++.dg/warn/weak1.C (test for excess errors)
FAIL: 102:is -:should be 1
FAIL: g++.dg/gcov/gcov-1.C gcov: 1 failures in line counts, 0 in branch percentages, 0 in return percentages
FAIL: g++.dg/special/conpr-3.C execution test
FAIL: g++.old-deja/g++.abi/cxa_vec.C execution test
FAIL: g++.old-deja/g++.abi/ptrflags.C (test for excess errors)
WARNING: g++.old-deja/g++.abi/ptrflags.C compilation failed to produce executable
FAIL: g++.old-deja/g++.brendan/new3.C execution test
FAIL: g++.old-deja/g++.eh/catchptr1.C (test for excess errors)
WARNING: g++.old-deja/g++.eh/catchptr1.C compilation failed to produce executable
UNRESOLVED: g++.old-deja/g++.ext/attrib5.C
WARNING: g++.old-deja/g++.mike/p10769a.C compilation failed to produce executable
WARNING: g++.old-deja/g++.other/enum5.C compilation failed to produce executable
FAIL: g++.old-deja/g++.other/warn7.C  (test for warnings, line 38)
WARNING: g++.old-deja/g++.pt/friend44.C compilation failed to produce executable
UNRESOLVED: g++.old-deja/g++.pt/static3.C

		=== g++ Summary ===

# of expected passes		9763
# of unexpected failures	15
# of unexpected successes	1
# of expected failures		81
# of unresolved testcases	5
# of unsupported tests		89
/Users/regress/tbox/native/build/gcc/testsuite/../g++  version 3.5.0 20040709 (experimental)

		=== gcc tests ===


Running target unix
WARNING: program timed out.
FAIL: gcc.c-torture/compile/20001226-1.c (test for excess errors)
XPASS: gcc.c-torture/compile/20020210-1.c (test for excess errors)
XPASS: gcc.c-torture/compile/20020210-1.c (test for excess errors)
XPASS: gcc.c-torture/compile/20020210-1.c (test for excess errors)
XPASS: gcc.c-torture/compile/20020210-1.c (test for excess errors)
XPASS: gcc.c-torture/compile/20020210-1.c (test for excess errors)
FAIL: gcc.c-torture/compile/20021108-1.c (test for excess errors)
FAIL: gcc.c-torture/compile/20021108-1.c (test for excess errors)
FAIL: gcc.c-torture/compile/20021108-1.c (test for excess errors)
FAIL: gcc.c-torture/compile/20021108-1.c (test for excess errors)
FAIL: gcc.c-torture/compile/20021108-1.c (test for excess errors)
FAIL: gcc.c-torture/compile/20021108-1.c (test for excess errors)
FAIL: gcc.c-torture/compile/920501-4.c (test for excess errors)
FAIL: gcc.c-torture/compile/labels-1.c (test for excess errors)
FAIL: gcc.c-torture/compile/labels-1.c (test for excess errors)
FAIL: gcc.c-torture/compile/labels-1.c (test for excess errors)
FAIL: gcc.c-torture/compile/labels-1.c (test for excess errors)
FAIL: gcc.c-torture/compile/labels-1.c (test for excess errors)
FAIL: gcc.c-torture/compile/labels-1.c (test for excess errors)
FAIL: gcc.c-torture/compile/labels-2.c (test for excess errors)
FAIL: gcc.c-torture/compile/labels-2.c (test for excess errors)
FAIL: gcc.c-torture/compile/labels-2.c (test for excess errors)
FAIL: gcc.c-torture/compile/labels-2.c (test for excess errors)
FAIL: gcc.c-torture/compile/labels-2.c (test for excess errors)
FAIL: gcc.c-torture/compile/labels-2.c (test for excess errors)
FAIL: gcc.c-torture/execute/builtins/fprintf.c compilation,  -O1 
UNRESOLVED: gcc.c-torture/execute/builtins/fprintf.c execution,  -O1 
FAIL: gcc.c-torture/execute/builtins/fprintf.c compilation,  -O2 
UNRESOLVED: gcc.c-torture/execute/builtins/fprintf.c execution,  -O2 
FAIL: gcc.c-torture/execute/builtins/fprintf.c compilation,  -O3 -fomit-frame-pointer 
UNRESOLVED: gcc.c-torture/execute/builtins/fprintf.c execution,  -O3 -fomit-frame-pointer 
FAIL: gcc.c-torture/execute/builtins/fprintf.c compilation,  -O3 -g 
UNRESOLVED: gcc.c-torture/execute/builtins/fprintf.c execution,  -O3 -g 
FAIL: gcc.c-torture/execute/builtins/fprintf.c compilation,  -Os 
UNRESOLVED: gcc.c-torture/execute/builtins/fprintf.c execution,  -Os 
FAIL: gcc.c-torture/execute/builtins/strpcpy-2.c execution,  -O0 
FAIL: gcc.c-torture/execute/builtins/strpcpy-2.c execution,  -O1 
FAIL: gcc.c-torture/execute/builtins/strpcpy-2.c execution,  -O2 
FAIL: gcc.c-torture/execute/builtins/strpcpy-2.c execution,  -O3 -fomit-frame-pointer 
FAIL: gcc.c-torture/execute/builtins/strpcpy-2.c execution,  -O3 -g 
FAIL: gcc.c-torture/execute/builtins/strpcpy-2.c execution,  -Os 
FAIL: gcc.c-torture/execute/builtins/strpcpy.c execution,  -O0 
FAIL: gcc.c-torture/execute/builtins/strpcpy.c execution,  -O1 
FAIL: gcc.c-torture/execute/builtins/strpcpy.c execution,  -O2 
FAIL: gcc.c-torture/execute/builtins/strpcpy.c execution,  -O3 -fomit-frame-pointer 
FAIL: gcc.c-torture/execute/builtins/strpcpy.c execution,  -O3 -g 
FAIL: gcc.c-torture/execute/builtins/strpcpy.c execution,  -Os 
FAIL: gcc.c-torture/execute/builtins/fprintf.c compilation,  -O1 
UNRESOLVED: gcc.c-torture/execute/builtins/fprintf.c execution,  -O1 
FAIL: gcc.c-torture/execute/builtins/fprintf.c compilation,  -O2 
UNRESOLVED: gcc.c-torture/execute/builtins/fprintf.c execution,  -O2 
FAIL: gcc.c-torture/execute/builtins/fprintf.c compilation,  -O3 -fomit-frame-pointer 
UNRESOLVED: gcc.c-torture/execute/builtins/fprintf.c execution,  -O3 -fomit-frame-pointer 
FAIL: gcc.c-torture/execute/builtins/fprintf.c compilation,  -O3 -g 
UNRESOLVED: gcc.c-torture/execute/builtins/fprintf.c execution,  -O3 -g 
FAIL: gcc.c-torture/execute/builtins/fprintf.c compilation,  -Os 
UNRESOLVED: gcc.c-torture/execute/builtins/fprintf.c execution,  -Os 
FAIL: gcc.c-torture/execute/builtins/strpcpy-2.c execution,  -O0 
FAIL: gcc.c-torture/execute/builtins/strpcpy-2.c execution,  -O1 
FAIL: gcc.c-torture/execute/builtins/strpcpy-2.c execution,  -O2 
FAIL: gcc.c-torture/execute/builtins/strpcpy-2.c execution,  -O3 -fomit-frame-pointer 
FAIL: gcc.c-torture/execute/builtins/strpcpy-2.c execution,  -O3 -g 
FAIL: gcc.c-torture/execute/builtins/strpcpy-2.c execution,  -Os 
FAIL: gcc.c-torture/execute/builtins/strpcpy.c execution,  -O0 
FAIL: gcc.c-torture/execute/builtins/strpcpy.c execution,  -O1 
FAIL: gcc.c-torture/execute/builtins/strpcpy.c execution,  -O2 
FAIL: gcc.c-torture/execute/builtins/strpcpy.c execution,  -O3 -fomit-frame-pointer 
FAIL: gcc.c-torture/execute/builtins/strpcpy.c execution,  -O3 -g 
FAIL: gcc.c-torture/execute/builtins/strpcpy.c execution,  -Os 
FAIL: gcc.c-torture/execute/20030811-1.c compilation,  -O0 
UNRESOLVED: gcc.c-torture/execute/20030811-1.c execution,  -O0 
FAIL: gcc.c-torture/execute/20030811-1.c compilation,  -O1 
UNRESOLVED: gcc.c-torture/execute/20030811-1.c execution,  -O1 
FAIL: gcc.c-torture/execute/20030811-1.c compilation,  -O2 
UNRESOLVED: gcc.c-torture/execute/20030811-1.c execution,  -O2 
FAIL: gcc.c-torture/execute/20030811-1.c compilation,  -O3 -fomit-frame-pointer 
UNRESOLVED: gcc.c-torture/execute/20030811-1.c execution,  -O3 -fomit-frame-pointer 
FAIL: gcc.c-torture/execute/20030811-1.c compilation,  -O3 -g 
UNRESOLVED: gcc.c-torture/execute/20030811-1.c execution,  -O3 -g 
FAIL: gcc.c-torture/execute/20030811-1.c compilation,  -Os 
UNRESOLVED: gcc.c-torture/execute/20030811-1.c execution,  -Os 
FAIL: gcc.c-torture/execute/931004-12.c execution,  -O0 
FAIL: gcc.c-torture/execute/931004-12.c execution,  -O1 
FAIL: gcc.c-torture/execute/931004-12.c execution,  -O2 
FAIL: gcc.c-torture/execute/931004-12.c execution,  -O3 -fomit-frame-pointer 
FAIL: gcc.c-torture/execute/931004-12.c execution,  -O3 -fomit-frame-pointer -funroll-loops 
FAIL: gcc.c-torture/execute/931004-12.c execution,  -O3 -fomit-frame-pointer -funroll-all-loops -finline-functions 
FAIL: gcc.c-torture/execute/931004-12.c execution,  -O3 -g 
FAIL: gcc.c-torture/execute/931004-12.c execution,  -Os 
FAIL: gcc.c-torture/execute/980223.c compilation,  -O3 -fomit-frame-pointer 
UNRESOLVED: gcc.c-torture/execute/980223.c execution,  -O3 -fomit-frame-pointer 
FAIL: gcc.c-torture/execute/980223.c compilation,  -O3 -g 
UNRESOLVED: gcc.c-torture/execute/980223.c execution,  -O3 -g 
FAIL: gcc.c-torture/execute/va-arg-22.c execution,  -O0 
FAIL: gcc.c-torture/execute/va-arg-22.c execution,  -O1 
FAIL: gcc.c-torture/execute/va-arg-22.c execution,  -O2 
FAIL: gcc.c-torture/execute/va-arg-22.c execution,  -O3 -fomit-frame-pointer 
FAIL: gcc.c-torture/execute/va-arg-22.c execution,  -O3 -fomit-frame-pointer -funroll-loops 
FAIL: gcc.c-torture/execute/va-arg-22.c execution,  -O3 -fomit-frame-pointer -funroll-all-loops -finline-functions 
FAIL: gcc.c-torture/execute/va-arg-22.c execution,  -O3 -g 
FAIL: gcc.c-torture/execute/va-arg-22.c execution,  -Os 
FAIL: gcc.dg/compat/struct-by-value-1 c_compat_x_tst.o-c_compat_y_tst.o link
UNRESOLVED: gcc.dg/compat/struct-by-value-1 c_compat_x_tst.o-c_compat_y_tst.o execute 
FAIL: gcc.dg/compat/struct-by-value-2 c_compat_x_tst.o-c_compat_y_tst.o link
UNRESOLVED: gcc.dg/compat/struct-by-value-2 c_compat_x_tst.o-c_compat_y_tst.o execute 
FAIL: gcc.dg/compat/struct-by-value-4 c_compat_x_tst.o-c_compat_y_tst.o link
UNRESOLVED: gcc.dg/compat/struct-by-value-4 c_compat_x_tst.o-c_compat_y_tst.o execute 
FAIL: gcc.dg/compat/struct-by-value-8 c_compat_x_tst.o-c_compat_y_tst.o link
UNRESOLVED: gcc.dg/compat/struct-by-value-8 c_compat_x_tst.o-c_compat_y_tst.o execute 
FAIL: gcc.dg/compat/struct-by-value-9 c_compat_x_tst.o-c_compat_y_tst.o link
UNRESOLVED: gcc.dg/compat/struct-by-value-9 c_compat_x_tst.o-c_compat_y_tst.o execute 
FAIL: gcc.dg/compat/struct-return-2 c_compat_x_tst.o-c_compat_y_tst.o link
UNRESOLVED: gcc.dg/compat/struct-return-2 c_compat_x_tst.o-c_compat_y_tst.o execute 
FAIL: gcc.dg/compat/vector-1 c_compat_x_tst.o compile
FAIL: gcc.dg/compat/vector-1 c_compat_y_tst.o compile
UNRESOLVED: gcc.dg/compat/vector-1 c_compat_x_tst.o-c_compat_y_tst.o link 
UNRESOLVED: gcc.dg/compat/vector-1 c_compat_x_tst.o-c_compat_y_tst.o execute 
FAIL: gcc.dg/compat/vector-2 c_compat_x_tst.o compile
FAIL: gcc.dg/compat/vector-2 c_compat_y_tst.o compile
UNRESOLVED: gcc.dg/compat/vector-2 c_compat_x_tst.o-c_compat_y_tst.o link 
UNRESOLVED: gcc.dg/compat/vector-2 c_compat_x_tst.o-c_compat_y_tst.o execute 
FAIL: gcc.dg/debug/dwarf2/dwarf-die7.c scan-assembler 1.*DW_AT_inline
FAIL: gcc.dg/debug/dwarf2/dwarf-die7.c scan-assembler 1.*DW_AT_inline
FAIL: gcc.dg/altivec-varargs-1.c (test for excess errors)
FAIL: gcc.dg/array-quals-1.c scan-assembler-not \\\\.data(?!\\\\.rel\\\\.ro)
FAIL: gcc.dg/c90-const-expr-3.c (test for excess errors)
FAIL: gcc.dg/c99-const-expr-3.c (test for excess errors)
FAIL: gcc.dg/rs6000-power2-1.c (test for excess errors)
FAIL: gcc.dg/rs6000-power2-2.c (test for excess errors)
ERROR: gcc.dg/rs6000-power2-2.c: error executing dg-final: couldn't open "rs6000-power2-2.s": no such file or directory
UNRESOLVED: gcc.dg/rs6000-power2-2.c: error executing dg-final: couldn't open "rs6000-power2-2.s": no such file or directory
XPASS: gcc.dg/setjmp-1.c spurious clobbered warning (test for bogus messages, line 16)
FAIL: gcc.dg/struct-by-value-1.c (test for excess errors)
WARNING: gcc.dg/struct-by-value-1.c compilation failed to produce executable
UNRESOLVED: gcc.dg/visibility-1.c
UNRESOLVED: gcc.dg/visibility-2.c
UNRESOLVED: gcc.dg/visibility-3.c
UNRESOLVED: gcc.dg/visibility-4.c
UNRESOLVED: gcc.dg/visibility-5.c
UNRESOLVED: gcc.dg/visibility-6.c
UNRESOLVED: gcc.dg/visibility-7.c
UNRESOLVED: gcc.dg/visibility-8.c
XPASS: gcc.dg/wchar_t-1.c (test for excess errors)
XPASS: gcc.dg/wint_t-1.c (test for excess errors)
UNRESOLVED: gcc.dg/special/weak-1.c
UNRESOLVED: gcc.dg/special/weak-2.c
UNRESOLVED: gcc.dg/special/wkali-1.c
UNRESOLVED: gcc.dg/special/wkali-2.c
FAIL: gcc.dg/torture/builtin-noret-1.c (test for excess errors)
FAIL: gcc.dg/torture/builtin-noret-1.c (test for excess errors)
FAIL: gcc.dg/torture/builtin-noret-1.c (test for excess errors)
FAIL: gcc.dg/torture/builtin-noret-1.c (test for excess errors)
FAIL: gcc.dg/torture/builtin-noret-1.c (test for excess errors)
FAIL: gcc.dg/torture/builtin-noret-1.c (test for excess errors)
FAIL: gcc.dg/torture/builtin-noret-2.c (test for excess errors)
FAIL: gcc.dg/torture/builtin-noret-2.c (test for excess errors)
FAIL: gcc.dg/torture/builtin-noret-2.c (test for excess errors)
FAIL: gcc.dg/torture/builtin-noret-2.c (test for excess errors)
FAIL: gcc.dg/torture/builtin-noret-2.c (test for excess errors)
FAIL: gcc.dg/torture/builtin-noret-2.c (test for excess errors)
FAIL: gcc.dg/tree-ssa/sra-1.c scan-tree-dump-times link_error 0
FAIL: gcc.dg/vmx/ops.c (test for excess errors)
FAIL: gcc.dg/vmx/ops.c (test for excess errors)
FAIL: gcc.dg/vmx/ops.c (test for excess errors)
FAIL: gcc.dg/vmx/ops.c (test for excess errors)
FAIL: gcc.dg/vmx/ops.c (test for excess errors)
FAIL: gcc.dg/vmx/ops.c (test for excess errors)
UNRESOLVED: gcc.dg/weak/typeof-2.c
UNRESOLVED: gcc.dg/weak/weak-1.c
UNRESOLVED: gcc.dg/weak/weak-2.c
UNRESOLVED: gcc.dg/weak/weak-3.c
UNRESOLVED: gcc.dg/weak/weak-4.c
UNRESOLVED: gcc.dg/weak/weak-5.c
UNRESOLVED: gcc.dg/weak/weak-6.c
UNRESOLVED: gcc.dg/weak/weak-7.c
UNRESOLVED: gcc.dg/weak/weak-8.c
UNRESOLVED: gcc.dg/weak/weak-9.c
FAIL: 94:is -:should be 1
FAIL: gcc.misc-tests/gcov-4.c gcov: 1 failures in line counts, 0 in branch percentages, 0 in return percentages

		=== gcc Summary ===

# of expected passes		27868
# of unexpected failures	118
# of unexpected successes	8
# of expected failures		56
# of unresolved testcases	51
# of untested testcases		28
# of unsupported tests		364
/Users/regress/tbox/native/build/gcc/xgcc  version 3.5.0 20040709 (experimental)

		=== objc tests ===


Running target unix
FAIL: objc/execute/IMP.m execution,  -O2 
FAIL: objc/execute/IMP.m execution,  -O3 -fomit-frame-pointer 
FAIL: objc/execute/IMP.m execution,  -O3 -g 
FAIL: objc/execute/IMP.m execution,  -Os 
FAIL: objc/execute/_cmd.m execution,  -O2 
FAIL: objc/execute/_cmd.m execution,  -O3 -fomit-frame-pointer 
FAIL: objc/execute/_cmd.m execution,  -O3 -g 
FAIL: objc/execute/_cmd.m execution,  -Os 
FAIL: objc/execute/accessing_ivars.m execution,  -O2 
FAIL: objc/execute/accessing_ivars.m execution,  -O3 -fomit-frame-pointer 
FAIL: objc/execute/accessing_ivars.m execution,  -O3 -g 
FAIL: objc/execute/accessing_ivars.m execution,  -Os 
FAIL: objc/execute/bf-1.m execution,  -O2 
FAIL: objc/execute/bf-1.m execution,  -O3 -fomit-frame-pointer 
FAIL: objc/execute/bf-1.m execution,  -O3 -g 
FAIL: objc/execute/bf-1.m execution,  -Os 
FAIL: objc/execute/bf-10.m execution,  -O2 
FAIL: objc/execute/bf-10.m execution,  -O3 -fomit-frame-pointer 
FAIL: objc/execute/bf-10.m execution,  -O3 -g 
FAIL: objc/execute/bf-10.m execution,  -Os 
FAIL: objc/execute/bf-11.m execution,  -O2 
FAIL: objc/execute/bf-11.m execution,  -O3 -fomit-frame-pointer 
FAIL: objc/execute/bf-11.m execution,  -O3 -g 
FAIL: objc/execute/bf-11.m execution,  -Os 
FAIL: objc/execute/bf-12.m execution,  -O2 
FAIL: objc/execute/bf-12.m execution,  -O3 -fomit-frame-pointer 
FAIL: objc/execute/bf-12.m execution,  -O3 -g 
FAIL: objc/execute/bf-12.m execution,  -Os 
FAIL: objc/execute/bf-13.m execution,  -O2 
FAIL: objc/execute/bf-13.m execution,  -O3 -fomit-frame-pointer 
FAIL: objc/execute/bf-13.m execution,  -O3 -g 
FAIL: objc/execute/bf-13.m execution,  -Os 
FAIL: objc/execute/bf-14.m execution,  -O2 
FAIL: objc/execute/bf-14.m execution,  -O3 -fomit-frame-pointer 
FAIL: objc/execute/bf-14.m execution,  -O3 -g 
FAIL: objc/execute/bf-14.m execution,  -Os 
FAIL: objc/execute/bf-15.m execution,  -O2 
FAIL: objc/execute/bf-15.m execution,  -O3 -fomit-frame-pointer 
FAIL: objc/execute/bf-15.m execution,  -O3 -g 
FAIL: objc/execute/bf-15.m execution,  -Os 
FAIL: objc/execute/bf-16.m execution,  -O2 
FAIL: objc/execute/bf-16.m execution,  -O3 -fomit-frame-pointer 
FAIL: objc/execute/bf-16.m execution,  -O3 -g 
FAIL: objc/execute/bf-16.m execution,  -Os 
FAIL: objc/execute/bf-17.m execution,  -O2 
FAIL: objc/execute/bf-17.m execution,  -O3 -fomit-frame-pointer 
FAIL: objc/execute/bf-17.m execution,  -O3 -g 
FAIL: objc/execute/bf-17.m execution,  -Os 
FAIL: objc/execute/bf-18.m execution,  -O2 
FAIL: objc/execute/bf-18.m execution,  -O3 -fomit-frame-pointer 
FAIL: objc/execute/bf-18.m execution,  -O3 -g 
FAIL: objc/execute/bf-18.m execution,  -Os 
FAIL: objc/execute/bf-19.m execution,  -O2 
FAIL: objc/execute/bf-19.m execution,  -O3 -fomit-frame-pointer 
FAIL: objc/execute/bf-19.m execution,  -O3 -g 
FAIL: objc/execute/bf-19.m execution,  -Os 
FAIL: objc/execute/bf-2.m execution,  -O2 
FAIL: objc/execute/bf-2.m execution,  -O3 -fomit-frame-pointer 
FAIL: objc/execute/bf-2.m execution,  -O3 -g 
FAIL: objc/execute/bf-2.m execution,  -Os 
FAIL: objc/execute/bf-20.m execution,  -O2 
FAIL: objc/execute/bf-20.m execution,  -O3 -fomit-frame-pointer 
FAIL: objc/execute/bf-20.m execution,  -O3 -g 
FAIL: objc/execute/bf-20.m execution,  -Os 
FAIL: objc/execute/bf-21.m execution,  -O2 
FAIL: objc/execute/bf-21.m execution,  -O3 -fomit-frame-pointer 
FAIL: objc/execute/bf-21.m execution,  -O3 -g 
FAIL: objc/execute/bf-21.m execution,  -Os 
FAIL: objc/execute/bf-3.m execution,  -O2 
FAIL: objc/execute/bf-3.m execution,  -O3 -fomit-frame-pointer 
FAIL: objc/execute/bf-3.m execution,  -O3 -g 
FAIL: objc/execute/bf-3.m execution,  -Os 
FAIL: objc/execute/bf-4.m execution,  -O2 
FAIL: objc/execute/bf-4.m execution,  -O3 -fomit-frame-pointer 
FAIL: objc/execute/bf-4.m execution,  -O3 -g 
FAIL: objc/execute/bf-4.m execution,  -Os 
FAIL: objc/execute/bf-5.m execution,  -O2 
FAIL: objc/execute/bf-5.m execution,  -O3 -fomit-frame-pointer 
FAIL: objc/execute/bf-5.m execution,  -O3 -g 
FAIL: objc/execute/bf-5.m execution,  -Os 
FAIL: objc/execute/bf-6.m execution,  -O2 
FAIL: objc/execute/bf-6.m execution,  -O3 -fomit-frame-pointer 
FAIL: objc/execute/bf-6.m execution,  -O3 -g 
FAIL: objc/execute/bf-6.m execution,  -Os 
FAIL: objc/execute/bf-7.m execution,  -O2 
FAIL: objc/execute/bf-7.m execution,  -O3 -fomit-frame-pointer 
FAIL: objc/execute/bf-7.m execution,  -O3 -g 
FAIL: objc/execute/bf-7.m execution,  -Os 
FAIL: objc/execute/bf-8.m execution,  -O2 
FAIL: objc/execute/bf-8.m execution,  -O3 -fomit-frame-pointer 
FAIL: objc/execute/bf-8.m execution,  -O3 -g 
FAIL: objc/execute/bf-8.m execution,  -Os 
FAIL: objc/execute/bf-9.m execution,  -O2 
FAIL: objc/execute/bf-9.m execution,  -O3 -fomit-frame-pointer 
FAIL: objc/execute/bf-9.m execution,  -O3 -g 
FAIL: objc/execute/bf-9.m execution,  -Os 
FAIL: objc/execute/bycopy-2.m execution,  -O2 
FAIL: objc/execute/bycopy-2.m execution,  -O3 -fomit-frame-pointer 
FAIL: objc/execute/bycopy-2.m execution,  -O3 -g 
FAIL: objc/execute/bycopy-2.m execution,  -Os 
FAIL: objc/execute/bycopy-3.m execution,  -O2 
FAIL: objc/execute/bycopy-3.m execution,  -O3 -fomit-frame-pointer 
FAIL: objc/execute/bycopy-3.m execution,  -O3 -g 
FAIL: objc/execute/bycopy-3.m execution,  -Os 
FAIL: objc/execute/cascading-1.m execution,  -O2 
FAIL: objc/execute/cascading-1.m execution,  -O3 -fomit-frame-pointer 
FAIL: objc/execute/cascading-1.m execution,  -O3 -g 
FAIL: objc/execute/cascading-1.m execution,  -Os 
FAIL: objc/execute/class-1.m execution,  -O2 
FAIL: objc/execute/class-1.m execution,  -O3 -fomit-frame-pointer 
FAIL: objc/execute/class-1.m execution,  -O3 -g 
FAIL: objc/execute/class-1.m execution,  -Os 
FAIL: objc/execute/class-10.m execution,  -O2 
FAIL: objc/execute/class-10.m execution,  -O3 -fomit-frame-pointer 
FAIL: objc/execute/class-10.m execution,  -O3 -g 
FAIL: objc/execute/class-10.m execution,  -Os 
FAIL: objc/execute/class-11.m execution,  -O2 
FAIL: objc/execute/class-11.m execution,  -O3 -fomit-frame-pointer 
FAIL: objc/execute/class-11.m execution,  -O3 -g 
FAIL: objc/execute/class-11.m execution,  -Os 
FAIL: objc/execute/class-12.m execution,  -O2 
FAIL: objc/execute/class-12.m execution,  -O3 -fomit-frame-pointer 
FAIL: objc/execute/class-12.m execution,  -O3 -g 
FAIL: objc/execute/class-12.m execution,  -Os 
FAIL: objc/execute/class-13.m execution,  -O2 
FAIL: objc/execute/class-13.m execution,  -O3 -fomit-frame-pointer 
FAIL: objc/execute/class-13.m execution,  -O3 -g 
FAIL: objc/execute/class-13.m execution,  -Os 
FAIL: objc/execute/class-14.m execution,  -O2 
FAIL: objc/execute/class-14.m execution,  -O3 -fomit-frame-pointer 
FAIL: objc/execute/class-14.m execution,  -O3 -g 
FAIL: objc/execute/class-14.m execution,  -Os 
FAIL: objc/execute/class-2.m execution,  -O2 
FAIL: objc/execute/class-2.m execution,  -O3 -fomit-frame-pointer 
FAIL: objc/execute/class-2.m execution,  -O3 -g 
FAIL: objc/execute/class-2.m execution,  -Os 
FAIL: objc/execute/class-3.m execution,  -O2 
FAIL: objc/execute/class-3.m execution,  -O3 -fomit-frame-pointer 
FAIL: objc/execute/class-3.m execution,  -O3 -g 
FAIL: objc/execute/class-3.m execution,  -Os 
FAIL: objc/execute/class-4.m execution,  -O2 
FAIL: objc/execute/class-4.m execution,  -O3 -fomit-frame-pointer 
FAIL: objc/execute/class-4.m execution,  -O3 -g 
FAIL: objc/execute/class-4.m execution,  -Os 
FAIL: objc/execute/class-5.m execution,  -O2 
FAIL: objc/execute/class-5.m execution,  -O3 -fomit-frame-pointer 
FAIL: objc/execute/class-5.m execution,  -O3 -g 
FAIL: objc/execute/class-5.m execution,  -Os 
FAIL: objc/execute/class-6.m execution,  -O2 
FAIL: objc/execute/class-6.m execution,  -O3 -fomit-frame-pointer 
FAIL: objc/execute/class-6.m execution,  -O3 -g 
FAIL: objc/execute/class-6.m execution,  -Os 
FAIL: objc/execute/class-7.m execution,  -O2 
FAIL: objc/execute/class-7.m execution,  -O3 -fomit-frame-pointer 
FAIL: objc/execute/class-7.m execution,  -O3 -g 
FAIL: objc/execute/class-7.m execution,  -Os 
FAIL: objc/execute/class-8.m execution,  -O2 
FAIL: objc/execute/class-8.m execution,  -O3 -fomit-frame-pointer 
FAIL: objc/execute/class-8.m execution,  -O3 -g 
FAIL: objc/execute/class-8.m execution,  -Os 
FAIL: objc/execute/class-9.m execution,  -O2 
FAIL: objc/execute/class-9.m execution,  -O3 -fomit-frame-pointer 
FAIL: objc/execute/class-9.m execution,  -O3 -g 
FAIL: objc/execute/class-9.m execution,  -Os 
FAIL: objc/execute/class_self-1.m execution,  -O2 
FAIL: objc/execute/class_self-1.m execution,  -O3 -fomit-frame-pointer 
FAIL: objc/execute/class_self-1.m execution,  -O3 -g 
FAIL: objc/execute/class_self-1.m execution,  -Os 
FAIL: objc/execute/class_self-2.m execution,  -O2 
FAIL: objc/execute/class_self-2.m execution,  -O3 -fomit-frame-pointer 
FAIL: objc/execute/class_self-2.m execution,  -O3 -g 
FAIL: objc/execute/class_self-2.m execution,  -Os 
FAIL: objc/execute/enumeration-1.m execution,  -O2 
FAIL: objc/execute/enumeration-1.m execution,  -O3 -fomit-frame-pointer 
FAIL: objc/execute/enumeration-1.m execution,  -O3 -g 
FAIL: objc/execute/enumeration-1.m execution,  -Os 
FAIL: objc/execute/enumeration-2.m execution,  -O2 
FAIL: objc/execute/enumeration-2.m execution,  -O3 -fomit-frame-pointer 
FAIL: objc/execute/enumeration-2.m execution,  -O3 -g 
FAIL: objc/execute/enumeration-2.m execution,  -Os 
FAIL: objc/execute/formal_protocol-1.m execution,  -O2 
FAIL: objc/execute/formal_protocol-1.m execution,  -O3 -fomit-frame-pointer 
FAIL: objc/execute/formal_protocol-1.m execution,  -O3 -g 
FAIL: objc/execute/formal_protocol-1.m execution,  -Os 
FAIL: objc/execute/formal_protocol-2.m execution,  -O2 
FAIL: objc/execute/formal_protocol-2.m execution,  -O3 -fomit-frame-pointer 
FAIL: objc/execute/formal_protocol-2.m execution,  -O3 -g 
FAIL: objc/execute/formal_protocol-2.m execution,  -Os 
FAIL: objc/execute/formal_protocol-3.m execution,  -O2 
FAIL: objc/execute/formal_protocol-3.m execution,  -O3 -fomit-frame-pointer 
FAIL: objc/execute/formal_protocol-3.m execution,  -O3 -g 
FAIL: objc/execute/formal_protocol-3.m execution,  -Os 
FAIL: objc/execute/formal_protocol-4.m execution,  -O2 
FAIL: objc/execute/formal_protocol-4.m execution,  -O3 -fomit-frame-pointer 
FAIL: objc/execute/formal_protocol-4.m execution,  -O3 -g 
FAIL: objc/execute/formal_protocol-4.m execution,  -Os 
FAIL: objc/execute/formal_protocol-7.m execution,  -O2 
FAIL: objc/execute/formal_protocol-7.m execution,  -O3 -fomit-frame-pointer 
FAIL: objc/execute/formal_protocol-7.m execution,  -O3 -g 
FAIL: objc/execute/formal_protocol-7.m execution,  -Os 
FAIL: objc/execute/function-message-1.m execution,  -O2 
FAIL: objc/execute/function-message-1.m execution,  -O3 -fomit-frame-pointer 
FAIL: objc/execute/function-message-1.m execution,  -O3 -g 
FAIL: objc/execute/function-message-1.m execution,  -Os 
FAIL: objc/execute/initialize.m execution,  -O2 
FAIL: objc/execute/initialize.m execution,  -O3 -fomit-frame-pointer 
FAIL: objc/execute/initialize.m execution,  -O3 -g 
FAIL: objc/execute/initialize.m execution,  -Os 
FAIL: objc/execute/load-2.m execution,  -O2 
FAIL: objc/execute/load-2.m execution,  -O3 -fomit-frame-pointer 
FAIL: objc/execute/load-2.m execution,  -O3 -g 
FAIL: objc/execute/load-2.m execution,  -Os 
FAIL: objc/execute/load-3.m execution,  -O2 
FAIL: objc/execute/load-3.m execution,  -O3 -fomit-frame-pointer 
FAIL: objc/execute/load-3.m execution,  -O3 -fomit-frame-pointer -funroll-loops 
FAIL: objc/execute/load-3.m execution,  -O3 -fomit-frame-pointer -funroll-all-loops -finline-functions 
FAIL: objc/execute/load-3.m execution,  -O3 -g 
FAIL: objc/execute/load-3.m execution,  -Os 
FAIL: objc/execute/load.m execution,  -O2 
FAIL: objc/execute/load.m execution,  -O3 -fomit-frame-pointer 
FAIL: objc/execute/load.m execution,  -O3 -g 
FAIL: objc/execute/load.m execution,  -Os 
FAIL: objc/execute/many_args_method.m execution,  -O2 
FAIL: objc/execute/many_args_method.m execution,  -O3 -fomit-frame-pointer 
FAIL: objc/execute/many_args_method.m execution,  -O3 -g 
FAIL: objc/execute/many_args_method.m execution,  -Os 
FAIL: objc/execute/nested-3.m execution,  -O2 
FAIL: objc/execute/nested-3.m execution,  -O3 -fomit-frame-pointer 
FAIL: objc/execute/nested-3.m execution,  -O3 -g 
FAIL: objc/execute/nested-3.m execution,  -Os 
FAIL: objc/execute/no_clash.m execution,  -O2 
FAIL: objc/execute/no_clash.m execution,  -O3 -fomit-frame-pointer 
FAIL: objc/execute/no_clash.m execution,  -O3 -g 
FAIL: objc/execute/no_clash.m execution,  -Os 
FAIL: objc/execute/np-2.m execution,  -O2 
FAIL: objc/execute/np-2.m execution,  -O3 -fomit-frame-pointer 
FAIL: objc/execute/np-2.m execution,  -O3 -g 
FAIL: objc/execute/np-2.m execution,  -Os 
FAIL: objc/execute/object_is_class.m execution,  -O2 
FAIL: objc/execute/object_is_class.m execution,  -O3 -fomit-frame-pointer 
FAIL: objc/execute/object_is_class.m execution,  -O3 -g 
FAIL: objc/execute/object_is_class.m execution,  -Os 
FAIL: objc/execute/object_is_meta_class.m execution,  -O2 
FAIL: objc/execute/object_is_meta_class.m execution,  -O3 -fomit-frame-pointer 
FAIL: objc/execute/object_is_meta_class.m execution,  -O3 -g 
FAIL: objc/execute/object_is_meta_class.m execution,  -Os 
FAIL: objc/execute/redefining_self.m execution,  -O2 
FAIL: objc/execute/redefining_self.m execution,  -O3 -fomit-frame-pointer 
FAIL: objc/execute/redefining_self.m execution,  -O3 -g 
FAIL: objc/execute/redefining_self.m execution,  -Os 
FAIL: objc/execute/root_methods.m execution,  -O2 
FAIL: objc/execute/root_methods.m execution,  -O3 -fomit-frame-pointer 
FAIL: objc/execute/root_methods.m execution,  -O3 -g 
FAIL: objc/execute/root_methods.m execution,  -Os 
FAIL: objc/execute/static-1.m execution,  -O2 
FAIL: objc/execute/static-1.m execution,  -O3 -fomit-frame-pointer 
FAIL: objc/execute/static-1.m execution,  -O3 -g 
FAIL: objc/execute/static-1.m execution,  -Os 
FAIL: objc/execute/static-2.m execution,  -O2 
FAIL: objc/execute/static-2.m execution,  -O3 -fomit-frame-pointer 
FAIL: objc/execute/static-2.m execution,  -O3 -g 
FAIL: objc/execute/static-2.m execution,  -Os 
FAIL: objc/execute/string1.m execution,  -O2 
FAIL: objc/execute/string1.m execution,  -O3 -fomit-frame-pointer 
FAIL: objc/execute/string1.m execution,  -O3 -g 
FAIL: objc/execute/string1.m execution,  -Os 
FAIL: objc/execute/string2.m execution,  -O2 
FAIL: objc/execute/string2.m execution,  -O3 -fomit-frame-pointer 
FAIL: objc/execute/string2.m execution,  -O3 -g 
FAIL: objc/execute/string2.m execution,  -Os 
FAIL: objc/execute/string3.m execution,  -O2 
FAIL: objc/execute/string3.m execution,  -O3 -fomit-frame-pointer 
FAIL: objc/execute/string3.m execution,  -O3 -g 
FAIL: objc/execute/string3.m execution,  -Os 
FAIL: objc/execute/string4.m execution,  -O2 
FAIL: objc/execute/string4.m execution,  -O3 -fomit-frame-pointer 
FAIL: objc/execute/string4.m execution,  -O3 -g 
FAIL: objc/execute/string4.m execution,  -Os 
FAIL: objc/execute/va_method.m execution,  -O2 
FAIL: objc/execute/va_method.m execution,  -O3 -fomit-frame-pointer 
FAIL: objc/execute/va_method.m execution,  -O3 -fomit-frame-pointer -funroll-loops 
FAIL: objc/execute/va_method.m execution,  -O3 -fomit-frame-pointer -funroll-all-loops -finline-functions 
FAIL: objc/execute/va_method.m execution,  -O3 -g 
FAIL: objc/execute/va_method.m execution,  -Os 
FAIL: objc.dg/const-str-3.m execution test
FAIL: objc.dg/const-str-4.m execution test
FAIL: objc.dg/const-str-5.m (test for excess errors)

		=== objc Summary ===

# of expected passes		1134
# of unexpected failures	287
/Users/regress/tbox/native/build/gcc/xgcc  version 3.5.0 20040709 (experimental)

		=== libffi tests ===


Running target unix
FAIL: libffi.call/cls_3_1byte.c output pattern test, is 12 13 14 178 179 180: 190 192 194

		=== libffi Summary ===

# of expected passes		211
# of unexpected failures	1
# of unsupported tests		2
		=== libjava tests ===


Running target unix

		=== libjava Summary ===

# of expected passes		3375
# of expected failures		14
# of untested testcases		16
		=== libstdc++ tests ===


Running target unix
FAIL: 23_containers/deque/invalidation/3.cc (test for excess errors)
WARNING: 23_containers/deque/invalidation/3.cc compilation failed to produce executable
FAIL: 23_containers/list/invalidation/3.cc (test for excess errors)
WARNING: 23_containers/list/invalidation/3.cc compilation failed to produce executable
FAIL: 23_containers/multimap/invalidation/2.cc (test for excess errors)
WARNING: 23_containers/multimap/invalidation/2.cc compilation failed to produce executable
FAIL: 23_containers/multiset/invalidation/2.cc (test for excess errors)
WARNING: 23_containers/multiset/invalidation/2.cc compilation failed to produce executable
FAIL: 23_containers/set/invalidation/2.cc (test for excess errors)
WARNING: 23_containers/set/invalidation/2.cc compilation failed to produce executable
FAIL: 23_containers/vector/invalidation/3.cc (test for excess errors)
WARNING: 23_containers/vector/invalidation/3.cc compilation failed to produce executable
FAIL: 23_containers/vector/invalidation/4.cc (test for excess errors)
WARNING: 23_containers/vector/invalidation/4.cc compilation failed to produce executable
FAIL: 26_numerics/complex/13450.cc (test for excess errors)
WARNING: 26_numerics/complex/13450.cc compilation failed to produce executable
FAIL: 27_io/basic_filebuf/open/char/9507.cc execution test
FAIL: 27_io/ios_base/storage/11584.cc execution test
FAIL: ext/14648.cc (test for excess errors)
WARNING: ext/14648.cc compilation failed to produce executable
FAIL: ext/rope/1.cc (test for excess errors)
WARNING: ext/rope/1.cc compilation failed to produce executable
FAIL: ext/rope/2.cc (test for excess errors)
WARNING: ext/rope/2.cc compilation failed to produce executable
FAIL: ext/rope/3.cc (test for excess errors)
WARNING: ext/rope/3.cc compilation failed to produce executable
FAIL: thread/pthread7-rope.cc (test for excess errors)
WARNING: thread/pthread7-rope.cc compilation failed to produce executable

		=== libstdc++ Summary ===

# of expected passes		2661
# of unexpected failures	15
# of expected failures		5
# of unsupported tests		9

Compiler version: 3.5.0 20040709 (experimental) 
Platform: powerpc-apple-darwin7.4.0
configure flags: --prefix=/Users/regress/tbox/objs --target=powerpc-apple-darwin7.4.0 --enable-languages=c,c++,java,objc


Index Nav: [Date Index] [Subject Index] [Author Index] [Thread Index]
Message Nav: [Date Prev] [Date Next] [Thread Prev] [Thread Next]