This is the mail archive of the gcc-testresults@gcc.gnu.org mailing list for the GCC project.


Index Nav: [Date Index] [Subject Index] [Author Index] [Thread Index]
Message Nav: [Date Prev] [Date Next] [Thread Prev] [Thread Next]
Other format: [Raw text]

Results for 3.5.0 20040524 (experimental) testsuite on mips-sgi-irix6.5


LAST_UPDATED: Mon May 24 13:08:35 UTC 2004

Native configuration is mips-sgi-irix6.5

		=== g++ tests ===


Running target unix
WARNING: program timed out.
FAIL: g++.dg/eh/cleanup1.C (test for excess errors)
XPASS: g++.dg/eh/elide1.C execution test
FAIL: 258: expected branch percentages not found: 25
FAIL: g++.dg/gcov/gcov-1.C gcov: 0 failures in line counts, 1 in branch percentages, 0 in return percentages
FAIL: 23:is 2:should be 1
FAIL: g++.dg/gcov/gcov-2.C gcov: 1 failures in line counts, 0 in branch percentages, 0 in return percentages
FAIL: g++.dg/pch/system-1.C -g assembly comparison
FAIL: g++.dg/pch/system-2.C -g assembly comparison
FAIL: g++.old-deja/g++.brendan/crash13.C  (test for errors, line 34)
FAIL: g++.old-deja/g++.bugs/900205_03.C  (test for errors, line 21)
FAIL: g++.old-deja/g++.bugs/900205_03.C  (test for errors, line 24)
FAIL: g++.old-deja/g++.bugs/900205_03.C  (test for errors, line 44)
FAIL: g++.old-deja/g++.bugs/900205_03.C  (test for errors, line 47)
XPASS: g++.old-deja/g++.jason/thunk3.C execution test
FAIL: g++.old-deja/g++.law/friend5.C  (test for errors, line 19)
FAIL: g++.old-deja/g++.law/friend5.C  (test for errors, line 24)
WARNING: g++.old-deja/g++.mike/p10769a.C compilation failed to produce executable
FAIL: g++.old-deja/g++.mike/p646.C  (test for warnings, line 104)
FAIL: g++.old-deja/g++.mike/p646.C  (test for warnings, line 112)
FAIL: g++.old-deja/g++.mike/p646.C  (test for warnings, line 120)
FAIL: g++.old-deja/g++.mike/p646.C  (test for warnings, line 127)
FAIL: g++.old-deja/g++.mike/p646.C  (test for warnings, line 133)
WARNING: g++.old-deja/g++.other/enum5.C compilation failed to produce executable
FAIL: g++.old-deja/g++.other/warn7.C  (test for warnings, line 38)
WARNING: g++.old-deja/g++.pt/friend44.C compilation failed to produce executable

		=== g++ Summary for unix ===

# of expected passes		9312
# of unexpected failures	20
# of unexpected successes	2
# of expected failures		84
# of unsupported tests		94

Running target unix/-mabi=32
WARNING: program timed out.
FAIL: g++.dg/eh/cleanup1.C (test for excess errors)
XPASS: g++.dg/eh/elide1.C execution test
FAIL: 258: expected branch percentages not found: 25
FAIL: g++.dg/gcov/gcov-1.C gcov: 0 failures in line counts, 1 in branch percentages, 0 in return percentages
FAIL: 23:is 2:should be 1
FAIL: g++.dg/gcov/gcov-2.C gcov: 1 failures in line counts, 0 in branch percentages, 0 in return percentages
FAIL: g++.old-deja/g++.brendan/crash13.C  (test for errors, line 34)
FAIL: g++.old-deja/g++.bugs/900205_03.C  (test for errors, line 21)
FAIL: g++.old-deja/g++.bugs/900205_03.C  (test for errors, line 24)
FAIL: g++.old-deja/g++.bugs/900205_03.C  (test for errors, line 44)
FAIL: g++.old-deja/g++.bugs/900205_03.C  (test for errors, line 47)
XPASS: g++.old-deja/g++.jason/thunk3.C execution test
FAIL: g++.old-deja/g++.law/friend5.C  (test for errors, line 19)
FAIL: g++.old-deja/g++.law/friend5.C  (test for errors, line 24)
WARNING: g++.old-deja/g++.mike/p10769a.C compilation failed to produce executable
FAIL: g++.old-deja/g++.mike/p646.C  (test for warnings, line 104)
FAIL: g++.old-deja/g++.mike/p646.C  (test for warnings, line 112)
FAIL: g++.old-deja/g++.mike/p646.C  (test for warnings, line 120)
FAIL: g++.old-deja/g++.mike/p646.C  (test for warnings, line 127)
FAIL: g++.old-deja/g++.mike/p646.C  (test for warnings, line 133)
WARNING: g++.old-deja/g++.other/enum5.C compilation failed to produce executable
FAIL: g++.old-deja/g++.other/warn7.C  (test for warnings, line 38)
WARNING: g++.old-deja/g++.pt/friend44.C compilation failed to produce executable

		=== g++ Summary for unix/-mabi=32 ===

# of expected passes		10123
# of unexpected failures	18
# of unexpected successes	2
# of expected failures		84
# of unsupported tests		95

Running target unix/-mabi=64
WARNING: program timed out.
FAIL: g++.dg/eh/cleanup1.C (test for excess errors)
XPASS: g++.dg/eh/elide1.C execution test
FAIL: 258: expected branch percentages not found: 25
FAIL: g++.dg/gcov/gcov-1.C gcov: 0 failures in line counts, 1 in branch percentages, 0 in return percentages
FAIL: 23:is 2:should be 1
FAIL: g++.dg/gcov/gcov-2.C gcov: 1 failures in line counts, 0 in branch percentages, 0 in return percentages
FAIL: g++.dg/pch/system-1.C -g assembly comparison
FAIL: g++.dg/pch/system-2.C -g assembly comparison
FAIL: g++.old-deja/g++.brendan/crash13.C  (test for errors, line 34)
FAIL: g++.old-deja/g++.bugs/900205_03.C  (test for errors, line 21)
FAIL: g++.old-deja/g++.bugs/900205_03.C  (test for errors, line 24)
FAIL: g++.old-deja/g++.bugs/900205_03.C  (test for errors, line 44)
FAIL: g++.old-deja/g++.bugs/900205_03.C  (test for errors, line 47)
XPASS: g++.old-deja/g++.jason/thunk3.C execution test
FAIL: g++.old-deja/g++.law/friend5.C  (test for errors, line 19)
FAIL: g++.old-deja/g++.law/friend5.C  (test for errors, line 24)
WARNING: g++.old-deja/g++.mike/p10769a.C compilation failed to produce executable
FAIL: g++.old-deja/g++.mike/p646.C  (test for warnings, line 104)
FAIL: g++.old-deja/g++.mike/p646.C  (test for warnings, line 112)
FAIL: g++.old-deja/g++.mike/p646.C  (test for warnings, line 120)
FAIL: g++.old-deja/g++.mike/p646.C  (test for warnings, line 127)
FAIL: g++.old-deja/g++.mike/p646.C  (test for warnings, line 133)
WARNING: g++.old-deja/g++.other/enum5.C compilation failed to produce executable
FAIL: g++.old-deja/g++.other/warn7.C  (test for warnings, line 38)
WARNING: g++.old-deja/g++.pt/friend44.C compilation failed to produce executable

		=== g++ Summary for unix/-mabi=64 ===

# of expected passes		9312
# of unexpected failures	20
# of unexpected successes	2
# of expected failures		84
# of unsupported tests		94

		=== g++ Summary ===

# of expected passes		28747
# of unexpected failures	58
# of unexpected successes	6
# of expected failures		252
# of unsupported tests		283
/.vol/gcc/obj/gcc-3.5.0-20040524/6.5-gcc-java/gcc/testsuite/../g++ version 3.5.0 20040524 (experimental)

		=== gcc tests ===


Running target unix
WARNING: program timed out.
FAIL: gcc.c-torture/compile/20001226-1.c (test for excess errors)
WARNING: program timed out.
FAIL: gcc.c-torture/compile/20001226-1.c (test for excess errors)
WARNING: program timed out.
FAIL: gcc.c-torture/compile/20001226-1.c (test for excess errors)
WARNING: program timed out.
FAIL: gcc.c-torture/compile/20001226-1.c (test for excess errors)
WARNING: program timed out.
FAIL: gcc.c-torture/compile/20001226-1.c (test for excess errors)
FAIL: gcc.c-torture/execute/builtins/string-asm-2.c execution,  -O1 
FAIL: gcc.c-torture/execute/builtins/string-asm-2.c execution,  -O2 
FAIL: gcc.c-torture/execute/builtins/string-asm-2.c execution,  -O3 -fomit-frame-pointer 
FAIL: gcc.c-torture/execute/builtins/string-asm-2.c execution,  -O3 -g 
FAIL: gcc.c-torture/execute/builtins/string-asm-2.c execution,  -Os 
FAIL: gcc.c-torture/execute/920428-2.c execution,  -O1 
FAIL: gcc.c-torture/execute/920428-2.c execution,  -O2 
FAIL: gcc.c-torture/execute/920428-2.c execution,  -O3 -fomit-frame-pointer 
FAIL: gcc.c-torture/execute/920428-2.c execution,  -O3 -g 
FAIL: gcc.c-torture/execute/920428-2.c execution,  -Os 
FAIL: gcc.c-torture/execute/920501-7.c execution,  -O1 
FAIL: gcc.c-torture/execute/920501-7.c execution,  -O2 
FAIL: gcc.c-torture/execute/920501-7.c execution,  -O3 -fomit-frame-pointer 
FAIL: gcc.c-torture/execute/920501-7.c execution,  -O3 -g 
FAIL: gcc.c-torture/execute/920501-7.c execution,  -Os 
FAIL: gcc.c-torture/execute/comp-goto-2.c execution,  -O1 
FAIL: gcc.c-torture/execute/comp-goto-2.c execution,  -O2 
FAIL: gcc.c-torture/execute/comp-goto-2.c execution,  -O3 -fomit-frame-pointer 
FAIL: gcc.c-torture/execute/comp-goto-2.c execution,  -O3 -g 
FAIL: gcc.c-torture/execute/comp-goto-2.c execution,  -Os 
FAIL: gcc.c-torture/execute/loop-14.c execution,  -Os 
FAIL: gcc.c-torture/execute/nestfunc-5.c execution,  -O1 
FAIL: gcc.c-torture/execute/nestfunc-5.c execution,  -O2 
FAIL: gcc.c-torture/execute/nestfunc-5.c execution,  -O3 -fomit-frame-pointer 
FAIL: gcc.c-torture/execute/nestfunc-5.c execution,  -O3 -g 
FAIL: gcc.c-torture/execute/nestfunc-5.c execution,  -Os 
FAIL: gcc.c-torture/execute/nestfunc-6.c execution,  -O1 
FAIL: gcc.c-torture/execute/nestfunc-6.c execution,  -O2 
FAIL: gcc.c-torture/execute/nestfunc-6.c execution,  -O3 -fomit-frame-pointer 
FAIL: gcc.c-torture/execute/nestfunc-6.c execution,  -O3 -g 
FAIL: gcc.c-torture/execute/nestfunc-6.c execution,  -Os 
FAIL: gcc.c-torture/execute/ieee/mul-subnormal-single-1.c execution,  -O0 
FAIL: gcc.c-torture/execute/ieee/mul-subnormal-single-1.c execution,  -O1 
FAIL: gcc.c-torture/execute/ieee/mul-subnormal-single-1.c execution,  -O2 
FAIL: gcc.c-torture/execute/ieee/mul-subnormal-single-1.c execution,  -O3 -fomit-frame-pointer 
FAIL: gcc.c-torture/execute/ieee/mul-subnormal-single-1.c execution,  -O3 -fomit-frame-pointer -funroll-loops 
FAIL: gcc.c-torture/execute/ieee/mul-subnormal-single-1.c execution,  -O3 -fomit-frame-pointer -funroll-all-loops -finline-functions 
FAIL: gcc.c-torture/execute/ieee/mul-subnormal-single-1.c execution,  -O3 -g 
FAIL: gcc.c-torture/execute/ieee/mul-subnormal-single-1.c execution,  -Os 
FAIL: gcc.dg/debug/dwarf2/dwarf-die7.c scan-assembler 1.*DW_AT_inline
FAIL: gcc.dg/c90-const-expr-3.c (test for excess errors)
FAIL: gcc.dg/c99-const-expr-3.c (test for excess errors)
XPASS: gcc.dg/setjmp-1.c spurious clobbered warning (test for bogus messages, line 16)
XPASS: gcc.dg/sibcall-3.c execution test
XPASS: gcc.dg/sibcall-4.c execution test
FAIL: gcc.dg/uninit-H.c  (test for bogus messages, line 20)
UNRESOLVED: gcc.dg/visibility-1.c
UNRESOLVED: gcc.dg/visibility-2.c
UNRESOLVED: gcc.dg/visibility-3.c
UNRESOLVED: gcc.dg/visibility-4.c
UNRESOLVED: gcc.dg/visibility-5.c
UNRESOLVED: gcc.dg/visibility-6.c
UNRESOLVED: gcc.dg/visibility-7.c
UNRESOLVED: gcc.dg/visibility-8.c
FAIL: gcc.dg/noncompile/920507-1.c (test for excess errors)
FAIL: gcc.dg/noncompile/920507-1.c (test for excess errors)
FAIL: gcc.dg/noncompile/920507-1.c (test for excess errors)
FAIL: gcc.dg/noncompile/920507-1.c (test for excess errors)
FAIL: gcc.dg/noncompile/920507-1.c (test for excess errors)
FAIL: largefile.c (test for excess errors)
FAIL: largefile.c (test for excess errors)
FAIL: largefile.c (test for excess errors)
FAIL: largefile.c (test for excess errors)
FAIL: largefile.c (test for excess errors)
FAIL: largefile.c (test for excess errors)
FAIL: largefile.c (test for excess errors)
FAIL: 209: expected branch percentages not found: 25
FAIL: gcc.misc-tests/gcov-4b.c gcov: 0 failures in line counts, 1 in branch percentages, 0 in return percentages

		=== gcc Summary for unix ===

# of expected passes		25327
# of unexpected failures	62
# of unexpected successes	3
# of expected failures		68
# of unresolved testcases	8
# of untested testcases		35
# of unsupported tests		329

Running target unix/-mabi=32
FAIL: gcc.c-torture/execute/builtins/string-asm-2.c execution,  -O1 
FAIL: gcc.c-torture/execute/builtins/string-asm-2.c execution,  -O2 
FAIL: gcc.c-torture/execute/builtins/string-asm-2.c execution,  -O3 -fomit-frame-pointer 
FAIL: gcc.c-torture/execute/builtins/string-asm-2.c execution,  -O3 -g 
FAIL: gcc.c-torture/execute/builtins/string-asm-2.c execution,  -Os 
XPASS: gcc.c-torture/execute/20020227-1.c execution,  -O0 
XPASS: gcc.c-torture/execute/20020227-1.c execution,  -O1 
XPASS: gcc.c-torture/execute/20020227-1.c execution,  -O2 
XPASS: gcc.c-torture/execute/20020227-1.c execution,  -O3 -fomit-frame-pointer 
XPASS: gcc.c-torture/execute/20020227-1.c execution,  -O3 -g 
XPASS: gcc.c-torture/execute/20020227-1.c execution,  -Os 
FAIL: gcc.c-torture/execute/920428-2.c execution,  -O1 
FAIL: gcc.c-torture/execute/920428-2.c execution,  -O2 
FAIL: gcc.c-torture/execute/920428-2.c execution,  -O3 -fomit-frame-pointer 
FAIL: gcc.c-torture/execute/920428-2.c execution,  -O3 -g 
FAIL: gcc.c-torture/execute/920428-2.c execution,  -Os 
FAIL: gcc.c-torture/execute/920501-7.c execution,  -O1 
FAIL: gcc.c-torture/execute/920501-7.c execution,  -O2 
FAIL: gcc.c-torture/execute/920501-7.c execution,  -O3 -fomit-frame-pointer 
FAIL: gcc.c-torture/execute/920501-7.c execution,  -O3 -g 
FAIL: gcc.c-torture/execute/920501-7.c execution,  -Os 
FAIL: gcc.c-torture/execute/comp-goto-2.c execution,  -O1 
FAIL: gcc.c-torture/execute/comp-goto-2.c execution,  -O2 
FAIL: gcc.c-torture/execute/comp-goto-2.c execution,  -O3 -fomit-frame-pointer 
FAIL: gcc.c-torture/execute/comp-goto-2.c execution,  -O3 -g 
FAIL: gcc.c-torture/execute/comp-goto-2.c execution,  -Os 
FAIL: gcc.c-torture/execute/loop-14.c execution,  -Os 
FAIL: gcc.c-torture/execute/nestfunc-5.c execution,  -O1 
FAIL: gcc.c-torture/execute/nestfunc-5.c execution,  -O2 
FAIL: gcc.c-torture/execute/nestfunc-5.c execution,  -O3 -fomit-frame-pointer 
FAIL: gcc.c-torture/execute/nestfunc-5.c execution,  -O3 -g 
FAIL: gcc.c-torture/execute/nestfunc-5.c execution,  -Os 
FAIL: gcc.c-torture/execute/nestfunc-6.c execution,  -O1 
FAIL: gcc.c-torture/execute/nestfunc-6.c execution,  -O2 
FAIL: gcc.c-torture/execute/nestfunc-6.c execution,  -O3 -fomit-frame-pointer 
FAIL: gcc.c-torture/execute/nestfunc-6.c execution,  -O3 -g 
FAIL: gcc.c-torture/execute/nestfunc-6.c execution,  -Os 
FAIL: gcc.dg/compat/sdata-1 c_compat_x_tst.o compile
FAIL: gcc.dg/compat/sdata-1 c_compat_y_tst.o compile
UNRESOLVED: gcc.dg/compat/sdata-1 c_compat_x_tst.o-c_compat_y_tst.o link 
UNRESOLVED: gcc.dg/compat/sdata-1 c_compat_x_tst.o-c_compat_y_tst.o execute 
FAIL: gcc.dg/debug/debug-1.c scan-assembler xyzzy
FAIL: gcc.dg/debug/debug-1.c scan-assembler xyzzy
FAIL: gcc.dg/debug/debug-1.c scan-assembler xyzzy
FAIL: gcc.dg/debug/debug-1.c scan-assembler xyzzy
FAIL: gcc.dg/debug/debug-1.c scan-assembler xyzzy
FAIL: gcc.dg/debug/debug-1.c scan-assembler xyzzy
FAIL: gcc.dg/debug/debug-1.c scan-assembler xyzzy
FAIL: gcc.dg/debug/debug-1.c scan-assembler xyzzy
FAIL: gcc.dg/debug/debug-1.c scan-assembler xyzzy
FAIL: gcc.dg/debug/debug-1.c scan-assembler xyzzy
FAIL: gcc.dg/debug/debug-1.c scan-assembler xyzzy
FAIL: gcc.dg/debug/debug-1.c scan-assembler xyzzy
FAIL: gcc.dg/debug/debug-1.c scan-assembler xyzzy
FAIL: gcc.dg/debug/debug-1.c scan-assembler xyzzy
FAIL: gcc.dg/debug/debug-1.c scan-assembler xyzzy
FAIL: gcc.dg/debug/debug-1.c scan-assembler xyzzy
FAIL: gcc.dg/debug/debug-2.c scan-assembler xyzzy
FAIL: gcc.dg/debug/debug-2.c scan-assembler xyzzy
FAIL: gcc.dg/debug/debug-2.c scan-assembler xyzzy
FAIL: gcc.dg/debug/debug-2.c scan-assembler xyzzy
FAIL: gcc.dg/debug/debug-2.c scan-assembler xyzzy
FAIL: gcc.dg/debug/debug-2.c scan-assembler xyzzy
FAIL: gcc.dg/debug/debug-2.c scan-assembler xyzzy
FAIL: gcc.dg/debug/debug-2.c scan-assembler xyzzy
FAIL: gcc.dg/debug/debug-2.c scan-assembler xyzzy
FAIL: gcc.dg/debug/debug-2.c scan-assembler xyzzy
FAIL: gcc.dg/debug/debug-2.c scan-assembler xyzzy
FAIL: gcc.dg/debug/debug-2.c scan-assembler xyzzy
FAIL: gcc.dg/debug/debug-2.c scan-assembler xyzzy
FAIL: gcc.dg/debug/debug-2.c scan-assembler xyzzy
FAIL: gcc.dg/debug/debug-2.c scan-assembler xyzzy
FAIL: gcc.dg/debug/debug-2.c scan-assembler xyzzy
FAIL: gcc.dg/debug/debug-6.c scan-assembler xyzzy
FAIL: gcc.dg/debug/debug-6.c scan-assembler xyzzy
FAIL: gcc.dg/debug/debug-6.c scan-assembler xyzzy
FAIL: gcc.dg/debug/debug-6.c scan-assembler xyzzy
FAIL: gcc.dg/debug/debug-6.c scan-assembler xyzzy
FAIL: gcc.dg/debug/debug-6.c scan-assembler xyzzy
FAIL: gcc.dg/debug/debug-6.c scan-assembler xyzzy
FAIL: gcc.dg/debug/debug-6.c scan-assembler xyzzy
FAIL: gcc.dg/debug/debug-6.c scan-assembler xyzzy
FAIL: gcc.dg/debug/debug-6.c scan-assembler xyzzy
FAIL: gcc.dg/debug/debug-6.c scan-assembler xyzzy
FAIL: gcc.dg/debug/debug-6.c scan-assembler xyzzy
FAIL: gcc.dg/debug/debug-6.c scan-assembler xyzzy
FAIL: gcc.dg/debug/debug-6.c scan-assembler xyzzy
FAIL: gcc.dg/debug/debug-6.c scan-assembler xyzzy
FAIL: gcc.dg/debug/debug-6.c scan-assembler xyzzy
FAIL: gcc.dg/debug/debug-6.c scan-assembler xyzzy
FAIL: gcc.dg/debug/debug-6.c scan-assembler xyzzy
FAIL: gcc.dg/debug/debug-6.c scan-assembler xyzzy
FAIL: gcc.dg/debug/debug-6.c scan-assembler xyzzy
FAIL: gcc.dg/debug/debug-6.c scan-assembler xyzzy
FAIL: gcc.dg/debug/debug-6.c scan-assembler xyzzy
FAIL: gcc.dg/debug/debug-6.c scan-assembler xyzzy
FAIL: gcc.dg/debug/debug-6.c scan-assembler xyzzy
FAIL: gcc.dg/debug/debug-6.c scan-assembler xyzzy
FAIL: gcc.dg/debug/debug-6.c scan-assembler xyzzy
FAIL: gcc.dg/debug/debug-6.c scan-assembler xyzzy
FAIL: gcc.dg/debug/debug-6.c scan-assembler xyzzy
FAIL: gcc.dg/debug/debug-6.c scan-assembler xyzzy
FAIL: gcc.dg/debug/debug-6.c scan-assembler xyzzy
FAIL: gcc.dg/debug/debug-6.c scan-assembler xyzzy
FAIL: gcc.dg/debug/debug-6.c scan-assembler xyzzy
FAIL: gcc.dg/debug/debug-6.c scan-assembler xyzzy
FAIL: gcc.dg/debug/debug-6.c scan-assembler xyzzy
FAIL: gcc.dg/debug/debug-6.c scan-assembler xyzzy
FAIL: gcc.dg/debug/debug-6.c scan-assembler xyzzy
FAIL: gcc.dg/debug/dwarf2/dwarf-die5.c scan-assembler 3.*DW_AT_inline
FAIL: gcc.dg/debug/dwarf2/dwarf-die7.c scan-assembler 1.*DW_AT_inline
FAIL: gcc.dg/array-quals-1.c scan-assembler-not \\\\.data(?!\\\\.rel\\\\.ro)
FAIL: gcc.dg/c90-const-expr-3.c (test for excess errors)
FAIL: gcc.dg/c99-const-expr-3.c (test for excess errors)
XPASS: gcc.dg/setjmp-1.c spurious clobbered warning (test for bogus messages, line 16)
FAIL: gcc.dg/uninit-H.c  (test for bogus messages, line 20)
UNRESOLVED: gcc.dg/visibility-1.c
UNRESOLVED: gcc.dg/visibility-2.c
UNRESOLVED: gcc.dg/visibility-3.c
UNRESOLVED: gcc.dg/visibility-4.c
UNRESOLVED: gcc.dg/visibility-5.c
UNRESOLVED: gcc.dg/visibility-6.c
UNRESOLVED: gcc.dg/visibility-7.c
UNRESOLVED: gcc.dg/visibility-8.c
FAIL: gcc.dg/pch/valid-1.c  (test for errors, line 3)
FAIL: gcc.dg/pch/valid-1.c  (test for errors, line 3)
FAIL: gcc.dg/pch/valid-1.c  (test for errors, line 3)
FAIL: gcc.dg/pch/valid-1.c  (test for errors, line 3)
FAIL: gcc.dg/pch/valid-1.c  (test for errors, line 3)
FAIL: gcc.dg/pch/valid-1.c  (test for errors, line 3)
FAIL: gcc.dg/pch/valid-1.c  (test for errors, line 3)
FAIL: gcc.dg/pch/valid-1.c  (test for errors, line 3)
FAIL: gcc.dg/pch/valid-1.c  (test for errors, line 3)
FAIL: gcc.dg/pch/valid-1.c  (test for errors, line 3)
FAIL: gcc.dg/pch/valid-1.c  (test for errors, line 3)
FAIL: gcc.dg/pch/valid-1.c  (test for errors, line 3)
FAIL: gcc.dg/pch/valid-1.c  (test for errors, line 3)
FAIL: gcc.dg/pch/valid-1.c  (test for errors, line 3)
FAIL: largefile.c (test for excess errors)
FAIL: largefile.c (test for excess errors)
FAIL: largefile.c (test for excess errors)
FAIL: largefile.c (test for excess errors)
FAIL: largefile.c (test for excess errors)
FAIL: largefile.c (test for excess errors)
FAIL: largefile.c (test for excess errors)
FAIL: 209: expected branch percentages not found: 25
FAIL: gcc.misc-tests/gcov-4b.c gcov: 0 failures in line counts, 1 in branch percentages, 0 in return percentages

		=== gcc Summary for unix/-mabi=32 ===

# of expected passes		26233
# of unexpected failures	130
# of unexpected successes	7
# of expected failures		64
# of unresolved testcases	10
# of untested testcases		28
# of unsupported tests		329

Running target unix/-mabi=64
WARNING: program timed out.
FAIL: gcc.c-torture/compile/20001226-1.c (test for excess errors)
FAIL: gcc.c-torture/compile/20031023-1.c (test for excess errors)
FAIL: gcc.c-torture/compile/20031023-1.c (test for excess errors)
FAIL: gcc.c-torture/compile/20031023-1.c (test for excess errors)
FAIL: gcc.c-torture/compile/20031023-1.c (test for excess errors)
FAIL: gcc.c-torture/compile/20031023-1.c (test for excess errors)
FAIL: gcc.c-torture/compile/20031023-1.c (test for excess errors)
FAIL: gcc.c-torture/compile/20031023-2.c (test for excess errors)
FAIL: gcc.c-torture/compile/20031023-2.c (test for excess errors)
FAIL: gcc.c-torture/compile/20031023-2.c (test for excess errors)
FAIL: gcc.c-torture/compile/20031023-2.c (test for excess errors)
FAIL: gcc.c-torture/compile/20031023-2.c (test for excess errors)
FAIL: gcc.c-torture/compile/20031023-2.c (test for excess errors)
FAIL: gcc.c-torture/compile/20031023-3.c (test for excess errors)
FAIL: gcc.c-torture/compile/20031023-3.c (test for excess errors)
FAIL: gcc.c-torture/compile/20031023-3.c (test for excess errors)
FAIL: gcc.c-torture/compile/20031023-3.c (test for excess errors)
FAIL: gcc.c-torture/compile/20031023-3.c (test for excess errors)
FAIL: gcc.c-torture/compile/20031023-3.c (test for excess errors)
FAIL: gcc.c-torture/execute/builtins/string-asm-2.c execution,  -O1 
FAIL: gcc.c-torture/execute/builtins/string-asm-2.c execution,  -O2 
FAIL: gcc.c-torture/execute/builtins/string-asm-2.c execution,  -O3 -fomit-frame-pointer 
FAIL: gcc.c-torture/execute/builtins/string-asm-2.c execution,  -O3 -g 
FAIL: gcc.c-torture/execute/builtins/string-asm-2.c execution,  -Os 
FAIL: gcc.c-torture/execute/920428-2.c execution,  -O1 
FAIL: gcc.c-torture/execute/920428-2.c execution,  -O2 
FAIL: gcc.c-torture/execute/920428-2.c execution,  -O3 -fomit-frame-pointer 
FAIL: gcc.c-torture/execute/920428-2.c execution,  -O3 -g 
FAIL: gcc.c-torture/execute/920428-2.c execution,  -Os 
FAIL: gcc.c-torture/execute/920501-7.c execution,  -O1 
FAIL: gcc.c-torture/execute/920501-7.c execution,  -O2 
FAIL: gcc.c-torture/execute/920501-7.c execution,  -O3 -fomit-frame-pointer 
FAIL: gcc.c-torture/execute/920501-7.c execution,  -O3 -g 
FAIL: gcc.c-torture/execute/920501-7.c execution,  -Os 
FAIL: gcc.c-torture/execute/comp-goto-2.c execution,  -O1 
FAIL: gcc.c-torture/execute/comp-goto-2.c execution,  -O2 
FAIL: gcc.c-torture/execute/comp-goto-2.c execution,  -O3 -fomit-frame-pointer 
FAIL: gcc.c-torture/execute/comp-goto-2.c execution,  -O3 -g 
FAIL: gcc.c-torture/execute/comp-goto-2.c execution,  -Os 
FAIL: gcc.c-torture/execute/loop-14.c execution,  -Os 
FAIL: gcc.c-torture/execute/nestfunc-5.c execution,  -O1 
FAIL: gcc.c-torture/execute/nestfunc-5.c execution,  -O2 
FAIL: gcc.c-torture/execute/nestfunc-5.c execution,  -O3 -fomit-frame-pointer 
FAIL: gcc.c-torture/execute/nestfunc-5.c execution,  -O3 -g 
FAIL: gcc.c-torture/execute/nestfunc-5.c execution,  -Os 
FAIL: gcc.c-torture/execute/nestfunc-6.c execution,  -O1 
FAIL: gcc.c-torture/execute/nestfunc-6.c execution,  -O2 
FAIL: gcc.c-torture/execute/nestfunc-6.c execution,  -O3 -fomit-frame-pointer 
FAIL: gcc.c-torture/execute/nestfunc-6.c execution,  -O3 -g 
FAIL: gcc.c-torture/execute/nestfunc-6.c execution,  -Os 
FAIL: gcc.c-torture/execute/ieee/mul-subnormal-single-1.c execution,  -O0 
FAIL: gcc.c-torture/execute/ieee/mul-subnormal-single-1.c execution,  -O1 
FAIL: gcc.c-torture/execute/ieee/mul-subnormal-single-1.c execution,  -O2 
FAIL: gcc.c-torture/execute/ieee/mul-subnormal-single-1.c execution,  -O3 -fomit-frame-pointer 
FAIL: gcc.c-torture/execute/ieee/mul-subnormal-single-1.c execution,  -O3 -fomit-frame-pointer -funroll-loops 
FAIL: gcc.c-torture/execute/ieee/mul-subnormal-single-1.c execution,  -O3 -fomit-frame-pointer -funroll-all-loops -finline-functions 
FAIL: gcc.c-torture/execute/ieee/mul-subnormal-single-1.c execution,  -O3 -g 
FAIL: gcc.c-torture/execute/ieee/mul-subnormal-single-1.c execution,  -Os 
FAIL: gcc.dg/debug/dwarf2/dwarf-die7.c scan-assembler 1.*DW_AT_inline
FAIL: gcc.dg/c90-const-expr-3.c (test for excess errors)
FAIL: gcc.dg/c99-const-expr-3.c (test for excess errors)
XPASS: gcc.dg/setjmp-1.c spurious clobbered warning (test for bogus messages, line 16)
XPASS: gcc.dg/sibcall-3.c execution test
XPASS: gcc.dg/sibcall-4.c execution test
FAIL: gcc.dg/uninit-H.c  (test for bogus messages, line 20)
UNRESOLVED: gcc.dg/visibility-1.c
UNRESOLVED: gcc.dg/visibility-2.c
UNRESOLVED: gcc.dg/visibility-3.c
UNRESOLVED: gcc.dg/visibility-4.c
UNRESOLVED: gcc.dg/visibility-5.c
UNRESOLVED: gcc.dg/visibility-6.c
UNRESOLVED: gcc.dg/visibility-7.c
UNRESOLVED: gcc.dg/visibility-8.c
FAIL: largefile.c (test for excess errors)
FAIL: largefile.c (test for excess errors)
FAIL: largefile.c (test for excess errors)
FAIL: largefile.c (test for excess errors)
FAIL: largefile.c (test for excess errors)
FAIL: largefile.c (test for excess errors)
FAIL: largefile.c (test for excess errors)
FAIL: 209: expected branch percentages not found: 25
FAIL: gcc.misc-tests/gcov-4b.c gcov: 0 failures in line counts, 1 in branch percentages, 0 in return percentages

		=== gcc Summary for unix/-mabi=64 ===

# of expected passes		25318
# of unexpected failures	71
# of unexpected successes	3
# of expected failures		68
# of unresolved testcases	8
# of untested testcases		35
# of unsupported tests		329

		=== gcc Summary ===

# of expected passes		76878
# of unexpected failures	263
# of unexpected successes	13
# of expected failures		200
# of unresolved testcases	26
# of untested testcases		98
# of unsupported tests		987
/.vol/gcc/obj/gcc-3.5.0-20040524/6.5-gcc-java/gcc/xgcc version 3.5.0 20040524 (experimental)

		=== objc tests ===


Running target unix

		=== objc Summary for unix ===

# of expected passes		1339
# of unsupported tests		8

Running target unix/-mabi=32

		=== objc Summary for unix/-mabi=32 ===

# of expected passes		1339
# of unsupported tests		8

Running target unix/-mabi=64

		=== objc Summary for unix/-mabi=64 ===

# of expected passes		1339
# of unsupported tests		8

		=== objc Summary ===

# of expected passes		4017
# of unsupported tests		24
/.vol/gcc/obj/gcc-3.5.0-20040524/6.5-gcc-java/gcc/xgcc version 3.5.0 20040524 (experimental)

		=== libffi tests ===


Running target unix
FAIL: libffi.call/closure_fn0.c (test for excess errors)
WARNING: libffi.call/closure_fn0.c compilation failed to produce executable
FAIL: libffi.call/closure_fn1.c (test for excess errors)
WARNING: libffi.call/closure_fn1.c compilation failed to produce executable
FAIL: libffi.call/closure_fn2.c (test for excess errors)
WARNING: libffi.call/closure_fn2.c compilation failed to produce executable
FAIL: libffi.call/closure_fn3.c (test for excess errors)
WARNING: libffi.call/closure_fn3.c compilation failed to produce executable
FAIL: libffi.call/closure_fn4.c (test for excess errors)
WARNING: libffi.call/closure_fn4.c compilation failed to produce executable
FAIL: libffi.call/closure_fn5.c (test for excess errors)
WARNING: libffi.call/closure_fn5.c compilation failed to produce executable
FAIL: libffi.call/cls_12byte.c (test for excess errors)
WARNING: libffi.call/cls_12byte.c compilation failed to produce executable
FAIL: libffi.call/cls_16byte.c (test for excess errors)
WARNING: libffi.call/cls_16byte.c compilation failed to produce executable
FAIL: libffi.call/cls_18byte.c (test for excess errors)
WARNING: libffi.call/cls_18byte.c compilation failed to produce executable
FAIL: libffi.call/cls_19byte.c (test for excess errors)
WARNING: libffi.call/cls_19byte.c compilation failed to produce executable
FAIL: libffi.call/cls_1_1byte.c (test for excess errors)
WARNING: libffi.call/cls_1_1byte.c compilation failed to produce executable
FAIL: libffi.call/cls_20byte.c (test for excess errors)
WARNING: libffi.call/cls_20byte.c compilation failed to produce executable
FAIL: libffi.call/cls_20byte1.c (test for excess errors)
WARNING: libffi.call/cls_20byte1.c compilation failed to produce executable
FAIL: libffi.call/cls_24byte.c (test for excess errors)
WARNING: libffi.call/cls_24byte.c compilation failed to produce executable
FAIL: libffi.call/cls_2byte.c (test for excess errors)
WARNING: libffi.call/cls_2byte.c compilation failed to produce executable
FAIL: libffi.call/cls_3_1byte.c (test for excess errors)
WARNING: libffi.call/cls_3_1byte.c compilation failed to produce executable
FAIL: libffi.call/cls_3byte1.c (test for excess errors)
WARNING: libffi.call/cls_3byte1.c compilation failed to produce executable
FAIL: libffi.call/cls_3byte2.c (test for excess errors)
WARNING: libffi.call/cls_3byte2.c compilation failed to produce executable
FAIL: libffi.call/cls_4_1byte.c (test for excess errors)
WARNING: libffi.call/cls_4_1byte.c compilation failed to produce executable
FAIL: libffi.call/cls_4byte.c (test for excess errors)
WARNING: libffi.call/cls_4byte.c compilation failed to produce executable
FAIL: libffi.call/cls_5byte.c (test for excess errors)
WARNING: libffi.call/cls_5byte.c compilation failed to produce executable
FAIL: libffi.call/cls_64byte.c (test for excess errors)
WARNING: libffi.call/cls_64byte.c compilation failed to produce executable
FAIL: libffi.call/cls_6byte.c (test for excess errors)
WARNING: libffi.call/cls_6byte.c compilation failed to produce executable
FAIL: libffi.call/cls_7byte.c (test for excess errors)
WARNING: libffi.call/cls_7byte.c compilation failed to produce executable
FAIL: libffi.call/cls_8byte.c (test for excess errors)
WARNING: libffi.call/cls_8byte.c compilation failed to produce executable
FAIL: libffi.call/cls_9byte1.c (test for excess errors)
WARNING: libffi.call/cls_9byte1.c compilation failed to produce executable
FAIL: libffi.call/cls_9byte2.c (test for excess errors)
WARNING: libffi.call/cls_9byte2.c compilation failed to produce executable
FAIL: libffi.call/cls_align_double.c (test for excess errors)
WARNING: libffi.call/cls_align_double.c compilation failed to produce executable
FAIL: libffi.call/cls_align_float.c (test for excess errors)
WARNING: libffi.call/cls_align_float.c compilation failed to produce executable
FAIL: libffi.call/cls_align_longdouble.c (test for excess errors)
WARNING: libffi.call/cls_align_longdouble.c compilation failed to produce executable
FAIL: libffi.call/cls_align_pointer.c (test for excess errors)
WARNING: libffi.call/cls_align_pointer.c compilation failed to produce executable
FAIL: libffi.call/cls_align_sint16.c (test for excess errors)
WARNING: libffi.call/cls_align_sint16.c compilation failed to produce executable
FAIL: libffi.call/cls_align_sint32.c (test for excess errors)
WARNING: libffi.call/cls_align_sint32.c compilation failed to produce executable
FAIL: libffi.call/cls_align_sint64.c (test for excess errors)
WARNING: libffi.call/cls_align_sint64.c compilation failed to produce executable
FAIL: libffi.call/cls_align_uint16.c (test for excess errors)
WARNING: libffi.call/cls_align_uint16.c compilation failed to produce executable
FAIL: libffi.call/cls_align_uint32.c (test for excess errors)
WARNING: libffi.call/cls_align_uint32.c compilation failed to produce executable
FAIL: libffi.call/cls_align_uint64.c (test for excess errors)
WARNING: libffi.call/cls_align_uint64.c compilation failed to produce executable
FAIL: libffi.call/cls_double.c (test for excess errors)
WARNING: libffi.call/cls_double.c compilation failed to produce executable
FAIL: libffi.call/cls_float.c (test for excess errors)
WARNING: libffi.call/cls_float.c compilation failed to produce executable
FAIL: libffi.call/cls_multi_schar.c (test for excess errors)
WARNING: libffi.call/cls_multi_schar.c compilation failed to produce executable
FAIL: libffi.call/cls_multi_sshort.c (test for excess errors)
WARNING: libffi.call/cls_multi_sshort.c compilation failed to produce executable
FAIL: libffi.call/cls_multi_sshortchar.c (test for excess errors)
WARNING: libffi.call/cls_multi_sshortchar.c compilation failed to produce executable
FAIL: libffi.call/cls_multi_uchar.c (test for excess errors)
WARNING: libffi.call/cls_multi_uchar.c compilation failed to produce executable
FAIL: libffi.call/cls_multi_ushort.c (test for excess errors)
WARNING: libffi.call/cls_multi_ushort.c compilation failed to produce executable
FAIL: libffi.call/cls_multi_ushortchar.c (test for excess errors)
WARNING: libffi.call/cls_multi_ushortchar.c compilation failed to produce executable
FAIL: libffi.call/cls_schar.c (test for excess errors)
WARNING: libffi.call/cls_schar.c compilation failed to produce executable
FAIL: libffi.call/cls_sint.c (test for excess errors)
WARNING: libffi.call/cls_sint.c compilation failed to produce executable
FAIL: libffi.call/cls_sshort.c (test for excess errors)
WARNING: libffi.call/cls_sshort.c compilation failed to produce executable
FAIL: libffi.call/cls_uchar.c (test for excess errors)
WARNING: libffi.call/cls_uchar.c compilation failed to produce executable
FAIL: libffi.call/cls_uint.c (test for excess errors)
WARNING: libffi.call/cls_uint.c compilation failed to produce executable
FAIL: libffi.call/cls_ulonglong.c (test for excess errors)
WARNING: libffi.call/cls_ulonglong.c compilation failed to produce executable
FAIL: libffi.call/cls_ushort.c (test for excess errors)
WARNING: libffi.call/cls_ushort.c compilation failed to produce executable
FAIL: libffi.call/nested_struct.c (test for excess errors)
WARNING: libffi.call/nested_struct.c compilation failed to produce executable
FAIL: libffi.call/nested_struct1.c (test for excess errors)
WARNING: libffi.call/nested_struct1.c compilation failed to produce executable
FAIL: libffi.call/nested_struct2.c (test for excess errors)
WARNING: libffi.call/nested_struct2.c compilation failed to produce executable
FAIL: libffi.call/nested_struct3.c (test for excess errors)
WARNING: libffi.call/nested_struct3.c compilation failed to produce executable
FAIL: libffi.call/problem1.c (test for excess errors)
WARNING: libffi.call/problem1.c compilation failed to produce executable
FAIL: libffi.call/struct6.c execution test
FAIL: libffi.call/struct7.c execution test
FAIL: libffi.special/unwindtest.cc (test for excess errors)
WARNING: libffi.special/unwindtest.cc compilation failed to produce executable

		=== libffi Summary for unix ===

# of expected passes		36
# of unexpected failures	60
# of unsupported tests		2

Running target unix/-mabi=32
FAIL: libffi.call/closure_fn0.c (test for excess errors)
WARNING: libffi.call/closure_fn0.c compilation failed to produce executable
FAIL: libffi.call/closure_fn1.c (test for excess errors)
WARNING: libffi.call/closure_fn1.c compilation failed to produce executable
FAIL: libffi.call/closure_fn2.c (test for excess errors)
WARNING: libffi.call/closure_fn2.c compilation failed to produce executable
FAIL: libffi.call/closure_fn3.c (test for excess errors)
WARNING: libffi.call/closure_fn3.c compilation failed to produce executable
FAIL: libffi.call/closure_fn4.c (test for excess errors)
WARNING: libffi.call/closure_fn4.c compilation failed to produce executable
FAIL: libffi.call/closure_fn5.c (test for excess errors)
WARNING: libffi.call/closure_fn5.c compilation failed to produce executable
FAIL: libffi.call/cls_12byte.c (test for excess errors)
WARNING: libffi.call/cls_12byte.c compilation failed to produce executable
FAIL: libffi.call/cls_16byte.c (test for excess errors)
WARNING: libffi.call/cls_16byte.c compilation failed to produce executable
FAIL: libffi.call/cls_18byte.c (test for excess errors)
WARNING: libffi.call/cls_18byte.c compilation failed to produce executable
FAIL: libffi.call/cls_19byte.c (test for excess errors)
WARNING: libffi.call/cls_19byte.c compilation failed to produce executable
FAIL: libffi.call/cls_1_1byte.c (test for excess errors)
WARNING: libffi.call/cls_1_1byte.c compilation failed to produce executable
FAIL: libffi.call/cls_20byte.c (test for excess errors)
WARNING: libffi.call/cls_20byte.c compilation failed to produce executable
FAIL: libffi.call/cls_20byte1.c (test for excess errors)
WARNING: libffi.call/cls_20byte1.c compilation failed to produce executable
FAIL: libffi.call/cls_24byte.c (test for excess errors)
WARNING: libffi.call/cls_24byte.c compilation failed to produce executable
FAIL: libffi.call/cls_2byte.c (test for excess errors)
WARNING: libffi.call/cls_2byte.c compilation failed to produce executable
FAIL: libffi.call/cls_3_1byte.c (test for excess errors)
WARNING: libffi.call/cls_3_1byte.c compilation failed to produce executable
FAIL: libffi.call/cls_3byte1.c (test for excess errors)
WARNING: libffi.call/cls_3byte1.c compilation failed to produce executable
FAIL: libffi.call/cls_3byte2.c (test for excess errors)
WARNING: libffi.call/cls_3byte2.c compilation failed to produce executable
FAIL: libffi.call/cls_4_1byte.c (test for excess errors)
WARNING: libffi.call/cls_4_1byte.c compilation failed to produce executable
FAIL: libffi.call/cls_4byte.c (test for excess errors)
WARNING: libffi.call/cls_4byte.c compilation failed to produce executable
FAIL: libffi.call/cls_5byte.c (test for excess errors)
WARNING: libffi.call/cls_5byte.c compilation failed to produce executable
FAIL: libffi.call/cls_64byte.c (test for excess errors)
WARNING: libffi.call/cls_64byte.c compilation failed to produce executable
FAIL: libffi.call/cls_6byte.c (test for excess errors)
WARNING: libffi.call/cls_6byte.c compilation failed to produce executable
FAIL: libffi.call/cls_7byte.c (test for excess errors)
WARNING: libffi.call/cls_7byte.c compilation failed to produce executable
FAIL: libffi.call/cls_8byte.c (test for excess errors)
WARNING: libffi.call/cls_8byte.c compilation failed to produce executable
FAIL: libffi.call/cls_9byte1.c (test for excess errors)
WARNING: libffi.call/cls_9byte1.c compilation failed to produce executable
FAIL: libffi.call/cls_9byte2.c (test for excess errors)
WARNING: libffi.call/cls_9byte2.c compilation failed to produce executable
FAIL: libffi.call/cls_align_double.c (test for excess errors)
WARNING: libffi.call/cls_align_double.c compilation failed to produce executable
FAIL: libffi.call/cls_align_float.c (test for excess errors)
WARNING: libffi.call/cls_align_float.c compilation failed to produce executable
FAIL: libffi.call/cls_align_longdouble.c (test for excess errors)
WARNING: libffi.call/cls_align_longdouble.c compilation failed to produce executable
FAIL: libffi.call/cls_align_pointer.c (test for excess errors)
WARNING: libffi.call/cls_align_pointer.c compilation failed to produce executable
FAIL: libffi.call/cls_align_sint16.c (test for excess errors)
WARNING: libffi.call/cls_align_sint16.c compilation failed to produce executable
FAIL: libffi.call/cls_align_sint32.c (test for excess errors)
WARNING: libffi.call/cls_align_sint32.c compilation failed to produce executable
FAIL: libffi.call/cls_align_sint64.c (test for excess errors)
WARNING: libffi.call/cls_align_sint64.c compilation failed to produce executable
FAIL: libffi.call/cls_align_uint16.c (test for excess errors)
WARNING: libffi.call/cls_align_uint16.c compilation failed to produce executable
FAIL: libffi.call/cls_align_uint32.c (test for excess errors)
WARNING: libffi.call/cls_align_uint32.c compilation failed to produce executable
FAIL: libffi.call/cls_align_uint64.c (test for excess errors)
WARNING: libffi.call/cls_align_uint64.c compilation failed to produce executable
FAIL: libffi.call/cls_double.c (test for excess errors)
WARNING: libffi.call/cls_double.c compilation failed to produce executable
FAIL: libffi.call/cls_float.c (test for excess errors)
WARNING: libffi.call/cls_float.c compilation failed to produce executable
FAIL: libffi.call/cls_multi_schar.c (test for excess errors)
WARNING: libffi.call/cls_multi_schar.c compilation failed to produce executable
FAIL: libffi.call/cls_multi_sshort.c (test for excess errors)
WARNING: libffi.call/cls_multi_sshort.c compilation failed to produce executable
FAIL: libffi.call/cls_multi_sshortchar.c (test for excess errors)
WARNING: libffi.call/cls_multi_sshortchar.c compilation failed to produce executable
FAIL: libffi.call/cls_multi_uchar.c (test for excess errors)
WARNING: libffi.call/cls_multi_uchar.c compilation failed to produce executable
FAIL: libffi.call/cls_multi_ushort.c (test for excess errors)
WARNING: libffi.call/cls_multi_ushort.c compilation failed to produce executable
FAIL: libffi.call/cls_multi_ushortchar.c (test for excess errors)
WARNING: libffi.call/cls_multi_ushortchar.c compilation failed to produce executable
FAIL: libffi.call/cls_schar.c (test for excess errors)
WARNING: libffi.call/cls_schar.c compilation failed to produce executable
FAIL: libffi.call/cls_sint.c (test for excess errors)
WARNING: libffi.call/cls_sint.c compilation failed to produce executable
FAIL: libffi.call/cls_sshort.c (test for excess errors)
WARNING: libffi.call/cls_sshort.c compilation failed to produce executable
FAIL: libffi.call/cls_uchar.c (test for excess errors)
WARNING: libffi.call/cls_uchar.c compilation failed to produce executable
FAIL: libffi.call/cls_uint.c (test for excess errors)
WARNING: libffi.call/cls_uint.c compilation failed to produce executable
FAIL: libffi.call/cls_ulonglong.c (test for excess errors)
WARNING: libffi.call/cls_ulonglong.c compilation failed to produce executable
FAIL: libffi.call/cls_ushort.c (test for excess errors)
WARNING: libffi.call/cls_ushort.c compilation failed to produce executable
FAIL: libffi.call/nested_struct.c (test for excess errors)
WARNING: libffi.call/nested_struct.c compilation failed to produce executable
FAIL: libffi.call/nested_struct1.c (test for excess errors)
WARNING: libffi.call/nested_struct1.c compilation failed to produce executable
FAIL: libffi.call/nested_struct2.c (test for excess errors)
WARNING: libffi.call/nested_struct2.c compilation failed to produce executable
FAIL: libffi.call/nested_struct3.c (test for excess errors)
WARNING: libffi.call/nested_struct3.c compilation failed to produce executable
FAIL: libffi.call/problem1.c (test for excess errors)
WARNING: libffi.call/problem1.c compilation failed to produce executable
FAIL: libffi.call/return_ll.c execution test
FAIL: libffi.special/unwindtest.cc (test for excess errors)
WARNING: libffi.special/unwindtest.cc compilation failed to produce executable

		=== libffi Summary for unix/-mabi=32 ===

# of expected passes		37
# of unexpected failures	59
# of unsupported tests		2

Running target unix/-mabi=64
FAIL: libffi.call/closure_fn0.c (test for excess errors)
WARNING: libffi.call/closure_fn0.c compilation failed to produce executable
FAIL: libffi.call/closure_fn1.c (test for excess errors)
WARNING: libffi.call/closure_fn1.c compilation failed to produce executable
FAIL: libffi.call/closure_fn2.c (test for excess errors)
WARNING: libffi.call/closure_fn2.c compilation failed to produce executable
FAIL: libffi.call/closure_fn3.c (test for excess errors)
WARNING: libffi.call/closure_fn3.c compilation failed to produce executable
FAIL: libffi.call/closure_fn4.c (test for excess errors)
WARNING: libffi.call/closure_fn4.c compilation failed to produce executable
FAIL: libffi.call/closure_fn5.c (test for excess errors)
WARNING: libffi.call/closure_fn5.c compilation failed to produce executable
FAIL: libffi.call/cls_12byte.c (test for excess errors)
WARNING: libffi.call/cls_12byte.c compilation failed to produce executable
FAIL: libffi.call/cls_16byte.c (test for excess errors)
WARNING: libffi.call/cls_16byte.c compilation failed to produce executable
FAIL: libffi.call/cls_18byte.c (test for excess errors)
WARNING: libffi.call/cls_18byte.c compilation failed to produce executable
FAIL: libffi.call/cls_19byte.c (test for excess errors)
WARNING: libffi.call/cls_19byte.c compilation failed to produce executable
FAIL: libffi.call/cls_1_1byte.c (test for excess errors)
WARNING: libffi.call/cls_1_1byte.c compilation failed to produce executable
FAIL: libffi.call/cls_20byte.c (test for excess errors)
WARNING: libffi.call/cls_20byte.c compilation failed to produce executable
FAIL: libffi.call/cls_20byte1.c (test for excess errors)
WARNING: libffi.call/cls_20byte1.c compilation failed to produce executable
FAIL: libffi.call/cls_24byte.c (test for excess errors)
WARNING: libffi.call/cls_24byte.c compilation failed to produce executable
FAIL: libffi.call/cls_2byte.c (test for excess errors)
WARNING: libffi.call/cls_2byte.c compilation failed to produce executable
FAIL: libffi.call/cls_3_1byte.c (test for excess errors)
WARNING: libffi.call/cls_3_1byte.c compilation failed to produce executable
FAIL: libffi.call/cls_3byte1.c (test for excess errors)
WARNING: libffi.call/cls_3byte1.c compilation failed to produce executable
FAIL: libffi.call/cls_3byte2.c (test for excess errors)
WARNING: libffi.call/cls_3byte2.c compilation failed to produce executable
FAIL: libffi.call/cls_4_1byte.c (test for excess errors)
WARNING: libffi.call/cls_4_1byte.c compilation failed to produce executable
FAIL: libffi.call/cls_4byte.c (test for excess errors)
WARNING: libffi.call/cls_4byte.c compilation failed to produce executable
FAIL: libffi.call/cls_5byte.c (test for excess errors)
WARNING: libffi.call/cls_5byte.c compilation failed to produce executable
FAIL: libffi.call/cls_64byte.c (test for excess errors)
WARNING: libffi.call/cls_64byte.c compilation failed to produce executable
FAIL: libffi.call/cls_6byte.c (test for excess errors)
WARNING: libffi.call/cls_6byte.c compilation failed to produce executable
FAIL: libffi.call/cls_7byte.c (test for excess errors)
WARNING: libffi.call/cls_7byte.c compilation failed to produce executable
FAIL: libffi.call/cls_8byte.c (test for excess errors)
WARNING: libffi.call/cls_8byte.c compilation failed to produce executable
FAIL: libffi.call/cls_9byte1.c (test for excess errors)
WARNING: libffi.call/cls_9byte1.c compilation failed to produce executable
FAIL: libffi.call/cls_9byte2.c (test for excess errors)
WARNING: libffi.call/cls_9byte2.c compilation failed to produce executable
FAIL: libffi.call/cls_align_double.c (test for excess errors)
WARNING: libffi.call/cls_align_double.c compilation failed to produce executable
FAIL: libffi.call/cls_align_float.c (test for excess errors)
WARNING: libffi.call/cls_align_float.c compilation failed to produce executable
FAIL: libffi.call/cls_align_longdouble.c (test for excess errors)
WARNING: libffi.call/cls_align_longdouble.c compilation failed to produce executable
FAIL: libffi.call/cls_align_pointer.c (test for excess errors)
WARNING: libffi.call/cls_align_pointer.c compilation failed to produce executable
FAIL: libffi.call/cls_align_sint16.c (test for excess errors)
WARNING: libffi.call/cls_align_sint16.c compilation failed to produce executable
FAIL: libffi.call/cls_align_sint32.c (test for excess errors)
WARNING: libffi.call/cls_align_sint32.c compilation failed to produce executable
FAIL: libffi.call/cls_align_sint64.c (test for excess errors)
WARNING: libffi.call/cls_align_sint64.c compilation failed to produce executable
FAIL: libffi.call/cls_align_uint16.c (test for excess errors)
WARNING: libffi.call/cls_align_uint16.c compilation failed to produce executable
FAIL: libffi.call/cls_align_uint32.c (test for excess errors)
WARNING: libffi.call/cls_align_uint32.c compilation failed to produce executable
FAIL: libffi.call/cls_align_uint64.c (test for excess errors)
WARNING: libffi.call/cls_align_uint64.c compilation failed to produce executable
FAIL: libffi.call/cls_double.c (test for excess errors)
WARNING: libffi.call/cls_double.c compilation failed to produce executable
FAIL: libffi.call/cls_float.c (test for excess errors)
WARNING: libffi.call/cls_float.c compilation failed to produce executable
FAIL: libffi.call/cls_multi_schar.c (test for excess errors)
WARNING: libffi.call/cls_multi_schar.c compilation failed to produce executable
FAIL: libffi.call/cls_multi_sshort.c (test for excess errors)
WARNING: libffi.call/cls_multi_sshort.c compilation failed to produce executable
FAIL: libffi.call/cls_multi_sshortchar.c (test for excess errors)
WARNING: libffi.call/cls_multi_sshortchar.c compilation failed to produce executable
FAIL: libffi.call/cls_multi_uchar.c (test for excess errors)
WARNING: libffi.call/cls_multi_uchar.c compilation failed to produce executable
FAIL: libffi.call/cls_multi_ushort.c (test for excess errors)
WARNING: libffi.call/cls_multi_ushort.c compilation failed to produce executable
FAIL: libffi.call/cls_multi_ushortchar.c (test for excess errors)
WARNING: libffi.call/cls_multi_ushortchar.c compilation failed to produce executable
FAIL: libffi.call/cls_schar.c (test for excess errors)
WARNING: libffi.call/cls_schar.c compilation failed to produce executable
FAIL: libffi.call/cls_sint.c (test for excess errors)
WARNING: libffi.call/cls_sint.c compilation failed to produce executable
FAIL: libffi.call/cls_sshort.c (test for excess errors)
WARNING: libffi.call/cls_sshort.c compilation failed to produce executable
FAIL: libffi.call/cls_uchar.c (test for excess errors)
WARNING: libffi.call/cls_uchar.c compilation failed to produce executable
FAIL: libffi.call/cls_uint.c (test for excess errors)
WARNING: libffi.call/cls_uint.c compilation failed to produce executable
FAIL: libffi.call/cls_ulonglong.c (test for excess errors)
WARNING: libffi.call/cls_ulonglong.c compilation failed to produce executable
FAIL: libffi.call/cls_ushort.c (test for excess errors)
WARNING: libffi.call/cls_ushort.c compilation failed to produce executable
FAIL: libffi.call/float.c execution test
FAIL: libffi.call/float2.c execution test
FAIL: libffi.call/nested_struct.c (test for excess errors)
WARNING: libffi.call/nested_struct.c compilation failed to produce executable
FAIL: libffi.call/nested_struct1.c (test for excess errors)
WARNING: libffi.call/nested_struct1.c compilation failed to produce executable
FAIL: libffi.call/nested_struct2.c (test for excess errors)
WARNING: libffi.call/nested_struct2.c compilation failed to produce executable
FAIL: libffi.call/nested_struct3.c (test for excess errors)
WARNING: libffi.call/nested_struct3.c compilation failed to produce executable
FAIL: libffi.call/problem1.c (test for excess errors)
WARNING: libffi.call/problem1.c compilation failed to produce executable
FAIL: libffi.call/promotion.c execution test
FAIL: libffi.call/return_ll.c execution test
FAIL: libffi.call/return_sc.c execution test
FAIL: libffi.call/return_uc.c execution test
FAIL: libffi.call/strlen.c execution test
FAIL: libffi.call/struct1.c execution test
FAIL: libffi.call/struct2.c execution test
FAIL: libffi.call/struct3.c execution test
FAIL: libffi.call/struct4.c execution test
FAIL: libffi.call/struct5.c execution test
FAIL: libffi.call/struct6.c execution test
FAIL: libffi.call/struct7.c execution test
FAIL: libffi.call/struct8.c execution test
FAIL: libffi.call/struct9.c execution test
FAIL: libffi.special/unwindtest.cc (test for excess errors)
WARNING: libffi.special/unwindtest.cc compilation failed to produce executable

		=== libffi Summary for unix/-mabi=64 ===

# of expected passes		22
# of unexpected failures	74
# of unsupported tests		2

		=== libffi Summary ===

# of expected passes		95
# of unexpected failures	193
# of unsupported tests		6
		=== libjava tests ===


Running target unix
FAIL: PR4766 compilation from source
FAIL: PR4766 -O3 compilation from source
FAIL: pr11951 run
FAIL: FileHandleGcTest execution - source compiled test
FAIL: FileHandleGcTest execution - bytecode->native test
FAIL: FileHandleGcTest -O3 execution - source compiled test
FAIL: FileHandleGcTest -O3 execution - bytecode->native test
FAIL: TestProxy execution - source compiled test
FAIL: TestProxy execution - bytecode->native test
FAIL: TestProxy -O3 execution - source compiled test
FAIL: TestProxy -O3 execution - bytecode->native test
FAIL: Throw_2 execution - source compiled test
FAIL: Throw_2 execution - bytecode->native test
FAIL: Throw_2 -O3 execution - source compiled test
FAIL: Throw_2 -O3 execution - bytecode->native test
FAIL: invokethrow execution - source compiled test
FAIL: invokethrow execution - bytecode->native test
FAIL: invokethrow -O3 execution - source compiled test
FAIL: invokethrow -O3 execution - bytecode->native test
FAIL: /.vol/gcc/obj/gcc-3.5.0-20040524/6.5-gcc-java/mips-sgi-irix6.5/libjava/testsuite/TestEarlyGC.exe output - /.vol/gcc/obj/gcc-3.5.0-20040524/6.5-gcc-java/mips-sgi-irix6.5/libjava/testsuite/TestEarlyGC.exe
FAIL: /.vol/gcc/obj/gcc-3.5.0-20040524/6.5-gcc-java/mips-sgi-irix6.5/libjava/testsuite/TestLeak.exe execution - /.vol/gcc/obj/gcc-3.5.0-20040524/6.5-gcc-java/mips-sgi-irix6.5/libjava/testsuite/TestLeak.exe
FAIL: /.vol/gcc/obj/gcc-3.5.0-20040524/6.5-gcc-java/mips-sgi-irix6.5/libjava/testsuite/TestMultiple.exe output - /.vol/gcc/obj/gcc-3.5.0-20040524/6.5-gcc-java/mips-sgi-irix6.5/libjava/testsuite/TestMultiple.exe
FAIL: /.vol/gcc/obj/gcc-3.5.0-20040524/6.5-gcc-java/mips-sgi-irix6.5/libjava/testsuite/TestParent.exe output - /.vol/gcc/obj/gcc-3.5.0-20040524/6.5-gcc-java/mips-sgi-irix6.5/libjava/testsuite/TestParent.exe

		=== libjava Summary for unix ===

# of expected passes		2609
# of unexpected failures	23
# of expected failures		14
# of untested testcases		116

Running target unix/-mabi=32
FAIL: PR9577 run
FAIL: longfield run
FAIL: shortfield run
FAIL: PR4766 compilation from source
FAIL: PR4766 -O3 compilation from source
FAIL: simple run
FAIL: PR15133 run
FAIL: calls run
FAIL: cxxtest run
FAIL: field run
FAIL: final_method run
FAIL: findclass run
FAIL: invoke run
FAIL: jniutf run
FAIL: martin run
FAIL: noclass run
FAIL: overload run
FAIL: pr11951 run
FAIL: register run
FAIL: simple_int run
FAIL: throwit run
FAIL: virtual run
FAIL: ArrayStore execution - source compiled test
FAIL: ArrayStore execution - bytecode->native test
FAIL: ArrayStore -O3 execution - source compiled test
FAIL: ArrayStore -O3 execution - bytecode->native test
FAIL: ArrayStore2 execution - source compiled test
FAIL: ArrayStore2 execution - bytecode->native test
FAIL: ArrayStore2 -O3 execution - source compiled test
FAIL: ArrayStore2 -O3 execution - bytecode->native test
FAIL: Array_1 execution - source compiled test
FAIL: Array_1 execution - bytecode->native test
FAIL: Array_1 -O3 execution - source compiled test
FAIL: Array_1 -O3 execution - bytecode->native test
FAIL: Array_2 execution - source compiled test
FAIL: Array_2 execution - bytecode->native test
FAIL: Array_2 -O3 execution - source compiled test
FAIL: Array_2 -O3 execution - bytecode->native test
FAIL: Array_3 execution - source compiled test
FAIL: Array_3 execution - bytecode->native test
FAIL: Array_3 -O3 execution - source compiled test
FAIL: Array_3 -O3 execution - bytecode->native test
FAIL: Class_1 execution - source compiled test
FAIL: Class_1 execution - bytecode->native test
FAIL: Class_1 -O3 execution - source compiled test
FAIL: Class_1 -O3 execution - bytecode->native test
FAIL: CompareNaN execution - source compiled test
FAIL: CompareNaN execution - bytecode->native test
FAIL: CompareNaN -O3 execution - source compiled test
FAIL: CompareNaN -O3 execution - bytecode->native test
FAIL: Divide_1 execution - source compiled test
FAIL: Divide_1 execution - bytecode->native test
FAIL: Divide_1 -O3 execution - source compiled test
FAIL: Divide_1 -O3 execution - bytecode->native test
FAIL: EvaluationOrder execution - source compiled test
FAIL: EvaluationOrder execution - bytecode->native test
FAIL: EvaluationOrder -O3 execution - source compiled test
FAIL: EvaluationOrder -O3 execution - bytecode->native test
FAIL: FileHandleGcTest execution - source compiled test
FAIL: FileHandleGcTest execution - bytecode->native test
FAIL: FileHandleGcTest -O3 execution - source compiled test
FAIL: FileHandleGcTest -O3 execution - bytecode->native test
FAIL: Final execution - source compiled test
FAIL: Final execution - bytecode->native test
FAIL: Final -O3 execution - source compiled test
FAIL: Final -O3 execution - bytecode->native test
FAIL: Float_1 execution - source compiled test
FAIL: Float_1 execution - bytecode->native test
FAIL: Float_1 -O3 execution - source compiled test
FAIL: Float_1 -O3 execution - bytecode->native test
FAIL: G19990301_01 execution - source compiled test
FAIL: G19990301_01 execution - bytecode->native test
FAIL: G19990301_01 -O3 execution - source compiled test
FAIL: G19990301_01 -O3 execution - bytecode->native test
FAIL: G19990302_02 execution - source compiled test
FAIL: G19990302_02 execution - bytecode->native test
FAIL: G19990302_02 -O3 execution - source compiled test
FAIL: G19990302_02 -O3 execution - bytecode->native test
FAIL: G19990303_01 execution - source compiled test
FAIL: G19990303_01 execution - bytecode->native test
FAIL: G19990303_01 -O3 execution - source compiled test
FAIL: G19990303_01 -O3 execution - bytecode->native test
FAIL: G19990303_02 execution - source compiled test
FAIL: G19990303_02 execution - bytecode->native test
FAIL: G19990303_02 -O3 execution - source compiled test
FAIL: G19990303_02 -O3 execution - bytecode->native test
FAIL: G19990304_01 execution - source compiled test
FAIL: G19990304_01 execution - bytecode->native test
FAIL: G19990304_01 -O3 execution - source compiled test
FAIL: G19990304_01 -O3 execution - bytecode->native test
FAIL: G19990310_01 execution - source compiled test
FAIL: G19990310_01 execution - bytecode->native test
FAIL: G19990310_01 -O3 execution - source compiled test
FAIL: G19990310_01 -O3 execution - bytecode->native test
FAIL: II execution - source compiled test
FAIL: II execution - bytecode->native test
FAIL: II -O3 execution - source compiled test
FAIL: II -O3 execution - bytecode->native test
FAIL: InterfaceDispatch execution - source compiled test
FAIL: InterfaceDispatch execution - bytecode->native test
FAIL: InterfaceDispatch -O3 execution - source compiled test
FAIL: InterfaceDispatch -O3 execution - bytecode->native test
FAIL: InvokeInterface execution - source compiled test
FAIL: InvokeInterface execution - bytecode->native test
FAIL: InvokeInterface -O3 execution - source compiled test
FAIL: InvokeInterface -O3 execution - bytecode->native test
FAIL: InvokeReturn execution - source compiled test
FAIL: InvokeReturn execution - bytecode->native test
FAIL: InvokeReturn -O3 execution - source compiled test
FAIL: InvokeReturn -O3 execution - bytecode->native test
FAIL: Invoke_1 execution - source compiled test
FAIL: Invoke_1 execution - bytecode->native test
FAIL: Invoke_1 -O3 execution - source compiled test
FAIL: Invoke_1 -O3 execution - bytecode->native test
FAIL: Invoke_2 execution - source compiled test
FAIL: Invoke_2 execution - bytecode->native test
FAIL: Invoke_2 -O3 execution - source compiled test
FAIL: Invoke_2 -O3 execution - bytecode->native test
FAIL: KeepInline execution - source compiled test
FAIL: KeepInline execution - bytecode->native test
FAIL: KeepInline -O3 execution - source compiled test
FAIL: KeepInline -O3 execution - bytecode->native test
FAIL: MathBuiltin execution - source compiled test
FAIL: MathBuiltin execution - bytecode->native test
FAIL: MathBuiltin -O3 execution - source compiled test
FAIL: MathBuiltin -O3 execution - bytecode->native test
FAIL: Matrix4f execution - source compiled test
FAIL: Matrix4f execution - bytecode->native test
FAIL: Matrix4f -O3 execution - source compiled test
FAIL: Matrix4f -O3 execution - bytecode->native test
FAIL: N19990310_02 execution - source compiled test
FAIL: N19990310_02 execution - bytecode->native test
FAIL: N19990310_02 -O3 execution - source compiled test
FAIL: N19990310_02 -O3 execution - bytecode->native test
FAIL: N19990310_3 execution - source compiled test
FAIL: N19990310_3 execution - bytecode->native test
FAIL: N19990310_3 -O3 execution - source compiled test
FAIL: N19990310_3 -O3 execution - bytecode->native test
FAIL: N19990310_4 execution - source compiled test
FAIL: N19990310_4 execution - bytecode->native test
FAIL: N19990310_4 -O3 execution - source compiled test
FAIL: N19990310_4 -O3 execution - bytecode->native test
FAIL: N19990310_5 execution - source compiled test
FAIL: N19990310_5 execution - bytecode->native test
FAIL: N19990310_5 -O3 execution - source compiled test
FAIL: N19990310_5 -O3 execution - bytecode->native test
FAIL: Overflow execution - source compiled test
FAIL: Overflow execution - bytecode->native test
FAIL: Overflow -O3 execution - source compiled test
FAIL: Overflow -O3 execution - bytecode->native test
FAIL: PR12350 execution - source compiled test
FAIL: PR12350 execution - bytecode->native test
FAIL: PR12350 -O3 execution - source compiled test
FAIL: PR12350 -O3 execution - bytecode->native test
FAIL: PR12416 execution - source compiled test
FAIL: PR12416 execution - bytecode->native test
FAIL: PR12416 -O3 execution - source compiled test
FAIL: PR12416 -O3 execution - bytecode->native test
FAIL: PR12656 execution - source compiled test
FAIL: PR12656 execution - bytecode->native test
FAIL: PR12656 -O3 execution - source compiled test
FAIL: PR12656 -O3 execution - bytecode->native test
FAIL: PR12915 execution - source compiled test
FAIL: PR12915 execution - bytecode->native test
FAIL: PR12915 -O3 execution - source compiled test
FAIL: PR12915 -O3 execution - bytecode->native test
FAIL: PR141 execution - source compiled test
FAIL: PR141 execution - bytecode->native test
FAIL: PR141 -O3 execution - source compiled test
FAIL: PR141 -O3 execution - bytecode->native test
FAIL: PR160 execution - source compiled test
FAIL: PR160 execution - bytecode->native test
FAIL: PR160 -O3 execution - source compiled test
FAIL: PR160 -O3 execution - bytecode->native test
FAIL: PR162 execution - source compiled test
FAIL: PR162 execution - bytecode->native test
FAIL: PR162 -O3 execution - source compiled test
FAIL: PR162 -O3 execution - bytecode->native test
FAIL: PR218 execution - source compiled test
FAIL: PR218 execution - bytecode->native test
FAIL: PR218 -O3 execution - source compiled test
FAIL: PR218 -O3 execution - bytecode->native test
FAIL: PR242 execution - source compiled test
FAIL: PR242 execution - bytecode->native test
FAIL: PR242 -O3 execution - source compiled test
FAIL: PR242 -O3 execution - bytecode->native test
FAIL: PR260 execution - source compiled test
FAIL: PR260 execution - bytecode->native test
FAIL: PR260 -O3 execution - source compiled test
FAIL: PR260 -O3 execution - bytecode->native test
FAIL: PR3096 execution - source compiled test
FAIL: PR3096 execution - bytecode->native test
FAIL: PR3096 -O3 execution - source compiled test
FAIL: PR3096 -O3 execution - bytecode->native test
FAIL: PR3731 execution - source compiled test
FAIL: PR3731 execution - bytecode->native test
FAIL: PR3731 -O3 execution - source compiled test
FAIL: PR3731 -O3 execution - bytecode->native test
FAIL: PR5057 execution - source compiled test
FAIL: PR5057 execution - bytecode->native test
FAIL: PR5057 -O3 execution - source compiled test
FAIL: PR5057 -O3 execution - bytecode->native test
FAIL: PR5057_2 execution - source compiled test
FAIL: PR5057_2 execution - bytecode->native test
FAIL: PR5057_2 -O3 execution - source compiled test
FAIL: PR5057_2 -O3 execution - bytecode->native test
FAIL: PR55 execution - source compiled test
FAIL: PR55 execution - bytecode->native test
FAIL: PR55 -O3 execution - source compiled test
FAIL: PR55 -O3 execution - bytecode->native test
FAIL: PR56 execution - source compiled test
FAIL: PR56 execution - bytecode->native test
FAIL: PR56 -O3 execution - source compiled test
FAIL: PR56 -O3 execution - bytecode->native test
FAIL: PR6085 execution - source compiled test
FAIL: PR6085 execution - bytecode->native test
FAIL: PR6085 -O3 execution - source compiled test
FAIL: PR6085 -O3 execution - bytecode->native test
FAIL: PR6204 execution - source compiled test
FAIL: PR6204 execution - bytecode->native test
FAIL: PR6204 -O3 execution - source compiled test
FAIL: PR6204 -O3 execution - bytecode->native test
FAIL: PR6729 execution - source compiled test
FAIL: PR6729 execution - bytecode->native test
FAIL: PR6729 -O3 execution - source compiled test
FAIL: PR6729 -O3 execution - bytecode->native test
FAIL: PR6820 execution - source compiled test
FAIL: PR6820 execution - bytecode->native test
FAIL: PR6820 -O3 execution - source compiled test
FAIL: PR6820 -O3 execution - bytecode->native test
FAIL: PR7482 execution - source compiled test
FAIL: PR7482 execution - bytecode->native test
FAIL: PR7482 -O3 execution - source compiled test
FAIL: PR7482 -O3 execution - bytecode->native test
FAIL: Shazam execution - source compiled test
FAIL: Shazam execution - bytecode->native test
FAIL: Shazam -O3 execution - source compiled test
FAIL: Shazam -O3 execution - bytecode->native test
FAIL: StaticConstructor execution - source compiled test
FAIL: StaticConstructor execution - bytecode->native test
FAIL: StaticConstructor -O3 execution - source compiled test
FAIL: StaticConstructor -O3 execution - bytecode->native test
FAIL: StringBuffer_1 execution - source compiled test
FAIL: StringBuffer_1 execution - bytecode->native test
FAIL: StringBuffer_1 -O3 execution - source compiled test
FAIL: StringBuffer_1 -O3 execution - bytecode->native test
FAIL: StringBuffer_overflow execution - source compiled test
FAIL: StringBuffer_overflow execution - bytecode->native test
FAIL: StringBuffer_overflow -O3 execution - source compiled test
FAIL: StringBuffer_overflow -O3 execution - bytecode->native test
FAIL: String_overflow execution - source compiled test
FAIL: String_overflow execution - bytecode->native test
FAIL: String_overflow -O3 execution - source compiled test
FAIL: String_overflow -O3 execution - bytecode->native test
FAIL: SyncGlobal execution - source compiled test
FAIL: SyncGlobal execution - bytecode->native test
FAIL: SyncGlobal -O3 execution - source compiled test
FAIL: SyncGlobal -O3 execution - bytecode->native test
FAIL: Synch execution - source compiled test
FAIL: Synch execution - bytecode->native test
FAIL: Synch -O3 execution - source compiled test
FAIL: Synch -O3 execution - bytecode->native test
FAIL: TestProxy execution - source compiled test
FAIL: TestProxy execution - bytecode->native test
FAIL: TestProxy -O3 execution - source compiled test
FAIL: TestProxy -O3 execution - bytecode->native test
FAIL: Throw_1 execution - source compiled test
FAIL: Throw_1 execution - bytecode->native test
FAIL: Throw_1 -O3 execution - source compiled test
FAIL: Throw_1 -O3 execution - bytecode->native test
FAIL: Throw_2 execution - source compiled test
FAIL: Throw_2 execution - bytecode->native test
FAIL: Throw_2 -O3 execution - source compiled test
FAIL: Throw_2 -O3 execution - bytecode->native test
FAIL: anfi execution - source compiled test
FAIL: anfi execution - bytecode->native test
FAIL: anfi -O3 execution - source compiled test
FAIL: anfi -O3 execution - bytecode->native test
FAIL: anon execution - source compiled test
FAIL: anon execution - bytecode->native test
FAIL: anon -O3 execution - source compiled test
FAIL: anon -O3 execution - bytecode->native test
FAIL: anon2 execution - source compiled test
FAIL: anon2 execution - bytecode->native test
FAIL: anon2 -O3 execution - source compiled test
FAIL: anon2 -O3 execution - bytecode->native test
FAIL: anon3 execution - source compiled test
FAIL: anon3 execution - bytecode->native test
FAIL: anon3 -O3 execution - source compiled test
FAIL: anon3 -O3 execution - bytecode->native test
FAIL: anon4 execution - source compiled test
FAIL: anon4 execution - bytecode->native test
FAIL: anon4 -O3 execution - source compiled test
FAIL: anon4 -O3 execution - bytecode->native test
FAIL: anon_ctor_itf_arg execution - source compiled test
FAIL: anon_ctor_itf_arg execution - bytecode->native test
FAIL: anon_ctor_itf_arg -O3 execution - source compiled test
FAIL: anon_ctor_itf_arg -O3 execution - bytecode->native test
FAIL: anonarray execution - source compiled test
FAIL: anonarray execution - bytecode->native test
FAIL: anonarray -O3 execution - source compiled test
FAIL: anonarray -O3 execution - bytecode->native test
FAIL: anonarray2 execution - source compiled test
FAIL: anonarray2 execution - bytecode->native test
FAIL: anonarray2 -O3 execution - source compiled test
FAIL: anonarray2 -O3 execution - bytecode->native test
FAIL: anonarray3 execution - source compiled test
FAIL: anonarray3 execution - bytecode->native test
FAIL: anonarray3 -O3 execution - source compiled test
FAIL: anonarray3 -O3 execution - bytecode->native test
FAIL: assign execution - source compiled test
FAIL: assign execution - bytecode->native test
FAIL: assign -O3 execution - source compiled test
FAIL: assign -O3 execution - bytecode->native test
FAIL: direct_read execution - source compiled test
FAIL: direct_read execution - bytecode->native test
FAIL: direct_read -O3 execution - source compiled test
FAIL: direct_read -O3 execution - bytecode->native test
FAIL: direct_write execution - source compiled test
FAIL: direct_write execution - bytecode->native test
FAIL: direct_write -O3 execution - source compiled test
FAIL: direct_write -O3 execution - bytecode->native test
FAIL: emptystring execution - source compiled test
FAIL: emptystring execution - bytecode->native test
FAIL: emptystring -O3 execution - source compiled test
FAIL: emptystring -O3 execution - bytecode->native test
FAIL: err1 execution - source compiled test
FAIL: err1 execution - bytecode->native test
FAIL: err1 -O3 execution - source compiled test
FAIL: err1 -O3 execution - bytecode->native test
FAIL: err10 execution - source compiled test
FAIL: err10 execution - bytecode->native test
FAIL: err10 -O3 execution - source compiled test
FAIL: err10 -O3 execution - bytecode->native test
FAIL: err11 execution - source compiled test
FAIL: err11 execution - bytecode->native test
FAIL: err11 -O3 execution - source compiled test
FAIL: err11 -O3 execution - bytecode->native test
FAIL: err12 execution - source compiled test
FAIL: err12 execution - bytecode->native test
FAIL: err12 -O3 execution - source compiled test
FAIL: err12 -O3 execution - bytecode->native test
FAIL: err13 execution - source compiled test
FAIL: err13 execution - bytecode->native test
FAIL: err13 -O3 execution - source compiled test
FAIL: err13 -O3 execution - bytecode->native test
FAIL: err2 execution - source compiled test
FAIL: err2 execution - bytecode->native test
FAIL: err2 -O3 execution - source compiled test
FAIL: err2 -O3 execution - bytecode->native test
FAIL: err3 execution - source compiled test
FAIL: err3 execution - bytecode->native test
FAIL: err3 -O3 execution - source compiled test
FAIL: err3 -O3 execution - bytecode->native test
FAIL: err4 execution - source compiled test
FAIL: err4 execution - bytecode->native test
FAIL: err4 -O3 execution - source compiled test
FAIL: err4 -O3 execution - bytecode->native test
FAIL: err5 execution - source compiled test
FAIL: err5 execution - bytecode->native test
FAIL: err5 -O3 execution - source compiled test
FAIL: err5 -O3 execution - bytecode->native test
FAIL: err6 execution - source compiled test
FAIL: err6 execution - bytecode->native test
FAIL: err6 -O3 execution - source compiled test
FAIL: err6 -O3 execution - bytecode->native test
FAIL: err7 execution - source compiled test
FAIL: err7 execution - bytecode->native test
FAIL: err7 -O3 execution - source compiled test
FAIL: err7 -O3 execution - bytecode->native test
FAIL: err8 execution - source compiled test
FAIL: err8 execution - bytecode->native test
FAIL: err8 -O3 execution - source compiled test
FAIL: err8 -O3 execution - bytecode->native test
FAIL: err9 execution - source compiled test
FAIL: err9 execution - bytecode->native test
FAIL: err9 -O3 execution - source compiled test
FAIL: err9 -O3 execution - bytecode->native test
FAIL: final_inner execution - source compiled test
FAIL: final_inner execution - bytecode->native test
FAIL: final_inner -O3 execution - source compiled test
FAIL: final_inner -O3 execution - bytecode->native test
FAIL: final_int execution - source compiled test
FAIL: final_int execution - bytecode->native test
FAIL: final_int -O3 execution - source compiled test
FAIL: final_int -O3 execution - bytecode->native test
FAIL: final_static_and_friend execution - source compiled test
FAIL: final_static_and_friend execution - bytecode->native test
FAIL: final_static_and_friend -O3 execution - source compiled test
FAIL: final_static_and_friend -O3 execution - bytecode->native test
FAIL: indirect execution - source compiled test
FAIL: indirect execution - bytecode->native test
FAIL: indirect -O3 execution - source compiled test
FAIL: indirect -O3 execution - bytecode->native test
FAIL: indirect_read execution - source compiled test
FAIL: indirect_read execution - bytecode->native test
FAIL: indirect_read -O3 execution - source compiled test
FAIL: indirect_read -O3 execution - bytecode->native test
FAIL: indirect_write execution - source compiled test
FAIL: indirect_write execution - bytecode->native test
FAIL: indirect_write -O3 execution - source compiled test
FAIL: indirect_write -O3 execution - bytecode->native test
FAIL: initexc execution - source compiled test
FAIL: initexc execution - bytecode->native test
FAIL: initexc -O3 execution - source compiled test
FAIL: initexc -O3 execution - bytecode->native test
FAIL: initfield execution - source compiled test
FAIL: initfield execution - bytecode->native test
FAIL: initfield -O3 execution - source compiled test
FAIL: initfield -O3 execution - bytecode->native test
FAIL: inline execution - source compiled test
FAIL: inline execution - bytecode->native test
FAIL: inline -O3 execution - source compiled test
FAIL: inline -O3 execution - bytecode->native test
FAIL: inner1 execution - source compiled test
FAIL: inner1 execution - bytecode->native test
FAIL: inner1 -O3 execution - source compiled test
FAIL: inner1 -O3 execution - bytecode->native test
FAIL: inner2 execution - source compiled test
FAIL: inner2 execution - bytecode->native test
FAIL: inner2 -O3 execution - source compiled test
FAIL: inner2 -O3 execution - bytecode->native test
FAIL: inner3 execution - source compiled test
FAIL: inner3 execution - bytecode->native test
FAIL: inner3 -O3 execution - source compiled test
FAIL: inner3 -O3 execution - bytecode->native test
FAIL: inner4 execution - source compiled test
FAIL: inner4 execution - bytecode->native test
FAIL: inner4 -O3 execution - source compiled test
FAIL: inner4 -O3 execution - bytecode->native test
FAIL: inner_array execution - source compiled test
FAIL: inner_array execution - bytecode->native test
FAIL: inner_array -O3 execution - source compiled test
FAIL: inner_array -O3 execution - bytecode->native test
FAIL: inner_interface execution - source compiled test
FAIL: inner_interface execution - bytecode->native test
FAIL: inner_interface -O3 execution - source compiled test
FAIL: inner_interface -O3 execution - bytecode->native test
FAIL: instance execution - source compiled test
FAIL: instance execution - bytecode->native test
FAIL: instance -O3 execution - source compiled test
FAIL: instance -O3 execution - bytecode->native test
FAIL: instinit execution - source compiled test
FAIL: instinit execution - bytecode->native test
FAIL: instinit -O3 execution - source compiled test
FAIL: instinit -O3 execution - bytecode->native test
FAIL: instinit2 execution - source compiled test
FAIL: instinit2 execution - bytecode->native test
FAIL: instinit2 -O3 execution - source compiled test
FAIL: instinit2 -O3 execution - bytecode->native test
FAIL: invoke_from_inner execution - source compiled test
FAIL: invoke_from_inner execution - bytecode->native test
FAIL: invoke_from_inner -O3 execution - source compiled test
FAIL: invoke_from_inner -O3 execution - bytecode->native test
FAIL: invokethrow execution - source compiled test
FAIL: invokethrow execution - bytecode->native test
FAIL: invokethrow -O3 execution - source compiled test
FAIL: invokethrow -O3 execution - bytecode->native test
FAIL: klass execution - source compiled test
FAIL: klass execution - bytecode->native test
FAIL: klass -O3 execution - source compiled test
FAIL: klass -O3 execution - bytecode->native test
FAIL: multiple_finit execution - source compiled test
FAIL: multiple_finit execution - bytecode->native test
FAIL: multiple_finit -O3 execution - source compiled test
FAIL: multiple_finit -O3 execution - bytecode->native test
FAIL: negzero execution - source compiled test
FAIL: negzero execution - bytecode->native test
WARNING: program timed out.
FAIL: negzero -O3 execution - source compiled test
FAIL: negzero -O3 execution - bytecode->native test
FAIL: nested_with_ctor execution - source compiled test
FAIL: nested_with_ctor execution - bytecode->native test
FAIL: nested_with_ctor -O3 execution - source compiled test
FAIL: nested_with_ctor -O3 execution - bytecode->native test
FAIL: newarray_overflow execution - source compiled test
FAIL: newarray_overflow execution - bytecode->native test
FAIL: newarray_overflow -O3 execution - source compiled test
FAIL: newarray_overflow -O3 execution - bytecode->native test
FAIL: override execution - source compiled test
FAIL: override execution - bytecode->native test
FAIL: override -O3 execution - source compiled test
FAIL: override -O3 execution - bytecode->native test
FAIL: pr109 execution - source compiled test
FAIL: pr109 execution - bytecode->native test
FAIL: pr109 -O3 execution - source compiled test
FAIL: pr109 -O3 execution - bytecode->native test
FAIL: pr13107 execution - source compiled test
FAIL: pr13107 execution - bytecode->native test
FAIL: pr13107 -O3 execution - source compiled test
FAIL: pr13107 -O3 execution - bytecode->native test
FAIL: pr13107_2 execution - source compiled test
FAIL: pr13107_2 -O3 execution - source compiled test
FAIL: pr13107_3 execution - source compiled test
FAIL: pr13107_3 -O3 execution - source compiled test
FAIL: pr133 execution - source compiled test
FAIL: pr133 execution - bytecode->native test
FAIL: pr133 -O3 execution - source compiled test
FAIL: pr133 -O3 execution - bytecode->native test
FAIL: pr179 execution - source compiled test
FAIL: pr179 execution - bytecode->native test
FAIL: pr179 -O3 execution - source compiled test
FAIL: pr179 -O3 execution - bytecode->native test
FAIL: pr184 execution - source compiled test
FAIL: pr184 execution - bytecode->native test
FAIL: pr184 -O3 execution - source compiled test
FAIL: pr184 -O3 execution - bytecode->native test
FAIL: pr6388 execution - source compiled test
FAIL: pr6388 execution - bytecode->native test
FAIL: pr6388 -O3 execution - source compiled test
FAIL: pr6388 -O3 execution - bytecode->native test
FAIL: pr83 execution - source compiled test
FAIL: pr83 execution - bytecode->native test
FAIL: pr83 -O3 execution - source compiled test
FAIL: pr83 -O3 execution - bytecode->native test
FAIL: pr8415 execution - source compiled test
FAIL: pr8415 execution - bytecode->native test
FAIL: pr8415 -O3 execution - source compiled test
FAIL: pr8415 -O3 execution - bytecode->native test
FAIL: pr8676 execution - source compiled test
FAIL: pr8676 execution - bytecode->native test
FAIL: pr8676 -O3 execution - source compiled test
FAIL: pr8676 -O3 execution - bytecode->native test
FAIL: pr8823 execution - source compiled test
FAIL: pr8823 execution - bytecode->native test
FAIL: pr8823 -O3 execution - source compiled test
FAIL: pr8823 -O3 execution - bytecode->native test
FAIL: pr8945 execution - source compiled test
FAIL: pr8945 execution - bytecode->native test
FAIL: pr8945 -O3 execution - source compiled test
FAIL: pr8945 -O3 execution - bytecode->native test
FAIL: private_direct_read execution - source compiled test
FAIL: private_direct_read execution - bytecode->native test
FAIL: private_direct_read -O3 execution - source compiled test
FAIL: private_direct_read -O3 execution - bytecode->native test
FAIL: search_outer execution - source compiled test
FAIL: search_outer execution - bytecode->native test
FAIL: search_outer -O3 execution - source compiled test
FAIL: search_outer -O3 execution - bytecode->native test
FAIL: stringconst execution - source compiled test
FAIL: stringconst execution - bytecode->native test
FAIL: stringconst -O3 execution - source compiled test
FAIL: stringconst -O3 execution - bytecode->native test
FAIL: stringconst2 execution - source compiled test
FAIL: stringconst2 execution - bytecode->native test
FAIL: stringconst2 -O3 execution - source compiled test
FAIL: stringconst2 -O3 execution - bytecode->native test
FAIL: stub execution - source compiled test
FAIL: stub execution - bytecode->native test
FAIL: stub -O3 execution - source compiled test
FAIL: stub -O3 execution - bytecode->native test
FAIL: test_long execution - source compiled test
FAIL: test_long execution - bytecode->native test
FAIL: test_long -O3 execution - source compiled test
FAIL: test_long -O3 execution - bytecode->native test
FAIL: tmi execution - source compiled test
FAIL: tmi execution - bytecode->native test
FAIL: tmi -O3 execution - source compiled test
FAIL: tmi -O3 execution - bytecode->native test
FAIL: tp execution - source compiled test
FAIL: tp execution - bytecode->native test
FAIL: tp -O3 execution - source compiled test
FAIL: tp -O3 execution - bytecode->native test
FAIL: update_outer execution - source compiled test
FAIL: update_outer execution - bytecode->native test
FAIL: update_outer -O3 execution - source compiled test
FAIL: update_outer -O3 execution - bytecode->native test
FAIL: utf8concat execution - source compiled test
FAIL: utf8concat execution - bytecode->native test
FAIL: utf8concat -O3 execution - source compiled test
FAIL: utf8concat -O3 execution - bytecode->native test
FAIL: utilTest execution - source compiled test
FAIL: utilTest execution - bytecode->native test
FAIL: utilTest -O3 execution - source compiled test
FAIL: utilTest -O3 execution - bytecode->native test
FAIL: verify execution - source compiled test
FAIL: verify execution - bytecode->native test
FAIL: verify -O3 execution - source compiled test
FAIL: verify -O3 execution - bytecode->native test
FAIL: /.vol/gcc/obj/gcc-3.5.0-20040524/6.5-gcc-java/mips-sgi-irix6.5/libjava/testsuite/TestEarlyGC.exe execution - /.vol/gcc/obj/gcc-3.5.0-20040524/6.5-gcc-java/mips-sgi-irix6.5/libjava/testsuite/TestEarlyGC.exe
FAIL: /.vol/gcc/obj/gcc-3.5.0-20040524/6.5-gcc-java/mips-sgi-irix6.5/libjava/testsuite/TestLeak.exe execution - /.vol/gcc/obj/gcc-3.5.0-20040524/6.5-gcc-java/mips-sgi-irix6.5/libjava/testsuite/TestLeak.exe
FAIL: /.vol/gcc/obj/gcc-3.5.0-20040524/6.5-gcc-java/mips-sgi-irix6.5/libjava/testsuite/TestMultiple.exe execution - /.vol/gcc/obj/gcc-3.5.0-20040524/6.5-gcc-java/mips-sgi-irix6.5/libjava/testsuite/TestMultiple.exe
FAIL: /.vol/gcc/obj/gcc-3.5.0-20040524/6.5-gcc-java/mips-sgi-irix6.5/libjava/testsuite/TestParent.exe execution - /.vol/gcc/obj/gcc-3.5.0-20040524/6.5-gcc-java/mips-sgi-irix6.5/libjava/testsuite/TestParent.exe

		=== libjava Summary for unix/-mabi=32 ===

# of expected passes		1513
# of unexpected failures	582
# of expected failures		8
# of untested testcases		678

Running target unix/-mabi=64
FAIL: PR4766 compilation from source
FAIL: PR4766 -O3 compilation from source
FAIL: calls output
FAIL: martin output
FAIL: throwit output
FAIL: FileHandleGcTest execution - source compiled test
FAIL: FileHandleGcTest execution - bytecode->native test
FAIL: FileHandleGcTest -O3 execution - source compiled test
FAIL: FileHandleGcTest -O3 execution - bytecode->native test
FAIL: InvokeInterface output - source compiled test
FAIL: InvokeInterface output - bytecode->native test
FAIL: InvokeInterface -O3 output - source compiled test
FAIL: InvokeInterface -O3 output - bytecode->native test
FAIL: InvokeReturn output - source compiled test
FAIL: InvokeReturn output - bytecode->native test
FAIL: InvokeReturn -O3 output - source compiled test
FAIL: InvokeReturn -O3 output - bytecode->native test
FAIL: TestProxy execution - source compiled test
FAIL: TestProxy execution - bytecode->native test
FAIL: TestProxy -O3 execution - source compiled test
FAIL: TestProxy -O3 execution - bytecode->native test
FAIL: Throw_2 execution - source compiled test
FAIL: Throw_2 execution - bytecode->native test
FAIL: Throw_2 -O3 execution - source compiled test
FAIL: Throw_2 -O3 execution - bytecode->native test
FAIL: invokethrow output - source compiled test
FAIL: invokethrow output - bytecode->native test
FAIL: invokethrow -O3 output - source compiled test
FAIL: invokethrow -O3 output - bytecode->native test
FAIL: /.vol/gcc/obj/gcc-3.5.0-20040524/6.5-gcc-java/mips-sgi-irix6.5/libjava/testsuite/TestEarlyGC.exe output - /.vol/gcc/obj/gcc-3.5.0-20040524/6.5-gcc-java/mips-sgi-irix6.5/libjava/testsuite/TestEarlyGC.exe
FAIL: /.vol/gcc/obj/gcc-3.5.0-20040524/6.5-gcc-java/mips-sgi-irix6.5/libjava/testsuite/TestLeak.exe execution - /.vol/gcc/obj/gcc-3.5.0-20040524/6.5-gcc-java/mips-sgi-irix6.5/libjava/testsuite/TestLeak.exe
FAIL: /.vol/gcc/obj/gcc-3.5.0-20040524/6.5-gcc-java/mips-sgi-irix6.5/libjava/testsuite/TestMultiple.exe output - /.vol/gcc/obj/gcc-3.5.0-20040524/6.5-gcc-java/mips-sgi-irix6.5/libjava/testsuite/TestMultiple.exe
FAIL: /.vol/gcc/obj/gcc-3.5.0-20040524/6.5-gcc-java/mips-sgi-irix6.5/libjava/testsuite/TestParent.exe output - /.vol/gcc/obj/gcc-3.5.0-20040524/6.5-gcc-java/mips-sgi-irix6.5/libjava/testsuite/TestParent.exe

		=== libjava Summary for unix/-mabi=64 ===

# of expected passes		2603
# of unexpected failures	33
# of expected failures		14
# of untested testcases		111

		=== libjava Summary ===

# of expected passes		6725
# of unexpected failures	638
# of expected failures		36
# of untested testcases		905
		=== libstdc++ tests ===


Running target unix
FAIL: 22_locale/ctype/cons/char/1.cc execution test
FAIL: 27_io/basic_istream/extractors_arithmetic/char/12.cc execution test

		=== libstdc++ Summary for unix ===

# of expected passes		1996
# of unexpected failures	2
# of expected failures		4
# of unsupported tests		8

Running target unix/-mabi=32
FAIL: 22_locale/ctype/cons/char/1.cc execution test
FAIL: 27_io/basic_istream/extractors_arithmetic/char/12.cc execution test

		=== libstdc++ Summary for unix/-mabi=32 ===

# of expected passes		1996
# of unexpected failures	2
# of expected failures		4
# of unsupported tests		8

Running target unix/-mabi=64
FAIL: 22_locale/ctype/cons/char/1.cc execution test
FAIL: 27_io/basic_istream/extractors_arithmetic/char/12.cc execution test

		=== libstdc++ Summary for unix/-mabi=64 ===

# of expected passes		1996
# of unexpected failures	2
# of expected failures		4
# of unsupported tests		8

		=== libstdc++ Summary ===

# of expected passes		5988
# of unexpected failures	6
# of expected failures		12
# of unsupported tests		24

Compiler version: 3.5.0 20040524 (experimental) 
Platform: mips-sgi-irix6.5
configure flags: --prefix=/.vol/gcc --with-local-prefix=/.vol/gcc --disable-nls --enable-libgcj --disable-libmudflap --enable-languages=c,c++,java,objc
BOOT_CFLAGS=-g -O2


Index Nav: [Date Index] [Subject Index] [Author Index] [Thread Index]
Message Nav: [Date Prev] [Date Next] [Thread Prev] [Thread Next]