This is the mail archive of the gcc-testresults@gcc.gnu.org mailing list for the GCC project.


Index Nav: [Date Index] [Subject Index] [Author Index] [Thread Index]
Message Nav: [Date Prev] [Date Next] [Thread Prev] [Thread Next]
Other format: [Raw text]

Results for 3.4.1 testsuite on hppa64-hp-hpux11.00


LAST_UPDATED: Wed Jul  7 18:15:27 UTC 2004

Native configuration is hppa64-hp-hpux11.00

		=== g++ tests ===


Running target unix
WARNING: g++.old-deja/g++.mike/p10769a.C compilation failed to produce executable
WARNING: g++.old-deja/g++.other/enum5.C compilation failed to produce executable
WARNING: g++.old-deja/g++.pt/friend44.C compilation failed to produce executable

		=== g++ Summary ===

# of expected passes		9222
# of expected failures		70
# of unsupported tests		72
/xxx/gnu/gcc-3.4/objdir/gcc/testsuite/../g++ version 3.4.1

		=== g77 tests ===


Running target unix

		=== g77 Summary ===

# of expected passes		1800
# of unsupported tests		6
/xxx/gnu/gcc-3.4/objdir/gcc/testsuite/../g77 version 3.4.1

		=== gcc tests ===


Running target unix
FAIL: gcc.dg/noreturn-7.c  (test for warnings, line 21)
FAIL: gcc.dg/sibcall-1.c execution test
FAIL: gcc.dg/sibcall-2.c execution test
FAIL: gcc.dg/sibcall-3.c execution test
FAIL: gcc.dg/sibcall-4.c execution test

		=== gcc Summary ===

# of expected passes		23826
# of unexpected failures	5
# of expected failures		75
# of untested testcases		7
# of unsupported tests		330
/xxx/gnu/gcc-3.4/objdir/gcc/xgcc version 3.4.1

		=== objc tests ===


Running target unix

		=== objc Summary ===

# of expected passes		1352
# of unsupported tests		8
/xxx/gnu/gcc-3.4/objdir/gcc/xgcc version 3.4.1

		=== libstdc++ tests ===


Running target unix

		=== libstdc++ Summary ===

# of expected passes		2006
# of expected failures		4
# of unsupported tests		8

Compiler version: 3.4.1 
Platform: hppa64-hp-hpux11.00
configure flags: --with-gnu-as --with-as=/opt/gnu64/bin/as --with-ld=/usr/ccs/bin/ld --enable-shared --with-local-prefix=/opt/gnu64 --prefix=/opt/gnu64/gcc/gcc-3.4.1 --host=hppa64-hp-hpux11.00 --disable-nls -enable-languages=c,c++,f77,java,objc --disable-checking


Index Nav: [Date Index] [Subject Index] [Author Index] [Thread Index]
Message Nav: [Date Prev] [Date Next] [Thread Prev] [Thread Next]