This is the mail archive of the
gcc-testresults@gcc.gnu.org
mailing list for the GCC project.
Results for 3.5.0 20040709 (experimental) testsuite on i686-pc-linux-gnu
- From: Joe Buck <Joe dot Buck at synopsys dot com>
- To: gcc-testresults at gcc dot gnu dot org
- Date: Fri, 9 Jul 2004 04:01:10 -0700
- Subject: Results for 3.5.0 20040709 (experimental) testsuite on i686-pc-linux-gnu
This is a Red Hat 7.2 system, running on a dual 2.2 GHz Intel Xeon system.
kernel: 2.4.7-10 (from Red Hat)
glibc: 2.2.4-31 (from Red Hat)
binutils: 2.14 (FSF)
Only C, C++, ObjC, and Fortran (f95) are tested (no Java).
LAST_UPDATED: Fri Jul 9 07:41:15 UTC 2004
Native configuration is i686-pc-linux-gnu
=== g++ tests ===
Running target unix
ERROR: g++.dg/lookup/new1.C: syntax error in target selector "list of candidates" for " dg-excess-errors 13 "operator new" "list of candidates" "
UNRESOLVED: g++.dg/lookup/new1.C: syntax error in target selector "list of candidates" for " dg-excess-errors 13 "operator new" "list of candidates" "
FAIL: 102:is -:should be 1
FAIL: g++.dg/gcov/gcov-1.C gcov: 1 failures in line counts, 0 in branch percentages, 0 in return percentages
WARNING: g++.old-deja/g++.mike/p10769a.C compilation failed to produce executable
WARNING: g++.old-deja/g++.other/enum5.C compilation failed to produce executable
FAIL: g++.old-deja/g++.other/warn7.C (test for warnings, line 38)
WARNING: g++.old-deja/g++.pt/friend44.C compilation failed to produce executable
=== g++ Summary ===
# of expected passes 9867
# of unexpected failures 3
# of expected failures 80
# of unresolved testcases 1
# of unsupported tests 54
/disks/tmp/gccbuild/trunk/gcc/testsuite/../g++ version 3.5.0 20040709 (experimental)
=== gcc tests ===
Running target unix
FAIL: gcc.c-torture/compile/950613-1.c (test for excess errors)
FAIL: gcc.c-torture/compile/950613-1.c (test for excess errors)
FAIL: gcc.c-torture/execute/builtins/strpcpy-2.c execution, -Os
FAIL: gcc.c-torture/execute/va-arg-25.c execution, -Os
FAIL: gcc.dg/debug/dwarf2/dwarf-die7.c scan-assembler 1.*DW_AT_inline
FAIL: gcc.dg/20020616-1.c (test for excess errors)
WARNING: gcc.dg/20020616-1.c compilation failed to produce executable
FAIL: gcc.dg/c90-const-expr-3.c (test for excess errors)
FAIL: gcc.dg/c99-const-expr-3.c (test for excess errors)
XPASS: gcc.dg/setjmp-1.c spurious clobbered warning (test for bogus messages, line 16)
FAIL: 94:is -:should be 1
FAIL: gcc.misc-tests/gcov-4.c gcov: 1 failures in line counts, 0 in branch percentages, 0 in return percentages
=== gcc Summary ===
# of expected passes 26712
# of unexpected failures 10
# of unexpected successes 1
# of expected failures 63
# of untested testcases 28
# of unsupported tests 229
/disks/tmp/gccbuild/trunk/gcc/xgcc version 3.5.0 20040709 (experimental)
=== gfortran tests ===
Running target unix
FAIL: gfortran.fortran-torture/execute/intrinsic_nearest.f90 execution, -O0
FAIL: gfortran.fortran-torture/execute/intrinsic_nearest.f90 execution, -O1
FAIL: gfortran.fortran-torture/execute/intrinsic_nearest.f90 execution, -O2
FAIL: gfortran.fortran-torture/execute/intrinsic_nearest.f90 execution, -O3 -fomit-frame-pointer
FAIL: gfortran.fortran-torture/execute/intrinsic_nearest.f90 execution, -O3 -fomit-frame-pointer -funroll-loops
FAIL: gfortran.fortran-torture/execute/intrinsic_nearest.f90 execution, -O3 -fomit-frame-pointer -funroll-all-loops -finline-functions
FAIL: gfortran.fortran-torture/execute/intrinsic_nearest.f90 execution, -O3 -g
FAIL: gfortran.fortran-torture/execute/intrinsic_nearest.f90 execution, -Os
FAIL: gfortran.fortran-torture/execute/read_eof.f90 execution, -O0
FAIL: gfortran.fortran-torture/execute/read_eof.f90 execution, -O1
FAIL: gfortran.fortran-torture/execute/read_eof.f90 execution, -O2
FAIL: gfortran.fortran-torture/execute/read_eof.f90 execution, -O3 -fomit-frame-pointer
FAIL: gfortran.fortran-torture/execute/read_eof.f90 execution, -O3 -fomit-frame-pointer -funroll-loops
FAIL: gfortran.fortran-torture/execute/read_eof.f90 execution, -O3 -fomit-frame-pointer -funroll-all-loops -finline-functions
FAIL: gfortran.fortran-torture/execute/read_eof.f90 execution, -O3 -g
FAIL: gfortran.fortran-torture/execute/read_eof.f90 execution, -Os
=== gfortran Summary ===
# of expected passes 3156
# of unexpected failures 16
# of expected failures 22
/disks/tmp/gccbuild/trunk/gcc/testsuite/../gfortran version 3.5.0 20040709 (experimental)
=== objc tests ===
Running target unix
=== objc Summary ===
# of expected passes 1404
# of unsupported tests 7
/disks/tmp/gccbuild/trunk/gcc/xgcc version 3.5.0 20040709 (experimental)
=== libmudflap tests ===
Running target unix
FAIL: libmudflap.c/pass47-frag.c execution test
FAIL: libmudflap.c/pass47-frag.c (-static) execution test
FAIL: libmudflap.c/pass47-frag.c (-O2) execution test
FAIL: libmudflap.c/pass47-frag.c (-O3) execution test
=== libmudflap Summary ===
# of expected passes 1108
# of unexpected failures 4
=== libstdc++-v3 check-abi Summary ===
# of added symbols: 315
# of missing symbols: 288
# of incompatible symbols: 288
=== libstdc++ tests ===
Running target unix
FAIL: 22_locale/codecvt/encoding/wchar_t/wrapped_locale.cc execution test
FAIL: 22_locale/codecvt/in/wchar_t/9.cc execution test
FAIL: 22_locale/codecvt/max_length/wchar_t/wrapped_locale.cc execution test
FAIL: 22_locale/collate/transform/char/2.cc execution test
FAIL: 22_locale/collate/transform/char/3.cc execution test
FAIL: 22_locale/collate/transform/char/wrapped_env.cc execution test
FAIL: 22_locale/collate/transform/char/wrapped_locale.cc execution test
FAIL: 22_locale/collate/transform/wchar_t/2.cc execution test
FAIL: 22_locale/collate/transform/wchar_t/3.cc execution test
FAIL: 22_locale/collate/transform/wchar_t/wrapped_env.cc execution test
FAIL: 22_locale/collate/transform/wchar_t/wrapped_locale.cc execution test
FAIL: 22_locale/collate_byname/named_equivalence.cc execution test
FAIL: 22_locale/ctype/widen/wchar_t/2.cc execution test
FAIL: 22_locale/money_put/put/char/9780-3.cc execution test
FAIL: 23_containers/deque/invalidation/3.cc (test for excess errors)
WARNING: 23_containers/deque/invalidation/3.cc compilation failed to produce executable
FAIL: 23_containers/list/invalidation/3.cc (test for excess errors)
WARNING: 23_containers/list/invalidation/3.cc compilation failed to produce executable
FAIL: 23_containers/multimap/invalidation/2.cc (test for excess errors)
WARNING: 23_containers/multimap/invalidation/2.cc compilation failed to produce executable
FAIL: 23_containers/multiset/invalidation/2.cc (test for excess errors)
WARNING: 23_containers/multiset/invalidation/2.cc compilation failed to produce executable
FAIL: 23_containers/set/invalidation/2.cc (test for excess errors)
WARNING: 23_containers/set/invalidation/2.cc compilation failed to produce executable
FAIL: 23_containers/vector/invalidation/3.cc (test for excess errors)
WARNING: 23_containers/vector/invalidation/3.cc compilation failed to produce executable
FAIL: 23_containers/vector/invalidation/4.cc (test for excess errors)
WARNING: 23_containers/vector/invalidation/4.cc compilation failed to produce executable
XPASS: 26_numerics/cmath/c99_classification_macros_c.cc (test for excess errors)
FAIL: 27_io/basic_filebuf/imbue/wchar_t/12868.cc execution test
FAIL: 27_io/basic_filebuf/overflow/wchar_t/11305-1.cc execution test
FAIL: 27_io/basic_filebuf/overflow/wchar_t/11305-2.cc execution test
FAIL: 27_io/basic_filebuf/overflow/wchar_t/11305-3.cc execution test
FAIL: 27_io/basic_filebuf/overflow/wchar_t/11305-4.cc execution test
FAIL: 27_io/basic_filebuf/underflow/wchar_t/9520.cc execution test
FAIL: ext/14648.cc (test for excess errors)
WARNING: ext/14648.cc compilation failed to produce executable
FAIL: ext/rope/1.cc (test for excess errors)
WARNING: ext/rope/1.cc compilation failed to produce executable
FAIL: ext/rope/2.cc (test for excess errors)
WARNING: ext/rope/2.cc compilation failed to produce executable
FAIL: ext/rope/3.cc (test for excess errors)
WARNING: ext/rope/3.cc compilation failed to produce executable
FAIL: thread/pthread7-rope.cc (test for excess errors)
WARNING: thread/pthread7-rope.cc compilation failed to produce executable
=== libstdc++ Summary ===
# of expected passes 2662
# of unexpected failures 32
# of unexpected successes 1
# of expected failures 5
Compiler version: 3.5.0 20040709 (experimental)
Platform: i686-pc-linux-gnu
configure flags: --prefix=/usr/localdisk/gcc-cvs/trunk --with-gnu-as --with-as=/usr/localdisk/binutils-2.14/bin/as --with-gnu-ld --with-ld=/usr/localdisk/binutils-2.14/bin/ld --enable-languages=c,c++,f95,objc