This is the mail archive of the gcc-testresults@gcc.gnu.org mailing list for the GCC project.


Index Nav: [Date Index] [Subject Index] [Author Index] [Thread Index]
Message Nav: [Date Prev] [Date Next] [Thread Prev] [Thread Next]
Other format: [Raw text]

Results for 3.4.1 testsuite on powerpc-apple-darwin7.4.0


Native configuration is powerpc-apple-darwin7.4.0

=== g++ tests ===


Running target unix
FAIL: g++.dg/eh/simd-2.C (test for excess errors)
WARNING: g++.dg/eh/simd-2.C compilation failed to produce executable
FAIL: g++.dg/ext/typeof9.C (test for excess errors)
UNRESOLVED: g++.dg/init/init-ref4.C
XPASS: g++.dg/other/packed1.C execution test
FAIL: g++.dg/parse/constant4.C (test for excess errors)
FAIL: g++.dg/parse/crash14.C (test for excess errors)
FAIL: g++.dg/template/non-dependent2.C (test for excess errors)
FAIL: g++.dg/template/non-dependent3.C (test for excess errors)
FAIL: g++.dg/warn/weak1.C (test for excess errors)
FAIL: g++.dg/special/conpr-3.C execution test
FAIL: g++.old-deja/g++.abi/cxa_vec.C execution test
FAIL: g++.old-deja/g++.brendan/new3.C execution test
UNRESOLVED: g++.old-deja/g++.ext/attrib5.C
WARNING: g++.old-deja/g++.mike/p10769a.C compilation failed to produce executable
FAIL: g++.old-deja/g++.other/comdat3.C (test for excess errors)
WARNING: g++.old-deja/g++.other/comdat3.C compilation failed to produce executable
WARNING: g++.old-deja/g++.other/enum5.C compilation failed to produce executable
FAIL: g++.old-deja/g++.other/mangle3.C (test for excess errors)
WARNING: g++.old-deja/g++.pt/friend44.C compilation failed to produce executable
UNRESOLVED: g++.old-deja/g++.pt/static3.C
FAIL: g++.old-deja/g++.pt/static6.C (test for excess errors)


=== g++ Summary ===

# of expected passes            9363
# of unexpected failures        13
# of unexpected successes       1
# of expected failures          69
# of unresolved testcases       3
# of unsupported tests          76
/Users/squasar/src/gcc/obj/gcc/testsuite/../g++ version 3.4.1

=== gcc tests ===


Running target unix
FAIL: gcc.c-torture/execute/20030811-1.c compilation, -O0
UNRESOLVED: gcc.c-torture/execute/20030811-1.c execution, -O0
FAIL: gcc.c-torture/execute/20030811-1.c compilation, -O1
UNRESOLVED: gcc.c-torture/execute/20030811-1.c execution, -O1
FAIL: gcc.c-torture/execute/20030811-1.c compilation, -O2
UNRESOLVED: gcc.c-torture/execute/20030811-1.c execution, -O2
FAIL: gcc.c-torture/execute/20030811-1.c compilation, -O3 -fomit-frame-pointer
UNRESOLVED: gcc.c-torture/execute/20030811-1.c execution, -O3 -fomit-frame-pointer
FAIL: gcc.c-torture/execute/20030811-1.c compilation, -O3 -g
UNRESOLVED: gcc.c-torture/execute/20030811-1.c execution, -O3 -g
FAIL: gcc.c-torture/execute/20030811-1.c compilation, -Os
UNRESOLVED: gcc.c-torture/execute/20030811-1.c execution, -Os
FAIL: gcc.c-torture/execute/pure-1.c compilation, -O1
UNRESOLVED: gcc.c-torture/execute/pure-1.c execution, -O1
FAIL: gcc.c-torture/execute/pure-1.c compilation, -O2
UNRESOLVED: gcc.c-torture/execute/pure-1.c execution, -O2
FAIL: gcc.c-torture/execute/pure-1.c compilation, -Os
UNRESOLVED: gcc.c-torture/execute/pure-1.c execution, -Os
FAIL: gcc.dg/compat/struct-by-value-1 c_compat_x_tst.o-c_compat_y_tst.o link
UNRESOLVED: gcc.dg/compat/struct-by-value-1 c_compat_x_tst.o-c_compat_y_tst.o execute
FAIL: gcc.dg/compat/struct-by-value-2 c_compat_x_tst.o-c_compat_y_tst.o link
UNRESOLVED: gcc.dg/compat/struct-by-value-2 c_compat_x_tst.o-c_compat_y_tst.o execute
FAIL: gcc.dg/compat/struct-by-value-4 c_compat_x_tst.o-c_compat_y_tst.o link
UNRESOLVED: gcc.dg/compat/struct-by-value-4 c_compat_x_tst.o-c_compat_y_tst.o execute
FAIL: gcc.dg/compat/struct-by-value-8 c_compat_x_tst.o-c_compat_y_tst.o link
UNRESOLVED: gcc.dg/compat/struct-by-value-8 c_compat_x_tst.o-c_compat_y_tst.o execute
FAIL: gcc.dg/compat/struct-by-value-9 c_compat_x_tst.o-c_compat_y_tst.o link
UNRESOLVED: gcc.dg/compat/struct-by-value-9 c_compat_x_tst.o-c_compat_y_tst.o execute
FAIL: gcc.dg/compat/struct-return-2 c_compat_x_tst.o-c_compat_y_tst.o link
UNRESOLVED: gcc.dg/compat/struct-return-2 c_compat_x_tst.o-c_compat_y_tst.o execute
FAIL: gcc.dg/compat/vector-1 c_compat_x_tst.o compile
FAIL: gcc.dg/compat/vector-1 c_compat_y_tst.o compile
UNRESOLVED: gcc.dg/compat/vector-1 c_compat_x_tst.o-c_compat_y_tst.o link
UNRESOLVED: gcc.dg/compat/vector-1 c_compat_x_tst.o-c_compat_y_tst.o execute
FAIL: gcc.dg/compat/vector-2 c_compat_x_tst.o compile
FAIL: gcc.dg/compat/vector-2 c_compat_y_tst.o compile
UNRESOLVED: gcc.dg/compat/vector-2 c_compat_x_tst.o-c_compat_y_tst.o link
UNRESOLVED: gcc.dg/compat/vector-2 c_compat_x_tst.o-c_compat_y_tst.o execute
FAIL: gcc.dg/array-quals-1.c scan-assembler-not \\.data(?!\\.rel\\.ro)
FAIL: gcc.dg/builtins-18.c (test for excess errors)
FAIL: gcc.dg/builtins-20.c (test for excess errors)
FAIL: gcc.dg/const-elim-1.c scan-assembler-not L\\$?C[^A-Z]
FAIL: gcc.dg/struct-by-value-1.c (test for excess errors)
WARNING: gcc.dg/struct-by-value-1.c compilation failed to produce executable
UNRESOLVED: gcc.dg/visibility-1.c
UNRESOLVED: gcc.dg/visibility-2.c
UNRESOLVED: gcc.dg/visibility-3.c
UNRESOLVED: gcc.dg/visibility-4.c
UNRESOLVED: gcc.dg/visibility-5.c
UNRESOLVED: gcc.dg/visibility-6.c
UNRESOLVED: gcc.dg/visibility-7.c
UNRESOLVED: gcc.dg/visibility-8.c
XPASS: gcc.dg/wchar_t-1.c (test for excess errors)
XPASS: gcc.dg/wint_t-1.c (test for excess errors)
UNRESOLVED: gcc.dg/special/weak-1.c
UNRESOLVED: gcc.dg/special/weak-2.c
UNRESOLVED: gcc.dg/special/wkali-1.c
UNRESOLVED: gcc.dg/special/wkali-2.c
FAIL: gcc.dg/torture/builtin-noret-1.c -O0 (test for excess errors)
FAIL: gcc.dg/torture/builtin-noret-1.c -O1 (test for excess errors)
FAIL: gcc.dg/torture/builtin-noret-1.c -O2 (test for excess errors)
FAIL: gcc.dg/torture/builtin-noret-1.c -O3 -fomit-frame-pointer (test for excess errors)
FAIL: gcc.dg/torture/builtin-noret-1.c -O3 -g (test for excess errors)
FAIL: gcc.dg/torture/builtin-noret-1.c -Os (test for excess errors)
FAIL: gcc.dg/torture/builtin-noret-2.c -O0 (test for excess errors)
FAIL: gcc.dg/torture/builtin-noret-2.c -O1 (test for excess errors)
FAIL: gcc.dg/torture/builtin-noret-2.c -O2 (test for excess errors)
FAIL: gcc.dg/torture/builtin-noret-2.c -O3 -fomit-frame-pointer (test for excess errors)
FAIL: gcc.dg/torture/builtin-noret-2.c -O3 -g (test for excess errors)
FAIL: gcc.dg/torture/builtin-noret-2.c -Os (test for excess errors)
UNRESOLVED: gcc.dg/weak/typeof-2.c
UNRESOLVED: gcc.dg/weak/weak-1.c
UNRESOLVED: gcc.dg/weak/weak-2.c
UNRESOLVED: gcc.dg/weak/weak-3.c
UNRESOLVED: gcc.dg/weak/weak-4.c
UNRESOLVED: gcc.dg/weak/weak-5.c
UNRESOLVED: gcc.dg/weak/weak-6.c
UNRESOLVED: gcc.dg/weak/weak-7.c
UNRESOLVED: gcc.dg/weak/weak-8.c
UNRESOLVED: gcc.dg/weak/weak-9.c


=== gcc Summary ===

# of expected passes            23905
# of unexpected failures        36
# of unexpected successes       2
# of expected failures          68
# of unresolved testcases       41
# of untested testcases         7
# of unsupported tests          323
/Users/squasar/src/gcc/obj/gcc/xgcc version 3.4.1

=== objc tests ===


Running target unix FAIL: objc/execute/string1.m compilation, -O0 UNRESOLVED: objc/execute/string1.m execution, -O0 FAIL: objc/execute/string1.m compilation, -O1 UNRESOLVED: objc/execute/string1.m execution, -O1 FAIL: objc/execute/string1.m compilation, -O2 UNRESOLVED: objc/execute/string1.m execution, -O2 FAIL: objc/execute/string1.m compilation, -O3 -fomit-frame-pointer UNRESOLVED: objc/execute/string1.m execution, -O3 -fomit-frame-pointer FAIL: objc/execute/string1.m compilation, -O3 -g UNRESOLVED: objc/execute/string1.m execution, -O3 -g FAIL: objc/execute/string1.m compilation, -Os UNRESOLVED: objc/execute/string1.m execution, -Os FAIL: objc/execute/string2.m compilation, -O0 UNRESOLVED: objc/execute/string2.m execution, -O0 FAIL: objc/execute/string2.m compilation, -O1 UNRESOLVED: objc/execute/string2.m execution, -O1 FAIL: objc/execute/string2.m compilation, -O2 UNRESOLVED: objc/execute/string2.m execution, -O2 FAIL: objc/execute/string2.m compilation, -O3 -fomit-frame-pointer UNRESOLVED: objc/execute/string2.m execution, -O3 -fomit-frame-pointer FAIL: objc/execute/string2.m compilation, -O3 -g UNRESOLVED: objc/execute/string2.m execution, -O3 -g FAIL: objc/execute/string2.m compilation, -Os UNRESOLVED: objc/execute/string2.m execution, -Os FAIL: objc/execute/string3.m compilation, -O0 UNRESOLVED: objc/execute/string3.m execution, -O0 FAIL: objc/execute/string3.m compilation, -O1 UNRESOLVED: objc/execute/string3.m execution, -O1 FAIL: objc/execute/string3.m compilation, -O2 UNRESOLVED: objc/execute/string3.m execution, -O2 FAIL: objc/execute/string3.m compilation, -O3 -fomit-frame-pointer UNRESOLVED: objc/execute/string3.m execution, -O3 -fomit-frame-pointer FAIL: objc/execute/string3.m compilation, -O3 -g UNRESOLVED: objc/execute/string3.m execution, -O3 -g FAIL: objc/execute/string3.m compilation, -Os UNRESOLVED: objc/execute/string3.m execution, -Os FAIL: objc/execute/string4.m compilation, -O0 UNRESOLVED: objc/execute/string4.m execution, -O0 FAIL: objc/execute/string4.m compilation, -O1 UNRESOLVED: objc/execute/string4.m execution, -O1 FAIL: objc/execute/string4.m compilation, -O2 UNRESOLVED: objc/execute/string4.m execution, -O2 FAIL: objc/execute/string4.m compilation, -O3 -fomit-frame-pointer UNRESOLVED: objc/execute/string4.m execution, -O3 -fomit-frame-pointer FAIL: objc/execute/string4.m compilation, -O3 -g UNRESOLVED: objc/execute/string4.m execution, -O3 -g FAIL: objc/execute/string4.m compilation, -Os UNRESOLVED: objc/execute/string4.m execution, -Os FAIL: objc.dg/headers.m (test for excess errors)

=== objc Summary ===

# of expected passes            1323
# of unexpected failures        25
# of unresolved testcases       24
/Users/squasar/src/gcc/obj/gcc/xgcc version 3.4.1

=== libstdc++ tests ===


Running target unix FAIL: 27_io/basic_filebuf/open/char/9507.cc execution test FAIL: 27_io/ios_base/storage/11584.cc execution test

=== libstdc++ Summary ===

# of expected passes            2695
# of unexpected failures        2
# of expected failures          5

Compiler version: 3.4.1
Platform: powerpc-apple-darwin7.4.0
configure flags: --prefix=/usr/local --disable-multilib --enable-thread=posix --disable-altivec --enable-languages=c,c++,objc



Index Nav: [Date Index] [Subject Index] [Author Index] [Thread Index]
Message Nav: [Date Prev] [Date Next] [Thread Prev] [Thread Next]