This is the mail archive of the gcc-testresults@gcc.gnu.org mailing list for the GCC project.


Index Nav: [Date Index] [Subject Index] [Author Index] [Thread Index]
Message Nav: [Date Prev] [Date Next] [Thread Prev] [Thread Next]
Other format: [Raw text]

Results for 3.5.0 20040707 (experimental) testsuite on hppa-unknown-linux-gnu


LAST_UPDATED: Wed Jul  7 17:54:30 UTC 2004

Native configuration is hppa-unknown-linux-gnu

		=== g++ tests ===


Running target unix
FAIL: g++.dg/ext/stmtexpr2.C execution test
FAIL: g++.dg/init/call1.C execution test
ERROR: g++.dg/lookup/new1.C: syntax error in target selector "list of candidates" for " dg-excess-errors 13 "operator new" "list of candidates" "
UNRESOLVED: g++.dg/lookup/new1.C: syntax error in target selector "list of candidates" for " dg-excess-errors 13 "operator new" "list of candidates" "
FAIL: g++.dg/other/crash-2.C (test for excess errors)
FAIL: 102:is -:should be 1
FAIL: g++.dg/gcov/gcov-1.C gcov: 1 failures in line counts, 0 in branch percentages, 0 in return percentages
WARNING: g++.old-deja/g++.mike/p10769a.C compilation failed to produce executable
FAIL: g++.old-deja/g++.other/decl3.C (test for excess errors)
WARNING: g++.old-deja/g++.other/enum5.C compilation failed to produce executable
FAIL: g++.old-deja/g++.other/incomplete.C  (test for errors, line 14)
FAIL: g++.old-deja/g++.other/incomplete.C  (test for errors, line 15)
FAIL: g++.old-deja/g++.other/incomplete.C  (test for errors, line 16)
XPASS: g++.old-deja/g++.other/init5.C execution test
FAIL: g++.old-deja/g++.other/warn7.C  (test for warnings, line 38)
WARNING: g++.old-deja/g++.pt/friend44.C compilation failed to produce executable

		=== g++ Summary ===

# of expected passes		9771
# of unexpected failures	10
# of unexpected successes	1
# of expected failures		79
# of unresolved testcases	1
# of unsupported tests		83
/home/dave/gnu/gcc-3.5/objdir/gcc/testsuite/../g++  version 3.5.0 20040707 (experimental)

		=== gcc tests ===


Running target unix
FAIL: gcc.c-torture/compile/20020210-1.c  -O1  (test for excess errors)
FAIL: gcc.c-torture/compile/20020210-1.c  -O2  (test for excess errors)
FAIL: gcc.c-torture/compile/20020210-1.c  -O3 -fomit-frame-pointer  (test for excess errors)
FAIL: gcc.c-torture/compile/20020210-1.c  -O3 -g  (test for excess errors)
FAIL: gcc.c-torture/compile/20020210-1.c  -Os  (test for excess errors)
FAIL: gcc.c-torture/execute/20020412-1.c compilation,  -O0 
UNRESOLVED: gcc.c-torture/execute/20020412-1.c execution,  -O0 
FAIL: gcc.c-torture/execute/20020412-1.c compilation,  -O1 
UNRESOLVED: gcc.c-torture/execute/20020412-1.c execution,  -O1 
FAIL: gcc.c-torture/execute/20020412-1.c compilation,  -O2 
UNRESOLVED: gcc.c-torture/execute/20020412-1.c execution,  -O2 
FAIL: gcc.c-torture/execute/20020412-1.c compilation,  -O3 -fomit-frame-pointer 
UNRESOLVED: gcc.c-torture/execute/20020412-1.c execution,  -O3 -fomit-frame-pointer 
FAIL: gcc.c-torture/execute/20020412-1.c compilation,  -O3 -fomit-frame-pointer -funroll-loops 
UNRESOLVED: gcc.c-torture/execute/20020412-1.c execution,  -O3 -fomit-frame-pointer -funroll-loops 
FAIL: gcc.c-torture/execute/20020412-1.c compilation,  -O3 -fomit-frame-pointer -funroll-all-loops -finline-functions 
UNRESOLVED: gcc.c-torture/execute/20020412-1.c execution,  -O3 -fomit-frame-pointer -funroll-all-loops -finline-functions 
FAIL: gcc.c-torture/execute/20020412-1.c compilation,  -O3 -g 
UNRESOLVED: gcc.c-torture/execute/20020412-1.c execution,  -O3 -g 
FAIL: gcc.c-torture/execute/20020412-1.c compilation,  -Os 
UNRESOLVED: gcc.c-torture/execute/20020412-1.c execution,  -Os 
FAIL: gcc.c-torture/execute/simd-2.c execution,  -O3 -fomit-frame-pointer 
FAIL: gcc.c-torture/execute/simd-2.c execution,  -O3 -g 
FAIL: gcc.c-torture/execute/strct-stdarg-1.c execution,  -O0 
FAIL: gcc.c-torture/execute/strct-stdarg-1.c execution,  -O1 
FAIL: gcc.c-torture/execute/strct-stdarg-1.c execution,  -O2 
FAIL: gcc.c-torture/execute/strct-stdarg-1.c execution,  -O3 -fomit-frame-pointer 
FAIL: gcc.c-torture/execute/strct-stdarg-1.c execution,  -O3 -fomit-frame-pointer -funroll-loops 
FAIL: gcc.c-torture/execute/strct-stdarg-1.c execution,  -O3 -fomit-frame-pointer -funroll-all-loops -finline-functions 
FAIL: gcc.c-torture/execute/strct-stdarg-1.c execution,  -O3 -g 
FAIL: gcc.c-torture/execute/strct-stdarg-1.c execution,  -Os 
FAIL: gcc.dg/compat/struct-by-value-11 c_compat_x_tst.o-c_compat_y_tst.o execute 
FAIL: gcc.dg/compat/struct-by-value-22 c_compat_y_tst.o compile
UNRESOLVED: gcc.dg/compat/struct-by-value-22 c_compat_x_tst.o-c_compat_y_tst.o link 
UNRESOLVED: gcc.dg/compat/struct-by-value-22 c_compat_x_tst.o-c_compat_y_tst.o execute 
FAIL: gcc.dg/compat/struct-by-value-2 c_compat_x_tst.o-c_compat_y_tst.o execute 
FAIL: gcc.dg/compat/struct-by-value-4 c_compat_x_tst.o-c_compat_y_tst.o execute 
FAIL: gcc.dg/compat/struct-return-2 c_compat_x_tst.o-c_compat_y_tst.o execute 
FAIL: gcc.dg/debug/dwarf2/dwarf-die7.c scan-assembler 1.*DW_AT_inline
FAIL: gcc.dg/c90-const-expr-3.c (test for excess errors)
FAIL: gcc.dg/c99-const-expr-3.c (test for excess errors)
FAIL: gcc.dg/cleanup-10.c execution test
FAIL: gcc.dg/cleanup-11.c execution test
XPASS: gcc.dg/const-elim-1.c scan-assembler-not L\\\\\$?C[^A-Z]
XPASS: gcc.dg/setjmp-1.c spurious clobbered warning (test for bogus messages, line 16)
FAIL: gcc.dg/uninit-H.c  (test for bogus messages, line 20)
FAIL: gcc.dg/va-arg-3.c (test for excess errors)
FAIL: largefile.c -O0 -g (test for excess errors)
FAIL: largefile.c  -O0  (test for excess errors)
FAIL: largefile.c  -O1  (test for excess errors)
FAIL: largefile.c  -O2  (test for excess errors)
FAIL: largefile.c  -O3 -fomit-frame-pointer  (test for excess errors)
FAIL: largefile.c  -O3 -g  (test for excess errors)
FAIL: largefile.c  -Os  (test for excess errors)
FAIL: 94:is -:should be 1
FAIL: gcc.misc-tests/gcov-4.c gcov: 1 failures in line counts, 0 in branch percentages, 0 in return percentages

		=== gcc Summary ===

# of expected passes		26190
# of unexpected failures	44
# of unexpected successes	2
# of expected failures		66
# of unresolved testcases	10
# of untested testcases		35
# of unsupported tests		351
/home/dave/gnu/gcc-3.5/objdir/gcc/xgcc  version 3.5.0 20040707 (experimental)

		=== gfortran tests ===


Running target unix
FAIL: gfortran.fortran-torture/execute/forall_3.f90 execution,  -O0 
FAIL: gfortran.fortran-torture/execute/forall_3.f90 execution,  -O1 
FAIL: gfortran.fortran-torture/execute/forall_3.f90 execution,  -O2 
FAIL: gfortran.fortran-torture/execute/forall_3.f90 execution,  -O2 -fomit-frame-pointer -finline-functions 
FAIL: gfortran.fortran-torture/execute/forall_3.f90 execution,  -O2 -fomit-frame-pointer -finline-functions -funroll-loops 
FAIL: gfortran.fortran-torture/execute/forall_3.f90 execution,  -O2 -fomit-frame-pointer -finline-functions -funroll-all-loops 
FAIL: gfortran.fortran-torture/execute/forall_3.f90 execution,  -O2 -fno-repack-arrays 
FAIL: gfortran.fortran-torture/execute/forall_3.f90 execution,  -O3 -g 
FAIL: gfortran.fortran-torture/execute/forall_3.f90 execution,  -Os 
FAIL: gfortran.fortran-torture/execute/intrinsic_nearest.f90 execution,  -O0 
FAIL: gfortran.fortran-torture/execute/intrinsic_nearest.f90 execution,  -O1 
FAIL: gfortran.fortran-torture/execute/intrinsic_nearest.f90 execution,  -O2 
FAIL: gfortran.fortran-torture/execute/intrinsic_nearest.f90 execution,  -O2 -fomit-frame-pointer -finline-functions 
FAIL: gfortran.fortran-torture/execute/intrinsic_nearest.f90 execution,  -O2 -fomit-frame-pointer -finline-functions -funroll-loops 
FAIL: gfortran.fortran-torture/execute/intrinsic_nearest.f90 execution,  -O2 -fomit-frame-pointer -finline-functions -funroll-all-loops 
FAIL: gfortran.fortran-torture/execute/intrinsic_nearest.f90 execution,  -O2 -fno-repack-arrays 
FAIL: gfortran.fortran-torture/execute/intrinsic_nearest.f90 execution,  -O3 -g 
FAIL: gfortran.fortran-torture/execute/intrinsic_nearest.f90 execution,  -Os 
FAIL: gfortran.fortran-torture/execute/seq_io.f90 execution,  -O0 
FAIL: gfortran.fortran-torture/execute/seq_io.f90 execution,  -O1 
FAIL: gfortran.fortran-torture/execute/seq_io.f90 execution,  -O2 
FAIL: gfortran.fortran-torture/execute/seq_io.f90 execution,  -O2 -fomit-frame-pointer -finline-functions 
FAIL: gfortran.fortran-torture/execute/seq_io.f90 execution,  -O2 -fomit-frame-pointer -finline-functions -funroll-loops 
FAIL: gfortran.fortran-torture/execute/seq_io.f90 execution,  -O2 -fomit-frame-pointer -finline-functions -funroll-all-loops 
FAIL: gfortran.fortran-torture/execute/seq_io.f90 execution,  -O2 -fno-repack-arrays 
FAIL: gfortran.fortran-torture/execute/seq_io.f90 execution,  -O3 -g 
FAIL: gfortran.fortran-torture/execute/seq_io.f90 execution,  -Os 

		=== gfortran Summary ===

# of expected passes		3312
# of unexpected failures	27
/home/dave/gnu/gcc-3.5/objdir/gcc/testsuite/../gfortran  version 3.5.0 20040707 (experimental)

		=== objc tests ===


Running target unix

		=== objc Summary ===

# of expected passes		1404
# of unsupported tests		7
/home/dave/gnu/gcc-3.5/objdir/gcc/xgcc  version 3.5.0 20040707 (experimental)

		=== libffi tests ===


Running target unix
FAIL: libffi.call/cls_5byte.c output pattern test, is 16518 127 0 2 12 0: 16520 139 0
FAIL: libffi.call/cls_6byte.c output pattern test, is 16518 127 0 120 2 12 0 128: 16520 139 0 248
FAIL: libffi.call/cls_align_sint16.c output pattern test, is 64 3074 19 0 369 36: 64 3443 55
FAIL: libffi.call/cls_align_uint16.c output pattern test, is 64 3074 19 0 369 36: 64 3443 55

		=== libffi Summary ===

# of expected passes		208
# of unexpected failures	4
# of unsupported tests		2
		=== libjava tests ===


Running target unix
WARNING: program timed out.
FAIL: PR218 execution - source compiled test
WARNING: program timed out.
FAIL: PR218 execution - bytecode->native test
WARNING: program timed out.
FAIL: PR218 -O3 execution - source compiled test
WARNING: program timed out.
FAIL: PR218 -O3 execution - bytecode->native test
WARNING: program timed out.
FAIL: SyncTest -O3 execution - bytecode->native test
FAIL: negzero execution - gij test
FAIL: negzero execution - gij test

		=== libjava Summary ===

# of expected passes		3361
# of unexpected failures	7
# of expected failures		14
# of untested testcases		23
		=== libmudflap tests ===


Running target unix
FAIL: libmudflap.cth/pass40-frag.c execution test
FAIL: libmudflap.cth/pass40-frag.c output pattern test
FAIL: libmudflap.cth/pass40-frag.c (-O2) execution test
FAIL: libmudflap.cth/pass40-frag.c (-O2) output pattern test
FAIL: libmudflap.cth/pass40-frag.c (-O3) execution test
FAIL: libmudflap.cth/pass40-frag.c (-O3) output pattern test

		=== libmudflap Summary ===

# of expected passes		1094
# of unexpected failures	6

		=== libstdc++-v3 check-abi Summary ===

# of added symbols:		 315
# of missing symbols:		 283
# of incompatible symbols:	 287
		=== libstdc++ tests ===


Running target unix
FAIL: 23_containers/deque/invalidation/3.cc (test for excess errors)
WARNING: 23_containers/deque/invalidation/3.cc compilation failed to produce executable
FAIL: 23_containers/list/invalidation/3.cc (test for excess errors)
WARNING: 23_containers/list/invalidation/3.cc compilation failed to produce executable
FAIL: 23_containers/map/invalidation/2.cc (test for excess errors)
WARNING: 23_containers/map/invalidation/2.cc compilation failed to produce executable
FAIL: 23_containers/multimap/invalidation/2.cc (test for excess errors)
WARNING: 23_containers/multimap/invalidation/2.cc compilation failed to produce executable
FAIL: 23_containers/multiset/invalidation/2.cc (test for excess errors)
WARNING: 23_containers/multiset/invalidation/2.cc compilation failed to produce executable
FAIL: 23_containers/set/invalidation/2.cc (test for excess errors)
WARNING: 23_containers/set/invalidation/2.cc compilation failed to produce executable
FAIL: 23_containers/vector/invalidation/3.cc (test for excess errors)
WARNING: 23_containers/vector/invalidation/3.cc compilation failed to produce executable
FAIL: 23_containers/vector/invalidation/4.cc (test for excess errors)
WARNING: 23_containers/vector/invalidation/4.cc compilation failed to produce executable
FAIL: 26_numerics/cmath/c99_classification_macros_c++.cc (test for excess errors)
XPASS: 26_numerics/cmath/c99_classification_macros_c.cc (test for excess errors)
FAIL: 27_io/basic_filebuf/sgetn/char/1-in.cc execution test
FAIL: 27_io/basic_filebuf/sgetn/char/1-io.cc execution test
FAIL: 27_io/basic_filebuf/sgetn/char/2-in.cc execution test
FAIL: 27_io/basic_filebuf/sgetn/char/2-io.cc execution test
FAIL: 27_io/basic_filebuf/underflow/wchar_t/11603.cc execution test
FAIL: 27_io/basic_istream/readsome/char/6746-2.cc execution test
FAIL: ext/14648.cc (test for excess errors)
WARNING: ext/14648.cc compilation failed to produce executable
FAIL: ext/rope/1.cc (test for excess errors)
WARNING: ext/rope/1.cc compilation failed to produce executable
FAIL: ext/rope/2.cc (test for excess errors)
WARNING: ext/rope/2.cc compilation failed to produce executable
FAIL: ext/rope/3.cc (test for excess errors)
WARNING: ext/rope/3.cc compilation failed to produce executable
FAIL: thread/pthread7-rope.cc (test for excess errors)
WARNING: thread/pthread7-rope.cc compilation failed to produce executable

		=== libstdc++ Summary ===

# of expected passes		2671
# of unexpected failures	20
# of unexpected successes	1
# of expected failures		5

Compiler version: 3.5.0 20040707 (experimental) 
Platform: hppa-unknown-linux-gnu
configure flags: --with-gnu-as --with-as=/home/dave/opt/gnu/bin/as --with-gnu-ld --with-ld=/home/dave/opt/gnu/bin/ld --enable-shared --prefix=/home/dave/opt/gnu/gcc/gcc-3.5.0 --with-local-prefix=/home/dave/opt/gnu --enable-threads=posix --enable-__cxa_atexit --host=hppa-linux --enable-clocale=gnu --enable-languages=c,c++,f95,java,objc


Index Nav: [Date Index] [Subject Index] [Author Index] [Thread Index]
Message Nav: [Date Prev] [Date Next] [Thread Prev] [Thread Next]