This is the mail archive of the gcc-testresults@gcc.gnu.org mailing list for the GCC project.


Index Nav: [Date Index] [Subject Index] [Author Index] [Thread Index]
Message Nav: [Date Prev] [Date Next] [Thread Prev] [Thread Next]
Other format: [Raw text]

Results for 3.4.1 testsuite on i686-suse9-linux-gnu


Compiler version: 3.4.1 
Platform:	  i686-suse9-linux-gnu

Sources:	  Official 3.4.1 tarball
LAST_UPDATED:	  Obtained from CVS: -rgcc_3_4_1_release 
Patches:	  [1] `PATCH: Fix to successfully build libjava as a shared library'
                      <http://gcc.gnu.org/ml/gcc-patches/2001-09/msg00714.html>
		  [2] `Re: [Bug bootstrap/16250] [3.4.1 regression] ada/doctools runs
		       makeinfo even in release tarball'
		      <http://gcc.gnu.org/ml/gcc-patches/2004-06/msg02609.html>
Environment:	  - autoconf-2.13 (FSF release)
		  - automake-1.7.6-41
		  - binutils-2.15 (FSF release)
		  - dejagnu-1.4.4-0_mh.0
		  - expect-5.40-27_mh.0
		  - SUSE LINUX 9.0 + recommended updates as of today
		  - Linux version 2.4.21-231-smp4G (root@i386.suse.de) (gcc version 3.3.1 (SuSE Linux)) #1 SMP Mon Jun 28 15:22:10 UTC 2004
		  - glibc-2.3.2-88

Remarks:	  None.


configure flags:  --host=i686-suse9-linux-gnu --target=i686-suse9-linux-gnu --build=i686-suse9-linux-gnu --srcdir=../gcc-3.4.1 --prefix=/opt/gnu --with-gnu-as --with-gnu-ld --enable-__cxa_atexit --disable-checking --enable-clocale=gnu --enable-interpreter --enable-shared --enable-threads=posix --with-system-zlib --with-local-prefix=/opt/gnu --with-cpu=i686 --enable-nls --verbose
BOOT_CC:	  gcc version 3.4.0
BOOT_CFLAGS:      -O2 -march=i386 -mtune=i686 -fomit-frame-pointer
CFLAGS:           -O2 -march=i386 -mtune=i686 -fomit-frame-pointer
CXXFLAGS:         -O2 -march=i386 -mtune=i686 -fomit-frame-pointer -g
GCJFLAGS:         -O2 -march=i386 -mtune=i686 -fomit-frame-pointer -g


Native configuration is i686-suse9-linux-gnu

		=== acats tests ===

FAIL:	c954026

		=== acats Summary ===

# of expected passes		2321
# of unexpected failures	1

		=== g++ tests ===

Running target unix
WARNING: g++.old-deja/g++.mike/p10769a.C compilation failed to produce executable
WARNING: g++.old-deja/g++.other/enum5.C compilation failed to produce executable
XPASS: g++.old-deja/g++.other/init5.C execution test
WARNING: g++.old-deja/g++.pt/friend44.C compilation failed to produce executable

		=== g++ Summary ===

# of expected passes		9639
# of unexpected successes	1
# of expected failures		67
# of unsupported tests		32
/home/gnu/work/GNU/gcc-3.4.1-i686-suse9-linux-gnu/gcc/testsuite/../g++ version 3.4.1

		=== g77 tests ===

Running target unix

		=== g77 Summary ===

# of expected passes		1812
/home/gnu/work/GNU/gcc-3.4.1-i686-suse9-linux-gnu/gcc/testsuite/../g77 version 3.4.1

		=== gcc tests ===

Running target unix
FAIL: gcc.c-torture/execute/va-arg-25.c execution,  -Os 

		=== gcc Summary ===

# of expected passes		24627
# of unexpected failures	1
# of expected failures		70
# of untested testcases		7
# of unsupported tests		191
/home/gnu/work/GNU/gcc-3.4.1-i686-suse9-linux-gnu/gcc/xgcc version 3.4.1

		=== objc tests ===

Running target unix

		=== objc Summary ===

# of expected passes		1352
# of unsupported tests		8
/home/gnu/work/GNU/gcc-3.4.1-i686-suse9-linux-gnu/gcc/xgcc version 3.4.1

		=== libffi tests ===

Running target unix

		=== libffi Summary ===

# of expected passes		212
# of unsupported tests		2

		=== libjava tests ===

Running target unix
FAIL: linking simple

		=== libjava Summary ===

# of expected passes		3260
# of unexpected failures	1
# of expected failures		11
# of untested testcases		8

		=== libstdc++-v3 check-abi Summary ===

# of added symbols:		 298
# of missing symbols:		 284
# of incompatible symbols:	 284

		=== libstdc++ tests ===

Running target unix
XPASS: 26_numerics/c99_classification_macros_c.cc (test for excess errors)

		=== libstdc++ Summary ===

# of expected passes		2696
# of unexpected successes	1
# of expected failures		5


Counting all warnings,
there are 20 warnings in stage3 of this bootstrap.

Number of warnings per file:
      5	/usr/share/bison/bison.simple
      3	insn-conditions.c
      3	gengtype-lex.c
      3	gcc/gcc.c
      2	gcc/objc/lang-specs.h
      1	gcc/java/jvspec.c
      1	gcc/config/i386/i386.md
      1	gcc/ada/tracebak.c
      1	gcc/ada/lang-specs.h

Number of warning types:
     10	string length `???' is greater than the length `???' ISO C89 compilers are required to support
      6	old-style parameter declaration
      2	label `???' defined but not used
      1	operand 1 missing mode?
      1	comparison of unsigned expression < 0 is always false


Index Nav: [Date Index] [Subject Index] [Author Index] [Thread Index]
Message Nav: [Date Prev] [Date Next] [Thread Prev] [Thread Next]