This is the mail archive of the
gcc-testresults@gcc.gnu.org
mailing list for the GCC project.
Results for 3.4.1 testsuite on i386-unknown-freebsd4.9
- From: Loren James Rittle <rittle at latour dot waar dot labs dot mot dot com>
- To: gcc-testresults at gcc dot gnu dot org
- Date: Wed, 7 Jul 2004 09:43:45 -0500 (CDT)
- Subject: Results for 3.4.1 testsuite on i386-unknown-freebsd4.9
- Reply-to: rittle at labs dot mot dot com
LAST_UPDATED: Tue Jul 6 20:12:07 GMT 2004
Native configuration is i386-unknown-freebsd4.9
=== g++ tests ===
Running target unix/-pthread
WARNING: g++.old-deja/g++.mike/p10769a.C compilation failed to produce executable
WARNING: g++.old-deja/g++.other/enum5.C compilation failed to produce executable
WARNING: g++.old-deja/g++.pt/friend44.C compilation failed to produce executable
=== g++ Summary ===
# of expected passes 9618
# of expected failures 68
# of unsupported tests 43
/usr/users/rittle/tmp/gcc-build-latour-3.4-0706/gcc/testsuite/../g++ version 3.4.1
=== g77 tests ===
Running target unix/-pthread
=== g77 Summary ===
# of expected passes 1800
# of unsupported tests 6
/usr/users/rittle/tmp/gcc-build-latour-3.4-0706/gcc/testsuite/../g77 version 3.4.1
=== gcc tests ===
Running target unix/-pthread
FAIL: gcc.c-torture/execute/conversion.c execution, -O0
FAIL: gcc.c-torture/execute/conversion.c execution, -O1
FAIL: gcc.c-torture/execute/conversion.c execution, -O2
FAIL: gcc.c-torture/execute/conversion.c execution, -Os
FAIL: gcc.dg/const-elim-1.c scan-assembler-not L\\\\\$?C[^A-Z]
=== gcc Summary ===
# of expected passes 24589
# of unexpected failures 5
# of expected failures 70
# of untested testcases 7
# of unsupported tests 200
/usr/users/rittle/tmp/gcc-build-latour-3.4-0706/gcc/xgcc version 3.4.1
=== objc tests ===
Running target unix/-pthread
=== objc Summary ===
# of expected passes 1352
# of unsupported tests 8
/usr/users/rittle/tmp/gcc-build-latour-3.4-0706/gcc/xgcc version 3.4.1
=== libffi tests ===
Running target unix/-pthread
FAIL: libffi.call/cls_1_1byte.c output pattern test, is 37 12: 49
FAIL: libffi.call/cls_2byte.c execution test
FAIL: libffi.call/cls_3byte1.c execution test
FAIL: libffi.call/cls_3byte2.c execution test
FAIL: libffi.call/cls_4_1byte.c execution test
FAIL: libffi.call/cls_4byte.c execution test
FAIL: libffi.call/cls_7byte.c execution test
FAIL: libffi.call/cls_8byte.c execution test
FAIL: libffi.call/struct3.c execution test
FAIL: libffi.call/struct5.c execution test
FAIL: libffi.call/struct9.c execution test
=== libffi Summary ===
# of expected passes 194
# of unexpected failures 11
# of unsupported tests 2
=== libjava tests ===
Running target unix/-pthread
FAIL: linking simple
WARNING: program timed out.
FAIL: SyncTest execution - gij test
FAIL: Thread_Sleep output - source compiled test
FAIL: Thread_Sleep output - gij test
FAIL: Throw_2 execution - source compiled test
FAIL: Throw_2 execution - gij test
FAIL: Throw_2 execution - bytecode->native test
FAIL: Throw_2 -O3 execution - source compiled test
FAIL: Throw_2 execution - gij test
FAIL: Throw_2 -O3 execution - bytecode->native test
WARNING: program timed out.
FAIL: anonarray execution - gij test
WARNING: program timed out.
FAIL: pr83 execution - gij test
=== libjava Summary ===
# of expected passes 3240
# of unexpected failures 12
# of expected failures 11
# of untested testcases 17
=== libstdc++-v3 check-abi Summary ===
# of added symbols: 203
# of missing symbols: 209
# of incompatible symbols: 209
=== libstdc++ tests ===
Running target unix/-pthread
=== libstdc++ Summary ===
# of expected passes 2022
# of expected failures 4
Compiler version: 3.4.1
Platform: i386-unknown-freebsd4.9
configure flags: --prefix=/usr/local --with-gnu-as --with-as=/usr/local/bin/as --with-gnu-ld --with-ld=/usr/local/bin/ld
BOOT_CFLAGS=-g -O2