This is the mail archive of the gcc-testresults@gcc.gnu.org mailing list for the GCC project.


Index Nav: [Date Index] [Subject Index] [Author Index] [Thread Index]
Message Nav: [Date Prev] [Date Next] [Thread Prev] [Thread Next]
Other format: [Raw text]

Results for 3.4.1 testsuite on sparc-sun-solaris2.9


LAST_UPDATED: Obtained from CVS: -rgcc_3_4_1_release 

Native configuration is sparc-sun-solaris2.9

		=== g++ tests ===


Running target unix
FAIL: g++.dg/debug/anonunion1.C -gxcoff+1 (test for excess errors)
FAIL: g++.dg/debug/anonunion1.C -gxcoff+1 -O2 (test for excess errors)
FAIL: g++.dg/debug/anonunion1.C -gxcoff+1 -O3 (test for excess errors)
FAIL: g++.dg/debug/anonunion1.C -gxcoff+ (test for excess errors)
FAIL: g++.dg/debug/anonunion1.C -gxcoff+ -O2 (test for excess errors)
FAIL: g++.dg/debug/anonunion1.C -gxcoff+ -O3 (test for excess errors)
FAIL: g++.dg/debug/anonunion1.C -gxcoff+3 (test for excess errors)
FAIL: g++.dg/debug/anonunion1.C -gxcoff+3 -O2 (test for excess errors)
FAIL: g++.dg/debug/anonunion1.C -gxcoff+3 -O3 (test for excess errors)
FAIL: g++.dg/debug/const1.C -gxcoff+1 (test for excess errors)
FAIL: g++.dg/debug/const1.C -gxcoff+1 -O2 (test for excess errors)
FAIL: g++.dg/debug/const1.C -gxcoff+1 -O3 (test for excess errors)
FAIL: g++.dg/debug/const1.C -gxcoff+ (test for excess errors)
FAIL: g++.dg/debug/const1.C -gxcoff+ -O2 (test for excess errors)
FAIL: g++.dg/debug/const1.C -gxcoff+ -O3 (test for excess errors)
FAIL: g++.dg/debug/const1.C -gxcoff+3 (test for excess errors)
FAIL: g++.dg/debug/const1.C -gxcoff+3 -O2 (test for excess errors)
FAIL: g++.dg/debug/const1.C -gxcoff+3 -O3 (test for excess errors)
FAIL: g++.dg/debug/crash1.C -gxcoff+1 (test for excess errors)
FAIL: g++.dg/debug/crash1.C -gxcoff+1 -O2 (test for excess errors)
FAIL: g++.dg/debug/crash1.C -gxcoff+1 -O3 (test for excess errors)
FAIL: g++.dg/debug/crash1.C -gxcoff+ (test for excess errors)
FAIL: g++.dg/debug/crash1.C -gxcoff+ -O2 (test for excess errors)
FAIL: g++.dg/debug/crash1.C -gxcoff+ -O3 (test for excess errors)
FAIL: g++.dg/debug/crash1.C -gxcoff+3 (test for excess errors)
FAIL: g++.dg/debug/crash1.C -gxcoff+3 -O2 (test for excess errors)
FAIL: g++.dg/debug/crash1.C -gxcoff+3 -O3 (test for excess errors)
FAIL: g++.dg/debug/debug1.C -gxcoff+1 (test for excess errors)
FAIL: g++.dg/debug/debug1.C -gxcoff+1 -O2 (test for excess errors)
FAIL: g++.dg/debug/debug1.C -gxcoff+1 -O3 (test for excess errors)
FAIL: g++.dg/debug/debug1.C -gxcoff+ (test for excess errors)
FAIL: g++.dg/debug/debug1.C -gxcoff+ -O2 (test for excess errors)
FAIL: g++.dg/debug/debug1.C -gxcoff+ -O3 (test for excess errors)
FAIL: g++.dg/debug/debug1.C -gxcoff+3 (test for excess errors)
FAIL: g++.dg/debug/debug1.C -gxcoff+3 -O2 (test for excess errors)
FAIL: g++.dg/debug/debug1.C -gxcoff+3 -O3 (test for excess errors)
FAIL: g++.dg/debug/debug2.C -gxcoff+1 (test for excess errors)
FAIL: g++.dg/debug/debug2.C -gxcoff+1 -O2 (test for excess errors)
FAIL: g++.dg/debug/debug2.C -gxcoff+1 -O3 (test for excess errors)
FAIL: g++.dg/debug/debug2.C -gxcoff+ (test for excess errors)
FAIL: g++.dg/debug/debug2.C -gxcoff+ -O2 (test for excess errors)
FAIL: g++.dg/debug/debug2.C -gxcoff+ -O3 (test for excess errors)
FAIL: g++.dg/debug/debug2.C -gxcoff+3 (test for excess errors)
FAIL: g++.dg/debug/debug2.C -gxcoff+3 -O2 (test for excess errors)
FAIL: g++.dg/debug/debug2.C -gxcoff+3 -O3 (test for excess errors)
FAIL: g++.dg/debug/debug3.C -gxcoff+1 (test for excess errors)
FAIL: g++.dg/debug/debug3.C -gxcoff+1 -O2 (test for excess errors)
FAIL: g++.dg/debug/debug3.C -gxcoff+1 -O3 (test for excess errors)
FAIL: g++.dg/debug/debug3.C -gxcoff+ (test for excess errors)
FAIL: g++.dg/debug/debug3.C -gxcoff+ -O2 (test for excess errors)
FAIL: g++.dg/debug/debug3.C -gxcoff+ -O3 (test for excess errors)
FAIL: g++.dg/debug/debug3.C -gxcoff+3 (test for excess errors)
FAIL: g++.dg/debug/debug3.C -gxcoff+3 -O2 (test for excess errors)
FAIL: g++.dg/debug/debug3.C -gxcoff+3 -O3 (test for excess errors)
FAIL: g++.dg/debug/debug4.C -gxcoff+1 (test for excess errors)
FAIL: g++.dg/debug/debug4.C -gxcoff+1 -O2 (test for excess errors)
FAIL: g++.dg/debug/debug4.C -gxcoff+1 -O3 (test for excess errors)
FAIL: g++.dg/debug/debug4.C -gxcoff+ (test for excess errors)
FAIL: g++.dg/debug/debug4.C -gxcoff+ -O2 (test for excess errors)
FAIL: g++.dg/debug/debug4.C -gxcoff+ -O3 (test for excess errors)
FAIL: g++.dg/debug/debug4.C -gxcoff+3 (test for excess errors)
FAIL: g++.dg/debug/debug4.C -gxcoff+3 -O2 (test for excess errors)
FAIL: g++.dg/debug/debug4.C -gxcoff+3 -O3 (test for excess errors)
FAIL: g++.dg/debug/debug5.C -gxcoff+1 (test for excess errors)
FAIL: g++.dg/debug/debug5.C -gxcoff+1 -O2 (test for excess errors)
FAIL: g++.dg/debug/debug5.C -gxcoff+1 -O3 (test for excess errors)
FAIL: g++.dg/debug/debug5.C -gxcoff+ (test for excess errors)
FAIL: g++.dg/debug/debug5.C -gxcoff+ -O2 (test for excess errors)
FAIL: g++.dg/debug/debug5.C -gxcoff+ -O3 (test for excess errors)
FAIL: g++.dg/debug/debug5.C -gxcoff+3 (test for excess errors)
FAIL: g++.dg/debug/debug5.C -gxcoff+3 -O2 (test for excess errors)
FAIL: g++.dg/debug/debug5.C -gxcoff+3 -O3 (test for excess errors)
FAIL: g++.dg/debug/debug6.C -gxcoff+1 (test for excess errors)
FAIL: g++.dg/debug/debug6.C -gxcoff+1 -O2 (test for excess errors)
FAIL: g++.dg/debug/debug6.C -gxcoff+1 -O3 (test for excess errors)
FAIL: g++.dg/debug/debug6.C -gxcoff+ (test for excess errors)
FAIL: g++.dg/debug/debug6.C -gxcoff+ -O2 (test for excess errors)
FAIL: g++.dg/debug/debug6.C -gxcoff+ -O3 (test for excess errors)
FAIL: g++.dg/debug/debug6.C -gxcoff+3 (test for excess errors)
FAIL: g++.dg/debug/debug6.C -gxcoff+3 -O2 (test for excess errors)
FAIL: g++.dg/debug/debug6.C -gxcoff+3 -O3 (test for excess errors)
FAIL: g++.dg/debug/debug7.C -gxcoff+1  (test for errors, line 10)
FAIL: g++.dg/debug/debug7.C -gxcoff+1 (test for excess errors)
FAIL: g++.dg/debug/debug7.C -gxcoff+1 -O2  (test for errors, line 10)
FAIL: g++.dg/debug/debug7.C -gxcoff+1 -O2 (test for excess errors)
FAIL: g++.dg/debug/debug7.C -gxcoff+1 -O3  (test for errors, line 10)
FAIL: g++.dg/debug/debug7.C -gxcoff+1 -O3 (test for excess errors)
FAIL: g++.dg/debug/debug7.C -gxcoff+  (test for errors, line 10)
FAIL: g++.dg/debug/debug7.C -gxcoff+ (test for excess errors)
FAIL: g++.dg/debug/debug7.C -gxcoff+ -O2  (test for errors, line 10)
FAIL: g++.dg/debug/debug7.C -gxcoff+ -O2 (test for excess errors)
FAIL: g++.dg/debug/debug7.C -gxcoff+ -O3  (test for errors, line 10)
FAIL: g++.dg/debug/debug7.C -gxcoff+ -O3 (test for excess errors)
FAIL: g++.dg/debug/debug7.C -gxcoff+3  (test for errors, line 10)
FAIL: g++.dg/debug/debug7.C -gxcoff+3 (test for excess errors)
FAIL: g++.dg/debug/debug7.C -gxcoff+3 -O2  (test for errors, line 10)
FAIL: g++.dg/debug/debug7.C -gxcoff+3 -O2 (test for excess errors)
FAIL: g++.dg/debug/debug7.C -gxcoff+3 -O3  (test for errors, line 10)
FAIL: g++.dg/debug/debug7.C -gxcoff+3 -O3 (test for excess errors)
FAIL: g++.dg/debug/debug8.C -gxcoff+1 (test for excess errors)
FAIL: g++.dg/debug/debug8.C -gxcoff+1 -O2 (test for excess errors)
FAIL: g++.dg/debug/debug8.C -gxcoff+1 -O3 (test for excess errors)
FAIL: g++.dg/debug/debug8.C -gxcoff+ (test for excess errors)
FAIL: g++.dg/debug/debug8.C -gxcoff+ -O2 (test for excess errors)
FAIL: g++.dg/debug/debug8.C -gxcoff+ -O3 (test for excess errors)
FAIL: g++.dg/debug/debug8.C -gxcoff+3 (test for excess errors)
FAIL: g++.dg/debug/debug8.C -gxcoff+3 -O2 (test for excess errors)
FAIL: g++.dg/debug/debug8.C -gxcoff+3 -O3 (test for excess errors)
FAIL: g++.dg/debug/minimal1.C -gxcoff+1 (test for excess errors)
FAIL: g++.dg/debug/minimal1.C -gxcoff+1 -O2 (test for excess errors)
FAIL: g++.dg/debug/minimal1.C -gxcoff+1 -O3 (test for excess errors)
FAIL: g++.dg/debug/minimal1.C -gxcoff+ (test for excess errors)
FAIL: g++.dg/debug/minimal1.C -gxcoff+ -O2 (test for excess errors)
FAIL: g++.dg/debug/minimal1.C -gxcoff+ -O3 (test for excess errors)
FAIL: g++.dg/debug/minimal1.C -gxcoff+3 (test for excess errors)
FAIL: g++.dg/debug/minimal1.C -gxcoff+3 -O2 (test for excess errors)
FAIL: g++.dg/debug/minimal1.C -gxcoff+3 -O3 (test for excess errors)
FAIL: g++.dg/debug/template1.C -gxcoff+1 (test for excess errors)
FAIL: g++.dg/debug/template1.C -gxcoff+1 -O2 (test for excess errors)
FAIL: g++.dg/debug/template1.C -gxcoff+1 -O3 (test for excess errors)
FAIL: g++.dg/debug/template1.C -gxcoff+ (test for excess errors)
FAIL: g++.dg/debug/template1.C -gxcoff+ -O2 (test for excess errors)
FAIL: g++.dg/debug/template1.C -gxcoff+ -O3 (test for excess errors)
FAIL: g++.dg/debug/template1.C -gxcoff+3 (test for excess errors)
FAIL: g++.dg/debug/template1.C -gxcoff+3 -O2 (test for excess errors)
FAIL: g++.dg/debug/template1.C -gxcoff+3 -O3 (test for excess errors)
FAIL: g++.dg/debug/trivial.C -gxcoff+1 (test for excess errors)
WARNING: g++.dg/debug/trivial.C -gxcoff+1 compilation failed to produce executable
FAIL: g++.dg/debug/trivial.C -gxcoff+1 -O2 (test for excess errors)
WARNING: g++.dg/debug/trivial.C -gxcoff+1 -O2 compilation failed to produce executable
FAIL: g++.dg/debug/trivial.C -gxcoff+1 -O3 (test for excess errors)
WARNING: g++.dg/debug/trivial.C -gxcoff+1 -O3 compilation failed to produce executable
FAIL: g++.dg/debug/trivial.C -gxcoff+ (test for excess errors)
WARNING: g++.dg/debug/trivial.C -gxcoff+ compilation failed to produce executable
FAIL: g++.dg/debug/trivial.C -gxcoff+ -O2 (test for excess errors)
WARNING: g++.dg/debug/trivial.C -gxcoff+ -O2 compilation failed to produce executable
FAIL: g++.dg/debug/trivial.C -gxcoff+ -O3 (test for excess errors)
WARNING: g++.dg/debug/trivial.C -gxcoff+ -O3 compilation failed to produce executable
FAIL: g++.dg/debug/trivial.C -gxcoff+3 (test for excess errors)
WARNING: g++.dg/debug/trivial.C -gxcoff+3 compilation failed to produce executable
FAIL: g++.dg/debug/trivial.C -gxcoff+3 -O2 (test for excess errors)
WARNING: g++.dg/debug/trivial.C -gxcoff+3 -O2 compilation failed to produce executable
FAIL: g++.dg/debug/trivial.C -gxcoff+3 -O3 (test for excess errors)
WARNING: g++.dg/debug/trivial.C -gxcoff+3 -O3 compilation failed to produce executable
FAIL: g++.dg/debug/typedef1.C -gxcoff+1 (test for excess errors)
FAIL: g++.dg/debug/typedef1.C -gxcoff+1 -O2 (test for excess errors)
FAIL: g++.dg/debug/typedef1.C -gxcoff+1 -O3 (test for excess errors)
FAIL: g++.dg/debug/typedef1.C -gxcoff+ (test for excess errors)
FAIL: g++.dg/debug/typedef1.C -gxcoff+ -O2 (test for excess errors)
FAIL: g++.dg/debug/typedef1.C -gxcoff+ -O3 (test for excess errors)
FAIL: g++.dg/debug/typedef1.C -gxcoff+3 (test for excess errors)
FAIL: g++.dg/debug/typedef1.C -gxcoff+3 -O2 (test for excess errors)
FAIL: g++.dg/debug/typedef1.C -gxcoff+3 -O3 (test for excess errors)
WARNING: g++.dg/eh/simd-1.C compilation failed to produce executable
WARNING: g++.dg/eh/simd-2.C compilation failed to produce executable
FAIL: g++.dg/init/copy7.C  (test for errors, line 5)
FAIL: g++.dg/init/copy7.C  (test for errors, line 9)
FAIL: g++.dg/init/copy7.C  (test for errors, line 13)
FAIL: g++.dg/init/copy7.C  (test for errors, line 18)
FAIL: g++.dg/init/copy7.C (test for excess errors)
FAIL: g++.dg/other/error3.C  (test for errors, line 4)
FAIL: g++.dg/other/error3.C  (test for errors, line 5)
FAIL: g++.dg/other/error3.C (test for excess errors)
FAIL: g++.dg/template/memclass1.C  (test for errors, line 15)
FAIL: g++.dg/template/memclass1.C (test for excess errors)
XPASS: g++.dg/special/conpr-2.C execution test
XPASS: g++.dg/special/initp1.C execution test
FAIL: g++.old-deja/g++.brendan/crash34.C  (test for errors, line 3)
FAIL: g++.old-deja/g++.brendan/crash34.C (test for excess errors)
WARNING: g++.old-deja/g++.mike/p10769a.C compilation failed to produce executable
FAIL: g++.old-deja/g++.ns/alias2.C  (test for errors, line 7)
FAIL: g++.old-deja/g++.ns/alias2.C (test for excess errors)
FAIL: g++.old-deja/g++.other/access4.C  (test for errors, line 3)
FAIL: g++.old-deja/g++.other/access4.C  (test for errors, line 10)
FAIL: g++.old-deja/g++.other/access4.C (test for excess errors)
WARNING: g++.old-deja/g++.other/enum5.C compilation failed to produce executable
WARNING: g++.old-deja/g++.pt/friend44.C compilation failed to produce executable

		=== g++ Summary ===

# of expected passes		9555
# of unexpected failures	161
# of unexpected successes	2
# of expected failures		69
# of unsupported tests		67
/home/nick/compile/gcc-3.4.1/objdir/gcc/testsuite/../g++ version 3.4.1

		=== g77 tests ===


Running target unix

		=== g77 Summary ===

# of expected passes		1800
# of unsupported tests		6
/home/nick/compile/gcc-3.4.1/objdir/gcc/testsuite/../g77 version 3.4.1

		=== gcc tests ===


Running target unix
UNRESOLVED: gcc.c-torture/execute/simd-4.c execution,  -O0 
UNRESOLVED: gcc.dg/compat/vector-1 c_compat_x_tst.o-c_compat_y_tst.o link 
UNRESOLVED: gcc.dg/compat/vector-1 c_compat_x_tst.o-c_compat_y_tst.o execute 
UNRESOLVED: gcc.dg/compat/vector-2 c_compat_x_tst.o-c_compat_y_tst.o link 
UNRESOLVED: gcc.dg/compat/vector-2 c_compat_x_tst.o-c_compat_y_tst.o execute 
FAIL: gcc.dg/cpp/trad/directive.c  (test for errors, line 10)
FAIL: gcc.dg/cpp/trad/directive.c  (test for errors, line 15)
FAIL: gcc.dg/cpp/trad/directive.c (test for excess errors)
XPASS: gcc.dg/uninit-4.c uninitialized variable warning (test for bogus messages, line 26)
FAIL: gcc.dg/tls/alias-1.c unsupported (test for warnings, line 22)

		=== gcc Summary ===

# of expected passes		24281
# of unexpected failures	4
# of unexpected successes	1
# of expected failures		73
# of unresolved testcases	5
# of untested testcases		7
# of unsupported tests		312
/home/nick/compile/gcc-3.4.1/objdir/gcc/xgcc version 3.4.1

		=== objc tests ===


Running target unix

		=== objc Summary ===

# of expected passes		1352
# of unsupported tests		8
/home/nick/compile/gcc-3.4.1/objdir/gcc/xgcc version 3.4.1

		=== libffi tests ===


Running target unix

		=== libffi Summary ===

# of expected passes		212
# of unsupported tests		2
		=== libjava tests ===


Running target unix
FAIL: InnerExcept compilation from bytecode
FAIL: InnerExcept -O3 compilation from bytecode
FAIL: PR12374 compilation from bytecode
FAIL: PR12374 -O3 compilation from bytecode
FAIL: PR1343 compilation from bytecode
FAIL: PR1343 -O3 compilation from bytecode
FAIL: PR238 compilation from bytecode
FAIL: PR238 -O3 compilation from bytecode
FAIL: PR295 compilation from bytecode
FAIL: PR295 -O3 compilation from bytecode
FAIL: SuperConstr compilation from bytecode
FAIL: SuperConstr -O3 compilation from bytecode
FAIL: XercesBug compilation from bytecode
FAIL: XercesBug -O3 compilation from bytecode
FAIL: inner_1 compilation from bytecode
FAIL: inner_1 -O3 compilation from bytecode
FAIL: inner_data compilation from bytecode
FAIL: inner_data -O3 compilation from bytecode
FAIL: inner_inherit compilation from bytecode
FAIL: inner_inherit -O3 compilation from bytecode
FAIL: inner_priv compilation from bytecode
FAIL: inner_priv -O3 compilation from bytecode
FAIL: inner_pub compilation from bytecode
FAIL: inner_pub -O3 compilation from bytecode
FAIL: not_a_redef compilation from bytecode
FAIL: not_a_redef -O3 compilation from bytecode
FAIL: pr172 compilation from bytecode
FAIL: pr172 -O3 compilation from bytecode
FAIL: pr174 compilation from bytecode
FAIL: pr174 -O3 compilation from bytecode
FAIL: pr176 compilation from bytecode
FAIL: pr176 -O3 compilation from bytecode
FAIL: static_2 compilation from bytecode
FAIL: static_2 -O3 compilation from bytecode
FAIL: static_3 compilation from bytecode
FAIL: static_3 -O3 compilation from bytecode
FAIL: static_inner compilation from bytecode
FAIL: static_inner -O3 compilation from bytecode
FAIL: linking simple
FAIL: Array_3 execution - gij test
FAIL: Array_3 execution - gij test
ERROR: No \`main' given in program EvaluationOrder
UNRESOLVED: FileHandleGcTest compilation from source
FAIL: FileHandleGcTest execution - source compiled test
FAIL: FileHandleGcTest execution - gij test
FAIL: FileHandleGcTest execution - bytecode->native test
FAIL: FileHandleGcTest -O3 execution - source compiled test
FAIL: FileHandleGcTest execution - gij test
FAIL: FileHandleGcTest -O3 execution - bytecode->native test
FAIL: N19990310_4 -O3 compilation from bytecode
FAIL: PR218 compilation from bytecode
FAIL: SyncTest execution - gij test
FAIL: SyncTest execution - gij test
FAIL: TLtest execution - gij test
FAIL: TLtest execution - gij test
FAIL: Thread_Alive -O3 compilation from bytecode
FAIL: Thread_Monitor execution - gij test
FAIL: Thread_Monitor execution - gij test
FAIL: Thread_Wait_Interrupt execution - gij test
FAIL: Thread_Wait_Interrupt execution - gij test
ERROR: No \`main' given in program err9
UNRESOLVED: final_inner compilation from source

		=== libjava Summary ===

# of expected passes		3169
# of unexpected failures	58
# of expected failures		11
# of unresolved testcases	2
# of untested testcases		30
		=== libstdc++ tests ===


Running target unix
FAIL: 26_numerics/c_math_dynamic.cc (test for excess errors)

		=== libstdc++ Summary ===

# of expected passes		2695
# of unexpected failures	1
# of expected failures		6

Compiler version: 3.4.1 
Platform: sparc-sun-solaris2.9
configure flags: --disable-multilib --enable-threads=posix --with-gnu-as --with-as=/usr/local/bin/as --with-gnu-ld --with-ld=/usr/local/bin/ld --enable-libgcj --disable-nls


Index Nav: [Date Index] [Subject Index] [Author Index] [Thread Index]
Message Nav: [Date Prev] [Date Next] [Thread Prev] [Thread Next]