This is the mail archive of the
gcc-testresults@gcc.gnu.org
mailing list for the GCC project.
Results for [trunk] 3.5.020040704(experimental) testsuite on i686-pc-linux-gnu
- From: "Autocrasher" <autocrasher at devphil dot com>
- To: gcc-testresults at gcc dot gnu dot org
- Date: 4 Jul 2004 14:00:05 -0000
- Subject: Results for [trunk] 3.5.020040704(experimental) testsuite on i686-pc-linux-gnu
The configure/build/test log and libstdc++-v3 regression plots can be
found at http://www.devphil.com/build/
Host was an x86-type system.
This particular run used standard (previously installed) binutils.
- The Autocrasher (Phil's Builder Bot, version 2.0)
LAST_UPDATED: Sun Jul 4 05:41:17 UTC 2004
Native configuration is i686-pc-linux-gnu
=== g++ tests ===
Running target unix
FAIL: 102:is -:should be 1
FAIL: g++.dg/gcov/gcov-1.C gcov: 1 failures in line counts, 0 in branch percentages, 0 in return percentages
WARNING: g++.old-deja/g++.mike/p10769a.C compilation failed to produce executable
FAIL: g++.old-deja/g++.other/decl3.C (test for excess errors)
WARNING: g++.old-deja/g++.other/enum5.C compilation failed to produce executable
XPASS: g++.old-deja/g++.other/init5.C execution test
FAIL: g++.old-deja/g++.other/warn7.C (test for warnings, line 38)
WARNING: g++.old-deja/g++.pt/friend44.C compilation failed to produce executable
=== g++ Summary ===
# of expected passes 9764
# of unexpected failures 4
# of unexpected successes 1
# of expected failures 64
# of unsupported tests 42
/mnt/build/build-2004-07-04-trunk/gcc/testsuite/../g++ version 3.5.0 20040704 (experimental)
=== gcc tests ===
Running target unix
FAIL: gcc.c-torture/compile/20020210-1.c -O1 (test for excess errors)
FAIL: gcc.c-torture/compile/20020210-1.c -O2 (test for excess errors)
FAIL: gcc.c-torture/compile/20020210-1.c -O3 -fomit-frame-pointer (test for excess errors)
FAIL: gcc.c-torture/compile/20020210-1.c -O3 -g (test for excess errors)
FAIL: gcc.c-torture/compile/20020210-1.c -Os (test for excess errors)
FAIL: gcc.c-torture/compile/950613-1.c -O1 (test for excess errors)
FAIL: gcc.c-torture/compile/950613-1.c -Os (test for excess errors)
FAIL: gcc.c-torture/execute/va-arg-25.c execution, -Os
FAIL: gcc.dg/c90-const-expr-3.c (test for excess errors)
FAIL: gcc.dg/c99-const-expr-3.c (test for excess errors)
XPASS: gcc.dg/setjmp-1.c spurious clobbered warning (test for bogus messages, line 16)
FAIL: 94:is -:should be 1
FAIL: gcc.misc-tests/gcov-4.c gcov: 1 failures in line counts, 0 in branch percentages, 0 in return percentages
=== gcc Summary ===
# of expected passes 25550
# of unexpected failures 12
# of unexpected successes 1
# of expected failures 53
# of untested testcases 28
# of unsupported tests 180
/mnt/build/build-2004-07-04-trunk/gcc/xgcc version 3.5.0 20040704 (experimental)
=== libstdc++-v3 check-abi Summary ===
# of added symbols: 352
# of missing symbols: 327
# of incompatible symbols: 331
=== libstdc++ tests ===
Running target unix
XPASS: 26_numerics/cmath/c99_classification_macros_c.cc (test for excess errors)
=== libstdc++ Summary ===
# of expected passes 2704
# of unexpected successes 1
# of expected failures 5
Compiler version: 3.5.020040704(experimental)
Platform: i686-pc-linux-gnu
configure flags: --prefix=/mnt/build/install-2004-07-04-trunk --enable-threads=posix --enable-__cxa_atexit --with-dwarf2 --enable-languages=c,c++