This is the mail archive of the gcc-testresults@gcc.gnu.org mailing list for the GCC project.


Index Nav: [Date Index] [Subject Index] [Author Index] [Thread Index]
Message Nav: [Date Prev] [Date Next] [Thread Prev] [Thread Next]
Other format: [Raw text]

Results for 3.4.1 testsuite on alphaev56-dec-osf4.0f


OSF1 V4.0
Digital Personal Workstation 600au
CPU type: EV56 Speed: 598 MHz
Native cc used for bootstrap
Native as and ld

Only C, C++, ObjC, and Fortran (f77) are tested (no Java).
LAST_UPDATED: Obtained from CVS: -rgcc_3_4_1_release 

Native configuration is alphaev56-dec-osf4.0f

		=== libstdc++ tests ===


Running target unix
FAIL: 22_locale/collate/compare/wchar_t/2.cc (test for excess errors)
WARNING: 22_locale/collate/compare/wchar_t/2.cc compilation failed to produce executable
FAIL: 22_locale/collate/compare/wchar_t/wrapped_env.cc (test for excess errors)
WARNING: 22_locale/collate/compare/wchar_t/wrapped_env.cc compilation failed to produce executable
FAIL: 22_locale/collate/compare/wchar_t/wrapped_locale.cc (test for excess errors)
WARNING: 22_locale/collate/compare/wchar_t/wrapped_locale.cc compilation failed to produce executable
FAIL: 22_locale/collate/hash/wchar_t/2.cc (test for excess errors)
WARNING: 22_locale/collate/hash/wchar_t/2.cc compilation failed to produce executable
FAIL: 22_locale/collate/hash/wchar_t/wrapped_env.cc (test for excess errors)
WARNING: 22_locale/collate/hash/wchar_t/wrapped_env.cc compilation failed to produce executable
FAIL: 22_locale/collate/hash/wchar_t/wrapped_locale.cc (test for excess errors)
WARNING: 22_locale/collate/hash/wchar_t/wrapped_locale.cc compilation failed to produce executable
FAIL: 22_locale/collate/transform/wchar_t/2.cc (test for excess errors)
WARNING: 22_locale/collate/transform/wchar_t/2.cc compilation failed to produce executable
FAIL: 22_locale/collate/transform/wchar_t/wrapped_env.cc (test for excess errors)
WARNING: 22_locale/collate/transform/wchar_t/wrapped_env.cc compilation failed to produce executable
FAIL: 22_locale/collate/transform/wchar_t/wrapped_locale.cc (test for excess errors)
WARNING: 22_locale/collate/transform/wchar_t/wrapped_locale.cc compilation failed to produce executable
FAIL: 27_io/basic_istream/extractors_arithmetic/char/12.cc execution test
FAIL: 27_io/fpos/14320-5.cc (test for excess errors)
WARNING: 27_io/fpos/14320-5.cc compilation failed to produce executable

		=== libstdc++ Summary ===

# of expected passes		2676
# of unexpected failures	11
# of expected failures		5
		=== g++ tests ===


Running target unix
ERROR: g++.dg/abi/rtti1.C: error executing dg-final: couldn't execute "c++filt": no such file or directory
UNRESOLVED: g++.dg/abi/rtti1.C: error executing dg-final: couldn't execute "c++filt": no such file or directory
FAIL: g++.dg/parse/stack1.C (test for excess errors)
FAIL: g++.dg/pch/system-1.C -g assembly comparison
FAIL: g++.dg/pch/system-2.C -g assembly comparison
FAIL: g++.old-deja/g++.law/profile1.C (test for excess errors)
WARNING: g++.old-deja/g++.law/profile1.C compilation failed to produce executable
WARNING: g++.old-deja/g++.mike/p10769a.C compilation failed to produce executable
WARNING: g++.old-deja/g++.other/enum5.C compilation failed to produce executable
WARNING: g++.old-deja/g++.pt/friend44.C compilation failed to produce executable

		=== g++ Summary ===

# of expected passes		9534
# of unexpected failures	4
# of expected failures		68
# of unresolved testcases	1
# of unsupported tests		73
/am/remote/atg2/jbuck/alpha.tmp/3.4.1/gcc/testsuite/../g++ version 3.4.1

		=== g77 tests ===


Running target unix

		=== g77 Summary ===

# of expected passes		1800
# of unsupported tests		6
/am/remote/atg2/jbuck/alpha.tmp/3.4.1/gcc/testsuite/../g77 version 3.4.1

		=== gcc tests ===


Running target unix
FAIL: gcc.c-torture/compile/920625-2.c  -O3 -g  (test for excess errors)
FAIL: gcc.c-torture/compile/labels-3.c  -O0  (test for excess errors)
FAIL: gcc.c-torture/compile/labels-3.c  -O1  (test for excess errors)
FAIL: gcc.c-torture/compile/labels-3.c  -O2  (test for excess errors)
FAIL: gcc.c-torture/compile/labels-3.c  -O3 -fomit-frame-pointer  (test for excess errors)
FAIL: gcc.c-torture/compile/labels-3.c  -O3 -g  (test for excess errors)
FAIL: gcc.c-torture/compile/labels-3.c  -Os  (test for excess errors)
FAIL: gcc.dg/20020607-2.c (test for excess errors)
WARNING: gcc.dg/20020607-2.c compilation failed to produce executable
FAIL: gcc.dg/20021014-1.c (test for excess errors)
WARNING: gcc.dg/20021014-1.c compilation failed to produce executable
FAIL: gcc.dg/20030414-2.c (test for excess errors)
WARNING: gcc.dg/20030414-2.c compilation failed to produce executable
FAIL: gcc.dg/20030804-1.c (test for excess errors)
FAIL: gcc.dg/20030826-1.c (test for excess errors)
WARNING: gcc.dg/20030826-1.c compilation failed to produce executable
FAIL: gcc.dg/20040123-1.c scan-assembler abort
FAIL: gcc.dg/array-quals-1.c scan-assembler-not \\\\.data(?!\\\\.rel\\\\.ro)
FAIL: gcc.dg/builtins-10.c (test for excess errors)
FAIL: gcc.dg/builtins-11.c (test for excess errors)
FAIL: gcc.dg/builtins-17.c (test for excess errors)
FAIL: gcc.dg/builtins-18.c (test for excess errors)
FAIL: gcc.dg/builtins-19.c (test for excess errors)
FAIL: gcc.dg/builtins-20.c (test for excess errors)
FAIL: gcc.dg/builtins-24.c (test for excess errors)
WARNING: gcc.dg/builtins-24.c compilation failed to produce executable
FAIL: gcc.dg/builtins-26.c (test for excess errors)
FAIL: gcc.dg/builtins-27.c (test for excess errors)
FAIL: gcc.dg/builtins-6.c (test for excess errors)
WARNING: gcc.dg/builtins-6.c compilation failed to produce executable
FAIL: gcc.dg/builtins-7.c (test for excess errors)
FAIL: gcc.dg/builtins-8.c (test for excess errors)
WARNING: gcc.dg/builtins-8.c compilation failed to produce executable
FAIL: gcc.dg/fastmath-1.c (test for excess errors)
WARNING: gcc.dg/fastmath-1.c compilation failed to produce executable
FAIL: gcc.dg/fnegate-1.c (test for excess errors)
WARNING: gcc.dg/fnegate-1.c compilation failed to produce executable
FAIL: gcc.dg/nest.c (test for excess errors)
WARNING: gcc.dg/nest.c compilation failed to produce executable
UNRESOLVED: gcc.dg/visibility-1.c
UNRESOLVED: gcc.dg/visibility-2.c
UNRESOLVED: gcc.dg/visibility-3.c
UNRESOLVED: gcc.dg/visibility-4.c
UNRESOLVED: gcc.dg/visibility-5.c
UNRESOLVED: gcc.dg/visibility-6.c
UNRESOLVED: gcc.dg/visibility-7.c
UNRESOLVED: gcc.dg/visibility-8.c
FAIL: gcc.dg/pch/static-1.c -O0 -g assembly comparison
FAIL: gcc.dg/pch/static-2.c -O0 -g assembly comparison
FAIL: gcc.dg/pch/static-3.c -O0 -g assembly comparison
FAIL: gcc.dg/torture/builtin-attr-1.c  -O0  (test for excess errors)
FAIL: gcc.dg/torture/builtin-attr-1.c  -O1  (test for excess errors)
FAIL: gcc.dg/torture/builtin-attr-1.c  -O2  (test for excess errors)
FAIL: gcc.dg/torture/builtin-attr-1.c  -O3 -fomit-frame-pointer  (test for excess errors)
FAIL: gcc.dg/torture/builtin-attr-1.c  -O3 -g  (test for excess errors)
FAIL: gcc.dg/torture/builtin-attr-1.c  -Os  (test for excess errors)
FAIL: gcc.dg/torture/builtin-explog-1.c  -O0  (test for excess errors)
FAIL: gcc.dg/torture/builtin-explog-1.c  -O1  (test for excess errors)
FAIL: gcc.dg/torture/builtin-explog-1.c  -O2  (test for excess errors)
FAIL: gcc.dg/torture/builtin-explog-1.c  -O3 -fomit-frame-pointer  (test for excess errors)
FAIL: gcc.dg/torture/builtin-explog-1.c  -O3 -g  (test for excess errors)
FAIL: gcc.dg/torture/builtin-explog-1.c  -Os  (test for excess errors)

		=== gcc Summary ===

# of expected passes		24114
# of unexpected failures	44
# of expected failures		78
# of unresolved testcases	8
# of untested testcases		7
# of unsupported tests		334
/am/remote/atg2/jbuck/alpha.tmp/3.4.1/gcc/xgcc version 3.4.1

		=== objc tests ===


Running target unix

		=== objc Summary ===

# of expected passes		1352
# of unsupported tests		8
/am/remote/atg2/jbuck/alpha.tmp/3.4.1/gcc/xgcc version 3.4.1


Compiler version: 3.4.1 
Platform: alphaev56-dec-osf4.0f
configure flags: --prefix=/u/jbuck/cvs.alpha/3.4.1 --enable-languages=c,c++,objc,f77


Index Nav: [Date Index] [Subject Index] [Author Index] [Thread Index]
Message Nav: [Date Prev] [Date Next] [Thread Prev] [Thread Next]