This is the mail archive of the
gcc-testresults@gcc.gnu.org
mailing list for the GCC project.
Results for 3.5.0 20040626 (experimental) g++ testsuite on i686-pc-linux-gnu
- From: rasky at develer dot com
- To: gcc-testresults at gcc dot gnu dot org
- Date: 3 Jul 2004 01:54:30 -0000
- Subject: Results for 3.5.0 20040626 (experimental) g++ testsuite on i686-pc-linux-gnu
LAST_UPDATED:
Native configuration is i686-pc-linux-gnu
=== g++ tests ===
Running target unix
WARNING: program timed out.
FAIL: g++.dg/eh/cleanup1.C (test for excess errors)
FAIL: g++.dg/opt/ptrmem4.C (test for excess errors)
WARNING: g++.dg/opt/ptrmem4.C compilation failed to produce executable
FAIL: 102:is -:should be 1
FAIL: g++.dg/gcov/gcov-1.C gcov: 1 failures in line counts, 0 in branch percentages, 0 in return percentages
FAIL: g++.old-deja/g++.law/refs3.C (test for excess errors)
FAIL: g++.old-deja/g++.law/refs4.C (test for excess errors)
WARNING: g++.old-deja/g++.mike/p10769a.C compilation failed to produce executable
FAIL: g++.old-deja/g++.other/crash33.C (test for excess errors)
FAIL: g++.old-deja/g++.other/decl3.C (test for excess errors)
WARNING: g++.old-deja/g++.other/enum5.C compilation failed to produce executable
FAIL: g++.old-deja/g++.other/warn7.C (test for warnings, line 38)
WARNING: g++.old-deja/g++.pt/friend44.C compilation failed to produce executable
=== g++ Summary ===
# of expected passes 9887
# of unexpected failures 9
# of expected failures 80
# of unsupported tests 42
/home/rasky/gcc/mainline/out/gcc/testsuite/../g++ version 3.5.0 20040626 (experimental)
Compiler version: 3.5.0 20040626 (experimental) g++
Platform: i686-pc-linux-gnu
configure flags: --enable-languages=c,c++,java,;t t