This is the mail archive of the
gcc-testresults@gcc.gnu.org
mailing list for the GCC project.
Results for 3.4.0 (Debian 3.4.0-4) testsuite on alpha-unknown-linux-gnu
- From: Matthias Klose <doko at gluck dot debian dot org>
- To: gcc-testresults at gcc dot gnu dot org
- Cc: debian-gcc at lists dot debian dot org
- Date: Mon, 28 Jun 2004 22:57:24 -0600
- Subject: Results for 3.4.0 (Debian 3.4.0-4) testsuite on alpha-unknown-linux-gnu
- Reply-to: Matthias Klose <doko at debian dot org>
LAST_UPDATED: Obtained from CVS: -rgcc_3_4_0_release
Native configuration is alpha-unknown-linux-gnu
=== libffi tests ===
Running target unix
=== libffi Summary ===
# of expected passes 212
# of unsupported tests 2
=== libjava tests ===
Running target unix
FAIL: initexc execution - gij test
FAIL: initexc execution - gij test
=== libjava Summary ===
# of expected passes 3258
# of unexpected failures 2
# of expected failures 10
# of untested testcases 10
=== libstdc++-v3 check-abi Summary ===
# of added symbols: 305
# of missing symbols: 258
# of incompatible symbols: 258
using: /home/doko/gcc/3.4/gcc-3.4-3.4.0/src/libstdc++-v3/config/abi/alpha-linux-gnu/baseline_symbols.txt
=== libstdc++ tests ===
Running target unix
FAIL: 26_numerics/complex/pow.cc execution test
FAIL: 26_numerics/fabs_inline.cc (test for excess errors)
WARNING: 26_numerics/fabs_inline.cc compilation failed to produce executable
XPASS: 27_io/fpos/14320-1.cc execution test
FAIL: ext/enc_filebuf/char/13189.cc (test for excess errors)
WARNING: ext/enc_filebuf/char/13189.cc compilation failed to produce executable
FAIL: ext/enc_filebuf/wchar_t/13189.cc (test for excess errors)
WARNING: ext/enc_filebuf/wchar_t/13189.cc compilation failed to produce executable
=== libstdc++ Summary ===
# of expected passes 2689
# of unexpected failures 4
# of unexpected successes 1
# of expected failures 5
=== gpc tests ===
Running target any
FAIL: fjf170.pas
FAIL: fjf511.pas
FAIL: fjf762a.pas
FAIL: fjf781f.pas
=== gpc Summary ===
# of tests 3794
# of expected passes 3780
# of unexpected failures 4
# of unsupported tests 10
/home/doko/gcc/3.4/gcc-3.4-3.4.0/build/gcc/xgpc version 20030830, based on gcc-3.4.0 (Debian 3.4.0-4)
=== acats tests ===
FAIL: c37213f
FAIL: c37215f
FAIL: c45624a
FAIL: c45624b
FAIL: c460010
FAIL: c4a013a
FAIL: cd2a83c
FAIL: cd2a91c
FAIL: cxa5a03
FAIL: cxg2002
FAIL: cxg2017
FAIL: cxg2020
=== acats Summary ===
# of expected passes 1954
# of unexpected failures 12
# of unsupported tests 356
=== g++ tests ===
Running target unix
WARNING: g++.old-deja/g++.mike/p10769a.C compilation failed to produce executable
WARNING: g++.old-deja/g++.other/enum5.C compilation failed to produce executable
XPASS: g++.old-deja/g++.other/init5.C execution test
WARNING: g++.old-deja/g++.pt/friend44.C compilation failed to produce executable
=== g++ Summary ===
# of expected passes 9566
# of unexpected successes 1
# of expected failures 68
# of unsupported tests 70
/home/doko/gcc/3.4/gcc-3.4-3.4.0/build/gcc/testsuite/../g++ version 3.4.0 (Debian 3.4.0-4)
=== g77 tests ===
Running target unix
=== g77 Summary ===
# of expected passes 1800
# of unsupported tests 6
/home/doko/gcc/3.4/gcc-3.4-3.4.0/build/gcc/testsuite/../g77 version 3.4.0 (Debian 3.4.0-4)
=== gcc tests ===
Running target unix
FAIL: gcc.dg/20040123-1.c scan-assembler abort
=== gcc Summary ===
# of expected passes 24295
# of unexpected failures 1
# of expected failures 79
# of untested testcases 7
# of unsupported tests 311
/home/doko/gcc/3.4/gcc-3.4-3.4.0/build/gcc/xgcc version 3.4.0 (Debian 3.4.0-4)
=== objc tests ===
Running target unix
=== objc Summary ===
# of expected passes 1352
# of unsupported tests 8
/home/doko/gcc/3.4/gcc-3.4-3.4.0/build/gcc/xgcc version 3.4.0 (Debian 3.4.0-4)
Compiler version: 3.4.0 (Debian 3.4.0-4)
Platform: alpha-unknown-linux-gnu
configure flags: -v --enable-languages=c,c++,java,f77,pascal,objc,ada,treelang --prefix=/usr --libexecdir=/usr/lib --with-gxx-include-dir=/usr/include/c++/3.4 --enable-shared --with-system-zlib --enable-nls --enable-threads=posix --without-included-gettext --program-suffix=-3.4 --enable-__cxa_atexit --enable-clocale=gnu --enable-libstdcxx-debug --enable-java-gc=boehm --enable-java-awt=gtk --disable-werror alpha-linux
BOOT_CFLAGS=-O2
Build Dependencies:
Desired=Unknown/Install/Remove/Purge/Hold
| Status=Not/Installed/Config-files/Unpacked/Failed-config/Half-installed
|/ Err?=(none)/Hold/Reinst-required/X=both-problems (Status,Err: uppercase=bad)
||/ Name Version Description
+++-==============-==============-============================================
ii binutils 2.14.90.0.7-8 The GNU assembler, linker and binary utiliti
ii libc6.1-dev 2.3.2.ds1-12 GNU C Library: Development Libraries and Hea
Patches that Debian applied in this version:
cvs-updates:
CVS updates from the 3.4 branch upto 20040626.
gcc-version:
Add "(Debian <package version>)" to the gcc version string
rename-info-files:
Allow transformations on info file names. Reference the
transformed info file names in the texinfo files.
libstdc++-pic:
Build and install libstdc++_pic.a library.
libstdc++-doclink:
adjust hrefs to point to the local documentation
amd64-specs:
On x86-64 use 64bits mode assembly except with -m32.
gccbug:
Use sensible-editor instead of vi as fallback editor
hppa-toplevel:
For hppa-linux enable libgcj and dependent libs in the toplevel directory
hppa-libffi:
libffi support for hppa
hppa-libjava:
Enable libjava support for hppa
hppa-libjava-update:
MD_FALLBACK_FRAME_STATE_FOR definition for pa32-linux
fastjar-update:
Implement fastjar -u
java-gui-branch:
Michael Koch <konqueror@gmx.de>
Backport AWT, Swing and GTK peer from java-gui-branch (20040514).
test-summary:
add libstdc++-v3's check summary to the test summary
gcj-without-rpath:
don't define runtime link path for java binaries and libraries
libffi-soversion:
Install libffi with soversion 2. Debian used this name before it
was installed upstream as 2.0beta.
deb-protoize:
build protoize/unprotoize binaries
ada-gcc-name:
use gcc-3.4 instead of gcc as the command name.
gpc-3.x:
The gpc patch from the gpc tarball.
gpc-updates:
Updates from gpc-20030820.
gpc-parse:
generated gcc/p/parse.[ch] files (using bison-1.875c).
gpc-names:
versioned gpc names
gpc-test-summary:
Integrate gpc test results into the GCC test summary
gpc-profiled:
Do not build the gpc runtime using -fprofile-generate/-use.
link-libs:
reporting:
Add Debian URL for bug reporting isntructions.