This is the mail archive of the
gcc-testresults@gcc.gnu.org
mailing list for the GCC project.
Results for 3.5.020040622(experimental) testsuite on alphaev67-unknown-linux-gnu
- From: Diego Novillo <dnovillo at redhat dot com>
- To: gcc-testresults at gcc dot gnu dot org
- Date: Tue, 22 Jun 2004 09:12:32 -0700
- Subject: Results for 3.5.020040622(experimental) testsuite on alphaev67-unknown-linux-gnu
LAST_UPDATED:
Native configuration is alphaev67-unknown-linux-gnu
=== libffi tests ===
Running target unix
=== libffi Summary ===
# of expected passes 212
# of unsupported tests 2
=== libjava tests ===
Running target unix
FAIL: Array_3 execution - source compiled test
FAIL: Array_3 execution - gij test
FAIL: Array_3 execution - bytecode->native test
FAIL: Array_3 -O3 execution - source compiled test
FAIL: Array_3 execution - gij test
FAIL: Array_3 -O3 execution - bytecode->native test
WARNING: program timed out.
FAIL: G19990303_02 execution - source compiled test
WARNING: program timed out.
FAIL: G19990303_02 execution - bytecode->native test
WARNING: program timed out.
FAIL: G19990303_02 -O3 execution - source compiled test
WARNING: program timed out.
FAIL: G19990303_02 -O3 execution - bytecode->native test
FAIL: Invoke_1 execution - source compiled test
FAIL: Invoke_1 execution - bytecode->native test
FAIL: Invoke_1 -O3 execution - source compiled test
FAIL: Invoke_1 -O3 execution - bytecode->native test
FAIL: PR218 output - source compiled test
FAIL: PR218 output - gij test
FAIL: PR218 output - bytecode->native test
FAIL: PR218 -O3 output - source compiled test
FAIL: PR218 output - gij test
FAIL: PR218 -O3 output - bytecode->native test
WARNING: program timed out.
FAIL: SyncTest execution - source compiled test
FAIL: SyncTest execution - gij test
WARNING: program timed out.
FAIL: SyncTest execution - bytecode->native test
WARNING: program timed out.
FAIL: SyncTest -O3 execution - source compiled test
FAIL: SyncTest execution - gij test
WARNING: program timed out.
FAIL: SyncTest -O3 execution - bytecode->native test
FAIL: Thread_Interrupt execution - source compiled test
WARNING: program timed out.
FAIL: Thread_Interrupt execution - gij test
FAIL: Thread_Interrupt execution - bytecode->native test
FAIL: Thread_Interrupt -O3 execution - source compiled test
WARNING: program timed out.
FAIL: Thread_Interrupt execution - gij test
FAIL: Thread_Interrupt -O3 execution - bytecode->native test
WARNING: program timed out.
FAIL: Thread_Join execution - source compiled test
FAIL: Thread_Join execution - bytecode->native test
WARNING: program timed out.
FAIL: Thread_Join -O3 execution - source compiled test
FAIL: Thread_Join execution - gij test
WARNING: program timed out.
FAIL: Thread_Join -O3 execution - bytecode->native test
WARNING: program timed out.
FAIL: Thread_Monitor execution - source compiled test
WARNING: program timed out.
FAIL: Thread_Monitor execution - gij test
FAIL: Thread_Monitor execution - bytecode->native test
WARNING: program timed out.
FAIL: Thread_Monitor -O3 execution - source compiled test
WARNING: program timed out.
FAIL: Thread_Monitor execution - gij test
WARNING: program timed out.
FAIL: Thread_Monitor -O3 execution - bytecode->native test
FAIL: Thread_Wait_2 execution - source compiled test
FAIL: Thread_Wait_Interrupt execution - source compiled test
FAIL: Thread_Wait_Interrupt execution - bytecode->native test
FAIL: Thread_Wait_Interrupt -O3 execution - source compiled test
FAIL: Thread_Wait_Interrupt -O3 execution - bytecode->native test
FAIL: Throw_2 execution - source compiled test
FAIL: Throw_2 execution - gij test
FAIL: Throw_2 execution - bytecode->native test
FAIL: Throw_2 -O3 execution - source compiled test
FAIL: Throw_2 execution - gij test
FAIL: Throw_2 -O3 execution - bytecode->native test
FAIL: err6 output - source compiled test
FAIL: err6 -O3 output - source compiled test
FAIL: initexc execution - gij test
FAIL: initexc execution - gij test
=== libjava Summary ===
# of expected passes 3261
# of unexpected failures 58
# of expected failures 14
# of untested testcases 66
=== libmudflap tests ===
Running target unix
=== libmudflap Summary ===
# of expected passes 1100
=== libstdc++-v3 check-abi Summary ===
# of added symbols: 318
# of missing symbols: 252
# of incompatible symbols: 254
=== libstdc++ tests ===
Running target unix
FAIL: 20_util/auto_ptr/4.cc (test for excess errors)
WARNING: 20_util/auto_ptr/4.cc compilation failed to produce executable
FAIL: 20_util/auto_ptr/7.cc (test for excess errors)
WARNING: 20_util/auto_ptr/7.cc compilation failed to produce executable
FAIL: 23_containers/deque/cons/2.cc execution test
FAIL: 23_containers/deque/cons/clear_allocator.cc (test for excess errors)
WARNING: 23_containers/deque/cons/clear_allocator.cc compilation failed to produce executable
FAIL: 23_containers/list/invalidation/4.cc execution test
FAIL: 26_numerics/c99_classification_macros_c++.cc (test for excess errors)
FAIL: 26_numerics/complex/13450.cc execution test
FAIL: 26_numerics/complex/pow.cc execution test
FAIL: 26_numerics/fabs_inline.cc (test for excess errors)
WARNING: 26_numerics/fabs_inline.cc compilation failed to produce executable
XPASS: 27_io/fpos/14320-1.cc execution test
FAIL: ext/enc_filebuf/char/13189.cc (test for excess errors)
WARNING: ext/enc_filebuf/char/13189.cc compilation failed to produce executable
FAIL: ext/enc_filebuf/wchar_t/13189.cc (test for excess errors)
WARNING: ext/enc_filebuf/wchar_t/13189.cc compilation failed to produce executable
=== libstdc++ Summary ===
# of expected passes 2677
# of unexpected failures 11
# of unexpected successes 1
# of expected failures 5
=== g++ tests ===
Running target unix
WARNING: program timed out.
FAIL: g++.dg/eh/cleanup1.C (test for excess errors)
FAIL: g++.dg/ext/stmtexpr2.C execution test
FAIL: 102:is -:should be 1
FAIL: g++.dg/gcov/gcov-1.C gcov: 1 failures in line counts, 0 in branch percentages, 0 in return percentages
FAIL: g++.old-deja/g++.law/refs3.C (test for excess errors)
FAIL: g++.old-deja/g++.law/refs4.C (test for excess errors)
WARNING: g++.old-deja/g++.mike/p10769a.C compilation failed to produce executable
FAIL: g++.old-deja/g++.other/crash33.C (test for excess errors)
FAIL: g++.old-deja/g++.other/debug6.C (test for excess errors)
WARNING: g++.old-deja/g++.other/enum5.C compilation failed to produce executable
FAIL: g++.old-deja/g++.other/warn7.C (test for warnings, line 38)
WARNING: g++.old-deja/g++.pt/friend44.C compilation failed to produce executable
=== g++ Summary ===
# of expected passes 9795
# of unexpected failures 9
# of expected failures 80
# of unsupported tests 81
/dorothy/dnovillo/sbox/gcc/bld.dorothy/gcc/testsuite/../g++ version 3.5.0 20040622 (experimental)
=== gcc tests ===
Running target unix
WARNING: program timed out.
FAIL: gcc.c-torture/compile/20001226-1.c -O0 (test for excess errors)
FAIL: gcc.c-torture/compile/20030224-1.c -O1 (test for excess errors)
FAIL: gcc.c-torture/compile/20030224-1.c -O2 (test for excess errors)
FAIL: gcc.c-torture/compile/20030224-1.c -O3 -fomit-frame-pointer (test for excess errors)
FAIL: gcc.c-torture/compile/20030224-1.c -O3 -fomit-frame-pointer -funroll-loops (test for excess errors)
FAIL: gcc.c-torture/compile/20030224-1.c -O3 -fomit-frame-pointer -funroll-all-loops -finline-functions (test for excess errors)
FAIL: gcc.c-torture/compile/20030224-1.c -O3 -g (test for excess errors)
FAIL: gcc.c-torture/compile/20030224-1.c -Os (test for excess errors)
FAIL: gcc.c-torture/execute/20020412-1.c compilation, -O1
UNRESOLVED: gcc.c-torture/execute/20020412-1.c execution, -O1
FAIL: gcc.c-torture/execute/20020412-1.c compilation, -O2
UNRESOLVED: gcc.c-torture/execute/20020412-1.c execution, -O2
FAIL: gcc.c-torture/execute/20020412-1.c compilation, -O3 -fomit-frame-pointer
UNRESOLVED: gcc.c-torture/execute/20020412-1.c execution, -O3 -fomit-frame-pointer
FAIL: gcc.c-torture/execute/20020412-1.c compilation, -O3 -fomit-frame-pointer -funroll-loops
UNRESOLVED: gcc.c-torture/execute/20020412-1.c execution, -O3 -fomit-frame-pointer -funroll-loops
FAIL: gcc.c-torture/execute/20020412-1.c compilation, -O3 -fomit-frame-pointer -funroll-all-loops -finline-functions
UNRESOLVED: gcc.c-torture/execute/20020412-1.c execution, -O3 -fomit-frame-pointer -funroll-all-loops -finline-functions
FAIL: gcc.c-torture/execute/20020412-1.c compilation, -O3 -g
UNRESOLVED: gcc.c-torture/execute/20020412-1.c execution, -O3 -g
FAIL: gcc.c-torture/execute/20020412-1.c compilation, -Os
UNRESOLVED: gcc.c-torture/execute/20020412-1.c execution, -Os
FAIL: gcc.c-torture/execute/loop-14.c execution, -Os
FAIL: gcc.c-torture/execute/simd-2.c execution, -O3 -fomit-frame-pointer
FAIL: gcc.c-torture/execute/simd-2.c execution, -O3 -g
FAIL: gcc.dg/debug/dwarf2/dwarf-die7.c scan-assembler 1.*DW_AT_inline
FAIL: gcc.dg/c90-const-expr-3.c (test for excess errors)
FAIL: gcc.dg/c99-complit-2.c non-const (test for errors, line 40)
FAIL: gcc.dg/c99-complit-2.c non-const (test for errors, line 42)
FAIL: gcc.dg/c99-complit-2.c non-const (test for errors, line 46)
FAIL: gcc.dg/c99-complit-2.c struct bad init (test for errors, line 51)
FAIL: gcc.dg/c99-complit-2.c union bad init (test for errors, line 53)
FAIL: gcc.dg/c99-complit-2.c array bad init (test for errors, line 58)
FAIL: gcc.dg/c99-complit-2.c array bad init (test for errors, line 66)
FAIL: gcc.dg/c99-complit-2.c (test for excess errors)
FAIL: gcc.dg/c99-const-expr-3.c (test for excess errors)
FAIL: gcc.dg/cleanup-10.c execution test
FAIL: gcc.dg/cleanup-11.c execution test
FAIL: gcc.dg/cleanup-8.c execution test
FAIL: gcc.dg/cleanup-9.c execution test
FAIL: gcc.dg/noreturn-1.c detect return from noreturn (test for warnings, line 37)
FAIL: gcc.dg/noreturn-1.c (test for excess errors)
XPASS: gcc.dg/setjmp-1.c spurious clobbered warning (test for bogus messages, line 16)
FAIL: gcc.dg/simd-1.c (test for excess errors)
FAIL: gcc.dg/special/gcsec-1.c (test for excess errors)
FAIL: gcc.dg/tree-ssa/20030709-2.c scan-tree-dump-times .rtmem 0
FAIL: gcc.dg/tree-ssa/20030709-2.c scan-tree-dump-times if 1
FAIL: gcc.dg/tree-ssa/sra-1.c scan-tree-dump-times link_error 0
FAIL: 94:is -:should be 1
FAIL: gcc.misc-tests/gcov-4.c gcov: 1 failures in line counts, 0 in branch percentages, 0 in return percentages
FAIL: 75:is -:should be 2
FAIL: gcc.misc-tests/gcov-7.c gcov: 1 failures in line counts, 0 in branch percentages, 0 in return percentages
=== gcc Summary ===
# of expected passes 26066
# of unexpected failures 44
# of unexpected successes 1
# of expected failures 73
# of unresolved testcases 7
# of untested testcases 28
# of unsupported tests 332
/dorothy/dnovillo/sbox/gcc/bld.dorothy/gcc/xgcc version 3.5.0 20040622 (experimental)
=== gfortran tests ===
Running target unix
FAIL: gfortran.fortran-torture/execute/forall_3.f90 execution, -O1
FAIL: gfortran.fortran-torture/execute/forall_3.f90 execution, -O2
FAIL: gfortran.fortran-torture/execute/forall_3.f90 execution, -O2 -fomit-frame-pointer -finline-functions
FAIL: gfortran.fortran-torture/execute/forall_3.f90 execution, -O2 -fomit-frame-pointer -finline-functions -funroll-loops
FAIL: gfortran.fortran-torture/execute/forall_3.f90 execution, -O2 -fomit-frame-pointer -finline-functions -funroll-all-loops
FAIL: gfortran.fortran-torture/execute/forall_3.f90 execution, -O2 -fno-repack-arrays
FAIL: gfortran.fortran-torture/execute/forall_3.f90 execution, -O3 -g
FAIL: gfortran.fortran-torture/execute/forall_3.f90 execution, -Os
FAIL: gfortran.fortran-torture/execute/forall_5.f90 execution, -O0
FAIL: gfortran.fortran-torture/execute/forall_5.f90 execution, -O1
FAIL: gfortran.fortran-torture/execute/forall_5.f90 execution, -O2
FAIL: gfortran.fortran-torture/execute/forall_5.f90 execution, -O2 -fomit-frame-pointer -finline-functions
FAIL: gfortran.fortran-torture/execute/forall_5.f90 execution, -O2 -fomit-frame-pointer -finline-functions -funroll-loops
FAIL: gfortran.fortran-torture/execute/forall_5.f90 execution, -O2 -fomit-frame-pointer -finline-functions -funroll-all-loops
FAIL: gfortran.fortran-torture/execute/forall_5.f90 execution, -O2 -fno-repack-arrays
FAIL: gfortran.fortran-torture/execute/forall_5.f90 execution, -O3 -g
FAIL: gfortran.fortran-torture/execute/forall_5.f90 execution, -Os
FAIL: gfortran.fortran-torture/execute/intrinsic_associated.f90 execution, -O0
FAIL: gfortran.fortran-torture/execute/intrinsic_associated.f90 execution, -O1
FAIL: gfortran.fortran-torture/execute/intrinsic_associated.f90 execution, -O2
FAIL: gfortran.fortran-torture/execute/intrinsic_associated.f90 execution, -O2 -fomit-frame-pointer -finline-functions
FAIL: gfortran.fortran-torture/execute/intrinsic_associated.f90 execution, -O2 -fomit-frame-pointer -finline-functions -funroll-loops
FAIL: gfortran.fortran-torture/execute/intrinsic_associated.f90 execution, -O2 -fomit-frame-pointer -finline-functions -funroll-all-loops
FAIL: gfortran.fortran-torture/execute/intrinsic_associated.f90 execution, -O2 -fno-repack-arrays
FAIL: gfortran.fortran-torture/execute/intrinsic_associated.f90 execution, -O3 -g
FAIL: gfortran.fortran-torture/execute/intrinsic_associated.f90 execution, -Os
FAIL: gfortran.fortran-torture/execute/intrinsic_fraction_exponent.f90 execution, -O0
FAIL: gfortran.fortran-torture/execute/intrinsic_fraction_exponent.f90 execution, -O1
FAIL: gfortran.fortran-torture/execute/intrinsic_fraction_exponent.f90 execution, -O2
FAIL: gfortran.fortran-torture/execute/intrinsic_fraction_exponent.f90 execution, -O2 -fomit-frame-pointer -finline-functions
FAIL: gfortran.fortran-torture/execute/intrinsic_fraction_exponent.f90 execution, -O2 -fomit-frame-pointer -finline-functions -funroll-loops
FAIL: gfortran.fortran-torture/execute/intrinsic_fraction_exponent.f90 execution, -O2 -fomit-frame-pointer -finline-functions -funroll-all-loops
FAIL: gfortran.fortran-torture/execute/intrinsic_fraction_exponent.f90 execution, -O2 -fno-repack-arrays
FAIL: gfortran.fortran-torture/execute/intrinsic_fraction_exponent.f90 execution, -O3 -g
FAIL: gfortran.fortran-torture/execute/intrinsic_fraction_exponent.f90 execution, -Os
FAIL: gfortran.fortran-torture/execute/intrinsic_nearest.f90 execution, -O0
FAIL: gfortran.fortran-torture/execute/intrinsic_nearest.f90 execution, -O1
FAIL: gfortran.fortran-torture/execute/intrinsic_nearest.f90 execution, -O2
FAIL: gfortran.fortran-torture/execute/intrinsic_nearest.f90 execution, -O2 -fomit-frame-pointer -finline-functions
FAIL: gfortran.fortran-torture/execute/intrinsic_nearest.f90 execution, -O2 -fomit-frame-pointer -finline-functions -funroll-loops
FAIL: gfortran.fortran-torture/execute/intrinsic_nearest.f90 execution, -O2 -fomit-frame-pointer -finline-functions -funroll-all-loops
FAIL: gfortran.fortran-torture/execute/intrinsic_nearest.f90 execution, -O2 -fno-repack-arrays
FAIL: gfortran.fortran-torture/execute/intrinsic_nearest.f90 execution, -O3 -g
FAIL: gfortran.fortran-torture/execute/intrinsic_nearest.f90 execution, -Os
FAIL: gfortran.fortran-torture/execute/intrinsic_spacing.f90 execution, -O1
FAIL: gfortran.fortran-torture/execute/intrinsic_spacing.f90 execution, -O2
FAIL: gfortran.fortran-torture/execute/intrinsic_spacing.f90 execution, -O2 -fomit-frame-pointer -finline-functions
FAIL: gfortran.fortran-torture/execute/intrinsic_spacing.f90 execution, -O2 -fomit-frame-pointer -finline-functions -funroll-loops
FAIL: gfortran.fortran-torture/execute/intrinsic_spacing.f90 execution, -O2 -fomit-frame-pointer -finline-functions -funroll-all-loops
FAIL: gfortran.fortran-torture/execute/intrinsic_spacing.f90 execution, -O2 -fno-repack-arrays
FAIL: gfortran.fortran-torture/execute/intrinsic_spacing.f90 execution, -O3 -g
FAIL: gfortran.fortran-torture/execute/intrinsic_spacing.f90 execution, -Os
FAIL: gfortran.fortran-torture/execute/nan_inf_fmt.f90 execution, -O0
FAIL: gfortran.fortran-torture/execute/ptr.f90 execution, -O0
FAIL: gfortran.fortran-torture/execute/ptr.f90 execution, -O1
FAIL: gfortran.fortran-torture/execute/ptr.f90 execution, -O2
FAIL: gfortran.fortran-torture/execute/ptr.f90 execution, -O2 -fomit-frame-pointer -finline-functions
FAIL: gfortran.fortran-torture/execute/ptr.f90 execution, -O2 -fomit-frame-pointer -finline-functions -funroll-loops
FAIL: gfortran.fortran-torture/execute/ptr.f90 execution, -O2 -fomit-frame-pointer -finline-functions -funroll-all-loops
FAIL: gfortran.fortran-torture/execute/ptr.f90 execution, -O2 -fno-repack-arrays
FAIL: gfortran.fortran-torture/execute/ptr.f90 execution, -O3 -g
FAIL: gfortran.fortran-torture/execute/ptr.f90 execution, -Os
FAIL: gfortran.fortran-torture/execute/where_3.f90 compilation, -O1
FAIL: gfortran.fortran-torture/execute/where_3.f90 compilation, -O2
FAIL: gfortran.fortran-torture/execute/where_3.f90 compilation, -O2 -fomit-frame-pointer -finline-functions
FAIL: gfortran.fortran-torture/execute/where_3.f90 compilation, -O2 -fomit-frame-pointer -finline-functions -funroll-loops
FAIL: gfortran.fortran-torture/execute/where_3.f90 compilation, -O2 -fomit-frame-pointer -finline-functions -funroll-all-loops
FAIL: gfortran.fortran-torture/execute/where_3.f90 compilation, -O2 -fno-repack-arrays
FAIL: gfortran.fortran-torture/execute/where_3.f90 compilation, -O3 -g
FAIL: gfortran.fortran-torture/execute/where_3.f90 compilation, -Os
=== gfortran Summary ===
# of expected passes 3180
# of unexpected failures 70
# of untested testcases 8
/dorothy/dnovillo/sbox/gcc/bld.dorothy/gcc/testsuite/../gfortran version 3.5.0 20040622 (experimental)
=== objc tests ===
Running target unix
=== objc Summary ===
# of expected passes 1404
# of unsupported tests 7
/dorothy/dnovillo/sbox/gcc/bld.dorothy/gcc/xgcc version 3.5.0 20040622 (experimental)
Compiler version: 3.5.020040622(experimental)
Platform: alphaev67-unknown-linux-gnu
configure flags: --prefix=/home/cygnus/dnovillo/perf/sbox/gcc/local.alpha/inst.dorothy --srcdir=/home/cygnus/dnovillo/perf/sbox/gcc/local.alpha/src --disable-multilib --enable-languages=c,c++,f95,java,objc