This is the mail archive of the
gcc-testresults@gcc.gnu.org
mailing list for the GCC project.
Results for 3.5.0 20040620 (experimental) testsuite on sparc64-sun-solaris2.9
- From: Eric Botcazou <eric at localhost dot localdomain>
- To: gcc-testresults at gcc dot gnu dot org
- Date: Sun, 20 Jun 2004 18:10:43 +0200
- Subject: Results for 3.5.0 20040620 (experimental) testsuite on sparc64-sun-solaris2.9
LAST_UPDATED: Sun Jun 20 04:39:38 UTC 2004
Native configuration is sparc64-sun-solaris2.9
=== g++ tests ===
Running target unix
WARNING: program timed out.
FAIL: g++.dg/eh/cleanup1.C (test for excess errors)
FAIL: g++.dg/ext/stmtexpr2.C execution test
FAIL: g++.dg/parse/stack1.C (test for excess errors)
FAIL: 102:is -:should be 1
FAIL: g++.dg/gcov/gcov-1.C gcov: 1 failures in line counts, 0 in branch percentages, 0 in return percentages
FAIL: g++.old-deja/g++.benjamin/14664-2.C (test for excess errors)
WARNING: g++.old-deja/g++.mike/p10769a.C compilation failed to produce executable
FAIL: g++.old-deja/g++.other/copy1.C (test for excess errors)
WARNING: g++.old-deja/g++.other/copy1.C compilation failed to produce executable
WARNING: g++.old-deja/g++.other/enum5.C compilation failed to produce executable
FAIL: g++.old-deja/g++.other/warn7.C (test for warnings, line 38)
FAIL: g++.old-deja/g++.pt/crash51.C (test for excess errors)
WARNING: g++.old-deja/g++.pt/friend44.C compilation failed to produce executable
=== g++ Summary ===
# of expected passes 9744
# of unexpected failures 9
# of expected failures 81
# of unsupported tests 91
/opt/build/eric/gcc/gcc/testsuite/../g++ version 3.5.0 20040620 (experimental)
=== gcc tests ===
Running target unix
FAIL: gcc.c-torture/compile/20001226-1.c -O1 (test for excess errors)
FAIL: gcc.c-torture/compile/20001226-1.c -O2 (test for excess errors)
FAIL: gcc.c-torture/compile/20001226-1.c -O3 -fomit-frame-pointer (test for excess errors)
FAIL: gcc.c-torture/compile/20001226-1.c -O3 -g (test for excess errors)
FAIL: gcc.c-torture/compile/20001226-1.c -Os (test for excess errors)
FAIL: gcc.c-torture/compile/20040323-1.c -O0 (test for excess errors)
FAIL: gcc.c-torture/compile/20040323-1.c -O1 (test for excess errors)
FAIL: gcc.c-torture/compile/20040323-1.c -O2 (test for excess errors)
FAIL: gcc.c-torture/compile/20040323-1.c -O3 -fomit-frame-pointer (test for excess errors)
FAIL: gcc.c-torture/compile/20040323-1.c -O3 -g (test for excess errors)
FAIL: gcc.c-torture/compile/20040323-1.c -Os (test for excess errors)
FAIL: gcc.c-torture/execute/simd-5.c compilation, -O0
UNRESOLVED: gcc.c-torture/execute/simd-5.c execution, -O0
XPASS: gcc.dg/cpp/cmdlne-dI-M.c scan-file (^|\\\\n)cmdlne-dI-M.*:[^\\\\n]*cmdlne-dI-M.c
XPASS: gcc.dg/cpp/cmdlne-dM-M.c scan-file (^|\\\\n)cmdlne-dM-M[^\\\\n]*:[^\\\\n]*cmdlne-dM-M.c
FAIL: gcc.dg/debug/dwarf2/dwarf-die7.c scan-assembler 1.*DW_AT_inline
FAIL: gcc.dg/20020425-1.c (test for excess errors)
FAIL: gcc.dg/c90-const-expr-3.c (test for excess errors)
FAIL: gcc.dg/c99-const-expr-3.c (test for excess errors)
FAIL: gcc.dg/noreturn-1.c detect return from noreturn (test for warnings, line 37)
FAIL: gcc.dg/noreturn-1.c (test for excess errors)
XPASS: gcc.dg/setjmp-1.c spurious clobbered warning (test for bogus messages, line 16)
FAIL: gcc.dg/uninit-H.c (test for bogus messages, line 20)
UNRESOLVED: gcc.dg/visibility-1.c
UNRESOLVED: gcc.dg/visibility-2.c
UNRESOLVED: gcc.dg/visibility-3.c
UNRESOLVED: gcc.dg/visibility-4.c
UNRESOLVED: gcc.dg/visibility-5.c
UNRESOLVED: gcc.dg/visibility-6.c
UNRESOLVED: gcc.dg/visibility-7.c
UNRESOLVED: gcc.dg/visibility-8.c
FAIL: largefile.c -O0 -g (test for excess errors)
FAIL: largefile.c -O0 (test for excess errors)
FAIL: largefile.c -O1 (test for excess errors)
FAIL: largefile.c -O2 (test for excess errors)
FAIL: largefile.c -O3 -fomit-frame-pointer (test for excess errors)
FAIL: largefile.c -O3 -g (test for excess errors)
FAIL: largefile.c -Os (test for excess errors)
FAIL: 94:is -:should be 1
FAIL: gcc.misc-tests/gcov-4.c gcov: 1 failures in line counts, 0 in branch percentages, 0 in return percentages
=== gcc Summary ===
# of expected passes 25936
# of unexpected failures 28
# of unexpected successes 3
# of expected failures 70
# of unresolved testcases 9
# of untested testcases 35
# of unsupported tests 355
/opt/build/eric/gcc/gcc/xgcc version 3.5.0 20040620 (experimental)
=== objc tests ===
Running target unix
=== objc Summary ===
# of expected passes 1404
# of unsupported tests 7
/opt/build/eric/gcc/gcc/xgcc version 3.5.0 20040620 (experimental)
=== libffi tests ===
Running target unix
=== libffi Summary ===
# of expected passes 212
# of unsupported tests 2
=== libstdc++ tests ===
Running target unix
FAIL: 21_strings/basic_string/append/char/1.cc (test for excess errors)
WARNING: 21_strings/basic_string/append/char/1.cc compilation failed to produce executable
FAIL: 21_strings/basic_string/cons/char/1.cc (test for excess errors)
WARNING: 21_strings/basic_string/cons/char/1.cc compilation failed to produce executable
FAIL: 21_strings/basic_string/find/wchar_t/1.cc (test for excess errors)
WARNING: 21_strings/basic_string/find/wchar_t/1.cc compilation failed to produce executable
FAIL: 21_strings/basic_string/find/wchar_t/2.cc (test for excess errors)
WARNING: 21_strings/basic_string/find/wchar_t/2.cc compilation failed to produce executable
FAIL: 21_strings/basic_string/inserters_extractors/char/10.cc (test for excess errors)
WARNING: 21_strings/basic_string/inserters_extractors/char/10.cc compilation failed to produce executable
FAIL: 21_strings/basic_string/inserters_extractors/char/11.cc (test for excess errors)
WARNING: 21_strings/basic_string/inserters_extractors/char/11.cc compilation failed to produce executable
FAIL: 21_strings/basic_string/inserters_extractors/char/5.cc (test for excess errors)
WARNING: 21_strings/basic_string/inserters_extractors/char/5.cc compilation failed to produce executable
FAIL: 21_strings/basic_string/inserters_extractors/wchar_t/10.cc (test for excess errors)
WARNING: 21_strings/basic_string/inserters_extractors/wchar_t/10.cc compilation failed to produce executable
FAIL: 21_strings/basic_string/inserters_extractors/wchar_t/11.cc (test for excess errors)
WARNING: 21_strings/basic_string/inserters_extractors/wchar_t/11.cc compilation failed to produce executable
FAIL: 21_strings/basic_string/inserters_extractors/wchar_t/5.cc (test for excess errors)
WARNING: 21_strings/basic_string/inserters_extractors/wchar_t/5.cc compilation failed to produce executable
FAIL: 21_strings/basic_string/replace/char/1.cc (test for excess errors)
WARNING: 21_strings/basic_string/replace/char/1.cc compilation failed to produce executable
FAIL: 21_strings/basic_string/rfind/wchar_t/1.cc (test for excess errors)
WARNING: 21_strings/basic_string/rfind/wchar_t/1.cc compilation failed to produce executable
FAIL: 21_strings/basic_string/substr/char/1.cc (test for excess errors)
WARNING: 21_strings/basic_string/substr/char/1.cc compilation failed to produce executable
FAIL: 21_strings/char_traits/requirements/char/1.cc (test for excess errors)
WARNING: 21_strings/char_traits/requirements/char/1.cc compilation failed to produce executable
FAIL: 26_numerics/complex/13450.cc (test for excess errors)
WARNING: 26_numerics/complex/13450.cc compilation failed to produce executable
FAIL: 26_numerics/complex/pow.cc (test for excess errors)
WARNING: 26_numerics/complex/pow.cc compilation failed to produce executable
FAIL: 26_numerics/complex_value.cc (test for excess errors)
WARNING: 26_numerics/complex_value.cc compilation failed to produce executable
FAIL: 27_io/basic_filebuf/imbue/char/2.cc (test for excess errors)
WARNING: 27_io/basic_filebuf/imbue/char/2.cc compilation failed to produce executable
FAIL: 27_io/basic_filebuf/imbue/wchar_t/2.cc (test for excess errors)
WARNING: 27_io/basic_filebuf/imbue/wchar_t/2.cc compilation failed to produce executable
FAIL: 27_io/basic_filebuf/seekoff/wchar_t/1.cc (test for excess errors)
WARNING: 27_io/basic_filebuf/seekoff/wchar_t/1.cc compilation failed to produce executable
FAIL: 27_io/basic_filebuf/seekoff/wchar_t/2.cc (test for excess errors)
WARNING: 27_io/basic_filebuf/seekoff/wchar_t/2.cc compilation failed to produce executable
FAIL: 27_io/basic_filebuf/seekpos/wchar_t/9874.cc (test for excess errors)
WARNING: 27_io/basic_filebuf/seekpos/wchar_t/9874.cc compilation failed to produce executable
FAIL: 27_io/basic_filebuf/underflow/wchar_t/1.cc (test for excess errors)
WARNING: 27_io/basic_filebuf/underflow/wchar_t/1.cc compilation failed to produce executable
FAIL: 27_io/basic_filebuf/underflow/wchar_t/2.cc (test for excess errors)
WARNING: 27_io/basic_filebuf/underflow/wchar_t/2.cc compilation failed to produce executable
FAIL: 27_io/basic_filebuf/underflow/wchar_t/3.cc (test for excess errors)
WARNING: 27_io/basic_filebuf/underflow/wchar_t/3.cc compilation failed to produce executable
FAIL: 27_io/basic_istream/extractors_other/char/2.cc (test for excess errors)
WARNING: 27_io/basic_istream/extractors_other/char/2.cc compilation failed to produce executable
FAIL: 27_io/basic_istream/getline/char/5.cc (test for excess errors)
WARNING: 27_io/basic_istream/getline/char/5.cc compilation failed to produce executable
FAIL: 27_io/basic_istream/ignore/char/2.cc (test for excess errors)
WARNING: 27_io/basic_istream/ignore/char/2.cc compilation failed to produce executable
FAIL: 27_io/basic_istream/peek/char/6414.cc (test for excess errors)
WARNING: 27_io/basic_istream/peek/char/6414.cc compilation failed to produce executable
FAIL: 27_io/basic_istream/seekg/char/fstream.cc (test for excess errors)
WARNING: 27_io/basic_istream/seekg/char/fstream.cc compilation failed to produce executable
FAIL: 27_io/basic_istream/seekg/char/sstream.cc (test for excess errors)
WARNING: 27_io/basic_istream/seekg/char/sstream.cc compilation failed to produce executable
FAIL: 27_io/basic_istream/tellg/char/1.cc (test for excess errors)
WARNING: 27_io/basic_istream/tellg/char/1.cc compilation failed to produce executable
FAIL: 27_io/basic_istream/tellg/char/fstream.cc (test for excess errors)
WARNING: 27_io/basic_istream/tellg/char/fstream.cc compilation failed to produce executable
FAIL: 27_io/basic_istream/tellg/char/sstream.cc (test for excess errors)
WARNING: 27_io/basic_istream/tellg/char/sstream.cc compilation failed to produce executable
FAIL: 27_io/basic_ostream/inserters_character/char/1.cc (test for excess errors)
WARNING: 27_io/basic_ostream/inserters_character/char/1.cc compilation failed to produce executable
FAIL: 27_io/basic_ostream/tellp/char/1.cc (test for excess errors)
WARNING: 27_io/basic_ostream/tellp/char/1.cc compilation failed to produce executable
FAIL: 27_io/basic_stringbuf/sgetn/char/1.cc (test for excess errors)
WARNING: 27_io/basic_stringbuf/sgetn/char/1.cc compilation failed to produce executable
=== libstdc++ Summary ===
# of expected passes 2618
# of unexpected failures 37
# of expected failures 6
Compiler version: 3.5.0 20040620 (experimental)
Platform: sparc64-sun-solaris2.9
configure flags: sparc64-sun-solaris2.9 --prefix=/opt/build/eric/local/gcc-3.5.0 --enable-checking=misc,rtlflag --disable-libmudflap --disable-multilib --enable-languages=c,c++,java,objc