This is the mail archive of the
gcc-testresults@gcc.gnu.org
mailing list for the GCC project.
Results for 3.4.1 20040619 (prerelease) testsuite on sh-unknown-elf
- From: Joern Rennecke <joern dot rennecke at superh dot com>
- To: gcc-testresults at gcc dot gnu dot org
- Date: Sun, 20 Jun 2004 02:59:27 +0100
- Subject: Results for 3.4.1 20040619 (prerelease) testsuite on sh-unknown-elf
LAST_UPDATED:
Target is sh-unknown-elf
Host is i686-pc-linux-gnu
=== g++ tests ===
Running target sh-hms-sim
FAIL: g++.dg/ext/stmtexpr1.C execution test
XPASS: g++.old-deja/g++.jason/thunk3.C execution test
WARNING: g++.old-deja/g++.mike/p10769a.C compilation failed to produce executable
FAIL: g++.old-deja/g++.mike/p3570.C execution test
WARNING: g++.old-deja/g++.other/enum5.C compilation failed to produce executable
WARNING: g++.old-deja/g++.pt/friend44.C compilation failed to produce executable
=== g++ Summary for sh-hms-sim ===
# of expected passes 9547
# of unexpected failures 2
# of unexpected successes 1
# of expected failures 70
# of unsupported tests 79
Running target sh-hms-sim/-m4/-ml
FAIL: g++.old-deja/g++.abi/vtable3b.C execution test
XPASS: g++.old-deja/g++.jason/thunk3.C execution test
FAIL: g++.old-deja/g++.mike/net34.C execution test
FAIL: g++.old-deja/g++.mike/offset1.C execution test
WARNING: g++.old-deja/g++.mike/p10769a.C compilation failed to produce executable
WARNING: g++.old-deja/g++.other/enum5.C compilation failed to produce executable
WARNING: g++.old-deja/g++.pt/friend44.C compilation failed to produce executable
=== g++ Summary for sh-hms-sim/-m4/-ml ===
# of expected passes 9546
# of unexpected failures 3
# of unexpected successes 1
# of expected failures 70
# of unsupported tests 79
=== g++ Summary ===
# of expected passes 19093
# of unexpected failures 5
# of unexpected successes 2
# of expected failures 140
# of unsupported tests 158
/swbuild/nightly/3.4-2004-06-19/sh-elf/gcc/testsuite/../g++ version 3.4.1 20040619 (prerelease)
Host is i686-pc-linux-gnu
=== gcc tests ===
Running target sh-hms-sim
UNRESOLVED: gcc.c-torture/execute/20020720-1.c execution, -O1
UNRESOLVED: gcc.c-torture/execute/20020720-1.c execution, -O2
UNRESOLVED: gcc.c-torture/execute/20020720-1.c execution, -O3 -fomit-frame-pointer
UNRESOLVED: gcc.c-torture/execute/20020720-1.c execution, -O3 -g
UNRESOLVED: gcc.c-torture/execute/20020720-1.c execution, -Os
FAIL: gcc.c-torture/execute/20030626-1.c execution, -O0
FAIL: gcc.c-torture/execute/20030626-2.c execution, -O3 -g
FAIL: gcc.dg/builtin-apply2.c execution test
FAIL: gcc.dg/builtins-18.c (test for excess errors)
FAIL: gcc.dg/builtins-20.c (test for excess errors)
XPASS: gcc.dg/uninit-4.c uninitialized variable warning (test for bogus messages, line 26)
=== gcc Summary for sh-hms-sim ===
# of expected passes 24185
# of unexpected failures 5
# of unexpected successes 1
# of expected failures 73
# of unresolved testcases 5
# of untested testcases 7
# of unsupported tests 339
Running target sh-hms-sim/-m4/-ml
UNRESOLVED: gcc.c-torture/execute/20020720-1.c execution, -O1
UNRESOLVED: gcc.c-torture/execute/20020720-1.c execution, -O2
UNRESOLVED: gcc.c-torture/execute/20020720-1.c execution, -O3 -fomit-frame-pointer
UNRESOLVED: gcc.c-torture/execute/20020720-1.c execution, -O3 -g
UNRESOLVED: gcc.c-torture/execute/20020720-1.c execution, -Os
FAIL: gcc.dg/compat/struct-by-value-19 c_compat_x_tst.o-c_compat_y_tst.o execute
FAIL: gcc.dg/compat/struct-return-19 c_compat_x_tst.o-c_compat_y_tst.o execute
FAIL: gcc.dg/builtins-20.c (test for excess errors)
XPASS: gcc.dg/uninit-4.c uninitialized variable warning (test for bogus messages, line 26)
=== gcc Summary for sh-hms-sim/-m4/-ml ===
# of expected passes 24187
# of unexpected failures 3
# of unexpected successes 1
# of expected failures 73
# of unresolved testcases 5
# of untested testcases 7
# of unsupported tests 339
=== gcc Summary ===
# of expected passes 48372
# of unexpected failures 8
# of unexpected successes 2
# of expected failures 146
# of unresolved testcases 10
# of untested testcases 14
# of unsupported tests 678
/swbuild/nightly/3.4-2004-06-19/sh-elf/gcc/xgcc version 3.4.1 20040619 (prerelease)
Host is i686-pc-linux-gnu
=== objc tests ===
Running target sh-hms-sim
FAIL: objc/execute/bf-19.m execution, -O3 -g
FAIL: objc/execute/bf-6.m execution, -O0
=== objc Summary for sh-hms-sim ===
# of expected passes 1350
# of unexpected failures 2
# of unsupported tests 8
Running target sh-hms-sim/-m4/-ml
FAIL: objc/execute/bf-3.m execution, -O1
=== objc Summary for sh-hms-sim/-m4/-ml ===
# of expected passes 1351
# of unexpected failures 1
# of unsupported tests 8
=== objc Summary ===
# of expected passes 2701
# of unexpected failures 3
# of unsupported tests 16
/swbuild/nightly/3.4-2004-06-19/sh-elf/gcc/xgcc version 3.4.1 20040619 (prerelease)
Compiler version: 3.4.1 20040619 (prerelease)
Platform: sh-unknown-elf
configure flags: --target=sh-elf --with-headers --with-newlib,;t t