This is the mail archive of the
gcc-testresults@gcc.gnu.org
mailing list for the GCC project.
Results for 3.5.0 20040606 (experimental) testsuite on powerpc-apple-darwin8.0.0
- From: pinskia at zhivago dot i dot pinski dot fam (Andrew Pinski)
- To: gcc-testresults at gcc dot gnu dot org
- Date: Mon, 7 Jun 2004 07:00:41 -0400 (EDT)
- Subject: Results for 3.5.0 20040606 (experimental) testsuite on powerpc-apple-darwin8.0.0
LAST_UPDATED: Sun Jun 6 20:12:40 UTC 2004
Native configuration is powerpc-apple-darwin8.0.0
=== g++ tests ===
Running target unix
XPASS: g++.dg/eh/elide1.C execution test
FAIL: g++.dg/eh/simd-2.C (test for excess errors)
WARNING: g++.dg/eh/simd-2.C compilation failed to produce executable
FAIL: g++.dg/ext/altivec-2.C (test for excess errors)
WARNING: g++.dg/ext/altivec-2.C compilation failed to produce executable
FAIL: g++.dg/ext/altivec-4.C (test for excess errors)
FAIL: g++.dg/ext/altivec-5.C (test for excess errors)
FAIL: g++.dg/ext/altivec-6.C (test for excess errors)
FAIL: g++.dg/ext/altivec-8.C (test for excess errors)
UNRESOLVED: g++.dg/init/init-ref4.C
XPASS: g++.dg/other/packed1.C execution test
FAIL: g++.dg/parse/stack1.C (test for excess errors)
FAIL: g++.dg/warn/weak1.C (test for excess errors)
FAIL: 258: expected branch percentages not found: 25
FAIL: g++.dg/gcov/gcov-1.C gcov: 0 failures in line counts, 1 in branch percentages, 0 in return percentages
FAIL: 23:is 2:should be 1
FAIL: g++.dg/gcov/gcov-2.C gcov: 1 failures in line counts, 0 in branch percentages, 0 in return percentages
FAIL: g++.dg/special/conpr-3.C execution test
FAIL: g++.old-deja/g++.abi/cxa_vec.C execution test
FAIL: g++.old-deja/g++.brendan/crash13.C (test for errors, line 34)
FAIL: g++.old-deja/g++.brendan/new3.C execution test
FAIL: g++.old-deja/g++.bugs/900205_03.C (test for errors, line 21)
FAIL: g++.old-deja/g++.bugs/900205_03.C (test for errors, line 24)
FAIL: g++.old-deja/g++.bugs/900205_03.C (test for errors, line 44)
FAIL: g++.old-deja/g++.bugs/900205_03.C (test for errors, line 47)
UNRESOLVED: g++.old-deja/g++.ext/attrib5.C
FAIL: g++.old-deja/g++.law/friend5.C (test for errors, line 19)
FAIL: g++.old-deja/g++.law/friend5.C (test for errors, line 24)
WARNING: g++.old-deja/g++.mike/p10769a.C compilation failed to produce executable
FAIL: g++.old-deja/g++.mike/p646.C (test for warnings, line 104)
FAIL: g++.old-deja/g++.mike/p646.C (test for warnings, line 112)
FAIL: g++.old-deja/g++.mike/p646.C (test for warnings, line 120)
FAIL: g++.old-deja/g++.mike/p646.C (test for warnings, line 127)
FAIL: g++.old-deja/g++.mike/p646.C (test for warnings, line 133)
FAIL: g++.old-deja/g++.other/builtins9.C (test for excess errors)
WARNING: g++.old-deja/g++.other/builtins9.C compilation failed to produce executable
WARNING: g++.old-deja/g++.other/enum5.C compilation failed to produce executable
FAIL: g++.old-deja/g++.other/warn7.C (test for warnings, line 38)
WARNING: g++.old-deja/g++.pt/friend44.C compilation failed to produce executable
UNRESOLVED: g++.old-deja/g++.pt/static3.C
=== g++ Summary ===
# of expected passes 9701
# of unexpected failures 29
# of unexpected successes 2
# of expected failures 85
# of unresolved testcases 3
# of unsupported tests 88
/Volumes/UFS_Partition/pinskia/src/devel/tree-combine/gcc/objdir/gcc/testsuite/../g++ version 3.5.0 20040606 (experimental)
=== gcc tests ===
Running target unix
FAIL: gcc.c-torture/compile/20021108-1.c -O1 (test for excess errors)
FAIL: gcc.c-torture/compile/20021108-1.c -O2 (test for excess errors)
FAIL: gcc.c-torture/compile/20021108-1.c -O3 -fomit-frame-pointer (test for excess errors)
FAIL: gcc.c-torture/compile/20021108-1.c -O3 -g (test for excess errors)
FAIL: gcc.c-torture/compile/20021108-1.c -Os (test for excess errors)
FAIL: gcc.c-torture/compile/920501-4.c -O1 (test for excess errors)
FAIL: gcc.c-torture/compile/920501-4.c -O2 (test for excess errors)
FAIL: gcc.c-torture/compile/920501-4.c -O3 -fomit-frame-pointer (test for excess errors)
FAIL: gcc.c-torture/compile/920501-4.c -O3 -fomit-frame-pointer -funroll-loops (test for excess errors)
FAIL: gcc.c-torture/compile/920501-4.c -O3 -fomit-frame-pointer -funroll-all-loops -finline-functions (test for excess errors)
FAIL: gcc.c-torture/compile/920501-4.c -O3 -g (test for excess errors)
WARNING: program timed out.
FAIL: gcc.c-torture/compile/920701-1.c -O1 (test for excess errors)
WARNING: program timed out.
FAIL: gcc.c-torture/compile/920701-1.c -O2 (test for excess errors)
WARNING: program timed out.
FAIL: gcc.c-torture/compile/920701-1.c -O3 -fomit-frame-pointer (test for excess errors)
WARNING: program timed out.
FAIL: gcc.c-torture/compile/920701-1.c -O3 -g (test for excess errors)
FAIL: gcc.c-torture/compile/labels-1.c -O1 (test for excess errors)
FAIL: gcc.c-torture/compile/labels-1.c -O2 (test for excess errors)
FAIL: gcc.c-torture/compile/labels-1.c -O3 -fomit-frame-pointer (test for excess errors)
FAIL: gcc.c-torture/compile/labels-1.c -O3 -g (test for excess errors)
FAIL: gcc.c-torture/compile/labels-1.c -Os (test for excess errors)
FAIL: gcc.c-torture/compile/labels-2.c -O1 (test for excess errors)
FAIL: gcc.c-torture/compile/labels-2.c -O2 (test for excess errors)
FAIL: gcc.c-torture/compile/labels-2.c -O3 -fomit-frame-pointer (test for excess errors)
FAIL: gcc.c-torture/compile/labels-2.c -O3 -g (test for excess errors)
FAIL: gcc.c-torture/compile/labels-2.c -Os (test for excess errors)
FAIL: gcc.c-torture/execute/builtins/abs-1.c compilation, -O0
UNRESOLVED: gcc.c-torture/execute/builtins/abs-1.c execution, -O0
FAIL: gcc.c-torture/execute/builtins/abs-1.c compilation, -O1
UNRESOLVED: gcc.c-torture/execute/builtins/abs-1.c execution, -O1
FAIL: gcc.c-torture/execute/builtins/abs-1.c compilation, -O2
UNRESOLVED: gcc.c-torture/execute/builtins/abs-1.c execution, -O2
FAIL: gcc.c-torture/execute/builtins/abs-1.c compilation, -O3 -fomit-frame-pointer
UNRESOLVED: gcc.c-torture/execute/builtins/abs-1.c execution, -O3 -fomit-frame-pointer
FAIL: gcc.c-torture/execute/builtins/abs-1.c compilation, -O3 -g
UNRESOLVED: gcc.c-torture/execute/builtins/abs-1.c execution, -O3 -g
FAIL: gcc.c-torture/execute/builtins/abs-1.c compilation, -Os
UNRESOLVED: gcc.c-torture/execute/builtins/abs-1.c execution, -Os
FAIL: gcc.c-torture/execute/20021127-1.c compilation, -O0
UNRESOLVED: gcc.c-torture/execute/20021127-1.c execution, -O0
FAIL: gcc.c-torture/execute/20021127-1.c compilation, -O1
UNRESOLVED: gcc.c-torture/execute/20021127-1.c execution, -O1
FAIL: gcc.c-torture/execute/20021127-1.c compilation, -O2
UNRESOLVED: gcc.c-torture/execute/20021127-1.c execution, -O2
FAIL: gcc.c-torture/execute/20021127-1.c compilation, -O3 -fomit-frame-pointer
UNRESOLVED: gcc.c-torture/execute/20021127-1.c execution, -O3 -fomit-frame-pointer
FAIL: gcc.c-torture/execute/20021127-1.c compilation, -O3 -g
UNRESOLVED: gcc.c-torture/execute/20021127-1.c execution, -O3 -g
FAIL: gcc.c-torture/execute/20021127-1.c compilation, -Os
UNRESOLVED: gcc.c-torture/execute/20021127-1.c execution, -Os
FAIL: gcc.c-torture/execute/20030811-1.c compilation, -O0
UNRESOLVED: gcc.c-torture/execute/20030811-1.c execution, -O0
FAIL: gcc.c-torture/execute/20030811-1.c compilation, -O1
UNRESOLVED: gcc.c-torture/execute/20030811-1.c execution, -O1
FAIL: gcc.c-torture/execute/20030811-1.c compilation, -O2
UNRESOLVED: gcc.c-torture/execute/20030811-1.c execution, -O2
FAIL: gcc.c-torture/execute/20030811-1.c compilation, -O3 -fomit-frame-pointer
UNRESOLVED: gcc.c-torture/execute/20030811-1.c execution, -O3 -fomit-frame-pointer
FAIL: gcc.c-torture/execute/20030811-1.c compilation, -O3 -g
UNRESOLVED: gcc.c-torture/execute/20030811-1.c execution, -O3 -g
FAIL: gcc.c-torture/execute/20030811-1.c compilation, -Os
UNRESOLVED: gcc.c-torture/execute/20030811-1.c execution, -Os
FAIL: gcc.c-torture/execute/20030913-1.c execution, -O0
FAIL: gcc.c-torture/execute/20030913-1.c execution, -O1
FAIL: gcc.c-torture/execute/20030913-1.c execution, -O2
FAIL: gcc.c-torture/execute/20030913-1.c execution, -O3 -fomit-frame-pointer
FAIL: gcc.c-torture/execute/20030913-1.c execution, -O3 -g
FAIL: gcc.c-torture/execute/20030913-1.c execution, -Os
FAIL: gcc.c-torture/execute/920501-3.c compilation, -O1
UNRESOLVED: gcc.c-torture/execute/920501-3.c execution, -O1
FAIL: gcc.c-torture/execute/920501-3.c compilation, -O2
UNRESOLVED: gcc.c-torture/execute/920501-3.c execution, -O2
FAIL: gcc.c-torture/execute/920501-3.c compilation, -O3 -fomit-frame-pointer
UNRESOLVED: gcc.c-torture/execute/920501-3.c execution, -O3 -fomit-frame-pointer
FAIL: gcc.c-torture/execute/920501-3.c compilation, -O3 -fomit-frame-pointer -funroll-loops
UNRESOLVED: gcc.c-torture/execute/920501-3.c execution, -O3 -fomit-frame-pointer -funroll-loops
FAIL: gcc.c-torture/execute/920501-3.c compilation, -O3 -fomit-frame-pointer -funroll-all-loops -finline-functions
UNRESOLVED: gcc.c-torture/execute/920501-3.c execution, -O3 -fomit-frame-pointer -funroll-all-loops -finline-functions
FAIL: gcc.c-torture/execute/920501-3.c compilation, -O3 -g
UNRESOLVED: gcc.c-torture/execute/920501-3.c execution, -O3 -g
FAIL: gcc.c-torture/execute/920501-3.c compilation, -Os
UNRESOLVED: gcc.c-torture/execute/920501-3.c execution, -Os
FAIL: gcc.c-torture/execute/931004-12.c execution, -O0
FAIL: gcc.c-torture/execute/931004-12.c execution, -O1
FAIL: gcc.c-torture/execute/931004-12.c execution, -O2
FAIL: gcc.c-torture/execute/931004-12.c execution, -O3 -fomit-frame-pointer
FAIL: gcc.c-torture/execute/931004-12.c execution, -O3 -fomit-frame-pointer -funroll-loops
FAIL: gcc.c-torture/execute/931004-12.c execution, -O3 -fomit-frame-pointer -funroll-all-loops -finline-functions
FAIL: gcc.c-torture/execute/931004-12.c execution, -O3 -g
FAIL: gcc.c-torture/execute/931004-12.c execution, -Os
FAIL: gcc.c-torture/execute/960218-1.c execution, -O0
FAIL: gcc.c-torture/execute/960218-1.c execution, -O1
FAIL: gcc.c-torture/execute/960218-1.c execution, -O2
FAIL: gcc.c-torture/execute/960218-1.c execution, -O3 -fomit-frame-pointer
FAIL: gcc.c-torture/execute/960218-1.c execution, -O3 -fomit-frame-pointer -funroll-loops
FAIL: gcc.c-torture/execute/960218-1.c execution, -O3 -fomit-frame-pointer -funroll-all-loops -finline-functions
FAIL: gcc.c-torture/execute/960218-1.c execution, -O3 -g
FAIL: gcc.c-torture/execute/960218-1.c execution, -Os
FAIL: gcc.c-torture/execute/960909-1.c compilation, -O0
UNRESOLVED: gcc.c-torture/execute/960909-1.c execution, -O0
FAIL: gcc.c-torture/execute/960909-1.c compilation, -O1
UNRESOLVED: gcc.c-torture/execute/960909-1.c execution, -O1
FAIL: gcc.c-torture/execute/960909-1.c compilation, -O2
UNRESOLVED: gcc.c-torture/execute/960909-1.c execution, -O2
FAIL: gcc.c-torture/execute/960909-1.c compilation, -O3 -fomit-frame-pointer
UNRESOLVED: gcc.c-torture/execute/960909-1.c execution, -O3 -fomit-frame-pointer
FAIL: gcc.c-torture/execute/960909-1.c compilation, -O3 -fomit-frame-pointer -funroll-loops
UNRESOLVED: gcc.c-torture/execute/960909-1.c execution, -O3 -fomit-frame-pointer -funroll-loops
FAIL: gcc.c-torture/execute/960909-1.c compilation, -O3 -fomit-frame-pointer -funroll-all-loops -finline-functions
UNRESOLVED: gcc.c-torture/execute/960909-1.c execution, -O3 -fomit-frame-pointer -funroll-all-loops -finline-functions
FAIL: gcc.c-torture/execute/960909-1.c compilation, -O3 -g
UNRESOLVED: gcc.c-torture/execute/960909-1.c execution, -O3 -g
FAIL: gcc.c-torture/execute/960909-1.c compilation, -Os
UNRESOLVED: gcc.c-torture/execute/960909-1.c execution, -Os
FAIL: gcc.c-torture/execute/complex-6.c execution, -O0
FAIL: gcc.c-torture/execute/complex-6.c execution, -O1
FAIL: gcc.c-torture/execute/complex-6.c execution, -O2
FAIL: gcc.c-torture/execute/complex-6.c execution, -O3 -fomit-frame-pointer
FAIL: gcc.c-torture/execute/complex-6.c execution, -O3 -g
FAIL: gcc.c-torture/execute/complex-6.c execution, -Os
FAIL: gcc.c-torture/execute/va-arg-22.c execution, -O0
FAIL: gcc.c-torture/execute/va-arg-22.c execution, -O1
FAIL: gcc.c-torture/execute/va-arg-22.c execution, -O2
FAIL: gcc.c-torture/execute/va-arg-22.c execution, -O3 -fomit-frame-pointer
FAIL: gcc.c-torture/execute/va-arg-22.c execution, -O3 -fomit-frame-pointer -funroll-loops
FAIL: gcc.c-torture/execute/va-arg-22.c execution, -O3 -fomit-frame-pointer -funroll-all-loops -finline-functions
FAIL: gcc.c-torture/execute/va-arg-22.c execution, -O3 -g
FAIL: gcc.c-torture/execute/va-arg-22.c execution, -Os
FAIL: gcc.c-torture/execute/ieee/20010114-2.c compilation, -O0
UNRESOLVED: gcc.c-torture/execute/ieee/20010114-2.c execution, -O0
FAIL: gcc.c-torture/execute/ieee/20010114-2.c compilation, -O1
UNRESOLVED: gcc.c-torture/execute/ieee/20010114-2.c execution, -O1
FAIL: gcc.c-torture/execute/ieee/20010114-2.c compilation, -O2
UNRESOLVED: gcc.c-torture/execute/ieee/20010114-2.c execution, -O2
FAIL: gcc.c-torture/execute/ieee/20010114-2.c compilation, -O3 -fomit-frame-pointer
UNRESOLVED: gcc.c-torture/execute/ieee/20010114-2.c execution, -O3 -fomit-frame-pointer
FAIL: gcc.c-torture/execute/ieee/20010114-2.c compilation, -O3 -g
UNRESOLVED: gcc.c-torture/execute/ieee/20010114-2.c execution, -O3 -g
FAIL: gcc.c-torture/execute/ieee/20010114-2.c compilation, -Os
UNRESOLVED: gcc.c-torture/execute/ieee/20010114-2.c execution, -Os
FAIL: gcc.c-torture/execute/ieee/20030331-1.c compilation, -O0
UNRESOLVED: gcc.c-torture/execute/ieee/20030331-1.c execution, -O0
FAIL: gcc.c-torture/execute/ieee/20030331-1.c compilation, -O1
UNRESOLVED: gcc.c-torture/execute/ieee/20030331-1.c execution, -O1
FAIL: gcc.c-torture/execute/ieee/20030331-1.c compilation, -O2
UNRESOLVED: gcc.c-torture/execute/ieee/20030331-1.c execution, -O2
FAIL: gcc.c-torture/execute/ieee/20030331-1.c compilation, -O3 -fomit-frame-pointer
UNRESOLVED: gcc.c-torture/execute/ieee/20030331-1.c execution, -O3 -fomit-frame-pointer
FAIL: gcc.c-torture/execute/ieee/20030331-1.c compilation, -O3 -g
UNRESOLVED: gcc.c-torture/execute/ieee/20030331-1.c execution, -O3 -g
FAIL: gcc.c-torture/execute/ieee/20030331-1.c compilation, -Os
UNRESOLVED: gcc.c-torture/execute/ieee/20030331-1.c execution, -Os
WARNING: program timed out.
FAIL: gcc.c-torture/unsorted/DFcmp.c, -O1
WARNING: program timed out.
FAIL: gcc.c-torture/unsorted/DFcmp.c, -O2
WARNING: program timed out.
FAIL: gcc.c-torture/unsorted/DFcmp.c, -O3 -fomit-frame-pointer
WARNING: program timed out.
FAIL: gcc.c-torture/unsorted/DFcmp.c, -O3 -g
WARNING: program timed out.
FAIL: gcc.c-torture/unsorted/DFcmp.c, -Os
WARNING: program timed out.
FAIL: gcc.c-torture/unsorted/HIcmp.c, -O1
WARNING: program timed out.
FAIL: gcc.c-torture/unsorted/HIcmp.c, -O2
WARNING: program timed out.
FAIL: gcc.c-torture/unsorted/HIcmp.c, -O3 -fomit-frame-pointer
WARNING: program timed out.
FAIL: gcc.c-torture/unsorted/HIcmp.c, -O3 -g
WARNING: program timed out.
FAIL: gcc.c-torture/unsorted/HIcmp.c, -Os
WARNING: program timed out.
FAIL: gcc.c-torture/unsorted/QIcmp.c, -O1
WARNING: program timed out.
FAIL: gcc.c-torture/unsorted/QIcmp.c, -O2
WARNING: program timed out.
FAIL: gcc.c-torture/unsorted/QIcmp.c, -O3 -fomit-frame-pointer
WARNING: program timed out.
FAIL: gcc.c-torture/unsorted/QIcmp.c, -O3 -g
WARNING: program timed out.
FAIL: gcc.c-torture/unsorted/QIcmp.c, -Os
WARNING: program timed out.
FAIL: gcc.c-torture/unsorted/SIcmp.c, -O1
WARNING: program timed out.
FAIL: gcc.c-torture/unsorted/SIcmp.c, -O2
WARNING: program timed out.
FAIL: gcc.c-torture/unsorted/SIcmp.c, -O3 -fomit-frame-pointer
WARNING: program timed out.
FAIL: gcc.c-torture/unsorted/SIcmp.c, -O3 -g
WARNING: program timed out.
FAIL: gcc.c-torture/unsorted/SIcmp.c, -Os
WARNING: program timed out.
FAIL: gcc.c-torture/unsorted/UHIcmp.c, -O1
WARNING: program timed out.
FAIL: gcc.c-torture/unsorted/UHIcmp.c, -O2
WARNING: program timed out.
FAIL: gcc.c-torture/unsorted/UHIcmp.c, -O3 -fomit-frame-pointer
WARNING: program timed out.
FAIL: gcc.c-torture/unsorted/UHIcmp.c, -O3 -g
WARNING: program timed out.
FAIL: gcc.c-torture/unsorted/UHIcmp.c, -Os
WARNING: program timed out.
FAIL: gcc.c-torture/unsorted/UQIcmp.c, -O1
WARNING: program timed out.
FAIL: gcc.c-torture/unsorted/UQIcmp.c, -O2
WARNING: program timed out.
FAIL: gcc.c-torture/unsorted/UQIcmp.c, -O3 -fomit-frame-pointer
WARNING: program timed out.
FAIL: gcc.c-torture/unsorted/UQIcmp.c, -O3 -g
WARNING: program timed out.
FAIL: gcc.c-torture/unsorted/UQIcmp.c, -Os
WARNING: program timed out.
FAIL: gcc.c-torture/unsorted/USIcmp.c, -O1
WARNING: program timed out.
FAIL: gcc.c-torture/unsorted/USIcmp.c, -O2
WARNING: program timed out.
FAIL: gcc.c-torture/unsorted/USIcmp.c, -O3 -fomit-frame-pointer
WARNING: program timed out.
FAIL: gcc.c-torture/unsorted/USIcmp.c, -O3 -g
WARNING: program timed out.
FAIL: gcc.c-torture/unsorted/USIcmp.c, -Os
WARNING: program timed out.
FAIL: gcc.c-torture/unsorted/opout.c, -O1
WARNING: program timed out.
FAIL: gcc.c-torture/unsorted/opout.c, -O2
WARNING: program timed out.
FAIL: gcc.c-torture/unsorted/opout.c, -O3 -fomit-frame-pointer
WARNING: program timed out.
FAIL: gcc.c-torture/unsorted/opout.c, -O3 -g
WARNING: program timed out.
FAIL: gcc.c-torture/unsorted/opout.c, -Os
FAIL: gcc.dg/compat/struct-by-value-1 c_compat_x_tst.o-c_compat_y_tst.o link
UNRESOLVED: gcc.dg/compat/struct-by-value-1 c_compat_x_tst.o-c_compat_y_tst.o execute
FAIL: gcc.dg/compat/struct-by-value-2 c_compat_x_tst.o-c_compat_y_tst.o link
UNRESOLVED: gcc.dg/compat/struct-by-value-2 c_compat_x_tst.o-c_compat_y_tst.o execute
FAIL: gcc.dg/compat/struct-by-value-4 c_compat_x_tst.o-c_compat_y_tst.o link
UNRESOLVED: gcc.dg/compat/struct-by-value-4 c_compat_x_tst.o-c_compat_y_tst.o execute
FAIL: gcc.dg/compat/struct-by-value-8 c_compat_x_tst.o-c_compat_y_tst.o link
UNRESOLVED: gcc.dg/compat/struct-by-value-8 c_compat_x_tst.o-c_compat_y_tst.o execute
FAIL: gcc.dg/compat/struct-by-value-9 c_compat_x_tst.o-c_compat_y_tst.o link
UNRESOLVED: gcc.dg/compat/struct-by-value-9 c_compat_x_tst.o-c_compat_y_tst.o execute
FAIL: gcc.dg/compat/struct-return-2 c_compat_x_tst.o-c_compat_y_tst.o link
UNRESOLVED: gcc.dg/compat/struct-return-2 c_compat_x_tst.o-c_compat_y_tst.o execute
FAIL: gcc.dg/compat/vector-1 c_compat_x_tst.o compile
FAIL: gcc.dg/compat/vector-1 c_compat_y_tst.o compile
UNRESOLVED: gcc.dg/compat/vector-1 c_compat_x_tst.o-c_compat_y_tst.o link
UNRESOLVED: gcc.dg/compat/vector-1 c_compat_x_tst.o-c_compat_y_tst.o execute
FAIL: gcc.dg/compat/vector-2 c_compat_x_tst.o compile
FAIL: gcc.dg/compat/vector-2 c_compat_y_tst.o compile
UNRESOLVED: gcc.dg/compat/vector-2 c_compat_x_tst.o-c_compat_y_tst.o link
UNRESOLVED: gcc.dg/compat/vector-2 c_compat_x_tst.o-c_compat_y_tst.o execute
FAIL: gcc.dg/cpp/macro1.c (test for excess errors)
FAIL: gcc.dg/debug/dwarf2/dwarf-die7.c scan-assembler 1.*DW_AT_inline
FAIL: gcc.dg/altivec-varargs-1.c (test for excess errors)
FAIL: gcc.dg/array-quals-1.c scan-assembler-not \\\\.data(?!\\\\.rel\\\\.ro)
FAIL: gcc.dg/c90-const-expr-3.c (test for excess errors)
FAIL: gcc.dg/c99-const-expr-3.c (test for excess errors)
FAIL: gcc.dg/rs6000-power2-2.c scan-assembler-not lfd
FAIL: gcc.dg/rs6000-power2-2.c scan-assembler sfq
XPASS: gcc.dg/setjmp-1.c spurious clobbered warning (test for bogus messages, line 16)
FAIL: gcc.dg/struct-by-value-1.c (test for excess errors)
WARNING: gcc.dg/struct-by-value-1.c compilation failed to produce executable
UNRESOLVED: gcc.dg/visibility-1.c
UNRESOLVED: gcc.dg/visibility-2.c
UNRESOLVED: gcc.dg/visibility-3.c
UNRESOLVED: gcc.dg/visibility-4.c
UNRESOLVED: gcc.dg/visibility-5.c
UNRESOLVED: gcc.dg/visibility-6.c
UNRESOLVED: gcc.dg/visibility-7.c
UNRESOLVED: gcc.dg/visibility-8.c
XPASS: gcc.dg/wchar_t-1.c (test for excess errors)
XPASS: gcc.dg/wint_t-1.c (test for excess errors)
UNRESOLVED: gcc.dg/special/weak-1.c
UNRESOLVED: gcc.dg/special/weak-2.c
UNRESOLVED: gcc.dg/special/wkali-1.c
UNRESOLVED: gcc.dg/special/wkali-2.c
FAIL: gcc.dg/torture/builtin-noret-1.c -O0 (test for excess errors)
FAIL: gcc.dg/torture/builtin-noret-1.c -O1 (test for excess errors)
FAIL: gcc.dg/torture/builtin-noret-1.c -O2 (test for excess errors)
FAIL: gcc.dg/torture/builtin-noret-1.c -O3 -fomit-frame-pointer (test for excess errors)
FAIL: gcc.dg/torture/builtin-noret-1.c -O3 -g (test for excess errors)
FAIL: gcc.dg/torture/builtin-noret-1.c -Os (test for excess errors)
FAIL: gcc.dg/torture/builtin-noret-2.c -O0 (test for excess errors)
FAIL: gcc.dg/torture/builtin-noret-2.c -O1 (test for excess errors)
FAIL: gcc.dg/torture/builtin-noret-2.c -O2 (test for excess errors)
FAIL: gcc.dg/torture/builtin-noret-2.c -O3 -fomit-frame-pointer (test for excess errors)
FAIL: gcc.dg/torture/builtin-noret-2.c -O3 -g (test for excess errors)
FAIL: gcc.dg/torture/builtin-noret-2.c -Os (test for excess errors)
FAIL: gcc.dg/tree-ssa/20040305-1.c scan-tree-dump-times Replaced 1
FAIL: gcc.dg/tree-ssa/ssa-pre-1.c scan-tree-dump-times Reloads:1 1
FAIL: gcc.dg/vmx/ops.c -O0 (test for excess errors)
FAIL: gcc.dg/vmx/ops.c -O1 (test for excess errors)
FAIL: gcc.dg/vmx/ops.c -O2 (test for excess errors)
FAIL: gcc.dg/vmx/ops.c -O3 -fomit-frame-pointer (test for excess errors)
FAIL: gcc.dg/vmx/ops.c -O3 -g (test for excess errors)
FAIL: gcc.dg/vmx/ops.c -Os (test for excess errors)
UNRESOLVED: gcc.dg/weak/typeof-2.c
UNRESOLVED: gcc.dg/weak/weak-1.c
UNRESOLVED: gcc.dg/weak/weak-2.c
UNRESOLVED: gcc.dg/weak/weak-3.c
UNRESOLVED: gcc.dg/weak/weak-4.c
UNRESOLVED: gcc.dg/weak/weak-5.c
UNRESOLVED: gcc.dg/weak/weak-6.c
UNRESOLVED: gcc.dg/weak/weak-7.c
UNRESOLVED: gcc.dg/weak/weak-8.c
UNRESOLVED: gcc.dg/weak/weak-9.c
FAIL: 209: expected branch percentages not found: 25
FAIL: gcc.misc-tests/gcov-4b.c gcov: 0 failures in line counts, 1 in branch percentages, 0 in return percentages
=== gcc Summary ===
# of expected passes 26266
# of unexpected failures 187
# of unexpected successes 3
# of expected failures 64
# of unresolved testcases 77
# of untested testcases 28
# of unsupported tests 346
/Volumes/UFS_Partition/pinskia/src/devel/tree-combine/gcc/objdir/gcc/xgcc version 3.5.0 20040606 (experimental)
=== gfortran tests ===
Running target unix
FAIL: gfortran.fortran-torture/execute/equiv_1.f90 compilation, -O0
FAIL: gfortran.fortran-torture/execute/forall_3.f90 execution, -O0
FAIL: gfortran.fortran-torture/execute/forall_3.f90 execution, -O1
FAIL: gfortran.fortran-torture/execute/forall_3.f90 execution, -O2
FAIL: gfortran.fortran-torture/execute/forall_3.f90 execution, -O2 -fomit-frame-pointer -finline-functions
FAIL: gfortran.fortran-torture/execute/forall_3.f90 execution, -O2 -fomit-frame-pointer -finline-functions -funroll-loops
FAIL: gfortran.fortran-torture/execute/forall_3.f90 execution, -O2 -fomit-frame-pointer -finline-functions -funroll-all-loops
FAIL: gfortran.fortran-torture/execute/forall_3.f90 execution, -O2 -fno-repack-arrays
FAIL: gfortran.fortran-torture/execute/forall_3.f90 execution, -O3 -g
FAIL: gfortran.fortran-torture/execute/forall_3.f90 execution, -Os
FAIL: gfortran.fortran-torture/execute/intrinsic_fraction_exponent.f90 compilation, -O0
FAIL: gfortran.fortran-torture/execute/intrinsic_nearest.f90 compilation, -O0
FAIL: gfortran.fortran-torture/execute/intrinsic_set_exponent.f90 compilation, -O0
FAIL: gfortran.fortran-torture/execute/intrinsic_set_exponent.f90 compilation, -O1
FAIL: gfortran.fortran-torture/execute/intrinsic_set_exponent.f90 compilation, -O2
FAIL: gfortran.fortran-torture/execute/intrinsic_set_exponent.f90 compilation, -O2 -fomit-frame-pointer -finline-functions
FAIL: gfortran.fortran-torture/execute/intrinsic_set_exponent.f90 compilation, -O2 -fomit-frame-pointer -finline-functions -funroll-loops
FAIL: gfortran.fortran-torture/execute/intrinsic_set_exponent.f90 compilation, -O2 -fomit-frame-pointer -finline-functions -funroll-all-loops
FAIL: gfortran.fortran-torture/execute/intrinsic_set_exponent.f90 compilation, -O2 -fno-repack-arrays
FAIL: gfortran.fortran-torture/execute/intrinsic_set_exponent.f90 compilation, -O3 -g
FAIL: gfortran.fortran-torture/execute/intrinsic_set_exponent.f90 compilation, -Os
FAIL: gfortran.fortran-torture/execute/intrinsic_transpose.f90 compilation, -O1
FAIL: gfortran.fortran-torture/execute/intrinsic_transpose.f90 compilation, -O2
FAIL: gfortran.fortran-torture/execute/intrinsic_transpose.f90 compilation, -O2 -fomit-frame-pointer -finline-functions
FAIL: gfortran.fortran-torture/execute/intrinsic_transpose.f90 compilation, -O2 -fomit-frame-pointer -finline-functions -funroll-loops
FAIL: gfortran.fortran-torture/execute/intrinsic_transpose.f90 compilation, -O2 -fomit-frame-pointer -finline-functions -funroll-all-loops
FAIL: gfortran.fortran-torture/execute/intrinsic_transpose.f90 compilation, -O2 -fno-repack-arrays
FAIL: gfortran.fortran-torture/execute/intrinsic_transpose.f90 compilation, -O3 -g
FAIL: gfortran.fortran-torture/execute/intrinsic_transpose.f90 compilation, -Os
=== gfortran Summary ===
# of expected passes 2966
# of unexpected failures 29
# of untested testcases 20
/Volumes/UFS_Partition/pinskia/src/devel/tree-combine/gcc/objdir/gcc/testsuite/../gfortran version 3.5.0 20040606 (experimental)
=== objc tests ===
Running target unix
FAIL: objc.dg/const-str-3.m execution test
FAIL: objc.dg/const-str-4.m execution test
=== objc Summary ===
# of expected passes 1416
# of unexpected failures 2
/Volumes/UFS_Partition/pinskia/src/devel/tree-combine/gcc/objdir/gcc/xgcc version 3.5.0 20040606 (experimental)
=== libmudflap tests ===
Running target unix
FAIL: libmudflap.c/fail1-frag.c (test for excess errors)
WARNING: libmudflap.c/fail1-frag.c compilation failed to produce executable
FAIL: libmudflap.c/fail10-frag.c (test for excess errors)
WARNING: libmudflap.c/fail10-frag.c compilation failed to produce executable
FAIL: libmudflap.c/fail11-frag.c (test for excess errors)
WARNING: libmudflap.c/fail11-frag.c compilation failed to produce executable
FAIL: libmudflap.c/fail12-frag.c (test for excess errors)
WARNING: libmudflap.c/fail12-frag.c compilation failed to produce executable
FAIL: libmudflap.c/fail13-frag.c (test for excess errors)
WARNING: libmudflap.c/fail13-frag.c compilation failed to produce executable
FAIL: libmudflap.c/fail14-frag.c (test for excess errors)
WARNING: libmudflap.c/fail14-frag.c compilation failed to produce executable
FAIL: libmudflap.c/fail15-frag.c (test for excess errors)
WARNING: libmudflap.c/fail15-frag.c compilation failed to produce executable
FAIL: libmudflap.c/fail16-frag.c (test for excess errors)
WARNING: libmudflap.c/fail16-frag.c compilation failed to produce executable
FAIL: libmudflap.c/fail17-frag.c (test for excess errors)
WARNING: libmudflap.c/fail17-frag.c compilation failed to produce executable
FAIL: libmudflap.c/fail18-frag.c (test for excess errors)
WARNING: libmudflap.c/fail18-frag.c compilation failed to produce executable
FAIL: libmudflap.c/fail19-frag.c (test for excess errors)
WARNING: libmudflap.c/fail19-frag.c compilation failed to produce executable
FAIL: libmudflap.c/fail2-frag.c (test for excess errors)
WARNING: libmudflap.c/fail2-frag.c compilation failed to produce executable
FAIL: libmudflap.c/fail20-frag.c (test for excess errors)
WARNING: libmudflap.c/fail20-frag.c compilation failed to produce executable
FAIL: libmudflap.c/fail21-frag.c (test for excess errors)
WARNING: libmudflap.c/fail21-frag.c compilation failed to produce executable
FAIL: libmudflap.c/fail22-frag.c (test for excess errors)
WARNING: libmudflap.c/fail22-frag.c compilation failed to produce executable
FAIL: libmudflap.c/fail23-frag.c (test for excess errors)
WARNING: libmudflap.c/fail23-frag.c compilation failed to produce executable
FAIL: libmudflap.c/fail25-frag.c (test for excess errors)
WARNING: libmudflap.c/fail25-frag.c compilation failed to produce executable
FAIL: libmudflap.c/fail26-frag.c (test for excess errors)
WARNING: libmudflap.c/fail26-frag.c compilation failed to produce executable
FAIL: libmudflap.c/fail27-frag.c (test for excess errors)
WARNING: libmudflap.c/fail27-frag.c compilation failed to produce executable
FAIL: libmudflap.c/fail28-frag.c (test for excess errors)
WARNING: libmudflap.c/fail28-frag.c compilation failed to produce executable
FAIL: libmudflap.c/fail29-frag.c (test for excess errors)
WARNING: libmudflap.c/fail29-frag.c compilation failed to produce executable
FAIL: libmudflap.c/fail3-frag.c (test for excess errors)
WARNING: libmudflap.c/fail3-frag.c compilation failed to produce executable
FAIL: libmudflap.c/fail30-frag.c (test for excess errors)
WARNING: libmudflap.c/fail30-frag.c compilation failed to produce executable
FAIL: libmudflap.c/fail31-frag.c (test for excess errors)
WARNING: libmudflap.c/fail31-frag.c compilation failed to produce executable
FAIL: libmudflap.c/fail4-frag.c (test for excess errors)
WARNING: libmudflap.c/fail4-frag.c compilation failed to produce executable
FAIL: libmudflap.c/fail5-frag.c (test for excess errors)
WARNING: libmudflap.c/fail5-frag.c compilation failed to produce executable
FAIL: libmudflap.c/fail6-frag.c (test for excess errors)
WARNING: libmudflap.c/fail6-frag.c compilation failed to produce executable
FAIL: libmudflap.c/fail7-frag.c (test for excess errors)
WARNING: libmudflap.c/fail7-frag.c compilation failed to produce executable
FAIL: libmudflap.c/fail8-frag.c (test for excess errors)
WARNING: libmudflap.c/fail8-frag.c compilation failed to produce executable
FAIL: libmudflap.c/fail9-frag.c (test for excess errors)
WARNING: libmudflap.c/fail9-frag.c compilation failed to produce executable
FAIL: libmudflap.c/hook-allocstuff.c (test for excess errors)
WARNING: libmudflap.c/hook-allocstuff.c compilation failed to produce executable
FAIL: libmudflap.c/pass-stratcliff.c (test for excess errors)
WARNING: libmudflap.c/pass-stratcliff.c compilation failed to produce executable
FAIL: libmudflap.c/pass1-frag.c (test for excess errors)
WARNING: libmudflap.c/pass1-frag.c compilation failed to produce executable
FAIL: libmudflap.c/pass10-frag.c (test for excess errors)
WARNING: libmudflap.c/pass10-frag.c compilation failed to produce executable
FAIL: libmudflap.c/pass11-frag.c (test for excess errors)
WARNING: libmudflap.c/pass11-frag.c compilation failed to produce executable
FAIL: libmudflap.c/pass12-frag.c (test for excess errors)
WARNING: libmudflap.c/pass12-frag.c compilation failed to produce executable
FAIL: libmudflap.c/pass13-frag.c (test for excess errors)
WARNING: libmudflap.c/pass13-frag.c compilation failed to produce executable
FAIL: libmudflap.c/pass14-frag.c (test for excess errors)
WARNING: libmudflap.c/pass14-frag.c compilation failed to produce executable
FAIL: libmudflap.c/pass15-frag.c (test for excess errors)
WARNING: libmudflap.c/pass15-frag.c compilation failed to produce executable
FAIL: libmudflap.c/pass16-frag.c (test for excess errors)
WARNING: libmudflap.c/pass16-frag.c compilation failed to produce executable
FAIL: libmudflap.c/pass17-frag.c (test for excess errors)
WARNING: libmudflap.c/pass17-frag.c compilation failed to produce executable
FAIL: libmudflap.c/pass18-frag.c (test for excess errors)
WARNING: libmudflap.c/pass18-frag.c compilation failed to produce executable
FAIL: libmudflap.c/pass19-frag.c (test for excess errors)
WARNING: libmudflap.c/pass19-frag.c compilation failed to produce executable
FAIL: libmudflap.c/pass2-frag.c (test for excess errors)
WARNING: libmudflap.c/pass2-frag.c compilation failed to produce executable
FAIL: libmudflap.c/pass20-frag.c (test for excess errors)
WARNING: libmudflap.c/pass20-frag.c compilation failed to produce executable
FAIL: libmudflap.c/pass21-frag.c (test for excess errors)
WARNING: libmudflap.c/pass21-frag.c compilation failed to produce executable
FAIL: libmudflap.c/pass22-frag.c (test for excess errors)
WARNING: libmudflap.c/pass22-frag.c compilation failed to produce executable
FAIL: libmudflap.c/pass23-frag.c (test for excess errors)
WARNING: libmudflap.c/pass23-frag.c compilation failed to produce executable
FAIL: libmudflap.c/pass24-frag.c (test for excess errors)
WARNING: libmudflap.c/pass24-frag.c compilation failed to produce executable
FAIL: libmudflap.c/pass25-frag.c (test for excess errors)
WARNING: libmudflap.c/pass25-frag.c compilation failed to produce executable
FAIL: libmudflap.c/pass26-frag.c (test for excess errors)
WARNING: libmudflap.c/pass26-frag.c compilation failed to produce executable
FAIL: libmudflap.c/pass29-frag.c (test for excess errors)
WARNING: libmudflap.c/pass29-frag.c compilation failed to produce executable
FAIL: libmudflap.c/pass3-frag.c (test for excess errors)
WARNING: libmudflap.c/pass3-frag.c compilation failed to produce executable
FAIL: libmudflap.c/pass30-frag.c (test for excess errors)
WARNING: libmudflap.c/pass30-frag.c compilation failed to produce executable
FAIL: libmudflap.c/pass32-frag.c (test for excess errors)
WARNING: libmudflap.c/pass32-frag.c compilation failed to produce executable
FAIL: libmudflap.c/pass33-frag.c (test for excess errors)
WARNING: libmudflap.c/pass33-frag.c compilation failed to produce executable
FAIL: libmudflap.c/pass34-frag.c (test for excess errors)
WARNING: libmudflap.c/pass34-frag.c compilation failed to produce executable
FAIL: libmudflap.c/pass35-frag.c (test for excess errors)
WARNING: libmudflap.c/pass35-frag.c compilation failed to produce executable
FAIL: libmudflap.c/pass36-frag.c (test for excess errors)
WARNING: libmudflap.c/pass36-frag.c compilation failed to produce executable
FAIL: libmudflap.c/pass38-frag.c (test for excess errors)
WARNING: libmudflap.c/pass38-frag.c compilation failed to produce executable
FAIL: libmudflap.c/pass4-frag.c (test for excess errors)
WARNING: libmudflap.c/pass4-frag.c compilation failed to produce executable
FAIL: libmudflap.c/pass42-frag.c (test for excess errors)
WARNING: libmudflap.c/pass42-frag.c compilation failed to produce executable
FAIL: libmudflap.c/pass43-frag.c (test for excess errors)
WARNING: libmudflap.c/pass43-frag.c compilation failed to produce executable
FAIL: libmudflap.c/pass44-frag.c (test for excess errors)
WARNING: libmudflap.c/pass44-frag.c compilation failed to produce executable
FAIL: libmudflap.c/pass45-frag.c (test for excess errors)
WARNING: libmudflap.c/pass45-frag.c compilation failed to produce executable
FAIL: libmudflap.c/pass46-frag.c (test for excess errors)
WARNING: libmudflap.c/pass46-frag.c compilation failed to produce executable
FAIL: libmudflap.c/pass5-frag.c (test for excess errors)
WARNING: libmudflap.c/pass5-frag.c compilation failed to produce executable
FAIL: libmudflap.c/pass6-frag.c (test for excess errors)
WARNING: libmudflap.c/pass6-frag.c compilation failed to produce executable
FAIL: libmudflap.c/pass7-frag.c (test for excess errors)
WARNING: libmudflap.c/pass7-frag.c compilation failed to produce executable
FAIL: libmudflap.c/pass8-frag.c (test for excess errors)
WARNING: libmudflap.c/pass8-frag.c compilation failed to produce executable
FAIL: libmudflap.c/pass9-frag.c (test for excess errors)
WARNING: libmudflap.c/pass9-frag.c compilation failed to produce executable
FAIL: libmudflap.c/fail1-frag.c (-static) (test for excess errors)
WARNING: libmudflap.c/fail1-frag.c (-static) compilation failed to produce executable
FAIL: libmudflap.c/fail10-frag.c (-static) (test for excess errors)
WARNING: libmudflap.c/fail10-frag.c (-static) compilation failed to produce executable
FAIL: libmudflap.c/fail11-frag.c (-static) (test for excess errors)
WARNING: libmudflap.c/fail11-frag.c (-static) compilation failed to produce executable
FAIL: libmudflap.c/fail12-frag.c (-static) (test for excess errors)
WARNING: libmudflap.c/fail12-frag.c (-static) compilation failed to produce executable
FAIL: libmudflap.c/fail13-frag.c (-static) (test for excess errors)
WARNING: libmudflap.c/fail13-frag.c (-static) compilation failed to produce executable
FAIL: libmudflap.c/fail14-frag.c (-static) (test for excess errors)
WARNING: libmudflap.c/fail14-frag.c (-static) compilation failed to produce executable
FAIL: libmudflap.c/fail15-frag.c (-static) (test for excess errors)
WARNING: libmudflap.c/fail15-frag.c (-static) compilation failed to produce executable
FAIL: libmudflap.c/fail16-frag.c (-static) (test for excess errors)
WARNING: libmudflap.c/fail16-frag.c (-static) compilation failed to produce executable
FAIL: libmudflap.c/fail17-frag.c (-static) (test for excess errors)
WARNING: libmudflap.c/fail17-frag.c (-static) compilation failed to produce executable
FAIL: libmudflap.c/fail18-frag.c (-static) (test for excess errors)
WARNING: libmudflap.c/fail18-frag.c (-static) compilation failed to produce executable
FAIL: libmudflap.c/fail19-frag.c (-static) (test for excess errors)
WARNING: libmudflap.c/fail19-frag.c (-static) compilation failed to produce executable
FAIL: libmudflap.c/fail2-frag.c (-static) (test for excess errors)
WARNING: libmudflap.c/fail2-frag.c (-static) compilation failed to produce executable
FAIL: libmudflap.c/fail20-frag.c (-static) (test for excess errors)
WARNING: libmudflap.c/fail20-frag.c (-static) compilation failed to produce executable
FAIL: libmudflap.c/fail21-frag.c (-static) (test for excess errors)
WARNING: libmudflap.c/fail21-frag.c (-static) compilation failed to produce executable
FAIL: libmudflap.c/fail22-frag.c (-static) (test for excess errors)
WARNING: libmudflap.c/fail22-frag.c (-static) compilation failed to produce executable
FAIL: libmudflap.c/fail23-frag.c (-static) (test for excess errors)
WARNING: libmudflap.c/fail23-frag.c (-static) compilation failed to produce executable
FAIL: libmudflap.c/fail25-frag.c (-static) (test for excess errors)
WARNING: libmudflap.c/fail25-frag.c (-static) compilation failed to produce executable
FAIL: libmudflap.c/fail26-frag.c (-static) (test for excess errors)
WARNING: libmudflap.c/fail26-frag.c (-static) compilation failed to produce executable
FAIL: libmudflap.c/fail27-frag.c (-static) (test for excess errors)
WARNING: libmudflap.c/fail27-frag.c (-static) compilation failed to produce executable
FAIL: libmudflap.c/fail28-frag.c (-static) (test for excess errors)
WARNING: libmudflap.c/fail28-frag.c (-static) compilation failed to produce executable
FAIL: libmudflap.c/fail29-frag.c (-static) (test for excess errors)
WARNING: libmudflap.c/fail29-frag.c (-static) compilation failed to produce executable
FAIL: libmudflap.c/fail3-frag.c (-static) (test for excess errors)
WARNING: libmudflap.c/fail3-frag.c (-static) compilation failed to produce executable
FAIL: libmudflap.c/fail30-frag.c (-static) (test for excess errors)
WARNING: libmudflap.c/fail30-frag.c (-static) compilation failed to produce executable
FAIL: libmudflap.c/fail31-frag.c (-static) (test for excess errors)
WARNING: libmudflap.c/fail31-frag.c (-static) compilation failed to produce executable
FAIL: libmudflap.c/fail4-frag.c (-static) (test for excess errors)
WARNING: libmudflap.c/fail4-frag.c (-static) compilation failed to produce executable
FAIL: libmudflap.c/fail5-frag.c (-static) (test for excess errors)
WARNING: libmudflap.c/fail5-frag.c (-static) compilation failed to produce executable
FAIL: libmudflap.c/fail6-frag.c (-static) (test for excess errors)
WARNING: libmudflap.c/fail6-frag.c (-static) compilation failed to produce executable
FAIL: libmudflap.c/fail7-frag.c (-static) (test for excess errors)
WARNING: libmudflap.c/fail7-frag.c (-static) compilation failed to produce executable
FAIL: libmudflap.c/fail8-frag.c (-static) (test for excess errors)
WARNING: libmudflap.c/fail8-frag.c (-static) compilation failed to produce executable
FAIL: libmudflap.c/fail9-frag.c (-static) (test for excess errors)
WARNING: libmudflap.c/fail9-frag.c (-static) compilation failed to produce executable
FAIL: libmudflap.c/hook-allocstuff.c (-static) (test for excess errors)
WARNING: libmudflap.c/hook-allocstuff.c (-static) compilation failed to produce executable
FAIL: libmudflap.c/pass-stratcliff.c (-static) (test for excess errors)
WARNING: libmudflap.c/pass-stratcliff.c (-static) compilation failed to produce executable
FAIL: libmudflap.c/pass1-frag.c (-static) (test for excess errors)
WARNING: libmudflap.c/pass1-frag.c (-static) compilation failed to produce executable
FAIL: libmudflap.c/pass10-frag.c (-static) (test for excess errors)
WARNING: libmudflap.c/pass10-frag.c (-static) compilation failed to produce executable
FAIL: libmudflap.c/pass11-frag.c (-static) (test for excess errors)
WARNING: libmudflap.c/pass11-frag.c (-static) compilation failed to produce executable
FAIL: libmudflap.c/pass12-frag.c (-static) (test for excess errors)
WARNING: libmudflap.c/pass12-frag.c (-static) compilation failed to produce executable
FAIL: libmudflap.c/pass13-frag.c (-static) (test for excess errors)
WARNING: libmudflap.c/pass13-frag.c (-static) compilation failed to produce executable
FAIL: libmudflap.c/pass14-frag.c (-static) (test for excess errors)
WARNING: libmudflap.c/pass14-frag.c (-static) compilation failed to produce executable
FAIL: libmudflap.c/pass15-frag.c (-static) (test for excess errors)
WARNING: libmudflap.c/pass15-frag.c (-static) compilation failed to produce executable
FAIL: libmudflap.c/pass16-frag.c (-static) (test for excess errors)
WARNING: libmudflap.c/pass16-frag.c (-static) compilation failed to produce executable
FAIL: libmudflap.c/pass17-frag.c (-static) (test for excess errors)
WARNING: libmudflap.c/pass17-frag.c (-static) compilation failed to produce executable
FAIL: libmudflap.c/pass18-frag.c (-static) (test for excess errors)
WARNING: libmudflap.c/pass18-frag.c (-static) compilation failed to produce executable
FAIL: libmudflap.c/pass19-frag.c (-static) (test for excess errors)
WARNING: libmudflap.c/pass19-frag.c (-static) compilation failed to produce executable
FAIL: libmudflap.c/pass2-frag.c (-static) (test for excess errors)
WARNING: libmudflap.c/pass2-frag.c (-static) compilation failed to produce executable
FAIL: libmudflap.c/pass20-frag.c (-static) (test for excess errors)
WARNING: libmudflap.c/pass20-frag.c (-static) compilation failed to produce executable
FAIL: libmudflap.c/pass21-frag.c (-static) (test for excess errors)
WARNING: libmudflap.c/pass21-frag.c (-static) compilation failed to produce executable
FAIL: libmudflap.c/pass22-frag.c (-static) (test for excess errors)
WARNING: libmudflap.c/pass22-frag.c (-static) compilation failed to produce executable
FAIL: libmudflap.c/pass23-frag.c (-static) (test for excess errors)
WARNING: libmudflap.c/pass23-frag.c (-static) compilation failed to produce executable
FAIL: libmudflap.c/pass24-frag.c (-static) (test for excess errors)
WARNING: libmudflap.c/pass24-frag.c (-static) compilation failed to produce executable
FAIL: libmudflap.c/pass25-frag.c (-static) (test for excess errors)
WARNING: libmudflap.c/pass25-frag.c (-static) compilation failed to produce executable
FAIL: libmudflap.c/pass26-frag.c (-static) (test for excess errors)
WARNING: libmudflap.c/pass26-frag.c (-static) compilation failed to produce executable
FAIL: libmudflap.c/pass29-frag.c (-static) (test for excess errors)
WARNING: libmudflap.c/pass29-frag.c (-static) compilation failed to produce executable
FAIL: libmudflap.c/pass3-frag.c (-static) (test for excess errors)
WARNING: libmudflap.c/pass3-frag.c (-static) compilation failed to produce executable
FAIL: libmudflap.c/pass30-frag.c (-static) (test for excess errors)
WARNING: libmudflap.c/pass30-frag.c (-static) compilation failed to produce executable
FAIL: libmudflap.c/pass32-frag.c (-static) (test for excess errors)
WARNING: libmudflap.c/pass32-frag.c (-static) compilation failed to produce executable
FAIL: libmudflap.c/pass33-frag.c (-static) (test for excess errors)
WARNING: libmudflap.c/pass33-frag.c (-static) compilation failed to produce executable
FAIL: libmudflap.c/pass34-frag.c (-static) (test for excess errors)
WARNING: libmudflap.c/pass34-frag.c (-static) compilation failed to produce executable
FAIL: libmudflap.c/pass35-frag.c (-static) (test for excess errors)
WARNING: libmudflap.c/pass35-frag.c (-static) compilation failed to produce executable
FAIL: libmudflap.c/pass36-frag.c (-static) (test for excess errors)
WARNING: libmudflap.c/pass36-frag.c (-static) compilation failed to produce executable
FAIL: libmudflap.c/pass38-frag.c (-static) (test for excess errors)
WARNING: libmudflap.c/pass38-frag.c (-static) compilation failed to produce executable
FAIL: libmudflap.c/pass4-frag.c (-static) (test for excess errors)
WARNING: libmudflap.c/pass4-frag.c (-static) compilation failed to produce executable
FAIL: libmudflap.c/pass42-frag.c (-static) (test for excess errors)
WARNING: libmudflap.c/pass42-frag.c (-static) compilation failed to produce executable
FAIL: libmudflap.c/pass43-frag.c (-static) (test for excess errors)
WARNING: libmudflap.c/pass43-frag.c (-static) compilation failed to produce executable
FAIL: libmudflap.c/pass44-frag.c (-static) (test for excess errors)
WARNING: libmudflap.c/pass44-frag.c (-static) compilation failed to produce executable
FAIL: libmudflap.c/pass45-frag.c (-static) (test for excess errors)
WARNING: libmudflap.c/pass45-frag.c (-static) compilation failed to produce executable
FAIL: libmudflap.c/pass46-frag.c (-static) (test for excess errors)
WARNING: libmudflap.c/pass46-frag.c (-static) compilation failed to produce executable
FAIL: libmudflap.c/pass5-frag.c (-static) (test for excess errors)
WARNING: libmudflap.c/pass5-frag.c (-static) compilation failed to produce executable
FAIL: libmudflap.c/pass6-frag.c (-static) (test for excess errors)
WARNING: libmudflap.c/pass6-frag.c (-static) compilation failed to produce executable
FAIL: libmudflap.c/pass7-frag.c (-static) (test for excess errors)
WARNING: libmudflap.c/pass7-frag.c (-static) compilation failed to produce executable
FAIL: libmudflap.c/pass8-frag.c (-static) (test for excess errors)
WARNING: libmudflap.c/pass8-frag.c (-static) compilation failed to produce executable
FAIL: libmudflap.c/pass9-frag.c (-static) (test for excess errors)
WARNING: libmudflap.c/pass9-frag.c (-static) compilation failed to produce executable
FAIL: libmudflap.c/fail1-frag.c (-O2) (test for excess errors)
WARNING: libmudflap.c/fail1-frag.c (-O2) compilation failed to produce executable
FAIL: libmudflap.c/fail10-frag.c (-O2) (test for excess errors)
WARNING: libmudflap.c/fail10-frag.c (-O2) compilation failed to produce executable
FAIL: libmudflap.c/fail11-frag.c (-O2) (test for excess errors)
WARNING: libmudflap.c/fail11-frag.c (-O2) compilation failed to produce executable
FAIL: libmudflap.c/fail12-frag.c (-O2) (test for excess errors)
WARNING: libmudflap.c/fail12-frag.c (-O2) compilation failed to produce executable
FAIL: libmudflap.c/fail13-frag.c (-O2) (test for excess errors)
WARNING: libmudflap.c/fail13-frag.c (-O2) compilation failed to produce executable
FAIL: libmudflap.c/fail14-frag.c (-O2) (test for excess errors)
WARNING: libmudflap.c/fail14-frag.c (-O2) compilation failed to produce executable
FAIL: libmudflap.c/fail15-frag.c (-O2) (test for excess errors)
WARNING: libmudflap.c/fail15-frag.c (-O2) compilation failed to produce executable
FAIL: libmudflap.c/fail16-frag.c (-O2) (test for excess errors)
WARNING: libmudflap.c/fail16-frag.c (-O2) compilation failed to produce executable
FAIL: libmudflap.c/fail17-frag.c (-O2) (test for excess errors)
WARNING: libmudflap.c/fail17-frag.c (-O2) compilation failed to produce executable
FAIL: libmudflap.c/fail18-frag.c (-O2) (test for excess errors)
WARNING: libmudflap.c/fail18-frag.c (-O2) compilation failed to produce executable
FAIL: libmudflap.c/fail19-frag.c (-O2) (test for excess errors)
WARNING: libmudflap.c/fail19-frag.c (-O2) compilation failed to produce executable
FAIL: libmudflap.c/fail2-frag.c (-O2) (test for excess errors)
WARNING: libmudflap.c/fail2-frag.c (-O2) compilation failed to produce executable
FAIL: libmudflap.c/fail20-frag.c (-O2) (test for excess errors)
WARNING: libmudflap.c/fail20-frag.c (-O2) compilation failed to produce executable
FAIL: libmudflap.c/fail21-frag.c (-O2) (test for excess errors)
WARNING: libmudflap.c/fail21-frag.c (-O2) compilation failed to produce executable
FAIL: libmudflap.c/fail22-frag.c (-O2) (test for excess errors)
WARNING: libmudflap.c/fail22-frag.c (-O2) compilation failed to produce executable
FAIL: libmudflap.c/fail23-frag.c (-O2) (test for excess errors)
WARNING: libmudflap.c/fail23-frag.c (-O2) compilation failed to produce executable
FAIL: libmudflap.c/fail25-frag.c (-O2) (test for excess errors)
WARNING: libmudflap.c/fail25-frag.c (-O2) compilation failed to produce executable
FAIL: libmudflap.c/fail26-frag.c (-O2) (test for excess errors)
WARNING: libmudflap.c/fail26-frag.c (-O2) compilation failed to produce executable
FAIL: libmudflap.c/fail27-frag.c (-O2) (test for excess errors)
WARNING: libmudflap.c/fail27-frag.c (-O2) compilation failed to produce executable
FAIL: libmudflap.c/fail28-frag.c (-O2) (test for excess errors)
WARNING: libmudflap.c/fail28-frag.c (-O2) compilation failed to produce executable
FAIL: libmudflap.c/fail29-frag.c (-O2) (test for excess errors)
WARNING: libmudflap.c/fail29-frag.c (-O2) compilation failed to produce executable
FAIL: libmudflap.c/fail3-frag.c (-O2) (test for excess errors)
WARNING: libmudflap.c/fail3-frag.c (-O2) compilation failed to produce executable
FAIL: libmudflap.c/fail30-frag.c (-O2) (test for excess errors)
WARNING: libmudflap.c/fail30-frag.c (-O2) compilation failed to produce executable
FAIL: libmudflap.c/fail31-frag.c (-O2) (test for excess errors)
WARNING: libmudflap.c/fail31-frag.c (-O2) compilation failed to produce executable
FAIL: libmudflap.c/fail4-frag.c (-O2) (test for excess errors)
WARNING: libmudflap.c/fail4-frag.c (-O2) compilation failed to produce executable
FAIL: libmudflap.c/fail5-frag.c (-O2) (test for excess errors)
WARNING: libmudflap.c/fail5-frag.c (-O2) compilation failed to produce executable
FAIL: libmudflap.c/fail6-frag.c (-O2) (test for excess errors)
WARNING: libmudflap.c/fail6-frag.c (-O2) compilation failed to produce executable
FAIL: libmudflap.c/fail7-frag.c (-O2) (test for excess errors)
WARNING: libmudflap.c/fail7-frag.c (-O2) compilation failed to produce executable
FAIL: libmudflap.c/fail8-frag.c (-O2) (test for excess errors)
WARNING: libmudflap.c/fail8-frag.c (-O2) compilation failed to produce executable
FAIL: libmudflap.c/fail9-frag.c (-O2) (test for excess errors)
WARNING: libmudflap.c/fail9-frag.c (-O2) compilation failed to produce executable
FAIL: libmudflap.c/hook-allocstuff.c (-O2) (test for excess errors)
WARNING: libmudflap.c/hook-allocstuff.c (-O2) compilation failed to produce executable
FAIL: libmudflap.c/pass-stratcliff.c (-O2) (test for excess errors)
WARNING: libmudflap.c/pass-stratcliff.c (-O2) compilation failed to produce executable
FAIL: libmudflap.c/pass1-frag.c (-O2) (test for excess errors)
WARNING: libmudflap.c/pass1-frag.c (-O2) compilation failed to produce executable
FAIL: libmudflap.c/pass10-frag.c (-O2) (test for excess errors)
WARNING: libmudflap.c/pass10-frag.c (-O2) compilation failed to produce executable
FAIL: libmudflap.c/pass11-frag.c (-O2) (test for excess errors)
WARNING: libmudflap.c/pass11-frag.c (-O2) compilation failed to produce executable
FAIL: libmudflap.c/pass12-frag.c (-O2) (test for excess errors)
WARNING: libmudflap.c/pass12-frag.c (-O2) compilation failed to produce executable
FAIL: libmudflap.c/pass13-frag.c (-O2) (test for excess errors)
WARNING: libmudflap.c/pass13-frag.c (-O2) compilation failed to produce executable
FAIL: libmudflap.c/pass14-frag.c (-O2) (test for excess errors)
WARNING: libmudflap.c/pass14-frag.c (-O2) compilation failed to produce executable
FAIL: libmudflap.c/pass15-frag.c (-O2) (test for excess errors)
WARNING: libmudflap.c/pass15-frag.c (-O2) compilation failed to produce executable
FAIL: libmudflap.c/pass16-frag.c (-O2) (test for excess errors)
WARNING: libmudflap.c/pass16-frag.c (-O2) compilation failed to produce executable
FAIL: libmudflap.c/pass17-frag.c (-O2) (test for excess errors)
WARNING: libmudflap.c/pass17-frag.c (-O2) compilation failed to produce executable
FAIL: libmudflap.c/pass18-frag.c (-O2) (test for excess errors)
WARNING: libmudflap.c/pass18-frag.c (-O2) compilation failed to produce executable
FAIL: libmudflap.c/pass19-frag.c (-O2) (test for excess errors)
WARNING: libmudflap.c/pass19-frag.c (-O2) compilation failed to produce executable
FAIL: libmudflap.c/pass2-frag.c (-O2) (test for excess errors)
WARNING: libmudflap.c/pass2-frag.c (-O2) compilation failed to produce executable
FAIL: libmudflap.c/pass20-frag.c (-O2) (test for excess errors)
WARNING: libmudflap.c/pass20-frag.c (-O2) compilation failed to produce executable
FAIL: libmudflap.c/pass21-frag.c (-O2) (test for excess errors)
WARNING: libmudflap.c/pass21-frag.c (-O2) compilation failed to produce executable
FAIL: libmudflap.c/pass22-frag.c (-O2) (test for excess errors)
WARNING: libmudflap.c/pass22-frag.c (-O2) compilation failed to produce executable
FAIL: libmudflap.c/pass23-frag.c (-O2) (test for excess errors)
WARNING: libmudflap.c/pass23-frag.c (-O2) compilation failed to produce executable
FAIL: libmudflap.c/pass24-frag.c (-O2) (test for excess errors)
WARNING: libmudflap.c/pass24-frag.c (-O2) compilation failed to produce executable
FAIL: libmudflap.c/pass25-frag.c (-O2) (test for excess errors)
WARNING: libmudflap.c/pass25-frag.c (-O2) compilation failed to produce executable
FAIL: libmudflap.c/pass26-frag.c (-O2) (test for excess errors)
WARNING: libmudflap.c/pass26-frag.c (-O2) compilation failed to produce executable
FAIL: libmudflap.c/pass29-frag.c (-O2) (test for excess errors)
WARNING: libmudflap.c/pass29-frag.c (-O2) compilation failed to produce executable
FAIL: libmudflap.c/pass3-frag.c (-O2) (test for excess errors)
WARNING: libmudflap.c/pass3-frag.c (-O2) compilation failed to produce executable
FAIL: libmudflap.c/pass30-frag.c (-O2) (test for excess errors)
WARNING: libmudflap.c/pass30-frag.c (-O2) compilation failed to produce executable
FAIL: libmudflap.c/pass32-frag.c (-O2) (test for excess errors)
WARNING: libmudflap.c/pass32-frag.c (-O2) compilation failed to produce executable
FAIL: libmudflap.c/pass33-frag.c (-O2) (test for excess errors)
WARNING: libmudflap.c/pass33-frag.c (-O2) compilation failed to produce executable
FAIL: libmudflap.c/pass34-frag.c (-O2) (test for excess errors)
WARNING: libmudflap.c/pass34-frag.c (-O2) compilation failed to produce executable
FAIL: libmudflap.c/pass35-frag.c (-O2) (test for excess errors)
WARNING: libmudflap.c/pass35-frag.c (-O2) compilation failed to produce executable
FAIL: libmudflap.c/pass36-frag.c (-O2) (test for excess errors)
WARNING: libmudflap.c/pass36-frag.c (-O2) compilation failed to produce executable
FAIL: libmudflap.c/pass38-frag.c (-O2) (test for excess errors)
WARNING: libmudflap.c/pass38-frag.c (-O2) compilation failed to produce executable
FAIL: libmudflap.c/pass4-frag.c (-O2) (test for excess errors)
WARNING: libmudflap.c/pass4-frag.c (-O2) compilation failed to produce executable
FAIL: libmudflap.c/pass42-frag.c (-O2) (test for excess errors)
WARNING: libmudflap.c/pass42-frag.c (-O2) compilation failed to produce executable
FAIL: libmudflap.c/pass43-frag.c (-O2) (test for excess errors)
WARNING: libmudflap.c/pass43-frag.c (-O2) compilation failed to produce executable
FAIL: libmudflap.c/pass44-frag.c (-O2) (test for excess errors)
WARNING: libmudflap.c/pass44-frag.c (-O2) compilation failed to produce executable
FAIL: libmudflap.c/pass45-frag.c (-O2) (test for excess errors)
WARNING: libmudflap.c/pass45-frag.c (-O2) compilation failed to produce executable
FAIL: libmudflap.c/pass46-frag.c (-O2) (test for excess errors)
WARNING: libmudflap.c/pass46-frag.c (-O2) compilation failed to produce executable
FAIL: libmudflap.c/pass5-frag.c (-O2) (test for excess errors)
WARNING: libmudflap.c/pass5-frag.c (-O2) compilation failed to produce executable
FAIL: libmudflap.c/pass6-frag.c (-O2) (test for excess errors)
WARNING: libmudflap.c/pass6-frag.c (-O2) compilation failed to produce executable
FAIL: libmudflap.c/pass7-frag.c (-O2) (test for excess errors)
WARNING: libmudflap.c/pass7-frag.c (-O2) compilation failed to produce executable
FAIL: libmudflap.c/pass8-frag.c (-O2) (test for excess errors)
WARNING: libmudflap.c/pass8-frag.c (-O2) compilation failed to produce executable
FAIL: libmudflap.c/pass9-frag.c (-O2) (test for excess errors)
WARNING: libmudflap.c/pass9-frag.c (-O2) compilation failed to produce executable
FAIL: libmudflap.c/fail1-frag.c (-O3) (test for excess errors)
WARNING: libmudflap.c/fail1-frag.c (-O3) compilation failed to produce executable
FAIL: libmudflap.c/fail10-frag.c (-O3) (test for excess errors)
WARNING: libmudflap.c/fail10-frag.c (-O3) compilation failed to produce executable
FAIL: libmudflap.c/fail11-frag.c (-O3) (test for excess errors)
WARNING: libmudflap.c/fail11-frag.c (-O3) compilation failed to produce executable
FAIL: libmudflap.c/fail12-frag.c (-O3) (test for excess errors)
WARNING: libmudflap.c/fail12-frag.c (-O3) compilation failed to produce executable
FAIL: libmudflap.c/fail13-frag.c (-O3) (test for excess errors)
WARNING: libmudflap.c/fail13-frag.c (-O3) compilation failed to produce executable
FAIL: libmudflap.c/fail14-frag.c (-O3) (test for excess errors)
WARNING: libmudflap.c/fail14-frag.c (-O3) compilation failed to produce executable
FAIL: libmudflap.c/fail15-frag.c (-O3) (test for excess errors)
WARNING: libmudflap.c/fail15-frag.c (-O3) compilation failed to produce executable
FAIL: libmudflap.c/fail16-frag.c (-O3) (test for excess errors)
WARNING: libmudflap.c/fail16-frag.c (-O3) compilation failed to produce executable
FAIL: libmudflap.c/fail17-frag.c (-O3) (test for excess errors)
WARNING: libmudflap.c/fail17-frag.c (-O3) compilation failed to produce executable
FAIL: libmudflap.c/fail18-frag.c (-O3) (test for excess errors)
WARNING: libmudflap.c/fail18-frag.c (-O3) compilation failed to produce executable
FAIL: libmudflap.c/fail19-frag.c (-O3) (test for excess errors)
WARNING: libmudflap.c/fail19-frag.c (-O3) compilation failed to produce executable
FAIL: libmudflap.c/fail2-frag.c (-O3) (test for excess errors)
WARNING: libmudflap.c/fail2-frag.c (-O3) compilation failed to produce executable
FAIL: libmudflap.c/fail20-frag.c (-O3) (test for excess errors)
WARNING: libmudflap.c/fail20-frag.c (-O3) compilation failed to produce executable
FAIL: libmudflap.c/fail21-frag.c (-O3) (test for excess errors)
WARNING: libmudflap.c/fail21-frag.c (-O3) compilation failed to produce executable
FAIL: libmudflap.c/fail22-frag.c (-O3) (test for excess errors)
WARNING: libmudflap.c/fail22-frag.c (-O3) compilation failed to produce executable
FAIL: libmudflap.c/fail23-frag.c (-O3) (test for excess errors)
WARNING: libmudflap.c/fail23-frag.c (-O3) compilation failed to produce executable
FAIL: libmudflap.c/fail25-frag.c (-O3) (test for excess errors)
WARNING: libmudflap.c/fail25-frag.c (-O3) compilation failed to produce executable
FAIL: libmudflap.c/fail26-frag.c (-O3) (test for excess errors)
WARNING: libmudflap.c/fail26-frag.c (-O3) compilation failed to produce executable
FAIL: libmudflap.c/fail27-frag.c (-O3) (test for excess errors)
WARNING: libmudflap.c/fail27-frag.c (-O3) compilation failed to produce executable
FAIL: libmudflap.c/fail28-frag.c (-O3) (test for excess errors)
WARNING: libmudflap.c/fail28-frag.c (-O3) compilation failed to produce executable
FAIL: libmudflap.c/fail29-frag.c (-O3) (test for excess errors)
WARNING: libmudflap.c/fail29-frag.c (-O3) compilation failed to produce executable
FAIL: libmudflap.c/fail3-frag.c (-O3) (test for excess errors)
WARNING: libmudflap.c/fail3-frag.c (-O3) compilation failed to produce executable
FAIL: libmudflap.c/fail30-frag.c (-O3) (test for excess errors)
WARNING: libmudflap.c/fail30-frag.c (-O3) compilation failed to produce executable
FAIL: libmudflap.c/fail31-frag.c (-O3) (test for excess errors)
WARNING: libmudflap.c/fail31-frag.c (-O3) compilation failed to produce executable
FAIL: libmudflap.c/fail4-frag.c (-O3) (test for excess errors)
WARNING: libmudflap.c/fail4-frag.c (-O3) compilation failed to produce executable
FAIL: libmudflap.c/fail5-frag.c (-O3) (test for excess errors)
WARNING: libmudflap.c/fail5-frag.c (-O3) compilation failed to produce executable
FAIL: libmudflap.c/fail6-frag.c (-O3) (test for excess errors)
WARNING: libmudflap.c/fail6-frag.c (-O3) compilation failed to produce executable
FAIL: libmudflap.c/fail7-frag.c (-O3) (test for excess errors)
WARNING: libmudflap.c/fail7-frag.c (-O3) compilation failed to produce executable
FAIL: libmudflap.c/fail8-frag.c (-O3) (test for excess errors)
WARNING: libmudflap.c/fail8-frag.c (-O3) compilation failed to produce executable
FAIL: libmudflap.c/fail9-frag.c (-O3) (test for excess errors)
WARNING: libmudflap.c/fail9-frag.c (-O3) compilation failed to produce executable
FAIL: libmudflap.c/hook-allocstuff.c (-O3) (test for excess errors)
WARNING: libmudflap.c/hook-allocstuff.c (-O3) compilation failed to produce executable
FAIL: libmudflap.c/pass-stratcliff.c (-O3) (test for excess errors)
WARNING: libmudflap.c/pass-stratcliff.c (-O3) compilation failed to produce executable
FAIL: libmudflap.c/pass1-frag.c (-O3) (test for excess errors)
WARNING: libmudflap.c/pass1-frag.c (-O3) compilation failed to produce executable
FAIL: libmudflap.c/pass10-frag.c (-O3) (test for excess errors)
WARNING: libmudflap.c/pass10-frag.c (-O3) compilation failed to produce executable
FAIL: libmudflap.c/pass11-frag.c (-O3) (test for excess errors)
WARNING: libmudflap.c/pass11-frag.c (-O3) compilation failed to produce executable
FAIL: libmudflap.c/pass12-frag.c (-O3) (test for excess errors)
WARNING: libmudflap.c/pass12-frag.c (-O3) compilation failed to produce executable
FAIL: libmudflap.c/pass13-frag.c (-O3) (test for excess errors)
WARNING: libmudflap.c/pass13-frag.c (-O3) compilation failed to produce executable
FAIL: libmudflap.c/pass14-frag.c (-O3) (test for excess errors)
WARNING: libmudflap.c/pass14-frag.c (-O3) compilation failed to produce executable
FAIL: libmudflap.c/pass15-frag.c (-O3) (test for excess errors)
WARNING: libmudflap.c/pass15-frag.c (-O3) compilation failed to produce executable
FAIL: libmudflap.c/pass16-frag.c (-O3) (test for excess errors)
WARNING: libmudflap.c/pass16-frag.c (-O3) compilation failed to produce executable
FAIL: libmudflap.c/pass17-frag.c (-O3) (test for excess errors)
WARNING: libmudflap.c/pass17-frag.c (-O3) compilation failed to produce executable
FAIL: libmudflap.c/pass18-frag.c (-O3) (test for excess errors)
WARNING: libmudflap.c/pass18-frag.c (-O3) compilation failed to produce executable
FAIL: libmudflap.c/pass19-frag.c (-O3) (test for excess errors)
WARNING: libmudflap.c/pass19-frag.c (-O3) compilation failed to produce executable
FAIL: libmudflap.c/pass2-frag.c (-O3) (test for excess errors)
WARNING: libmudflap.c/pass2-frag.c (-O3) compilation failed to produce executable
FAIL: libmudflap.c/pass20-frag.c (-O3) (test for excess errors)
WARNING: libmudflap.c/pass20-frag.c (-O3) compilation failed to produce executable
FAIL: libmudflap.c/pass21-frag.c (-O3) (test for excess errors)
WARNING: libmudflap.c/pass21-frag.c (-O3) compilation failed to produce executable
FAIL: libmudflap.c/pass22-frag.c (-O3) (test for excess errors)
WARNING: libmudflap.c/pass22-frag.c (-O3) compilation failed to produce executable
FAIL: libmudflap.c/pass23-frag.c (-O3) (test for excess errors)
WARNING: libmudflap.c/pass23-frag.c (-O3) compilation failed to produce executable
FAIL: libmudflap.c/pass24-frag.c (-O3) (test for excess errors)
WARNING: libmudflap.c/pass24-frag.c (-O3) compilation failed to produce executable
FAIL: libmudflap.c/pass25-frag.c (-O3) (test for excess errors)
WARNING: libmudflap.c/pass25-frag.c (-O3) compilation failed to produce executable
FAIL: libmudflap.c/pass26-frag.c (-O3) (test for excess errors)
WARNING: libmudflap.c/pass26-frag.c (-O3) compilation failed to produce executable
FAIL: libmudflap.c/pass29-frag.c (-O3) (test for excess errors)
WARNING: libmudflap.c/pass29-frag.c (-O3) compilation failed to produce executable
FAIL: libmudflap.c/pass3-frag.c (-O3) (test for excess errors)
WARNING: libmudflap.c/pass3-frag.c (-O3) compilation failed to produce executable
FAIL: libmudflap.c/pass30-frag.c (-O3) (test for excess errors)
WARNING: libmudflap.c/pass30-frag.c (-O3) compilation failed to produce executable
FAIL: libmudflap.c/pass32-frag.c (-O3) (test for excess errors)
WARNING: libmudflap.c/pass32-frag.c (-O3) compilation failed to produce executable
FAIL: libmudflap.c/pass33-frag.c (-O3) (test for excess errors)
WARNING: libmudflap.c/pass33-frag.c (-O3) compilation failed to produce executable
FAIL: libmudflap.c/pass34-frag.c (-O3) (test for excess errors)
WARNING: libmudflap.c/pass34-frag.c (-O3) compilation failed to produce executable
FAIL: libmudflap.c/pass35-frag.c (-O3) (test for excess errors)
WARNING: libmudflap.c/pass35-frag.c (-O3) compilation failed to produce executable
FAIL: libmudflap.c/pass36-frag.c (-O3) (test for excess errors)
WARNING: libmudflap.c/pass36-frag.c (-O3) compilation failed to produce executable
FAIL: libmudflap.c/pass38-frag.c (-O3) (test for excess errors)
WARNING: libmudflap.c/pass38-frag.c (-O3) compilation failed to produce executable
FAIL: libmudflap.c/pass4-frag.c (-O3) (test for excess errors)
WARNING: libmudflap.c/pass4-frag.c (-O3) compilation failed to produce executable
FAIL: libmudflap.c/pass42-frag.c (-O3) (test for excess errors)
WARNING: libmudflap.c/pass42-frag.c (-O3) compilation failed to produce executable
FAIL: libmudflap.c/pass43-frag.c (-O3) (test for excess errors)
WARNING: libmudflap.c/pass43-frag.c (-O3) compilation failed to produce executable
FAIL: libmudflap.c/pass44-frag.c (-O3) (test for excess errors)
WARNING: libmudflap.c/pass44-frag.c (-O3) compilation failed to produce executable
FAIL: libmudflap.c/pass45-frag.c (-O3) (test for excess errors)
WARNING: libmudflap.c/pass45-frag.c (-O3) compilation failed to produce executable
FAIL: libmudflap.c/pass46-frag.c (-O3) (test for excess errors)
WARNING: libmudflap.c/pass46-frag.c (-O3) compilation failed to produce executable
FAIL: libmudflap.c/pass5-frag.c (-O3) (test for excess errors)
WARNING: libmudflap.c/pass5-frag.c (-O3) compilation failed to produce executable
FAIL: libmudflap.c/pass6-frag.c (-O3) (test for excess errors)
WARNING: libmudflap.c/pass6-frag.c (-O3) compilation failed to produce executable
FAIL: libmudflap.c/pass7-frag.c (-O3) (test for excess errors)
WARNING: libmudflap.c/pass7-frag.c (-O3) compilation failed to produce executable
FAIL: libmudflap.c/pass8-frag.c (-O3) (test for excess errors)
WARNING: libmudflap.c/pass8-frag.c (-O3) compilation failed to produce executable
FAIL: libmudflap.c/pass9-frag.c (-O3) (test for excess errors)
WARNING: libmudflap.c/pass9-frag.c (-O3) compilation failed to produce executable
FAIL: libmudflap.c++/fail24-frag.cxx (test for excess errors)
WARNING: libmudflap.c++/fail24-frag.cxx compilation failed to produce executable
FAIL: libmudflap.c++/pass27-frag.cxx (test for excess errors)
WARNING: libmudflap.c++/pass27-frag.cxx compilation failed to produce executable
FAIL: libmudflap.c++/pass28-frag.cxx (test for excess errors)
WARNING: libmudflap.c++/pass28-frag.cxx compilation failed to produce executable
FAIL: libmudflap.c++/pass31-frag.cxx (test for excess errors)
WARNING: libmudflap.c++/pass31-frag.cxx compilation failed to produce executable
FAIL: libmudflap.c++/pass41-frag.cxx (test for excess errors)
WARNING: libmudflap.c++/pass41-frag.cxx compilation failed to produce executable
FAIL: libmudflap.c++/fail24-frag.cxx (-static) (test for excess errors)
WARNING: libmudflap.c++/fail24-frag.cxx (-static) compilation failed to produce executable
FAIL: libmudflap.c++/pass27-frag.cxx (-static) (test for excess errors)
WARNING: libmudflap.c++/pass27-frag.cxx (-static) compilation failed to produce executable
FAIL: libmudflap.c++/pass28-frag.cxx (-static) (test for excess errors)
WARNING: libmudflap.c++/pass28-frag.cxx (-static) compilation failed to produce executable
FAIL: libmudflap.c++/pass31-frag.cxx (-static) (test for excess errors)
WARNING: libmudflap.c++/pass31-frag.cxx (-static) compilation failed to produce executable
FAIL: libmudflap.c++/pass41-frag.cxx (-static) (test for excess errors)
WARNING: libmudflap.c++/pass41-frag.cxx (-static) compilation failed to produce executable
FAIL: libmudflap.c++/fail24-frag.cxx (-O2) (test for excess errors)
WARNING: libmudflap.c++/fail24-frag.cxx (-O2) compilation failed to produce executable
FAIL: libmudflap.c++/pass27-frag.cxx (-O2) (test for excess errors)
WARNING: libmudflap.c++/pass27-frag.cxx (-O2) compilation failed to produce executable
FAIL: libmudflap.c++/pass28-frag.cxx (-O2) (test for excess errors)
WARNING: libmudflap.c++/pass28-frag.cxx (-O2) compilation failed to produce executable
FAIL: libmudflap.c++/pass31-frag.cxx (-O2) (test for excess errors)
WARNING: libmudflap.c++/pass31-frag.cxx (-O2) compilation failed to produce executable
FAIL: libmudflap.c++/pass41-frag.cxx (-O2) (test for excess errors)
WARNING: libmudflap.c++/pass41-frag.cxx (-O2) compilation failed to produce executable
FAIL: libmudflap.c++/fail24-frag.cxx (-O3) (test for excess errors)
WARNING: libmudflap.c++/fail24-frag.cxx (-O3) compilation failed to produce executable
FAIL: libmudflap.c++/pass27-frag.cxx (-O3) (test for excess errors)
WARNING: libmudflap.c++/pass27-frag.cxx (-O3) compilation failed to produce executable
FAIL: libmudflap.c++/pass28-frag.cxx (-O3) (test for excess errors)
WARNING: libmudflap.c++/pass28-frag.cxx (-O3) compilation failed to produce executable
FAIL: libmudflap.c++/pass31-frag.cxx (-O3) (test for excess errors)
WARNING: libmudflap.c++/pass31-frag.cxx (-O3) compilation failed to produce executable
FAIL: libmudflap.c++/pass41-frag.cxx (-O3) (test for excess errors)
WARNING: libmudflap.c++/pass41-frag.cxx (-O3) compilation failed to produce executable
FAIL: libmudflap.cth/pass37-frag.c (test for excess errors)
WARNING: libmudflap.cth/pass37-frag.c compilation failed to produce executable
FAIL: libmudflap.cth/pass39-frag.c (test for excess errors)
WARNING: libmudflap.cth/pass39-frag.c compilation failed to produce executable
FAIL: libmudflap.cth/pass40-frag.c (test for excess errors)
WARNING: libmudflap.cth/pass40-frag.c compilation failed to produce executable
FAIL: libmudflap.cth/pass37-frag.c (-static -DSTATIC) (test for excess errors)
WARNING: libmudflap.cth/pass37-frag.c (-static -DSTATIC) compilation failed to produce executable
FAIL: libmudflap.cth/pass39-frag.c (-static -DSTATIC) (test for excess errors)
WARNING: libmudflap.cth/pass39-frag.c (-static -DSTATIC) compilation failed to produce executable
FAIL: libmudflap.cth/pass40-frag.c (-static -DSTATIC) (test for excess errors)
WARNING: libmudflap.cth/pass40-frag.c (-static -DSTATIC) compilation failed to produce executable
FAIL: libmudflap.cth/pass37-frag.c (-O2) (test for excess errors)
WARNING: libmudflap.cth/pass37-frag.c (-O2) compilation failed to produce executable
FAIL: libmudflap.cth/pass39-frag.c (-O2) (test for excess errors)
WARNING: libmudflap.cth/pass39-frag.c (-O2) compilation failed to produce executable
FAIL: libmudflap.cth/pass40-frag.c (-O2) (test for excess errors)
WARNING: libmudflap.cth/pass40-frag.c (-O2) compilation failed to produce executable
FAIL: libmudflap.cth/pass37-frag.c (-O3) (test for excess errors)
WARNING: libmudflap.cth/pass37-frag.c (-O3) compilation failed to produce executable
FAIL: libmudflap.cth/pass39-frag.c (-O3) (test for excess errors)
WARNING: libmudflap.cth/pass39-frag.c (-O3) compilation failed to produce executable
FAIL: libmudflap.cth/pass40-frag.c (-O3) (test for excess errors)
WARNING: libmudflap.cth/pass40-frag.c (-O3) compilation failed to produce executable
=== libmudflap Summary ===
# of expected passes 4
# of unexpected failures 316
=== libstdc++ tests ===
Running target unix
FAIL: 26_numerics/c_math_dynamic.cc (test for excess errors)
FAIL: 26_numerics/complex/13450.cc (test for excess errors)
WARNING: 26_numerics/complex/13450.cc compilation failed to produce executable
FAIL: 26_numerics/complex/pow.cc (test for excess errors)
WARNING: 26_numerics/complex/pow.cc compilation failed to produce executable
FAIL: 26_numerics/complex_value.cc (test for excess errors)
WARNING: 26_numerics/complex_value.cc compilation failed to produce executable
FAIL: 27_io/basic_filebuf/open/char/9507.cc execution test
FAIL: 27_io/ios_base/storage/11584.cc execution test
=== libstdc++ Summary ===
# of expected passes 2660
# of unexpected failures 6
# of expected failures 5
# of unsupported tests 9
Compiler version: 3.5.0 20040606 (experimental)
Platform: powerpc-apple-darwin8.0.0
configure flags: --enable-threads=posix --prefix=/Volumes/UFS_Partition/pinskia/tree-combine --disable-checking --enable-languages=c,c++,f95,objc